[INFO] cloning repository https://github.com/alnyan/sad64
[INFO] running `Command { std: "git" "-c" "credential.helper=" "-c" "credential.helper=/workspace/cargo-home/bin/git-credential-null" "clone" "--bare" "https://github.com/alnyan/sad64" "/workspace/cache/git-repos/https%3A%2F%2Fgithub.com%2Falnyan%2Fsad64", kill_on_drop: false }`
[INFO] [stderr] Cloning into bare repository '/workspace/cache/git-repos/https%3A%2F%2Fgithub.com%2Falnyan%2Fsad64'...
[INFO] running `Command { std: "git" "rev-parse" "HEAD", kill_on_drop: false }`
[INFO] [stdout] bbc95142c242e2b52d8ddce2162fb8d986e825a1
[INFO] testing alnyan/sad64/bbc95142c242e2b52d8ddce2162fb8d986e825a1 against nightly-2024-10-28 for randomize-layout
[INFO] running `Command { std: "git" "clone" "/workspace/cache/git-repos/https%3A%2F%2Fgithub.com%2Falnyan%2Fsad64" "/workspace/builds/worker-3-tc1/source", kill_on_drop: false }`
[INFO] [stderr] Cloning into '/workspace/builds/worker-3-tc1/source'...
[INFO] [stderr] done.
[INFO] validating manifest of git repo https://github.com/alnyan/sad64 on toolchain nightly-2024-10-28
[INFO] running `Command { std: CARGO_HOME="/workspace/cargo-home" RUSTUP_HOME="/workspace/rustup-home" "/workspace/cargo-home/bin/cargo" "+nightly-2024-10-28" "metadata" "--manifest-path" "Cargo.toml" "--no-deps", kill_on_drop: false }`
[INFO] started tweaking git repo https://github.com/alnyan/sad64
[INFO] removed 0 missing examples
[INFO] finished tweaking git repo https://github.com/alnyan/sad64
[INFO] tweaked toml for git repo https://github.com/alnyan/sad64 written to /workspace/builds/worker-3-tc1/source/Cargo.toml
[INFO] crate git repo https://github.com/alnyan/sad64 already has a lockfile, it will not be regenerated
[INFO] running `Command { std: CARGO_HOME="/workspace/cargo-home" RUSTUP_HOME="/workspace/rustup-home" "/workspace/cargo-home/bin/cargo" "+nightly-2024-10-28" "fetch" "--manifest-path" "Cargo.toml", kill_on_drop: false }`
[INFO] [stderr]     Updating crates.io index
[INFO] [stderr]  Downloading crates ...
[INFO] [stderr]   Downloaded boolean_expression v0.3.11
[INFO] [stderr]   Downloaded bitmatch v0.1.1
[INFO] running `Command { std: "docker" "create" "-v" "/var/lib/crater-agent-workspace/builds/worker-3-tc1/target:/opt/rustwide/target:rw,Z" "-v" "/var/lib/crater-agent-workspace/builds/worker-3-tc1/source:/opt/rustwide/workdir:ro,Z" "-v" "/var/lib/crater-agent-workspace/cargo-home:/opt/rustwide/cargo-home:ro,Z" "-v" "/var/lib/crater-agent-workspace/rustup-home:/opt/rustwide/rustup-home:ro,Z" "-e" "SOURCE_DIR=/opt/rustwide/workdir" "-e" "CARGO_TARGET_DIR=/opt/rustwide/target" "-e" "CARGO_HOME=/opt/rustwide/cargo-home" "-e" "RUSTUP_HOME=/opt/rustwide/rustup-home" "-w" "/opt/rustwide/workdir" "-m" "1610612736" "--user" "0:0" "--network" "none" "ghcr.io/rust-lang/crates-build-env/linux@sha256:4a844ea9eb2546a2d2c7022eacef16ef2e8229c7fbb2c7d4d55a9ceca922f72d" "/opt/rustwide/cargo-home/bin/cargo" "+nightly-2024-10-28" "metadata" "--no-deps" "--format-version=1", kill_on_drop: false }`
[INFO] [stdout] 5a64a11646babbe2a1830a4a194a164ff4d1ce7854119562b1c0c3b5da6c1341
[INFO] running `Command { std: "docker" "start" "-a" "5a64a11646babbe2a1830a4a194a164ff4d1ce7854119562b1c0c3b5da6c1341", kill_on_drop: false }`
[INFO] running `Command { std: "docker" "inspect" "5a64a11646babbe2a1830a4a194a164ff4d1ce7854119562b1c0c3b5da6c1341", kill_on_drop: false }`
[INFO] running `Command { std: "docker" "rm" "-f" "5a64a11646babbe2a1830a4a194a164ff4d1ce7854119562b1c0c3b5da6c1341", kill_on_drop: false }`
[INFO] [stdout] 5a64a11646babbe2a1830a4a194a164ff4d1ce7854119562b1c0c3b5da6c1341
[INFO] running `Command { std: "docker" "create" "-v" "/var/lib/crater-agent-workspace/builds/worker-3-tc1/target:/opt/rustwide/target:rw,Z" "-v" "/var/lib/crater-agent-workspace/builds/worker-3-tc1/source:/opt/rustwide/workdir:ro,Z" "-v" "/var/lib/crater-agent-workspace/cargo-home:/opt/rustwide/cargo-home:ro,Z" "-v" "/var/lib/crater-agent-workspace/rustup-home:/opt/rustwide/rustup-home:ro,Z" "-e" "SOURCE_DIR=/opt/rustwide/workdir" "-e" "CARGO_TARGET_DIR=/opt/rustwide/target" "-e" "CARGO_INCREMENTAL=0" "-e" "RUST_BACKTRACE=full" "-e" "RUSTFLAGS=--cap-lints=forbid" "-e" "RUSTDOCFLAGS=--cap-lints=forbid" "-e" "CARGO_HOME=/opt/rustwide/cargo-home" "-e" "RUSTUP_HOME=/opt/rustwide/rustup-home" "-w" "/opt/rustwide/workdir" "-m" "1610612736" "--user" "0:0" "--network" "none" "ghcr.io/rust-lang/crates-build-env/linux@sha256:4a844ea9eb2546a2d2c7022eacef16ef2e8229c7fbb2c7d4d55a9ceca922f72d" "/opt/rustwide/cargo-home/bin/cargo" "+nightly-2024-10-28" "build" "--frozen" "--message-format=json", kill_on_drop: false }`
[INFO] [stdout] bbb665c1351c5605541cf14b5986634c6ef5a9668986a6fff79ff30a42b1c4b6
[INFO] running `Command { std: "docker" "start" "-a" "bbb665c1351c5605541cf14b5986634c6ef5a9668986a6fff79ff30a42b1c4b6", kill_on_drop: false }`
[INFO] [stderr]    Compiling proc-macro2 v1.0.88
[INFO] [stderr]    Compiling unicode-ident v1.0.13
[INFO] [stderr]    Compiling either v1.13.0
[INFO] [stderr]    Compiling syn v1.0.109
[INFO] [stderr]    Compiling smallvec v1.13.2
[INFO] [stderr]    Compiling itertools v0.9.0
[INFO] [stderr]    Compiling quote v1.0.37
[INFO] [stderr]    Compiling boolean_expression v0.3.11
[INFO] [stderr]    Compiling bitmatch v0.1.1
[INFO] [stderr]    Compiling sad64 v0.1.0 (/opt/rustwide/workdir)
[INFO] [stderr]     Finished `dev` profile [unoptimized + debuginfo] target(s) in 5.75s
[INFO] running `Command { std: "docker" "inspect" "bbb665c1351c5605541cf14b5986634c6ef5a9668986a6fff79ff30a42b1c4b6", kill_on_drop: false }`
[INFO] running `Command { std: "docker" "rm" "-f" "bbb665c1351c5605541cf14b5986634c6ef5a9668986a6fff79ff30a42b1c4b6", kill_on_drop: false }`
[INFO] [stdout] bbb665c1351c5605541cf14b5986634c6ef5a9668986a6fff79ff30a42b1c4b6
[INFO] running `Command { std: "docker" "create" "-v" "/var/lib/crater-agent-workspace/builds/worker-3-tc1/target:/opt/rustwide/target:rw,Z" "-v" "/var/lib/crater-agent-workspace/builds/worker-3-tc1/source:/opt/rustwide/workdir:ro,Z" "-v" "/var/lib/crater-agent-workspace/cargo-home:/opt/rustwide/cargo-home:ro,Z" "-v" "/var/lib/crater-agent-workspace/rustup-home:/opt/rustwide/rustup-home:ro,Z" "-e" "SOURCE_DIR=/opt/rustwide/workdir" "-e" "CARGO_TARGET_DIR=/opt/rustwide/target" "-e" "CARGO_INCREMENTAL=0" "-e" "RUST_BACKTRACE=full" "-e" "RUSTFLAGS=--cap-lints=forbid" "-e" "RUSTDOCFLAGS=--cap-lints=forbid" "-e" "CARGO_HOME=/opt/rustwide/cargo-home" "-e" "RUSTUP_HOME=/opt/rustwide/rustup-home" "-w" "/opt/rustwide/workdir" "-m" "1610612736" "--user" "0:0" "--network" "none" "ghcr.io/rust-lang/crates-build-env/linux@sha256:4a844ea9eb2546a2d2c7022eacef16ef2e8229c7fbb2c7d4d55a9ceca922f72d" "/opt/rustwide/cargo-home/bin/cargo" "+nightly-2024-10-28" "test" "--frozen" "--no-run" "--message-format=json", kill_on_drop: false }`
[INFO] [stdout] 48b8bfcf267a4f931c010b82c55b8855e4f5585ffa2883fec8662ede406f9bcc
[INFO] running `Command { std: "docker" "start" "-a" "48b8bfcf267a4f931c010b82c55b8855e4f5585ffa2883fec8662ede406f9bcc", kill_on_drop: false }`
[INFO] [stderr]    Compiling elf v0.7.4
[INFO] [stderr]    Compiling rangemap v1.5.1
[INFO] [stderr]    Compiling sad64 v0.1.0 (/opt/rustwide/workdir)
[INFO] [stderr]     Finished `test` profile [unoptimized + debuginfo] target(s) in 1.69s
[INFO] running `Command { std: "docker" "inspect" "48b8bfcf267a4f931c010b82c55b8855e4f5585ffa2883fec8662ede406f9bcc", kill_on_drop: false }`
[INFO] running `Command { std: "docker" "rm" "-f" "48b8bfcf267a4f931c010b82c55b8855e4f5585ffa2883fec8662ede406f9bcc", kill_on_drop: false }`
[INFO] [stdout] 48b8bfcf267a4f931c010b82c55b8855e4f5585ffa2883fec8662ede406f9bcc
[INFO] running `Command { std: "docker" "create" "-v" "/var/lib/crater-agent-workspace/builds/worker-3-tc1/target:/opt/rustwide/target:rw,Z" "-v" "/var/lib/crater-agent-workspace/builds/worker-3-tc1/source:/opt/rustwide/workdir:ro,Z" "-v" "/var/lib/crater-agent-workspace/cargo-home:/opt/rustwide/cargo-home:ro,Z" "-v" "/var/lib/crater-agent-workspace/rustup-home:/opt/rustwide/rustup-home:ro,Z" "-e" "SOURCE_DIR=/opt/rustwide/workdir" "-e" "CARGO_TARGET_DIR=/opt/rustwide/target" "-e" "CARGO_INCREMENTAL=0" "-e" "RUST_BACKTRACE=full" "-e" "RUSTFLAGS=--cap-lints=forbid" "-e" "RUSTDOCFLAGS=--cap-lints=forbid" "-e" "CARGO_HOME=/opt/rustwide/cargo-home" "-e" "RUSTUP_HOME=/opt/rustwide/rustup-home" "-w" "/opt/rustwide/workdir" "-m" "1610612736" "--user" "0:0" "--network" "none" "ghcr.io/rust-lang/crates-build-env/linux@sha256:4a844ea9eb2546a2d2c7022eacef16ef2e8229c7fbb2c7d4d55a9ceca922f72d" "/opt/rustwide/cargo-home/bin/cargo" "+nightly-2024-10-28" "test" "--frozen", kill_on_drop: false }`
[INFO] [stdout] a5150d685778dc7049519cbba898c7af885114cb3977a5dcf96577b3fcbc510a
[INFO] running `Command { std: "docker" "start" "-a" "a5150d685778dc7049519cbba898c7af885114cb3977a5dcf96577b3fcbc510a", kill_on_drop: false }`
[INFO] [stderr]     Finished `test` profile [unoptimized + debuginfo] target(s) in 0.01s
[INFO] [stderr]      Running unittests src/lib.rs (/opt/rustwide/target/debug/deps/sad64-0c9b3a91aba452d2)
[INFO] [stdout] 
[INFO] [stdout] running 1 test
[INFO] [stdout] test operand::tests::vector_multi_display ... ok
[INFO] [stdout] 
[INFO] [stdout] test result: ok. 1 passed; 0 failed; 0 ignored; 0 measured; 0 filtered out; finished in 0.00s
[INFO] [stdout] 
[INFO] [stderr]    Doc-tests sad64
[INFO] [stdout] 
[INFO] [stdout] running 1 test
[INFO] [stdout] test src/lib.rs - (line 11) - compile ... FAILED
[INFO] [stdout] 
[INFO] [stdout] failures:
[INFO] [stdout] 
[INFO] [stdout] ---- src/lib.rs - (line 11) stdout ----
[INFO] [stdout] error[E0277]: the trait bound `Instruction: SymbolResolver` is not satisfied
[INFO] [stdout]   --> src/lib.rs:28:52
[INFO] [stdout]    |
[INFO] [stdout] 19 |         f.write_insn(&mut StdoutOutput, &resolver, &insn).unwrap();
[INFO] [stdout]    |           ----------                               ^^^^^ the trait `SymbolResolver` is not implemented for `Instruction`
[INFO] [stdout]    |           |
[INFO] [stdout]    |           required by a bound introduced by this call
[INFO] [stdout]    |
[INFO] [stdout]    = help: the trait `SymbolResolver` is implemented for `NoopResolver`
[INFO] [stdout] note: required by a bound in `write_insn`
[INFO] [stdout]   --> /opt/rustwide/workdir/src/format.rs:31:37
[INFO] [stdout]    |
[INFO] [stdout] 31 |     fn write_insn<W: fmt::Write, R: SymbolResolver>(
[INFO] [stdout]    |                                     ^^^^^^^^^^^^^^ required by this bound in `Formatter::write_insn`
[INFO] [stdout] 
[INFO] [stdout] error[E0061]: this method takes 4 arguments but 3 arguments were supplied
[INFO] [stdout]   --> src/lib.rs:28:11
[INFO] [stdout]    |
[INFO] [stdout] 19 |         f.write_insn(&mut StdoutOutput, &resolver, &insn).unwrap();
[INFO] [stdout]    |           ^^^^^^^^^^-------------------------------------
[INFO] [stdout]    |                     |                   |
[INFO] [stdout]    |                     |                   expected `u64`, found `&NoopResolver`
[INFO] [stdout]    |                     argument #4 of type `&Instruction` is missing
[INFO] [stdout]    |
[INFO] [stdout] note: method defined here
[INFO] [stdout]   --> /opt/rustwide/workdir/src/format.rs:31:8
[INFO] [stdout]    |
[INFO] [stdout] 31 |     fn write_insn<W: fmt::Write, R: SymbolResolver>(
[INFO] [stdout]    |        ^^^^^^^^^^
[INFO] [stdout] help: provide the argument
[INFO] [stdout]    |
[INFO] [stdout] 19 |         f.write_insn(&mut StdoutOutput, /* u64 */, &insn, /* &Instruction */).unwrap();
[INFO] [stdout]    |                     ~~~~~~~~~~~~~~~~~~~~~~~~~~~~~~~~~~~~~~~~~~~~~~~~~~~~~~~~~
[INFO] [stdout] 
[INFO] [stdout] error: aborting due to 2 previous errors
[INFO] [stdout] 
[INFO] [stdout] Some errors have detailed explanations: E0061, E0277.
[INFO] [stdout] For more information about an error, try `rustc --explain E0061`.
[INFO] [stdout] Couldn't compile the test.
[INFO] [stdout] 
[INFO] [stdout] failures:
[INFO] [stdout]     src/lib.rs - (line 11)
[INFO] [stdout] 
[INFO] [stdout] test result: FAILED. 0 passed; 1 failed; 0 ignored; 0 measured; 0 filtered out; finished in 0.04s
[INFO] [stdout] 
[INFO] [stderr] error: doctest failed, to rerun pass `--doc`
[INFO] running `Command { std: "docker" "inspect" "a5150d685778dc7049519cbba898c7af885114cb3977a5dcf96577b3fcbc510a", kill_on_drop: false }`
[INFO] running `Command { std: "docker" "rm" "-f" "a5150d685778dc7049519cbba898c7af885114cb3977a5dcf96577b3fcbc510a", kill_on_drop: false }`
[INFO] [stdout] a5150d685778dc7049519cbba898c7af885114cb3977a5dcf96577b3fcbc510a
