[INFO] cloning repository https://github.com/aljazerzen/connector-arrow
[INFO] running `Command { std: "git" "-c" "credential.helper=" "-c" "credential.helper=/workspace/cargo-home/bin/git-credential-null" "clone" "--bare" "https://github.com/aljazerzen/connector-arrow" "/workspace/cache/git-repos/https%3A%2F%2Fgithub.com%2Faljazerzen%2Fconnector-arrow", kill_on_drop: false }`
[INFO] [stderr] Cloning into bare repository '/workspace/cache/git-repos/https%3A%2F%2Fgithub.com%2Faljazerzen%2Fconnector-arrow'...
[INFO] running `Command { std: "git" "rev-parse" "HEAD", kill_on_drop: false }`
[INFO] [stdout] 7ac4a18800dfe6131ddf67116492bdae386ac139
[INFO] testing aljazerzen/connector-arrow/7ac4a18800dfe6131ddf67116492bdae386ac139 against nightly-2024-10-28 for randomize-layout
[INFO] running `Command { std: "git" "clone" "/workspace/cache/git-repos/https%3A%2F%2Fgithub.com%2Faljazerzen%2Fconnector-arrow" "/workspace/builds/worker-0-tc1/source", kill_on_drop: false }`
[INFO] [stderr] Cloning into '/workspace/builds/worker-0-tc1/source'...
[INFO] [stderr] done.
[INFO] validating manifest of git repo https://github.com/aljazerzen/connector-arrow on toolchain nightly-2024-10-28
[INFO] running `Command { std: CARGO_HOME="/workspace/cargo-home" RUSTUP_HOME="/workspace/rustup-home" "/workspace/cargo-home/bin/cargo" "+nightly-2024-10-28" "metadata" "--manifest-path" "Cargo.toml" "--no-deps", kill_on_drop: false }`
[INFO] removed /workspace/builds/worker-0-tc1/source/.cargo/config.toml
[INFO] started tweaking git repo https://github.com/aljazerzen/connector-arrow
[INFO] finished tweaking git repo https://github.com/aljazerzen/connector-arrow
[INFO] tweaked toml for git repo https://github.com/aljazerzen/connector-arrow written to /workspace/builds/worker-0-tc1/source/Cargo.toml
[INFO] running `Command { std: CARGO_HOME="/workspace/cargo-home" RUSTUP_HOME="/workspace/rustup-home" "/workspace/cargo-home/bin/cargo" "+nightly-2024-10-28" "generate-lockfile" "--manifest-path" "Cargo.toml", kill_on_drop: false }`
[INFO] [stderr]     Updating crates.io index
[INFO] [stderr]      Locking 297 packages to latest compatible versions
[INFO] [stderr]       Adding fallible-iterator v0.2.0 (available: v0.3.0)
[INFO] running `Command { std: CARGO_HOME="/workspace/cargo-home" RUSTUP_HOME="/workspace/rustup-home" "/workspace/cargo-home/bin/cargo" "+nightly-2024-10-28" "fetch" "--manifest-path" "Cargo.toml", kill_on_drop: false }`
[INFO] [stderr]  Downloading crates ...
[INFO] [stderr]   Downloaded connection-string v0.2.0
[INFO] [stderr]   Downloaded libm v0.2.11
[INFO] [stderr]   Downloaded strum v0.25.0
[INFO] [stderr]   Downloaded named_pipe v0.4.1
[INFO] [stderr]   Downloaded const-random v0.1.18
[INFO] [stderr]   Downloaded cmake v0.1.51
[INFO] [stderr]   Downloaded fallible-iterator v0.3.0
[INFO] [stderr]   Downloaded atoi v2.0.0
[INFO] [stderr]   Downloaded lexical-util v1.0.3
[INFO] [stderr]   Downloaded clang-sys v1.8.1
[INFO] [stderr]   Downloaded lexical-parse-float v1.0.2
[INFO] [stderr]   Downloaded anstream v0.6.17
[INFO] [stderr]   Downloaded rstest_macros v0.23.0
[INFO] [stderr]   Downloaded derive_utils v0.14.2
[INFO] [stderr]   Downloaded foldhash v0.1.3
[INFO] [stderr]   Downloaded rusqlite v0.32.1
[INFO] [stderr]   Downloaded similar v2.6.0
[INFO] [stderr]   Downloaded pac_cell v0.1.1
[INFO] [stderr]   Downloaded anstyle-query v1.1.2
[INFO] [stderr]   Downloaded subprocess v0.2.9
[INFO] [stderr]   Downloaded enumflags2_derive v0.7.10
[INFO] [stderr]   Downloaded pretty-hex v0.3.0
[INFO] [stderr]   Downloaded lexical-core v1.0.2
[INFO] [stderr]   Downloaded arrow-data v53.2.0
[INFO] [stderr]   Downloaded colorchoice v1.0.3
[INFO] [stderr]   Downloaded const-random-macro v0.1.16
[INFO] [stderr]   Downloaded tiberius v0.12.3
[INFO] [stderr]   Downloaded saturating v0.1.0
[INFO] [stderr]   Downloaded strum_macros v0.25.3
[INFO] [stderr]   Downloaded anstyle-parse v0.2.6
[INFO] [stderr]   Downloaded btoi v0.4.3
[INFO] [stderr]   Downloaded windows-core v0.52.0
[INFO] [stderr]   Downloaded arrow-arith v53.2.0
[INFO] [stderr]   Downloaded arrow-buffer v53.2.0
[INFO] [stderr]   Downloaded arrow v53.2.0
[INFO] [stderr]   Downloaded arrow-select v53.2.0
[INFO] [stderr]   Downloaded comfy-table v7.1.1
[INFO] [stderr]   Downloaded lexical-write-integer v1.0.2
[INFO] [stderr]   Downloaded arrow-cast v53.2.0
[INFO] [stderr]   Downloaded bufstream v0.1.4
[INFO] [stderr]   Downloaded arrow-array v53.2.0
[INFO] [stderr]   Downloaded bindgen v0.70.1
[INFO] [stderr]   Downloaded allocator-api2 v0.2.18
[INFO] [stderr]   Downloaded regex v1.11.1
[INFO] [stderr]   Downloaded lexical-parse-integer v1.0.2
[INFO] [stderr]   Downloaded lexical-write-float v1.0.2
[INFO] [stderr]   Downloaded bstr v1.10.0
[INFO] [stderr]   Downloaded lru v0.12.5
[INFO] [stderr]   Downloaded arrow-schema v53.2.0
[INFO] [stderr]   Downloaded arrow-ord v53.2.0
[INFO] [stderr]   Downloaded anstyle-wincon v3.0.6
[INFO] [stderr]   Downloaded anstyle v1.0.10
[INFO] [stderr]   Downloaded libloading v0.8.5
[INFO] [stderr]   Downloaded pem v3.0.4
[INFO] [stderr]   Downloaded mysql v25.0.1
[INFO] [stderr]   Downloaded similar-asserts v1.6.0
[INFO] [stderr]   Downloaded io-enum v1.1.3
[INFO] [stderr]   Downloaded mysql_common v0.32.4
[INFO] [stderr]   Downloaded iana-time-zone v0.1.61
[INFO] [stderr]   Downloaded relative-path v1.9.3
[INFO] [stderr]   Downloaded hashlink v0.9.1
[INFO] [stderr]   Downloaded asynchronous-codec v0.6.2
[INFO] [stderr]   Downloaded libz-sys v1.1.20
[INFO] [stderr]   Downloaded rstest v0.23.0
[INFO] [stderr]   Downloaded fallible-streaming-iterator v0.1.9
[INFO] [stderr]   Downloaded serde_derive v1.0.214
[INFO] [stderr]   Downloaded enumflags2 v0.7.10
[INFO] [stderr]   Downloaded thiserror-impl v1.0.66
[INFO] [stderr]   Downloaded arrow-row v53.2.0
[INFO] [stderr]   Downloaded arrow-string v53.2.0
[INFO] [stderr]   Downloaded postgres v0.19.9
[INFO] [stderr]   Downloaded duckdb v1.1.1
[INFO] [stderr]   Downloaded libsqlite3-sys v0.30.1
[INFO] [stderr]   Downloaded libredox v0.1.3
[INFO] [stderr]   Downloaded libduckdb-sys v1.1.1
[INFO] [stderr]   Downloaded thiserror v1.0.66
[INFO] running `Command { std: "docker" "create" "-v" "/var/lib/crater-agent-workspace/builds/worker-0-tc1/target:/opt/rustwide/target:rw,Z" "-v" "/var/lib/crater-agent-workspace/builds/worker-0-tc1/source:/opt/rustwide/workdir:ro,Z" "-v" "/var/lib/crater-agent-workspace/cargo-home:/opt/rustwide/cargo-home:ro,Z" "-v" "/var/lib/crater-agent-workspace/rustup-home:/opt/rustwide/rustup-home:ro,Z" "-e" "SOURCE_DIR=/opt/rustwide/workdir" "-e" "CARGO_TARGET_DIR=/opt/rustwide/target" "-e" "CARGO_HOME=/opt/rustwide/cargo-home" "-e" "RUSTUP_HOME=/opt/rustwide/rustup-home" "-w" "/opt/rustwide/workdir" "-m" "1610612736" "--user" "0:0" "--network" "none" "ghcr.io/rust-lang/crates-build-env/linux@sha256:4a844ea9eb2546a2d2c7022eacef16ef2e8229c7fbb2c7d4d55a9ceca922f72d" "/opt/rustwide/cargo-home/bin/cargo" "+nightly-2024-10-28" "metadata" "--no-deps" "--format-version=1", kill_on_drop: false }`
[INFO] [stdout] 3456cf263f91420f4359a49fbcbdfec66980be9589c1ab646ecb81da87e9e28a
[INFO] running `Command { std: "docker" "start" "-a" "3456cf263f91420f4359a49fbcbdfec66980be9589c1ab646ecb81da87e9e28a", kill_on_drop: false }`
[INFO] running `Command { std: "docker" "inspect" "3456cf263f91420f4359a49fbcbdfec66980be9589c1ab646ecb81da87e9e28a", kill_on_drop: false }`
[INFO] running `Command { std: "docker" "rm" "-f" "3456cf263f91420f4359a49fbcbdfec66980be9589c1ab646ecb81da87e9e28a", kill_on_drop: false }`
[INFO] [stdout] 3456cf263f91420f4359a49fbcbdfec66980be9589c1ab646ecb81da87e9e28a
[INFO] running `Command { std: "docker" "create" "-v" "/var/lib/crater-agent-workspace/builds/worker-0-tc1/target:/opt/rustwide/target:rw,Z" "-v" "/var/lib/crater-agent-workspace/builds/worker-0-tc1/source:/opt/rustwide/workdir:ro,Z" "-v" "/var/lib/crater-agent-workspace/cargo-home:/opt/rustwide/cargo-home:ro,Z" "-v" "/var/lib/crater-agent-workspace/rustup-home:/opt/rustwide/rustup-home:ro,Z" "-e" "SOURCE_DIR=/opt/rustwide/workdir" "-e" "CARGO_TARGET_DIR=/opt/rustwide/target" "-e" "CARGO_INCREMENTAL=0" "-e" "RUST_BACKTRACE=full" "-e" "RUSTFLAGS=--cap-lints=forbid" "-e" "RUSTDOCFLAGS=--cap-lints=forbid" "-e" "CARGO_HOME=/opt/rustwide/cargo-home" "-e" "RUSTUP_HOME=/opt/rustwide/rustup-home" "-w" "/opt/rustwide/workdir" "-m" "1610612736" "--user" "0:0" "--network" "none" "ghcr.io/rust-lang/crates-build-env/linux@sha256:4a844ea9eb2546a2d2c7022eacef16ef2e8229c7fbb2c7d4d55a9ceca922f72d" "/opt/rustwide/cargo-home/bin/cargo" "+nightly-2024-10-28" "build" "--frozen" "--message-format=json", kill_on_drop: false }`
[INFO] [stdout] 1bcc89507b4942999d321626e6aff0ae0f9345e4c5c426cbbf9543b69cfba72f
[INFO] running `Command { std: "docker" "start" "-a" "1bcc89507b4942999d321626e6aff0ae0f9345e4c5c426cbbf9543b69cfba72f", kill_on_drop: false }`
[INFO] [stderr]    Compiling autocfg v1.4.0
[INFO] [stderr]    Compiling libm v0.2.11
[INFO] [stderr]    Compiling libc v0.2.161
[INFO] [stderr]    Compiling version_check v0.9.5
[INFO] [stderr]    Compiling bytes v1.8.0
[INFO] [stderr]    Compiling once_cell v1.20.2
[INFO] [stderr]    Compiling arrow-schema v53.2.0
[INFO] [stderr]    Compiling zerocopy v0.7.35
[INFO] [stderr]    Compiling iana-time-zone v0.1.61
[INFO] [stderr]    Compiling static_assertions v1.1.0
[INFO] [stderr]    Compiling hashbrown v0.14.5
[INFO] [stderr]    Compiling proc-macro2 v1.0.89
[INFO] [stderr]    Compiling memchr v2.7.4
[INFO] [stderr]    Compiling unicode-ident v1.0.13
[INFO] [stderr]    Compiling regex-syntax v0.8.5
[INFO] [stderr]    Compiling ryu v1.0.18
[INFO] [stderr]    Compiling lexical-util v1.0.3
[INFO] [stderr]    Compiling serde v1.0.214
[INFO] [stderr]    Compiling thiserror v1.0.66
[INFO] [stderr]    Compiling serde_json v1.0.132
[INFO] [stderr]    Compiling ahash v0.8.11
[INFO] [stderr]    Compiling base64 v0.22.1
[INFO] [stderr]    Compiling itoa v1.0.11
[INFO] [stderr]    Compiling either v1.13.0
[INFO] [stderr]    Compiling log v0.4.22
[INFO] [stderr]    Compiling num-traits v0.2.19
[INFO] [stderr]    Compiling itertools v0.13.0
[INFO] [stderr]    Compiling aho-corasick v1.1.3
[INFO] [stderr]    Compiling lexical-parse-integer v1.0.2
[INFO] [stderr]    Compiling lexical-write-integer v1.0.2
[INFO] [stderr]    Compiling quote v1.0.37
[INFO] [stderr]    Compiling lexical-write-float v1.0.2
[INFO] [stderr]    Compiling lexical-parse-float v1.0.2
[INFO] [stderr]    Compiling syn v2.0.87
[INFO] [stderr]    Compiling getrandom v0.2.15
[INFO] [stderr]    Compiling lexical-core v1.0.2
[INFO] [stderr]    Compiling num-integer v0.1.46
[INFO] [stderr]    Compiling num-complex v0.4.6
[INFO] [stderr]    Compiling half v2.4.1
[INFO] [stderr]    Compiling chrono v0.4.38
[INFO] [stderr]    Compiling atoi v2.0.0
[INFO] [stderr]    Compiling num-bigint v0.4.6
[INFO] [stderr]    Compiling num-iter v0.1.45
[INFO] [stderr]    Compiling regex-automata v0.4.8
[INFO] [stderr]    Compiling thiserror-impl v1.0.66
[INFO] [stderr]    Compiling num-rational v0.4.2
[INFO] [stderr]    Compiling num v0.4.3
[INFO] [stderr]    Compiling arrow-buffer v53.2.0
[INFO] [stderr]    Compiling arrow-data v53.2.0
[INFO] [stderr]    Compiling regex v1.11.1
[INFO] [stderr]    Compiling arrow-array v53.2.0
[INFO] [stderr]    Compiling arrow-select v53.2.0
[INFO] [stderr]    Compiling arrow-row v53.2.0
[INFO] [stderr]    Compiling arrow-arith v53.2.0
[INFO] [stderr]    Compiling arrow-cast v53.2.0
[INFO] [stderr]    Compiling arrow-string v53.2.0
[INFO] [stderr]    Compiling arrow-ord v53.2.0
[INFO] [stderr]    Compiling arrow v53.2.0
[INFO] [stderr]    Compiling connector_arrow v0.6.0 (/opt/rustwide/workdir/connector_arrow)
[INFO] [stderr]     Finished `dev` profile [unoptimized + debuginfo] target(s) in 10.81s
[INFO] running `Command { std: "docker" "inspect" "1bcc89507b4942999d321626e6aff0ae0f9345e4c5c426cbbf9543b69cfba72f", kill_on_drop: false }`
[INFO] running `Command { std: "docker" "rm" "-f" "1bcc89507b4942999d321626e6aff0ae0f9345e4c5c426cbbf9543b69cfba72f", kill_on_drop: false }`
[INFO] [stdout] 1bcc89507b4942999d321626e6aff0ae0f9345e4c5c426cbbf9543b69cfba72f
[INFO] running `Command { std: "docker" "create" "-v" "/var/lib/crater-agent-workspace/builds/worker-0-tc1/target:/opt/rustwide/target:rw,Z" "-v" "/var/lib/crater-agent-workspace/builds/worker-0-tc1/source:/opt/rustwide/workdir:ro,Z" "-v" "/var/lib/crater-agent-workspace/cargo-home:/opt/rustwide/cargo-home:ro,Z" "-v" "/var/lib/crater-agent-workspace/rustup-home:/opt/rustwide/rustup-home:ro,Z" "-e" "SOURCE_DIR=/opt/rustwide/workdir" "-e" "CARGO_TARGET_DIR=/opt/rustwide/target" "-e" "CARGO_INCREMENTAL=0" "-e" "RUST_BACKTRACE=full" "-e" "RUSTFLAGS=--cap-lints=forbid" "-e" "RUSTDOCFLAGS=--cap-lints=forbid" "-e" "CARGO_HOME=/opt/rustwide/cargo-home" "-e" "RUSTUP_HOME=/opt/rustwide/rustup-home" "-w" "/opt/rustwide/workdir" "-m" "1610612736" "--user" "0:0" "--network" "none" "ghcr.io/rust-lang/crates-build-env/linux@sha256:4a844ea9eb2546a2d2c7022eacef16ef2e8229c7fbb2c7d4d55a9ceca922f72d" "/opt/rustwide/cargo-home/bin/cargo" "+nightly-2024-10-28" "test" "--frozen" "--no-run" "--message-format=json", kill_on_drop: false }`
[INFO] [stdout] 471c225e8e79afa9ac596d6a523baee20a82cbfae80dd704459e8f3e99d52ac1
[INFO] running `Command { std: "docker" "start" "-a" "471c225e8e79afa9ac596d6a523baee20a82cbfae80dd704459e8f3e99d52ac1", kill_on_drop: false }`
[INFO] [stderr]    Compiling libc v0.2.161
[INFO] [stderr]    Compiling byteorder v1.5.0
[INFO] [stderr]    Compiling rustversion v1.0.18
[INFO] [stderr]    Compiling semver v1.0.23
[INFO] [stderr]    Compiling heck v0.5.0
[INFO] [stderr]    Compiling memchr v2.7.4
[INFO] [stderr]    Compiling strum v0.26.3
[INFO] [stderr]    Compiling unicode-width v0.1.14
[INFO] [stderr]    Compiling tinyvec v1.8.0
[INFO] [stderr]    Compiling syn v2.0.87
[INFO] [stderr]    Compiling half v2.4.1
[INFO] [stderr]    Compiling utf8parse v0.2.2
[INFO] [stderr]    Compiling log v0.4.22
[INFO] [stderr]    Compiling unicode-segmentation v1.12.0
[INFO] [stderr]    Compiling colorchoice v1.0.3
[INFO] [stderr]    Compiling glob v0.3.1
[INFO] [stderr]    Compiling anstyle-parse v0.2.6
[INFO] [stderr]    Compiling unicode-bidi v0.3.17
[INFO] [stderr]    Compiling relative-path v1.9.3
[INFO] [stderr]    Compiling rand_core v0.6.4
[INFO] [stderr]    Compiling anstyle v1.0.10
[INFO] [stderr]    Compiling anstyle-query v1.1.2
[INFO] [stderr]    Compiling is_terminal_polyfill v1.70.1
[INFO] [stderr]    Compiling lazy_static v1.5.0
[INFO] [stderr]    Compiling env_filter v0.1.2
[INFO] [stderr]    Compiling humantime v2.1.0
[INFO] [stderr]    Compiling rand v0.8.5
[INFO] [stderr]    Compiling anstream v0.6.17
[INFO] [stderr]    Compiling arrow-buffer v53.2.0
[INFO] [stderr]    Compiling similar v2.6.0
[INFO] [stderr]    Compiling rustc_version v0.4.1
[INFO] [stderr]    Compiling aho-corasick v1.1.3
[INFO] [stderr]    Compiling env_logger v0.11.5
[INFO] [stderr]    Compiling rstest_macros v0.23.0
[INFO] [stderr]    Compiling unicode-normalization v0.1.24
[INFO] [stderr]    Compiling getrandom v0.2.15
[INFO] [stderr]    Compiling console v0.15.8
[INFO] [stderr]    Compiling arrow-data v53.2.0
[INFO] [stderr]    Compiling similar-asserts v1.6.0
[INFO] [stderr]    Compiling idna v0.5.0
[INFO] [stderr]    Compiling regex-automata v0.4.8
[INFO] [stderr]    Compiling url v2.5.2
[INFO] [stderr]    Compiling regex v1.11.1
[INFO] [stderr]    Compiling zerocopy-derive v0.7.35
[INFO] [stderr]    Compiling strum_macros v0.26.4
[INFO] [stderr]    Compiling thiserror-impl v1.0.66
[INFO] [stderr]    Compiling zerocopy v0.7.35
[INFO] [stderr]    Compiling thiserror v1.0.66
[INFO] [stderr]    Compiling ahash v0.8.11
[INFO] [stderr]    Compiling ppv-lite86 v0.2.20
[INFO] [stderr]    Compiling arrow-array v53.2.0
[INFO] [stderr]    Compiling comfy-table v7.1.1
[INFO] [stderr]    Compiling rand_chacha v0.3.1
[INFO] [stderr]    Compiling rstest v0.23.0
[INFO] [stderr]    Compiling arrow-select v53.2.0
[INFO] [stderr]    Compiling arrow-arith v53.2.0
[INFO] [stderr]    Compiling arrow-row v53.2.0
[INFO] [stderr]    Compiling arrow-string v53.2.0
[INFO] [stderr]    Compiling arrow-cast v53.2.0
[INFO] [stderr]    Compiling arrow-ord v53.2.0
[INFO] [stderr]    Compiling arrow v53.2.0
[INFO] [stderr]    Compiling connector_arrow v0.6.0 (/opt/rustwide/workdir/connector_arrow)
[INFO] [stdout] warning: function `query_literals` is never used
[INFO] [stdout]   --> connector_arrow/tests/it/util.rs:77:8
[INFO] [stdout]    |
[INFO] [stdout] 77 | pub fn query_literals<C: Connector>(conn: &mut C, queries: Vec<QueryOfSingleLiteral>) {
[INFO] [stdout]    |        ^^^^^^^^^^^^^^
[INFO] [stdout]    |
[INFO] [stdout]    = note: `#[warn(dead_code)]` on by default
[INFO] [stdout] 
[INFO] [stdout] 
[INFO] [stdout] warning: function `query_literals_binary` is never used
[INFO] [stdout]    --> connector_arrow/tests/it/util.rs:125:8
[INFO] [stdout]     |
[INFO] [stdout] 125 | pub fn query_literals_binary<C: Connector>(conn: &mut C, queries: Vec<QueryOfSingleLiteral>) {
[INFO] [stdout]     |        ^^^^^^^^^^^^^^^^^^^^^
[INFO] [stdout] 
[INFO] [stdout] 
[INFO] [stdout] warning: function `new_singleton_array` is never used
[INFO] [stdout]    --> connector_arrow/tests/it/util.rs:175:4
[INFO] [stdout]     |
[INFO] [stdout] 175 | fn new_singleton_array(data_type: &DataType, value: Box<dyn ArrowValue>) -> ArrayRef {
[INFO] [stdout]     |    ^^^^^^^^^^^^^^^^^^^
[INFO] [stdout] 
[INFO] [stdout] 
[INFO] [stdout] warning: fields `db_ty`, `value_sql`, `inject_sql_cast`, and `value` are never read
[INFO] [stdout]    --> connector_arrow/tests/it/util.rs:188:9
[INFO] [stdout]     |
[INFO] [stdout] 187 | pub struct QueryOfSingleLiteral {
[INFO] [stdout]     |            -------------------- fields in this struct
[INFO] [stdout] 188 |     pub db_ty: String,
[INFO] [stdout]     |         ^^^^^
[INFO] [stdout] 189 |     pub value_sql: String,
[INFO] [stdout]     |         ^^^^^^^^^
[INFO] [stdout] 190 |     pub inject_sql_cast: bool,
[INFO] [stdout]     |         ^^^^^^^^^^^^^^^
[INFO] [stdout] 191 |     pub value: Box<dyn ArrowValue>,
[INFO] [stdout]     |         ^^^^^
[INFO] [stdout] 
[INFO] [stdout] 
[INFO] [stderr]     Finished `test` profile [unoptimized + debuginfo] target(s) in 11.99s
[INFO] running `Command { std: "docker" "inspect" "471c225e8e79afa9ac596d6a523baee20a82cbfae80dd704459e8f3e99d52ac1", kill_on_drop: false }`
[INFO] running `Command { std: "docker" "rm" "-f" "471c225e8e79afa9ac596d6a523baee20a82cbfae80dd704459e8f3e99d52ac1", kill_on_drop: false }`
[INFO] [stdout] 471c225e8e79afa9ac596d6a523baee20a82cbfae80dd704459e8f3e99d52ac1
[INFO] running `Command { std: "docker" "create" "-v" "/var/lib/crater-agent-workspace/builds/worker-0-tc1/target:/opt/rustwide/target:rw,Z" "-v" "/var/lib/crater-agent-workspace/builds/worker-0-tc1/source:/opt/rustwide/workdir:ro,Z" "-v" "/var/lib/crater-agent-workspace/cargo-home:/opt/rustwide/cargo-home:ro,Z" "-v" "/var/lib/crater-agent-workspace/rustup-home:/opt/rustwide/rustup-home:ro,Z" "-e" "SOURCE_DIR=/opt/rustwide/workdir" "-e" "CARGO_TARGET_DIR=/opt/rustwide/target" "-e" "CARGO_INCREMENTAL=0" "-e" "RUST_BACKTRACE=full" "-e" "RUSTFLAGS=--cap-lints=forbid" "-e" "RUSTDOCFLAGS=--cap-lints=forbid" "-e" "CARGO_HOME=/opt/rustwide/cargo-home" "-e" "RUSTUP_HOME=/opt/rustwide/rustup-home" "-w" "/opt/rustwide/workdir" "-m" "1610612736" "--user" "0:0" "--network" "none" "ghcr.io/rust-lang/crates-build-env/linux@sha256:4a844ea9eb2546a2d2c7022eacef16ef2e8229c7fbb2c7d4d55a9ceca922f72d" "/opt/rustwide/cargo-home/bin/cargo" "+nightly-2024-10-28" "test" "--frozen", kill_on_drop: false }`
[INFO] [stdout] d856613f73cdaba7149c42a80352869ea62c31b27d0c35b2cc47b39327eb0789
[INFO] running `Command { std: "docker" "start" "-a" "d856613f73cdaba7149c42a80352869ea62c31b27d0c35b2cc47b39327eb0789", kill_on_drop: false }`
[INFO] [stderr] warning: function `query_literals` is never used
[INFO] [stderr]   --> connector_arrow/tests/it/util.rs:77:8
[INFO] [stderr]    |
[INFO] [stderr] 77 | pub fn query_literals<C: Connector>(conn: &mut C, queries: Vec<QueryOfSingleLiteral>) {
[INFO] [stderr]    |        ^^^^^^^^^^^^^^
[INFO] [stderr]    |
[INFO] [stderr]    = note: `#[warn(dead_code)]` on by default
[INFO] [stderr] 
[INFO] [stderr] warning: function `query_literals_binary` is never used
[INFO] [stderr]    --> connector_arrow/tests/it/util.rs:125:8
[INFO] [stderr]     |
[INFO] [stderr] 125 | pub fn query_literals_binary<C: Connector>(conn: &mut C, queries: Vec<QueryOfSingleLiteral>) {
[INFO] [stderr]     |        ^^^^^^^^^^^^^^^^^^^^^
[INFO] [stderr] 
[INFO] [stderr] warning: function `new_singleton_array` is never used
[INFO] [stderr]    --> connector_arrow/tests/it/util.rs:175:4
[INFO] [stderr]     |
[INFO] [stderr] 175 | fn new_singleton_array(data_type: &DataType, value: Box<dyn ArrowValue>) -> ArrayRef {
[INFO] [stderr]     |    ^^^^^^^^^^^^^^^^^^^
[INFO] [stderr] 
[INFO] [stderr] warning: fields `db_ty`, `value_sql`, `inject_sql_cast`, and `value` are never read
[INFO] [stderr]    --> connector_arrow/tests/it/util.rs:188:9
[INFO] [stderr]     |
[INFO] [stderr] 187 | pub struct QueryOfSingleLiteral {
[INFO] [stderr]     |            -------------------- fields in this struct
[INFO] [stderr] 188 |     pub db_ty: String,
[INFO] [stderr]     |         ^^^^^
[INFO] [stderr] 189 |     pub value_sql: String,
[INFO] [stderr]     |         ^^^^^^^^^
[INFO] [stderr] 190 |     pub inject_sql_cast: bool,
[INFO] [stderr]     |         ^^^^^^^^^^^^^^^
[INFO] [stderr] 191 |     pub value: Box<dyn ArrowValue>,
[INFO] [stderr]     |         ^^^^^
[INFO] [stderr] 
[INFO] [stderr] warning: `connector_arrow` (test "it") generated 4 warnings
[INFO] [stderr]     Finished `test` profile [unoptimized + debuginfo] target(s) in 0.10s
[INFO] [stderr]      Running unittests src/lib.rs (/opt/rustwide/target/debug/deps/connector_arrow-00d15e1fab86a1cc)
[INFO] [stdout] 
[INFO] [stdout] running 0 tests
[INFO] [stdout] 
[INFO] [stdout] test result: ok. 0 passed; 0 failed; 0 ignored; 0 measured; 0 filtered out; finished in 0.00s
[INFO] [stdout] 
[INFO] [stderr]      Running tests/it/main.rs (/opt/rustwide/target/debug/deps/it-5a6719de85038f29)
[INFO] [stdout] 
[INFO] [stdout] running 0 tests
[INFO] [stdout] 
[INFO] [stdout] test result: ok. 0 passed; 0 failed; 0 ignored; 0 measured; 0 filtered out; finished in 0.00s
[INFO] [stdout] 
[INFO] [stderr]    Doc-tests connector_arrow
[INFO] [stdout] 
[INFO] [stdout] running 2 tests
[INFO] [stdout] test connector_arrow/src/lib.rs - (line 15) ... FAILED
[INFO] [stdout] test connector_arrow/src/lib.rs - (line 46) ... ok
[INFO] [stdout] 
[INFO] [stdout] failures:
[INFO] [stdout] 
[INFO] [stdout] ---- connector_arrow/src/lib.rs - (line 15) stdout ----
[INFO] [stdout] error[E0433]: failed to resolve: use of undeclared crate or module `rusqlite`
[INFO] [stdout]  --> connector_arrow/src/lib.rs:22:12
[INFO] [stdout]   |
[INFO] [stdout] 9 | let conn = rusqlite::Connection::open_in_memory()?;
[INFO] [stdout]   |            ^^^^^^^^ use of undeclared crate or module `rusqlite`
[INFO] [stdout] 
[INFO] [stdout] error[E0433]: failed to resolve: could not find `sqlite` in `connector_arrow`
[INFO] [stdout]   --> connector_arrow/src/lib.rs:25:33
[INFO] [stdout]    |
[INFO] [stdout] 12 | let mut conn = connector_arrow::sqlite::SQLiteConnection::new(conn);
[INFO] [stdout]    |                                 ^^^^^^ could not find `sqlite` in `connector_arrow`
[INFO] [stdout]    |
[INFO] [stdout] note: found an item that was configured out
[INFO] [stdout]   --> /opt/rustwide/workdir/connector_arrow/src/lib.rs:70:9
[INFO] [stdout]    |
[INFO] [stdout] 70 | pub mod sqlite;
[INFO] [stdout]    |         ^^^^^^
[INFO] [stdout] note: the item is gated behind the `src_sqlite` feature
[INFO] [stdout]   --> /opt/rustwide/workdir/connector_arrow/src/lib.rs:69:7
[INFO] [stdout]    |
[INFO] [stdout] 69 | #[cfg(feature = "src_sqlite")]
[INFO] [stdout]    |       ^^^^^^^^^^^^^^^^^^^^^^
[INFO] [stdout] 
[INFO] [stdout] error: aborting due to 2 previous errors
[INFO] [stdout] 
[INFO] [stdout] For more information about this error, try `rustc --explain E0433`.
[INFO] [stdout] Couldn't compile the test.
[INFO] [stdout] 
[INFO] [stdout] failures:
[INFO] [stdout]     connector_arrow/src/lib.rs - (line 15)
[INFO] [stdout] 
[INFO] [stdout] test result: FAILED. 1 passed; 1 failed; 0 ignored; 0 measured; 0 filtered out; finished in 0.15s
[INFO] [stdout] 
[INFO] [stderr] error: doctest failed, to rerun pass `--doc`
[INFO] running `Command { std: "docker" "inspect" "d856613f73cdaba7149c42a80352869ea62c31b27d0c35b2cc47b39327eb0789", kill_on_drop: false }`
[INFO] running `Command { std: "docker" "rm" "-f" "d856613f73cdaba7149c42a80352869ea62c31b27d0c35b2cc47b39327eb0789", kill_on_drop: false }`
[INFO] [stdout] d856613f73cdaba7149c42a80352869ea62c31b27d0c35b2cc47b39327eb0789
