[INFO] cloning repository https://github.com/alec-deason/neat
[INFO] running `Command { std: "git" "-c" "credential.helper=" "-c" "credential.helper=/workspace/cargo-home/bin/git-credential-null" "clone" "--bare" "https://github.com/alec-deason/neat" "/workspace/cache/git-repos/https%3A%2F%2Fgithub.com%2Falec-deason%2Fneat", kill_on_drop: false }`
[INFO] [stderr] Cloning into bare repository '/workspace/cache/git-repos/https%3A%2F%2Fgithub.com%2Falec-deason%2Fneat'...
[INFO] running `Command { std: "git" "rev-parse" "HEAD", kill_on_drop: false }`
[INFO] [stdout] eecbacc364048a34de55302ac58c7163fce9a5e2
[INFO] testing alec-deason/neat/eecbacc364048a34de55302ac58c7163fce9a5e2 against nightly-2024-10-28 for randomize-layout
[INFO] running `Command { std: "git" "clone" "/workspace/cache/git-repos/https%3A%2F%2Fgithub.com%2Falec-deason%2Fneat" "/workspace/builds/worker-0-tc1/source", kill_on_drop: false }`
[INFO] [stderr] Cloning into '/workspace/builds/worker-0-tc1/source'...
[INFO] [stderr] done.
[INFO] validating manifest of git repo https://github.com/alec-deason/neat on toolchain nightly-2024-10-28
[INFO] running `Command { std: CARGO_HOME="/workspace/cargo-home" RUSTUP_HOME="/workspace/rustup-home" "/workspace/cargo-home/bin/cargo" "+nightly-2024-10-28" "metadata" "--manifest-path" "Cargo.toml" "--no-deps", kill_on_drop: false }`
[INFO] started tweaking git repo https://github.com/alec-deason/neat
[INFO] finished tweaking git repo https://github.com/alec-deason/neat
[INFO] tweaked toml for git repo https://github.com/alec-deason/neat written to /workspace/builds/worker-0-tc1/source/Cargo.toml
[INFO] crate git repo https://github.com/alec-deason/neat already has a lockfile, it will not be regenerated
[INFO] running `Command { std: CARGO_HOME="/workspace/cargo-home" RUSTUP_HOME="/workspace/rustup-home" "/workspace/cargo-home/bin/cargo" "+nightly-2024-10-28" "fetch" "--manifest-path" "Cargo.toml", kill_on_drop: false }`
[INFO] running `Command { std: "docker" "create" "-v" "/var/lib/crater-agent-workspace/builds/worker-0-tc1/target:/opt/rustwide/target:rw,Z" "-v" "/var/lib/crater-agent-workspace/builds/worker-0-tc1/source:/opt/rustwide/workdir:ro,Z" "-v" "/var/lib/crater-agent-workspace/cargo-home:/opt/rustwide/cargo-home:ro,Z" "-v" "/var/lib/crater-agent-workspace/rustup-home:/opt/rustwide/rustup-home:ro,Z" "-e" "SOURCE_DIR=/opt/rustwide/workdir" "-e" "CARGO_TARGET_DIR=/opt/rustwide/target" "-e" "CARGO_HOME=/opt/rustwide/cargo-home" "-e" "RUSTUP_HOME=/opt/rustwide/rustup-home" "-w" "/opt/rustwide/workdir" "-m" "1610612736" "--user" "0:0" "--network" "none" "ghcr.io/rust-lang/crates-build-env/linux@sha256:4a844ea9eb2546a2d2c7022eacef16ef2e8229c7fbb2c7d4d55a9ceca922f72d" "/opt/rustwide/cargo-home/bin/cargo" "+nightly-2024-10-28" "metadata" "--no-deps" "--format-version=1", kill_on_drop: false }`
[INFO] [stdout] 87555a37af580c69151839c76e991f8b5ab4b39864f5ef9bc76897142be4efa7
[INFO] running `Command { std: "docker" "start" "-a" "87555a37af580c69151839c76e991f8b5ab4b39864f5ef9bc76897142be4efa7", kill_on_drop: false }`
[INFO] running `Command { std: "docker" "inspect" "87555a37af580c69151839c76e991f8b5ab4b39864f5ef9bc76897142be4efa7", kill_on_drop: false }`
[INFO] running `Command { std: "docker" "rm" "-f" "87555a37af580c69151839c76e991f8b5ab4b39864f5ef9bc76897142be4efa7", kill_on_drop: false }`
[INFO] [stdout] 87555a37af580c69151839c76e991f8b5ab4b39864f5ef9bc76897142be4efa7
[INFO] running `Command { std: "docker" "create" "-v" "/var/lib/crater-agent-workspace/builds/worker-0-tc1/target:/opt/rustwide/target:rw,Z" "-v" "/var/lib/crater-agent-workspace/builds/worker-0-tc1/source:/opt/rustwide/workdir:ro,Z" "-v" "/var/lib/crater-agent-workspace/cargo-home:/opt/rustwide/cargo-home:ro,Z" "-v" "/var/lib/crater-agent-workspace/rustup-home:/opt/rustwide/rustup-home:ro,Z" "-e" "SOURCE_DIR=/opt/rustwide/workdir" "-e" "CARGO_TARGET_DIR=/opt/rustwide/target" "-e" "CARGO_INCREMENTAL=0" "-e" "RUST_BACKTRACE=full" "-e" "RUSTFLAGS=--cap-lints=forbid" "-e" "RUSTDOCFLAGS=--cap-lints=forbid" "-e" "CARGO_HOME=/opt/rustwide/cargo-home" "-e" "RUSTUP_HOME=/opt/rustwide/rustup-home" "-w" "/opt/rustwide/workdir" "-m" "1610612736" "--user" "0:0" "--network" "none" "ghcr.io/rust-lang/crates-build-env/linux@sha256:4a844ea9eb2546a2d2c7022eacef16ef2e8229c7fbb2c7d4d55a9ceca922f72d" "/opt/rustwide/cargo-home/bin/cargo" "+nightly-2024-10-28" "build" "--frozen" "--message-format=json", kill_on_drop: false }`
[INFO] [stdout] 4872c537ecc95d70406010fa0e71f6d19537fce3a3f980bb70a287e151f51d18
[INFO] running `Command { std: "docker" "start" "-a" "4872c537ecc95d70406010fa0e71f6d19537fce3a3f980bb70a287e151f51d18", kill_on_drop: false }`
[INFO] [stderr]    Compiling autocfg v0.1.2
[INFO] [stderr]    Compiling libc v0.2.50
[INFO] [stderr]    Compiling rand_core v0.4.0
[INFO] [stderr]    Compiling cfg-if v0.1.7
[INFO] [stderr]    Compiling proc-macro2 v0.4.27
[INFO] [stderr]    Compiling arrayvec v0.4.10
[INFO] [stderr]    Compiling unicode-xid v0.1.0
[INFO] [stderr]    Compiling nodrop v0.1.13
[INFO] [stderr]    Compiling syn v0.15.29
[INFO] [stderr]    Compiling crossbeam-utils v0.2.2
[INFO] [stderr]    Compiling memoffset v0.2.1
[INFO] [stderr]    Compiling scopeguard v0.3.3
[INFO] [stderr]    Compiling rand_core v0.3.1
[INFO] [stderr]    Compiling lazy_static v1.3.0
[INFO] [stderr]    Compiling pkg-config v0.3.14
[INFO] [stderr]    Compiling cc v1.0.31
[INFO] [stderr]    Compiling rayon-core v1.4.1
[INFO] [stderr]    Compiling rand_chacha v0.1.1
[INFO] [stderr]    Compiling rand_pcg v0.1.2
[INFO] [stderr]    Compiling ryu v0.2.7
[INFO] [stderr]    Compiling serde v1.0.89
[INFO] [stderr]    Compiling rand v0.6.5
[INFO] [stderr]    Compiling crossbeam-epoch v0.3.1
[INFO] [stderr]    Compiling rayon v1.0.3
[INFO] [stderr]    Compiling num_cpus v1.10.0
[INFO] [stderr]    Compiling quote v0.6.11
[INFO] [stderr]    Compiling rand_os v0.1.3
[INFO] [stderr]    Compiling crossbeam-deque v0.2.0
[INFO] [stderr]    Compiling rand_hc v0.1.0
[INFO] [stderr]    Compiling rand_isaac v0.1.1
[INFO] [stderr]    Compiling rand_xorshift v0.1.1
[INFO] [stderr]    Compiling rand_jitter v0.1.3
[INFO] [stderr]    Compiling log v0.4.6
[INFO] [stderr]    Compiling ordermap v0.3.5
[INFO] [stderr]    Compiling ncurses v5.99.0
[INFO] [stderr]    Compiling either v1.5.1
[INFO] [stderr]    Compiling itoa v0.4.3
[INFO] [stderr]    Compiling fixedbitset v0.1.9
[INFO] [stderr]    Compiling petgraph v0.4.13
[INFO] [stderr]    Compiling pancurses v0.16.1
[INFO] [stderr]    Compiling serde_derive v1.0.89
[INFO] [stderr]    Compiling serde_json v1.0.39
[INFO] [stderr]    Compiling neat v0.1.0 (/opt/rustwide/workdir)
[INFO] [stdout] warning: unused import: `Config`
[INFO] [stdout]  --> src/lib.rs:9:26
[INFO] [stdout]   |
[INFO] [stdout] 9 | use petgraph::dot::{Dot, Config};
[INFO] [stdout]   |                          ^^^^^^
[INFO] [stdout]   |
[INFO] [stdout]   = note: `#[warn(unused_imports)]` on by default
[INFO] [stdout] 
[INFO] [stdout] 
[INFO] [stdout] warning: unused import: `std::path::Path`
[INFO] [stdout]   --> src/lib.rs:13:5
[INFO] [stdout]    |
[INFO] [stdout] 13 | use std::path::Path;
[INFO] [stdout]    |     ^^^^^^^^^^^^^^^
[INFO] [stdout] 
[INFO] [stdout] 
[INFO] [stdout] warning: unused variable: `node`
[INFO] [stdout]    --> src/lib.rs:148:17
[INFO] [stdout]     |
[INFO] [stdout] 148 |         for (i, node) in self.nodes.iter().enumerate() {
[INFO] [stdout]     |                 ^^^^ help: if this is intentional, prefix it with an underscore: `_node`
[INFO] [stdout]     |
[INFO] [stdout]     = note: `#[warn(unused_variables)]` on by default
[INFO] [stdout] 
[INFO] [stdout] 
[INFO] [stdout] warning: variable does not need to be mutable
[INFO] [stdout]    --> src/lib.rs:171:9
[INFO] [stdout]     |
[INFO] [stdout] 171 |     let mut out_node = *genome
[INFO] [stdout]     |         ----^^^^^^^^
[INFO] [stdout]     |         |
[INFO] [stdout]     |         help: remove this `mut`
[INFO] [stdout]     |
[INFO] [stdout]     = note: `#[warn(unused_mut)]` on by default
[INFO] [stdout] 
[INFO] [stdout] 
[INFO] [stdout] warning: variable does not need to be mutable
[INFO] [stdout]    --> src/lib.rs:183:9
[INFO] [stdout]     |
[INFO] [stdout] 183 |     let mut in_node = *genome
[INFO] [stdout]     |         ----^^^^^^^
[INFO] [stdout]     |         |
[INFO] [stdout]     |         help: remove this `mut`
[INFO] [stdout] 
[INFO] [stdout] 
[INFO] [stdout] warning: unused variable: `i`
[INFO] [stdout]    --> src/lib.rs:537:15
[INFO] [stdout]     |
[INFO] [stdout] 537 |         .map(|i| NodeGene {
[INFO] [stdout]     |               ^ help: if this is intentional, prefix it with an underscore: `_i`
[INFO] [stdout] 
[INFO] [stdout] 
[INFO] [stdout] warning: unused variable: `i`
[INFO] [stdout]    --> src/lib.rs:547:15
[INFO] [stdout]     |
[INFO] [stdout] 547 |         .map(|i| NodeGene {
[INFO] [stdout]     |               ^ help: if this is intentional, prefix it with an underscore: `_i`
[INFO] [stdout] 
[INFO] [stdout] 
[INFO] [stdout] warning: variable does not need to be mutable
[INFO] [stdout]    --> src/lib.rs:564:9
[INFO] [stdout]     |
[INFO] [stdout] 564 |     let mut nodes: HashMap<usize, NodeGene> = input_nodes
[INFO] [stdout]     |         ----^^^^^
[INFO] [stdout]     |         |
[INFO] [stdout]     |         help: remove this `mut`
[INFO] [stdout] 
[INFO] [stdout] 
[INFO] [stdout] warning: non-local `impl` definition, `impl` blocks should be written at the same level as their item
[INFO] [stdout]   --> src/lib.rs:66:17
[INFO] [stdout]    |
[INFO] [stdout] 66 | #[derive(Clone, Serialize, Deserialize)]
[INFO] [stdout]    |                 ^--------
[INFO] [stdout]    |                 |
[INFO] [stdout]    |                 `Serialize` is not local
[INFO] [stdout]    |                 move the `impl` block outside of this constant `_IMPL_SERIALIZE_FOR_Phenotype`
[INFO] [stdout] 67 | pub struct Phenotype {
[INFO] [stdout]    |            --------- `Phenotype` is not local
[INFO] [stdout]    |
[INFO] [stdout]    = note: the derive macro `Serialize` defines the non-local `impl`, and may need to be changed
[INFO] [stdout]    = note: the derive macro `Serialize` may come from an old version of the `serde_derive` crate, try updating your dependency with `cargo update -p serde_derive`
[INFO] [stdout]    = note: an `impl` is never scoped, even when it is nested inside an item, as it may impact type checking outside of that item, which can be the case if neither the trait or the self type are at the same nesting level as the `impl`
[INFO] [stdout]    = note: items in an anonymous const item (`const _: () = { ... }`) are treated as in the same scope as the anonymous const's declaration for the purpose of this lint
[INFO] [stdout]    = note: `#[warn(non_local_definitions)]` on by default
[INFO] [stdout]    = note: this warning originates in the derive macro `Serialize` (in Nightly builds, run with -Z macro-backtrace for more info)
[INFO] [stdout] 
[INFO] [stdout] 
[INFO] [stdout] warning: non-local `impl` definition, `impl` blocks should be written at the same level as their item
[INFO] [stdout]   --> src/lib.rs:66:28
[INFO] [stdout]    |
[INFO] [stdout] 66 | #[derive(Clone, Serialize, Deserialize)]
[INFO] [stdout]    |                            ^----------
[INFO] [stdout]    |                            |
[INFO] [stdout]    |                            `Deserialize` is not local
[INFO] [stdout]    |                            move the `impl` block outside of this constant `_IMPL_DESERIALIZE_FOR_Phenotype`
[INFO] [stdout] 67 | pub struct Phenotype {
[INFO] [stdout]    |            --------- `Phenotype` is not local
[INFO] [stdout]    |
[INFO] [stdout]    = note: the derive macro `Deserialize` defines the non-local `impl`, and may need to be changed
[INFO] [stdout]    = note: the derive macro `Deserialize` may come from an old version of the `serde_derive` crate, try updating your dependency with `cargo update -p serde_derive`
[INFO] [stdout]    = note: an `impl` is never scoped, even when it is nested inside an item, as it may impact type checking outside of that item, which can be the case if neither the trait or the self type are at the same nesting level as the `impl`
[INFO] [stdout]    = note: items in an anonymous const item (`const _: () = { ... }`) are treated as in the same scope as the anonymous const's declaration for the purpose of this lint
[INFO] [stdout]    = note: this warning originates in the derive macro `Deserialize` (in Nightly builds, run with -Z macro-backtrace for more info)
[INFO] [stdout] 
[INFO] [stdout] 
[INFO] [stdout] warning: unused `Result` that must be used
[INFO] [stdout]    --> src/lib.rs:165:9
[INFO] [stdout]     |
[INFO] [stdout] 165 |         write!(&mut file, "{:?}", Dot::with_config(&deps, &[]));
[INFO] [stdout]     |         ^^^^^^^^^^^^^^^^^^^^^^^^^^^^^^^^^^^^^^^^^^^^^^^^^^^^^^^
[INFO] [stdout]     |
[INFO] [stdout]     = note: this `Result` may be an `Err` variant, which should be handled
[INFO] [stdout]     = note: `#[warn(unused_must_use)]` on by default
[INFO] [stdout]     = note: this warning originates in the macro `write` (in Nightly builds, run with -Z macro-backtrace for more info)
[INFO] [stdout] 
[INFO] [stdout] 
[INFO] [stderr]     Finished `dev` profile [unoptimized + debuginfo] target(s) in 5.70s
[INFO] running `Command { std: "docker" "inspect" "4872c537ecc95d70406010fa0e71f6d19537fce3a3f980bb70a287e151f51d18", kill_on_drop: false }`
[INFO] running `Command { std: "docker" "rm" "-f" "4872c537ecc95d70406010fa0e71f6d19537fce3a3f980bb70a287e151f51d18", kill_on_drop: false }`
[INFO] [stdout] 4872c537ecc95d70406010fa0e71f6d19537fce3a3f980bb70a287e151f51d18
[INFO] running `Command { std: "docker" "create" "-v" "/var/lib/crater-agent-workspace/builds/worker-0-tc1/target:/opt/rustwide/target:rw,Z" "-v" "/var/lib/crater-agent-workspace/builds/worker-0-tc1/source:/opt/rustwide/workdir:ro,Z" "-v" "/var/lib/crater-agent-workspace/cargo-home:/opt/rustwide/cargo-home:ro,Z" "-v" "/var/lib/crater-agent-workspace/rustup-home:/opt/rustwide/rustup-home:ro,Z" "-e" "SOURCE_DIR=/opt/rustwide/workdir" "-e" "CARGO_TARGET_DIR=/opt/rustwide/target" "-e" "CARGO_INCREMENTAL=0" "-e" "RUST_BACKTRACE=full" "-e" "RUSTFLAGS=--cap-lints=forbid" "-e" "RUSTDOCFLAGS=--cap-lints=forbid" "-e" "CARGO_HOME=/opt/rustwide/cargo-home" "-e" "RUSTUP_HOME=/opt/rustwide/rustup-home" "-w" "/opt/rustwide/workdir" "-m" "1610612736" "--user" "0:0" "--network" "none" "ghcr.io/rust-lang/crates-build-env/linux@sha256:4a844ea9eb2546a2d2c7022eacef16ef2e8229c7fbb2c7d4d55a9ceca922f72d" "/opt/rustwide/cargo-home/bin/cargo" "+nightly-2024-10-28" "test" "--frozen" "--no-run" "--message-format=json", kill_on_drop: false }`
[INFO] [stdout] d721f4291b57f3755c369a41de3808f99f19523bbcc9e981fc28e107313a879b
[INFO] running `Command { std: "docker" "start" "-a" "d721f4291b57f3755c369a41de3808f99f19523bbcc9e981fc28e107313a879b", kill_on_drop: false }`
[INFO] [stdout] warning: unused import: `Config`
[INFO] [stdout]  --> src/lib.rs:9:26
[INFO] [stdout]   |
[INFO] [stdout] 9 | use petgraph::dot::{Dot, Config};
[INFO] [stdout]   |                          ^^^^^^
[INFO] [stdout]   |
[INFO] [stdout]   = note: `#[warn(unused_imports)]` on by default
[INFO] [stdout] 
[INFO] [stdout] 
[INFO] [stdout] warning: unused import: `std::path::Path`
[INFO] [stdout]   --> src/lib.rs:13:5
[INFO] [stdout]    |
[INFO] [stdout] 13 | use std::path::Path;
[INFO] [stdout]    |     ^^^^^^^^^^^^^^^
[INFO] [stdout] 
[INFO] [stdout] 
[INFO] [stdout] warning: unused variable: `node`
[INFO] [stdout]    --> src/lib.rs:148:17
[INFO] [stdout]     |
[INFO] [stdout] 148 |         for (i, node) in self.nodes.iter().enumerate() {
[INFO] [stdout]     |                 ^^^^ help: if this is intentional, prefix it with an underscore: `_node`
[INFO] [stdout]     |
[INFO] [stdout]     = note: `#[warn(unused_variables)]` on by default
[INFO] [stdout] 
[INFO] [stdout] 
[INFO] [stdout] warning: variable does not need to be mutable
[INFO] [stdout]    --> src/lib.rs:171:9
[INFO] [stdout]     |
[INFO] [stdout] 171 |     let mut out_node = *genome
[INFO] [stdout]     |         ----^^^^^^^^
[INFO] [stdout]     |         |
[INFO] [stdout]     |         help: remove this `mut`
[INFO] [stdout]     |
[INFO] [stdout]     = note: `#[warn(unused_mut)]` on by default
[INFO] [stdout] 
[INFO] [stdout] 
[INFO] [stdout] warning: variable does not need to be mutable
[INFO] [stdout]    --> src/lib.rs:183:9
[INFO] [stdout]     |
[INFO] [stdout] 183 |     let mut in_node = *genome
[INFO] [stdout]     |         ----^^^^^^^
[INFO] [stdout]     |         |
[INFO] [stdout]     |         help: remove this `mut`
[INFO] [stdout] 
[INFO] [stdout] 
[INFO] [stdout] warning: unused variable: `i`
[INFO] [stdout]    --> src/lib.rs:537:15
[INFO] [stdout]     |
[INFO] [stdout] 537 |         .map(|i| NodeGene {
[INFO] [stdout]     |               ^ help: if this is intentional, prefix it with an underscore: `_i`
[INFO] [stdout] 
[INFO] [stdout] 
[INFO] [stdout] warning: unused variable: `i`
[INFO] [stdout]    --> src/lib.rs:547:15
[INFO] [stdout]     |
[INFO] [stdout] 547 |         .map(|i| NodeGene {
[INFO] [stdout]     |               ^ help: if this is intentional, prefix it with an underscore: `_i`
[INFO] [stdout] 
[INFO] [stdout] 
[INFO] [stdout] warning: variable does not need to be mutable
[INFO] [stdout]    --> src/lib.rs:564:9
[INFO] [stdout]     |
[INFO] [stdout] 564 |     let mut nodes: HashMap<usize, NodeGene> = input_nodes
[INFO] [stdout]     |         ----^^^^^
[INFO] [stdout]     |         |
[INFO] [stdout]     |         help: remove this `mut`
[INFO] [stdout] 
[INFO] [stdout] 
[INFO] [stdout] warning: non-local `impl` definition, `impl` blocks should be written at the same level as their item
[INFO] [stdout]   --> src/lib.rs:66:17
[INFO] [stdout]    |
[INFO] [stdout] 66 | #[derive(Clone, Serialize, Deserialize)]
[INFO] [stdout]    |                 ^--------
[INFO] [stdout]    |                 |
[INFO] [stdout]    |                 `Serialize` is not local
[INFO] [stdout]    |                 move the `impl` block outside of this constant `_IMPL_SERIALIZE_FOR_Phenotype`
[INFO] [stdout] 67 | pub struct Phenotype {
[INFO] [stdout]    |            --------- `Phenotype` is not local
[INFO] [stdout]    |
[INFO] [stdout]    = note: the derive macro `Serialize` defines the non-local `impl`, and may need to be changed
[INFO] [stdout]    = note: the derive macro `Serialize` may come from an old version of the `serde_derive` crate, try updating your dependency with `cargo update -p serde_derive`
[INFO] [stdout]    = note: an `impl` is never scoped, even when it is nested inside an item, as it may impact type checking outside of that item, which can be the case if neither the trait or the self type are at the same nesting level as the `impl`
[INFO] [stdout]    = note: items in an anonymous const item (`const _: () = { ... }`) are treated as in the same scope as the anonymous const's declaration for the purpose of this lint
[INFO] [stdout]    = note: `#[warn(non_local_definitions)]` on by default
[INFO] [stdout]    = note: this warning originates in the derive macro `Serialize` (in Nightly builds, run with -Z macro-backtrace for more info)
[INFO] [stdout] 
[INFO] [stdout] 
[INFO] [stdout] warning: non-local `impl` definition, `impl` blocks should be written at the same level as their item
[INFO] [stdout]   --> src/lib.rs:66:28
[INFO] [stdout]    |
[INFO] [stdout] 66 | #[derive(Clone, Serialize, Deserialize)]
[INFO] [stdout]    |                            ^----------
[INFO] [stdout]    |                            |
[INFO] [stdout]    |                            `Deserialize` is not local
[INFO] [stdout]    |                            move the `impl` block outside of this constant `_IMPL_DESERIALIZE_FOR_Phenotype`
[INFO] [stdout] 67 | pub struct Phenotype {
[INFO] [stdout]    |            --------- `Phenotype` is not local
[INFO] [stdout]    |
[INFO] [stdout]    = note: the derive macro `Deserialize` defines the non-local `impl`, and may need to be changed
[INFO] [stdout]    = note: the derive macro `Deserialize` may come from an old version of the `serde_derive` crate, try updating your dependency with `cargo update -p serde_derive`
[INFO] [stdout]    = note: an `impl` is never scoped, even when it is nested inside an item, as it may impact type checking outside of that item, which can be the case if neither the trait or the self type are at the same nesting level as the `impl`
[INFO] [stdout]    = note: items in an anonymous const item (`const _: () = { ... }`) are treated as in the same scope as the anonymous const's declaration for the purpose of this lint
[INFO] [stdout]    = note: this warning originates in the derive macro `Deserialize` (in Nightly builds, run with -Z macro-backtrace for more info)
[INFO] [stdout] 
[INFO] [stdout] 
[INFO] [stdout] warning: unused `Result` that must be used
[INFO] [stdout]    --> src/lib.rs:165:9
[INFO] [stdout]     |
[INFO] [stdout] 165 |         write!(&mut file, "{:?}", Dot::with_config(&deps, &[]));
[INFO] [stdout]     |         ^^^^^^^^^^^^^^^^^^^^^^^^^^^^^^^^^^^^^^^^^^^^^^^^^^^^^^^
[INFO] [stdout]     |
[INFO] [stdout]     = note: this `Result` may be an `Err` variant, which should be handled
[INFO] [stdout]     = note: `#[warn(unused_must_use)]` on by default
[INFO] [stdout]     = note: this warning originates in the macro `write` (in Nightly builds, run with -Z macro-backtrace for more info)
[INFO] [stdout] 
[INFO] [stdout] 
[INFO] [stderr]    Compiling neat v0.1.0 (/opt/rustwide/workdir)
[INFO] [stdout] warning: unused import: `rand::Rng`
[INFO] [stdout]  --> examples/xor.rs:4:5
[INFO] [stdout]   |
[INFO] [stdout] 4 | use rand::Rng;
[INFO] [stdout]   |     ^^^^^^^^^
[INFO] [stdout]   |
[INFO] [stdout]   = note: `#[warn(unused_imports)]` on by default
[INFO] [stdout] 
[INFO] [stdout] 
[INFO] [stdout] warning: unused import: `rand::prelude::SliceRandom`
[INFO] [stdout]  --> examples/xor.rs:6:5
[INFO] [stdout]   |
[INFO] [stdout] 6 | use rand::prelude::SliceRandom;
[INFO] [stdout]   |     ^^^^^^^^^^^^^^^^^^^^^^^^^^
[INFO] [stdout] 
[INFO] [stdout] 
[INFO] [stdout] warning: unused import: `Genome`
[INFO] [stdout]   --> examples/xor.rs:10:49
[INFO] [stdout]    |
[INFO] [stdout] 10 | use neat::{initial_population, next_generation, Genome, Phenotype};
[INFO] [stdout]    |                                                 ^^^^^^
[INFO] [stdout] 
[INFO] [stdout] 
[INFO] [stdout] warning: unused import: `rand::prelude::SliceRandom`
[INFO] [stdout]  --> examples/counter.rs:6:5
[INFO] [stdout]   |
[INFO] [stdout] 6 | use rand::prelude::SliceRandom;
[INFO] [stdout]   |     ^^^^^^^^^^^^^^^^^^^^^^^^^^
[INFO] [stdout]   |
[INFO] [stdout]   = note: `#[warn(unused_imports)]` on by default
[INFO] [stdout] 
[INFO] [stdout] 
[INFO] [stdout] warning: unused import: `Genome`
[INFO] [stdout]   --> examples/counter.rs:10:49
[INFO] [stdout]    |
[INFO] [stdout] 10 | use neat::{initial_population, next_generation, Genome, Phenotype};
[INFO] [stdout]    |                                                 ^^^^^^
[INFO] [stdout] 
[INFO] [stdout] 
[INFO] [stdout] warning: unused import: `rand::Rng`
[INFO] [stdout]  --> examples/hello_world.rs:4:5
[INFO] [stdout]   |
[INFO] [stdout] 4 | use rand::Rng;
[INFO] [stdout]   |     ^^^^^^^^^
[INFO] [stdout]   |
[INFO] [stdout]   = note: `#[warn(unused_imports)]` on by default
[INFO] [stdout] 
[INFO] [stdout] 
[INFO] [stdout] warning: unused import: `rand::prelude::SliceRandom`
[INFO] [stdout]  --> examples/hello_world.rs:6:5
[INFO] [stdout]   |
[INFO] [stdout] 6 | use rand::prelude::SliceRandom;
[INFO] [stdout]   |     ^^^^^^^^^^^^^^^^^^^^^^^^^^
[INFO] [stdout] 
[INFO] [stdout] 
[INFO] [stdout] warning: unused import: `Genome`
[INFO] [stdout]   --> examples/hello_world.rs:10:49
[INFO] [stdout]    |
[INFO] [stdout] 10 | use neat::{initial_population, next_generation, Genome, Phenotype};
[INFO] [stdout]    |                                                 ^^^^^^
[INFO] [stdout] 
[INFO] [stdout] 
[INFO] [stdout] warning: unused import: `rand::prelude::SliceRandom`
[INFO] [stdout]   --> examples/dungeon.rs:19:5
[INFO] [stdout]    |
[INFO] [stdout] 19 | use rand::prelude::SliceRandom;
[INFO] [stdout]    |     ^^^^^^^^^^^^^^^^^^^^^^^^^^
[INFO] [stdout]    |
[INFO] [stdout]    = note: `#[warn(unused_imports)]` on by default
[INFO] [stdout] 
[INFO] [stdout] 
[INFO] [stdout] warning: unused import: `Genome`
[INFO] [stdout]   --> examples/dungeon.rs:23:49
[INFO] [stdout]    |
[INFO] [stdout] 23 | use neat::{initial_population, next_generation, Genome, Phenotype};
[INFO] [stdout]    |                                                 ^^^^^^
[INFO] [stdout] 
[INFO] [stdout] 
[INFO] [stdout] warning: unused import: `Config`
[INFO] [stdout]  --> src/lib.rs:9:26
[INFO] [stdout]   |
[INFO] [stdout] 9 | use petgraph::dot::{Dot, Config};
[INFO] [stdout]   |                          ^^^^^^
[INFO] [stdout]   |
[INFO] [stdout]   = note: `#[warn(unused_imports)]` on by default
[INFO] [stdout] 
[INFO] [stdout] 
[INFO] [stdout] warning: unused import: `std::path::Path`
[INFO] [stdout]   --> src/lib.rs:13:5
[INFO] [stdout]    |
[INFO] [stdout] 13 | use std::path::Path;
[INFO] [stdout]    |     ^^^^^^^^^^^^^^^
[INFO] [stdout] 
[INFO] [stdout] 
[INFO] [stdout] warning: unused variable: `rng`
[INFO] [stdout]   --> examples/xor.rs:13:13
[INFO] [stdout]    |
[INFO] [stdout] 13 |     let mut rng = rand::thread_rng();
[INFO] [stdout]    |             ^^^ help: if this is intentional, prefix it with an underscore: `_rng`
[INFO] [stdout]    |
[INFO] [stdout]    = note: `#[warn(unused_variables)]` on by default
[INFO] [stdout] 
[INFO] [stdout] 
[INFO] [stdout] warning: unused variable: `most_fit`
[INFO] [stdout]   --> examples/xor.rs:49:14
[INFO] [stdout]    |
[INFO] [stdout] 49 |         let (most_fit, _) = fitness.iter().max_by_key(|(k,v)| (*v * 1000.0) as i32).unwrap();
[INFO] [stdout]    |              ^^^^^^^^ help: if this is intentional, prefix it with an underscore: `_most_fit`
[INFO] [stdout] 
[INFO] [stdout] 
[INFO] [stdout] warning: unused variable: `k`
[INFO] [stdout]   --> examples/xor.rs:49:57
[INFO] [stdout]    |
[INFO] [stdout] 49 |         let (most_fit, _) = fitness.iter().max_by_key(|(k,v)| (*v * 1000.0) as i32).unwrap();
[INFO] [stdout]    |                                                         ^ help: if this is intentional, prefix it with an underscore: `_k`
[INFO] [stdout] 
[INFO] [stdout] 
[INFO] [stdout] warning: variable does not need to be mutable
[INFO] [stdout]   --> examples/xor.rs:13:9
[INFO] [stdout]    |
[INFO] [stdout] 13 |     let mut rng = rand::thread_rng();
[INFO] [stdout]    |         ----^^^
[INFO] [stdout]    |         |
[INFO] [stdout]    |         help: remove this `mut`
[INFO] [stdout]    |
[INFO] [stdout]    = note: `#[warn(unused_mut)]` on by default
[INFO] [stdout] 
[INFO] [stdout] 
[INFO] [stdout] warning: unused variable: `rng`
[INFO] [stdout]   --> examples/hello_world.rs:13:13
[INFO] [stdout]    |
[INFO] [stdout] 13 |     let mut rng = rand::thread_rng();
[INFO] [stdout]    |             ^^^ help: if this is intentional, prefix it with an underscore: `_rng`
[INFO] [stdout]    |
[INFO] [stdout]    = note: `#[warn(unused_variables)]` on by default
[INFO] [stdout] 
[INFO] [stdout] 
[INFO] [stdout] warning: unused variable: `i`
[INFO] [stdout]   --> examples/hello_world.rs:25:22
[INFO] [stdout]    |
[INFO] [stdout] 25 |                 for (i, letter) in test.chars().enumerate() {
[INFO] [stdout]    |                      ^ help: if this is intentional, prefix it with an underscore: `_i`
[INFO] [stdout] 
[INFO] [stdout] 
[INFO] [stdout] warning: unused variable: `i`
[INFO] [stdout]   --> examples/hello_world.rs:42:25
[INFO] [stdout]    |
[INFO] [stdout] 42 |                     for i in 0..test.chars().count() {
[INFO] [stdout]    |                         ^ help: if this is intentional, prefix it with an underscore: `_i`
[INFO] [stdout] 
[INFO] [stdout] 
[INFO] [stdout] warning: unused variable: `i`
[INFO] [stdout]   --> examples/hello_world.rs:59:29
[INFO] [stdout]    |
[INFO] [stdout] 59 |                         for i in 0..test.chars().count() {
[INFO] [stdout]    |                             ^ help: if this is intentional, prefix it with an underscore: `_i`
[INFO] [stdout] 
[INFO] [stdout] 
[INFO] [stdout] warning: unused variable: `k`
[INFO] [stdout]   --> examples/hello_world.rs:54:61
[INFO] [stdout]    |
[INFO] [stdout] 54 |             let (most_fit, _) = fitness.iter().max_by_key(|(k,v)| (*v * 1000.0) as i32).unwrap();
[INFO] [stdout]    |                                                             ^ help: if this is intentional, prefix it with an underscore: `_k`
[INFO] [stdout] 
[INFO] [stdout] 
[INFO] [stdout] warning: unreachable statement
[INFO] [stdout]    --> examples/dungeon.rs:312:9
[INFO] [stdout]     |
[INFO] [stdout] 293 | /         loop {
[INFO] [stdout] 294 | |             for x in 0..dungeon.tiles.len() {
[INFO] [stdout] 295 | |                 for y in 0..dungeon.tiles[0].len() {
[INFO] [stdout] 296 | |                     window.mvprintw(y as i32, x as i32,
[INFO] [stdout] ...   |
[INFO] [stdout] 310 | |             dungeon.step();
[INFO] [stdout] 311 | |         }
[INFO] [stdout]     | |_________- any code following this expression is unreachable
[INFO] [stdout] 312 |           endwin();
[INFO] [stdout]     |           ^^^^^^^^^ unreachable statement
[INFO] [stdout]     |
[INFO] [stdout]     = note: `#[warn(unreachable_code)]` on by default
[INFO] [stdout] 
[INFO] [stdout] 
[INFO] [stdout] warning: variable does not need to be mutable
[INFO] [stdout]   --> examples/hello_world.rs:13:9
[INFO] [stdout]    |
[INFO] [stdout] 13 |     let mut rng = rand::thread_rng();
[INFO] [stdout]    |         ----^^^
[INFO] [stdout]    |         |
[INFO] [stdout]    |         help: remove this `mut`
[INFO] [stdout]    |
[INFO] [stdout]    = note: `#[warn(unused_mut)]` on by default
[INFO] [stdout] 
[INFO] [stdout] 
[INFO] [stdout] warning: unused variable: `rng`
[INFO] [stdout]    --> examples/dungeon.rs:316:13
[INFO] [stdout]     |
[INFO] [stdout] 316 |     let mut rng = rand::thread_rng();
[INFO] [stdout]     |             ^^^ help: if this is intentional, prefix it with an underscore: `_rng`
[INFO] [stdout]     |
[INFO] [stdout]     = note: `#[warn(unused_variables)]` on by default
[INFO] [stdout] 
[INFO] [stdout] 
[INFO] [stdout] warning: unused variable: `k`
[INFO] [stdout]    --> examples/dungeon.rs:344:61
[INFO] [stdout]     |
[INFO] [stdout] 344 |             let (most_fit, _) = fitness.iter().max_by_key(|(k,v)| (*v * 10000.0) as i32).unwrap();
[INFO] [stdout]     |                                                             ^ help: if this is intentional, prefix it with an underscore: `_k`
[INFO] [stdout] 
[INFO] [stdout] 
[INFO] [stdout] warning: variable does not need to be mutable
[INFO] [stdout]    --> examples/dungeon.rs:316:9
[INFO] [stdout]     |
[INFO] [stdout] 316 |     let mut rng = rand::thread_rng();
[INFO] [stdout]     |         ----^^^
[INFO] [stdout]     |         |
[INFO] [stdout]     |         help: remove this `mut`
[INFO] [stdout]     |
[INFO] [stdout]     = note: `#[warn(unused_mut)]` on by default
[INFO] [stdout] 
[INFO] [stdout] 
[INFO] [stdout] warning: variable does not need to be mutable
[INFO] [stdout]    --> examples/dungeon.rs:324:13
[INFO] [stdout]     |
[INFO] [stdout] 324 |         let mut fitness:HashMap<usize, f32> = phenotypes.par_iter().map(|(genome_id, phenotype)| {
[INFO] [stdout]     |             ----^^^^^^^
[INFO] [stdout]     |             |
[INFO] [stdout]     |             help: remove this `mut`
[INFO] [stdout] 
[INFO] [stdout] 
[INFO] [stdout] warning: comparison is useless due to type limits
[INFO] [stdout]    --> examples/dungeon.rs:195:20
[INFO] [stdout]     |
[INFO] [stdout] 195 |                 if fx >= 0 && fx < self.tiles.len() && fy >= 0 && fy < self.tiles[0].len() {
[INFO] [stdout]     |                    ^^^^^^^
[INFO] [stdout]     |
[INFO] [stdout]     = note: `#[warn(unused_comparisons)]` on by default
[INFO] [stdout] 
[INFO] [stdout] 
[INFO] [stdout] warning: comparison is useless due to type limits
[INFO] [stdout]    --> examples/dungeon.rs:195:56
[INFO] [stdout]     |
[INFO] [stdout] 195 |                 if fx >= 0 && fx < self.tiles.len() && fy >= 0 && fy < self.tiles[0].len() {
[INFO] [stdout]     |                                                        ^^^^^^^
[INFO] [stdout] 
[INFO] [stdout] 
[INFO] [stdout] warning: comparison is useless due to type limits
[INFO] [stdout]    --> examples/dungeon.rs:219:20
[INFO] [stdout]     |
[INFO] [stdout] 219 |                 if bx >= 0 && bx < self.tiles.len() && by >= 0 && by < self.tiles[0].len() {
[INFO] [stdout]     |                    ^^^^^^^
[INFO] [stdout] 
[INFO] [stdout] 
[INFO] [stdout] warning: comparison is useless due to type limits
[INFO] [stdout]    --> examples/dungeon.rs:219:56
[INFO] [stdout]     |
[INFO] [stdout] 219 |                 if bx >= 0 && bx < self.tiles.len() && by >= 0 && by < self.tiles[0].len() {
[INFO] [stdout]     |                                                        ^^^^^^^
[INFO] [stdout] 
[INFO] [stdout] 
[INFO] [stdout] warning: unused `Result` that must be used
[INFO] [stdout]    --> examples/dungeon.rs:351:7
[INFO] [stdout]     |
[INFO] [stdout] 351 |                         write!(&mut file, "{}", json.unwrap());
[INFO] [stdout]     |                         ^^^^^^^^^^^^^^^^^^^^^^^^^^^^^^^^^^^^^^
[INFO] [stdout]     |
[INFO] [stdout]     = note: this `Result` may be an `Err` variant, which should be handled
[INFO] [stdout]     = note: `#[warn(unused_must_use)]` on by default
[INFO] [stdout]     = note: this warning originates in the macro `write` (in Nightly builds, run with -Z macro-backtrace for more info)
[INFO] [stdout] 
[INFO] [stdout] 
[INFO] [stdout] warning: unused variable: `node`
[INFO] [stdout]    --> src/lib.rs:148:17
[INFO] [stdout]     |
[INFO] [stdout] 148 |         for (i, node) in self.nodes.iter().enumerate() {
[INFO] [stdout]     |                 ^^^^ help: if this is intentional, prefix it with an underscore: `_node`
[INFO] [stdout]     |
[INFO] [stdout]     = note: `#[warn(unused_variables)]` on by default
[INFO] [stdout] 
[INFO] [stdout] 
[INFO] [stdout] warning: variable does not need to be mutable
[INFO] [stdout]    --> src/lib.rs:171:9
[INFO] [stdout]     |
[INFO] [stdout] 171 |     let mut out_node = *genome
[INFO] [stdout]     |         ----^^^^^^^^
[INFO] [stdout]     |         |
[INFO] [stdout]     |         help: remove this `mut`
[INFO] [stdout]     |
[INFO] [stdout]     = note: `#[warn(unused_mut)]` on by default
[INFO] [stdout] 
[INFO] [stdout] 
[INFO] [stdout] warning: variable does not need to be mutable
[INFO] [stdout]    --> src/lib.rs:183:9
[INFO] [stdout]     |
[INFO] [stdout] 183 |     let mut in_node = *genome
[INFO] [stdout]     |         ----^^^^^^^
[INFO] [stdout]     |         |
[INFO] [stdout]     |         help: remove this `mut`
[INFO] [stdout] 
[INFO] [stdout] 
[INFO] [stdout] warning: unused variable: `i`
[INFO] [stdout]    --> src/lib.rs:537:15
[INFO] [stdout]     |
[INFO] [stdout] 537 |         .map(|i| NodeGene {
[INFO] [stdout]     |               ^ help: if this is intentional, prefix it with an underscore: `_i`
[INFO] [stdout] 
[INFO] [stdout] 
[INFO] [stdout] warning: unused variable: `i`
[INFO] [stdout]    --> src/lib.rs:547:15
[INFO] [stdout]     |
[INFO] [stdout] 547 |         .map(|i| NodeGene {
[INFO] [stdout]     |               ^ help: if this is intentional, prefix it with an underscore: `_i`
[INFO] [stdout] 
[INFO] [stdout] 
[INFO] [stdout] warning: variable does not need to be mutable
[INFO] [stdout]    --> src/lib.rs:564:9
[INFO] [stdout]     |
[INFO] [stdout] 564 |     let mut nodes: HashMap<usize, NodeGene> = input_nodes
[INFO] [stdout]     |         ----^^^^^
[INFO] [stdout]     |         |
[INFO] [stdout]     |         help: remove this `mut`
[INFO] [stdout] 
[INFO] [stdout] 
[INFO] [stdout] warning: non-local `impl` definition, `impl` blocks should be written at the same level as their item
[INFO] [stdout]   --> src/lib.rs:66:17
[INFO] [stdout]    |
[INFO] [stdout] 66 | #[derive(Clone, Serialize, Deserialize)]
[INFO] [stdout]    |                 ^--------
[INFO] [stdout]    |                 |
[INFO] [stdout]    |                 `Serialize` is not local
[INFO] [stdout]    |                 move the `impl` block outside of this constant `_IMPL_SERIALIZE_FOR_Phenotype`
[INFO] [stdout] 67 | pub struct Phenotype {
[INFO] [stdout]    |            --------- `Phenotype` is not local
[INFO] [stdout]    |
[INFO] [stdout]    = note: the derive macro `Serialize` defines the non-local `impl`, and may need to be changed
[INFO] [stdout]    = note: the derive macro `Serialize` may come from an old version of the `serde_derive` crate, try updating your dependency with `cargo update -p serde_derive`
[INFO] [stdout]    = note: an `impl` is never scoped, even when it is nested inside an item, as it may impact type checking outside of that item, which can be the case if neither the trait or the self type are at the same nesting level as the `impl`
[INFO] [stdout]    = note: items in an anonymous const item (`const _: () = { ... }`) are treated as in the same scope as the anonymous const's declaration for the purpose of this lint
[INFO] [stdout]    = note: `#[warn(non_local_definitions)]` on by default
[INFO] [stdout]    = note: this warning originates in the derive macro `Serialize` (in Nightly builds, run with -Z macro-backtrace for more info)
[INFO] [stdout] 
[INFO] [stdout] 
[INFO] [stdout] warning: non-local `impl` definition, `impl` blocks should be written at the same level as their item
[INFO] [stdout]   --> src/lib.rs:66:28
[INFO] [stdout]    |
[INFO] [stdout] 66 | #[derive(Clone, Serialize, Deserialize)]
[INFO] [stdout]    |                            ^----------
[INFO] [stdout]    |                            |
[INFO] [stdout]    |                            `Deserialize` is not local
[INFO] [stdout]    |                            move the `impl` block outside of this constant `_IMPL_DESERIALIZE_FOR_Phenotype`
[INFO] [stdout] 67 | pub struct Phenotype {
[INFO] [stdout]    |            --------- `Phenotype` is not local
[INFO] [stdout]    |
[INFO] [stdout]    = note: the derive macro `Deserialize` defines the non-local `impl`, and may need to be changed
[INFO] [stdout]    = note: the derive macro `Deserialize` may come from an old version of the `serde_derive` crate, try updating your dependency with `cargo update -p serde_derive`
[INFO] [stdout]    = note: an `impl` is never scoped, even when it is nested inside an item, as it may impact type checking outside of that item, which can be the case if neither the trait or the self type are at the same nesting level as the `impl`
[INFO] [stdout]    = note: items in an anonymous const item (`const _: () = { ... }`) are treated as in the same scope as the anonymous const's declaration for the purpose of this lint
[INFO] [stdout]    = note: this warning originates in the derive macro `Deserialize` (in Nightly builds, run with -Z macro-backtrace for more info)
[INFO] [stdout] 
[INFO] [stdout] 
[INFO] [stdout] warning: unused `Result` that must be used
[INFO] [stdout]    --> src/lib.rs:165:9
[INFO] [stdout]     |
[INFO] [stdout] 165 |         write!(&mut file, "{:?}", Dot::with_config(&deps, &[]));
[INFO] [stdout]     |         ^^^^^^^^^^^^^^^^^^^^^^^^^^^^^^^^^^^^^^^^^^^^^^^^^^^^^^^
[INFO] [stdout]     |
[INFO] [stdout]     = note: this `Result` may be an `Err` variant, which should be handled
[INFO] [stdout]     = note: `#[warn(unused_must_use)]` on by default
[INFO] [stdout]     = note: this warning originates in the macro `write` (in Nightly builds, run with -Z macro-backtrace for more info)
[INFO] [stdout] 
[INFO] [stdout] 
[INFO] [stderr]     Finished `test` profile [unoptimized + debuginfo] target(s) in 0.41s
[INFO] running `Command { std: "docker" "inspect" "d721f4291b57f3755c369a41de3808f99f19523bbcc9e981fc28e107313a879b", kill_on_drop: false }`
[INFO] running `Command { std: "docker" "rm" "-f" "d721f4291b57f3755c369a41de3808f99f19523bbcc9e981fc28e107313a879b", kill_on_drop: false }`
[INFO] [stdout] d721f4291b57f3755c369a41de3808f99f19523bbcc9e981fc28e107313a879b
[INFO] running `Command { std: "docker" "create" "-v" "/var/lib/crater-agent-workspace/builds/worker-0-tc1/target:/opt/rustwide/target:rw,Z" "-v" "/var/lib/crater-agent-workspace/builds/worker-0-tc1/source:/opt/rustwide/workdir:ro,Z" "-v" "/var/lib/crater-agent-workspace/cargo-home:/opt/rustwide/cargo-home:ro,Z" "-v" "/var/lib/crater-agent-workspace/rustup-home:/opt/rustwide/rustup-home:ro,Z" "-e" "SOURCE_DIR=/opt/rustwide/workdir" "-e" "CARGO_TARGET_DIR=/opt/rustwide/target" "-e" "CARGO_INCREMENTAL=0" "-e" "RUST_BACKTRACE=full" "-e" "RUSTFLAGS=--cap-lints=forbid" "-e" "RUSTDOCFLAGS=--cap-lints=forbid" "-e" "CARGO_HOME=/opt/rustwide/cargo-home" "-e" "RUSTUP_HOME=/opt/rustwide/rustup-home" "-w" "/opt/rustwide/workdir" "-m" "1610612736" "--user" "0:0" "--network" "none" "ghcr.io/rust-lang/crates-build-env/linux@sha256:4a844ea9eb2546a2d2c7022eacef16ef2e8229c7fbb2c7d4d55a9ceca922f72d" "/opt/rustwide/cargo-home/bin/cargo" "+nightly-2024-10-28" "test" "--frozen", kill_on_drop: false }`
[INFO] [stdout] 9b92e6ab67ad037af09e628f74cf11da951061ec59fa228adcf8c129b90322ab
[INFO] running `Command { std: "docker" "start" "-a" "9b92e6ab67ad037af09e628f74cf11da951061ec59fa228adcf8c129b90322ab", kill_on_drop: false }`
[INFO] [stderr] warning: unused import: `Config`
[INFO] [stderr]  --> src/lib.rs:9:26
[INFO] [stderr]   |
[INFO] [stderr] 9 | use petgraph::dot::{Dot, Config};
[INFO] [stderr]   |                          ^^^^^^
[INFO] [stderr]   |
[INFO] [stderr]   = note: `#[warn(unused_imports)]` on by default
[INFO] [stderr] 
[INFO] [stderr] warning: unused import: `std::path::Path`
[INFO] [stderr]   --> src/lib.rs:13:5
[INFO] [stderr]    |
[INFO] [stderr] 13 | use std::path::Path;
[INFO] [stderr]    |     ^^^^^^^^^^^^^^^
[INFO] [stderr] 
[INFO] [stderr] warning: unused variable: `node`
[INFO] [stderr]    --> src/lib.rs:148:17
[INFO] [stderr]     |
[INFO] [stderr] 148 |         for (i, node) in self.nodes.iter().enumerate() {
[INFO] [stderr]     |                 ^^^^ help: if this is intentional, prefix it with an underscore: `_node`
[INFO] [stderr]     |
[INFO] [stderr]     = note: `#[warn(unused_variables)]` on by default
[INFO] [stderr] 
[INFO] [stderr] warning: variable does not need to be mutable
[INFO] [stderr]    --> src/lib.rs:171:9
[INFO] [stderr]     |
[INFO] [stderr] 171 |     let mut out_node = *genome
[INFO] [stderr]     |         ----^^^^^^^^
[INFO] [stderr]     |         |
[INFO] [stderr]     |         help: remove this `mut`
[INFO] [stderr]     |
[INFO] [stderr]     = note: `#[warn(unused_mut)]` on by default
[INFO] [stderr] 
[INFO] [stderr] warning: variable does not need to be mutable
[INFO] [stderr]    --> src/lib.rs:183:9
[INFO] [stderr]     |
[INFO] [stderr] 183 |     let mut in_node = *genome
[INFO] [stderr]     |         ----^^^^^^^
[INFO] [stderr]     |         |
[INFO] [stderr]     |         help: remove this `mut`
[INFO] [stderr] 
[INFO] [stderr] warning: unused variable: `i`
[INFO] [stderr]    --> src/lib.rs:537:15
[INFO] [stderr]     |
[INFO] [stderr] 537 |         .map(|i| NodeGene {
[INFO] [stderr]     |               ^ help: if this is intentional, prefix it with an underscore: `_i`
[INFO] [stderr] 
[INFO] [stderr] warning: unused variable: `i`
[INFO] [stderr]    --> src/lib.rs:547:15
[INFO] [stderr]     |
[INFO] [stderr] 547 |         .map(|i| NodeGene {
[INFO] [stderr]     |               ^ help: if this is intentional, prefix it with an underscore: `_i`
[INFO] [stderr] 
[INFO] [stderr] warning: variable does not need to be mutable
[INFO] [stderr]    --> src/lib.rs:564:9
[INFO] [stderr]     |
[INFO] [stderr] 564 |     let mut nodes: HashMap<usize, NodeGene> = input_nodes
[INFO] [stderr]     |         ----^^^^^
[INFO] [stderr]     |         |
[INFO] [stderr]     |         help: remove this `mut`
[INFO] [stderr] 
[INFO] [stderr] warning: non-local `impl` definition, `impl` blocks should be written at the same level as their item
[INFO] [stderr]   --> src/lib.rs:66:17
[INFO] [stderr]    |
[INFO] [stderr] 66 | #[derive(Clone, Serialize, Deserialize)]
[INFO] [stderr]    |                 ^--------
[INFO] [stderr]    |                 |
[INFO] [stderr]    |                 `Serialize` is not local
[INFO] [stderr]    |                 move the `impl` block outside of this constant `_IMPL_SERIALIZE_FOR_Phenotype`
[INFO] [stderr] 67 | pub struct Phenotype {
[INFO] [stderr]    |            --------- `Phenotype` is not local
[INFO] [stderr]    |
[INFO] [stderr]    = note: the derive macro `Serialize` defines the non-local `impl`, and may need to be changed
[INFO] [stderr]    = note: the derive macro `Serialize` may come from an old version of the `serde_derive` crate, try updating your dependency with `cargo update -p serde_derive`
[INFO] [stderr]    = note: an `impl` is never scoped, even when it is nested inside an item, as it may impact type checking outside of that item, which can be the case if neither the trait or the self type are at the same nesting level as the `impl`
[INFO] [stderr]    = note: items in an anonymous const item (`const _: () = { ... }`) are treated as in the same scope as the anonymous const's declaration for the purpose of this lint
[INFO] [stderr]    = note: `#[warn(non_local_definitions)]` on by default
[INFO] [stderr]    = note: this warning originates in the derive macro `Serialize` (in Nightly builds, run with -Z macro-backtrace for more info)
[INFO] [stderr] 
[INFO] [stderr] warning: non-local `impl` definition, `impl` blocks should be written at the same level as their item
[INFO] [stderr]   --> src/lib.rs:66:28
[INFO] [stderr]    |
[INFO] [stderr] 66 | #[derive(Clone, Serialize, Deserialize)]
[INFO] [stderr]    |                            ^----------
[INFO] [stderr]    |                            |
[INFO] [stderr]    |                            `Deserialize` is not local
[INFO] [stderr]    |                            move the `impl` block outside of this constant `_IMPL_DESERIALIZE_FOR_Phenotype`
[INFO] [stderr] 67 | pub struct Phenotype {
[INFO] [stderr]    |            --------- `Phenotype` is not local
[INFO] [stderr]    |
[INFO] [stderr]    = note: the derive macro `Deserialize` defines the non-local `impl`, and may need to be changed
[INFO] [stderr]    = note: the derive macro `Deserialize` may come from an old version of the `serde_derive` crate, try updating your dependency with `cargo update -p serde_derive`
[INFO] [stderr]    = note: an `impl` is never scoped, even when it is nested inside an item, as it may impact type checking outside of that item, which can be the case if neither the trait or the self type are at the same nesting level as the `impl`
[INFO] [stderr]    = note: items in an anonymous const item (`const _: () = { ... }`) are treated as in the same scope as the anonymous const's declaration for the purpose of this lint
[INFO] [stderr]    = note: this warning originates in the derive macro `Deserialize` (in Nightly builds, run with -Z macro-backtrace for more info)
[INFO] [stderr] 
[INFO] [stderr] warning: unused `Result` that must be used
[INFO] [stderr]    --> src/lib.rs:165:9
[INFO] [stderr]     |
[INFO] [stderr] 165 |         write!(&mut file, "{:?}", Dot::with_config(&deps, &[]));
[INFO] [stderr]     |         ^^^^^^^^^^^^^^^^^^^^^^^^^^^^^^^^^^^^^^^^^^^^^^^^^^^^^^^
[INFO] [stderr]     |
[INFO] [stderr]     = note: this `Result` may be an `Err` variant, which should be handled
[INFO] [stderr]     = note: `#[warn(unused_must_use)]` on by default
[INFO] [stderr]     = note: this warning originates in the macro `write` (in Nightly builds, run with -Z macro-backtrace for more info)
[INFO] [stderr] 
[INFO] [stderr] warning: `neat` (lib) generated 11 warnings (run `cargo fix --lib -p neat` to apply 5 suggestions)
[INFO] [stderr] warning: `neat` (lib test) generated 11 warnings (11 duplicates)
[INFO] [stderr] warning: unused import: `rand::Rng`
[INFO] [stderr]  --> examples/hello_world.rs:4:5
[INFO] [stderr]   |
[INFO] [stderr] 4 | use rand::Rng;
[INFO] [stderr]   |     ^^^^^^^^^
[INFO] [stderr]   |
[INFO] [stderr]   = note: `#[warn(unused_imports)]` on by default
[INFO] [stderr] 
[INFO] [stderr] warning: unused import: `rand::prelude::SliceRandom`
[INFO] [stderr]  --> examples/hello_world.rs:6:5
[INFO] [stderr]   |
[INFO] [stderr] 6 | use rand::prelude::SliceRandom;
[INFO] [stderr]   |     ^^^^^^^^^^^^^^^^^^^^^^^^^^
[INFO] [stderr] 
[INFO] [stderr] warning: unused import: `Genome`
[INFO] [stderr]   --> examples/hello_world.rs:10:49
[INFO] [stderr]    |
[INFO] [stderr] 10 | use neat::{initial_population, next_generation, Genome, Phenotype};
[INFO] [stderr]    |                                                 ^^^^^^
[INFO] [stderr] 
[INFO] [stderr] warning: unused variable: `rng`
[INFO] [stderr]   --> examples/hello_world.rs:13:13
[INFO] [stderr]    |
[INFO] [stderr] 13 |     let mut rng = rand::thread_rng();
[INFO] [stderr]    |             ^^^ help: if this is intentional, prefix it with an underscore: `_rng`
[INFO] [stderr]    |
[INFO] [stderr]    = note: `#[warn(unused_variables)]` on by default
[INFO] [stderr] 
[INFO] [stderr] warning: unused variable: `i`
[INFO] [stderr]   --> examples/hello_world.rs:25:22
[INFO] [stderr]    |
[INFO] [stderr] 25 |                 for (i, letter) in test.chars().enumerate() {
[INFO] [stderr]    |                      ^ help: if this is intentional, prefix it with an underscore: `_i`
[INFO] [stderr] 
[INFO] [stderr] warning: unused variable: `i`
[INFO] [stderr]   --> examples/hello_world.rs:42:25
[INFO] [stderr]    |
[INFO] [stderr] 42 |                     for i in 0..test.chars().count() {
[INFO] [stderr]    |                         ^ help: if this is intentional, prefix it with an underscore: `_i`
[INFO] [stderr] 
[INFO] [stderr] warning: unused variable: `i`
[INFO] [stderr]   --> examples/hello_world.rs:59:29
[INFO] [stderr]    |
[INFO] [stderr] 59 |                         for i in 0..test.chars().count() {
[INFO] [stderr]    |                             ^ help: if this is intentional, prefix it with an underscore: `_i`
[INFO] [stderr] 
[INFO] [stderr] warning: unused variable: `k`
[INFO] [stderr]   --> examples/hello_world.rs:54:61
[INFO] [stderr]    |
[INFO] [stderr] 54 |             let (most_fit, _) = fitness.iter().max_by_key(|(k,v)| (*v * 1000.0) as i32).unwrap();
[INFO] [stderr]    |                                                             ^ help: if this is intentional, prefix it with an underscore: `_k`
[INFO] [stderr] 
[INFO] [stderr] warning: variable does not need to be mutable
[INFO] [stderr]   --> examples/hello_world.rs:13:9
[INFO] [stderr]    |
[INFO] [stderr] 13 |     let mut rng = rand::thread_rng();
[INFO] [stderr]    |         ----^^^
[INFO] [stderr]    |         |
[INFO] [stderr]    |         help: remove this `mut`
[INFO] [stderr]    |
[INFO] [stderr]    = note: `#[warn(unused_mut)]` on by default
[INFO] [stderr] 
[INFO] [stderr] warning: unused import: `rand::prelude::SliceRandom`
[INFO] [stderr]  --> examples/counter.rs:6:5
[INFO] [stderr]   |
[INFO] [stderr] 6 | use rand::prelude::SliceRandom;
[INFO] [stderr]   |     ^^^^^^^^^^^^^^^^^^^^^^^^^^
[INFO] [stderr]   |
[INFO] [stderr]   = note: `#[warn(unused_imports)]` on by default
[INFO] [stderr] 
[INFO] [stderr] warning: unused import: `Genome`
[INFO] [stderr]   --> examples/counter.rs:10:49
[INFO] [stderr]    |
[INFO] [stderr] 10 | use neat::{initial_population, next_generation, Genome, Phenotype};
[INFO] [stderr]    |                                                 ^^^^^^
[INFO] [stderr] 
[INFO] [stderr] warning: unused import: `rand::Rng`
[INFO] [stderr]  --> examples/xor.rs:4:5
[INFO] [stderr]   |
[INFO] [stderr] 4 | use rand::Rng;
[INFO] [stderr]   |     ^^^^^^^^^
[INFO] [stderr]   |
[INFO] [stderr]   = note: `#[warn(unused_imports)]` on by default
[INFO] [stderr] 
[INFO] [stderr] warning: unused import: `rand::prelude::SliceRandom`
[INFO] [stderr]  --> examples/xor.rs:6:5
[INFO] [stderr]   |
[INFO] [stderr] 6 | use rand::prelude::SliceRandom;
[INFO] [stderr]   |     ^^^^^^^^^^^^^^^^^^^^^^^^^^
[INFO] [stderr] 
[INFO] [stderr] warning: unused import: `Genome`
[INFO] [stderr]   --> examples/xor.rs:10:49
[INFO] [stderr]    |
[INFO] [stderr] 10 | use neat::{initial_population, next_generation, Genome, Phenotype};
[INFO] [stderr]    |                                                 ^^^^^^
[INFO] [stderr] 
[INFO] [stderr] warning: unused variable: `rng`
[INFO] [stderr]   --> examples/xor.rs:13:13
[INFO] [stderr]    |
[INFO] [stderr] 13 |     let mut rng = rand::thread_rng();
[INFO] [stderr]    |             ^^^ help: if this is intentional, prefix it with an underscore: `_rng`
[INFO] [stderr]    |
[INFO] [stderr]    = note: `#[warn(unused_variables)]` on by default
[INFO] [stderr] 
[INFO] [stderr] warning: unused variable: `most_fit`
[INFO] [stderr]   --> examples/xor.rs:49:14
[INFO] [stderr]    |
[INFO] [stderr] 49 |         let (most_fit, _) = fitness.iter().max_by_key(|(k,v)| (*v * 1000.0) as i32).unwrap();
[INFO] [stderr]    |              ^^^^^^^^ help: if this is intentional, prefix it with an underscore: `_most_fit`
[INFO] [stderr] 
[INFO] [stderr] warning: unused variable: `k`
[INFO] [stderr]   --> examples/xor.rs:49:57
[INFO] [stderr]    |
[INFO] [stderr] 49 |         let (most_fit, _) = fitness.iter().max_by_key(|(k,v)| (*v * 1000.0) as i32).unwrap();
[INFO] [stderr]    |                                                         ^ help: if this is intentional, prefix it with an underscore: `_k`
[INFO] [stderr] 
[INFO] [stderr] warning: variable does not need to be mutable
[INFO] [stderr]   --> examples/xor.rs:13:9
[INFO] [stderr]    |
[INFO] [stderr] 13 |     let mut rng = rand::thread_rng();
[INFO] [stderr]    |         ----^^^
[INFO] [stderr]    |         |
[INFO] [stderr]    |         help: remove this `mut`
[INFO] [stderr]    |
[INFO] [stderr]    = note: `#[warn(unused_mut)]` on by default
[INFO] [stderr] 
[INFO] [stderr] warning: unused import: `rand::prelude::SliceRandom`
[INFO] [stderr]   --> examples/dungeon.rs:19:5
[INFO] [stderr]    |
[INFO] [stderr] 19 | use rand::prelude::SliceRandom;
[INFO] [stderr]    |     ^^^^^^^^^^^^^^^^^^^^^^^^^^
[INFO] [stderr]    |
[INFO] [stderr]    = note: `#[warn(unused_imports)]` on by default
[INFO] [stderr] 
[INFO] [stderr] warning: unused import: `Genome`
[INFO] [stderr]   --> examples/dungeon.rs:23:49
[INFO] [stderr]    |
[INFO] [stderr] 23 | use neat::{initial_population, next_generation, Genome, Phenotype};
[INFO] [stderr]    |                                                 ^^^^^^
[INFO] [stderr] 
[INFO] [stderr] warning: unreachable statement
[INFO] [stderr]    --> examples/dungeon.rs:312:9
[INFO] [stderr]     |
[INFO] [stderr] 293 | /         loop {
[INFO] [stderr] 294 | |             for x in 0..dungeon.tiles.len() {
[INFO] [stderr] 295 | |                 for y in 0..dungeon.tiles[0].len() {
[INFO] [stderr] 296 | |                     window.mvprintw(y as i32, x as i32,
[INFO] [stderr] ...   |
[INFO] [stderr] 310 | |             dungeon.step();
[INFO] [stderr] 311 | |         }
[INFO] [stderr]     | |_________- any code following this expression is unreachable
[INFO] [stderr] 312 |           endwin();
[INFO] [stderr]     |           ^^^^^^^^^ unreachable statement
[INFO] [stderr]     |
[INFO] [stderr]     = note: `#[warn(unreachable_code)]` on by default
[INFO] [stderr] 
[INFO] [stderr] warning: unused variable: `rng`
[INFO] [stderr]    --> examples/dungeon.rs:316:13
[INFO] [stderr]     |
[INFO] [stderr] 316 |     let mut rng = rand::thread_rng();
[INFO] [stderr]     |             ^^^ help: if this is intentional, prefix it with an underscore: `_rng`
[INFO] [stderr]     |
[INFO] [stderr]     = note: `#[warn(unused_variables)]` on by default
[INFO] [stderr] 
[INFO] [stderr] warning: unused variable: `k`
[INFO] [stderr]    --> examples/dungeon.rs:344:61
[INFO] [stderr]     |
[INFO] [stderr] 344 |             let (most_fit, _) = fitness.iter().max_by_key(|(k,v)| (*v * 10000.0) as i32).unwrap();
[INFO] [stderr]     |                                                             ^ help: if this is intentional, prefix it with an underscore: `_k`
[INFO] [stderr] 
[INFO] [stderr] warning: variable does not need to be mutable
[INFO] [stderr]    --> examples/dungeon.rs:316:9
[INFO] [stderr]     |
[INFO] [stderr] 316 |     let mut rng = rand::thread_rng();
[INFO] [stderr]     |         ----^^^
[INFO] [stderr]     |         |
[INFO] [stderr]     |         help: remove this `mut`
[INFO] [stderr]     |
[INFO] [stderr]     = note: `#[warn(unused_mut)]` on by default
[INFO] [stderr] 
[INFO] [stderr] warning: variable does not need to be mutable
[INFO] [stderr]    --> examples/dungeon.rs:324:13
[INFO] [stderr]     |
[INFO] [stderr] 324 |         let mut fitness:HashMap<usize, f32> = phenotypes.par_iter().map(|(genome_id, phenotype)| {
[INFO] [stderr]     |             ----^^^^^^^
[INFO] [stderr]     |             |
[INFO] [stderr]     |             help: remove this `mut`
[INFO] [stderr] 
[INFO] [stderr] warning: comparison is useless due to type limits
[INFO] [stderr]    --> examples/dungeon.rs:195:20
[INFO] [stderr]     |
[INFO] [stderr] 195 |                 if fx >= 0 && fx < self.tiles.len() && fy >= 0 && fy < self.tiles[0].len() {
[INFO] [stderr]     |                    ^^^^^^^
[INFO] [stderr]     |
[INFO] [stderr]     = note: `#[warn(unused_comparisons)]` on by default
[INFO] [stderr] 
[INFO] [stderr] warning: comparison is useless due to type limits
[INFO] [stderr]    --> examples/dungeon.rs:195:56
[INFO] [stderr]     |
[INFO] [stderr] 195 |                 if fx >= 0 && fx < self.tiles.len() && fy >= 0 && fy < self.tiles[0].len() {
[INFO] [stderr]     |                                                        ^^^^^^^
[INFO] [stderr] 
[INFO] [stderr] warning: comparison is useless due to type limits
[INFO] [stderr]    --> examples/dungeon.rs:219:20
[INFO] [stderr]     |
[INFO] [stderr] 219 |                 if bx >= 0 && bx < self.tiles.len() && by >= 0 && by < self.tiles[0].len() {
[INFO] [stderr]     |                    ^^^^^^^
[INFO] [stderr] 
[INFO] [stderr] warning: comparison is useless due to type limits
[INFO] [stderr]    --> examples/dungeon.rs:219:56
[INFO] [stderr]     |
[INFO] [stderr] 219 |                 if bx >= 0 && bx < self.tiles.len() && by >= 0 && by < self.tiles[0].len() {
[INFO] [stderr]     |                                                        ^^^^^^^
[INFO] [stderr] 
[INFO] [stderr] warning: unused `Result` that must be used
[INFO] [stderr]    --> examples/dungeon.rs:351:7
[INFO] [stderr]     |
[INFO] [stderr] 351 |                         write!(&mut file, "{}", json.unwrap());
[INFO] [stderr]     |                         ^^^^^^^^^^^^^^^^^^^^^^^^^^^^^^^^^^^^^^
[INFO] [stderr]     |
[INFO] [stderr]     = note: this `Result` may be an `Err` variant, which should be handled
[INFO] [stderr]     = note: `#[warn(unused_must_use)]` on by default
[INFO] [stderr]     = note: this warning originates in the macro `write` (in Nightly builds, run with -Z macro-backtrace for more info)
[INFO] [stderr] 
[INFO] [stderr] warning: `neat` (example "hello_world") generated 9 warnings (run `cargo fix --example "hello_world"` to apply 4 suggestions)
[INFO] [stderr] warning: `neat` (example "counter") generated 2 warnings (run `cargo fix --example "counter"` to apply 2 suggestions)
[INFO] [stderr] warning: `neat` (example "xor") generated 7 warnings (run `cargo fix --example "xor"` to apply 4 suggestions)
[INFO] [stderr] warning: `neat` (example "dungeon") generated 12 warnings (run `cargo fix --example "dungeon"` to apply 4 suggestions)
[INFO] [stderr]     Finished `test` profile [unoptimized + debuginfo] target(s) in 0.03s
[INFO] [stderr]      Running unittests src/lib.rs (/opt/rustwide/target/debug/deps/neat-aec1e936565f94fc)
[INFO] [stdout] 
[INFO] [stdout] running 2 tests
[INFO] [stdout] test tests::test_and ... FAILED
[INFO] [stdout] test tests::test_xor ... FAILED
[INFO] [stdout] 
[INFO] [stdout] failures:
[INFO] [stdout] 
[INFO] [stdout] ---- tests::test_and stdout ----
[INFO] [stdout] thread 'tests::test_and' panicked at src/lib.rs:612:13:
[INFO] [stdout] assertion failed: output[0].round() == truth
[INFO] [stdout] stack backtrace:
[INFO] [stdout]    0:     0x6180ac561cea - std::backtrace_rs::backtrace::libunwind::trace::h207520d6e9873551
[INFO] [stdout]                                at /rustc/df4ca44d3fbc9301ee17f30f4d474e6ae4b05252/library/std/src/../../backtrace/src/backtrace/libunwind.rs:116:5
[INFO] [stdout]    1:     0x6180ac561cea - std::backtrace_rs::backtrace::trace_unsynchronized::h2ed7433f370e3eca
[INFO] [stdout]                                at /rustc/df4ca44d3fbc9301ee17f30f4d474e6ae4b05252/library/std/src/../../backtrace/src/backtrace/mod.rs:66:5
[INFO] [stdout]    2:     0x6180ac561cea - std::sys::backtrace::_print_fmt::h916fac51166b18d7
[INFO] [stdout]                                at /rustc/df4ca44d3fbc9301ee17f30f4d474e6ae4b05252/library/std/src/sys/backtrace.rs:66:9
[INFO] [stdout]    3:     0x6180ac561cea - <std::sys::backtrace::BacktraceLock::print::DisplayBacktrace as core::fmt::Display>::fmt::ha0a4c9b8ce3802e6
[INFO] [stdout]                                at /rustc/df4ca44d3fbc9301ee17f30f4d474e6ae4b05252/library/std/src/sys/backtrace.rs:39:26
[INFO] [stdout]    4:     0x6180ac5887e3 - core::fmt::rt::Argument::fmt::h4cfc8587d52b3eb5
[INFO] [stdout]                                at /rustc/df4ca44d3fbc9301ee17f30f4d474e6ae4b05252/library/core/src/fmt/rt.rs:177:76
[INFO] [stdout]    5:     0x6180ac5887e3 - core::fmt::write::h522cc39e5b36ae9f
[INFO] [stdout]                                at /rustc/df4ca44d3fbc9301ee17f30f4d474e6ae4b05252/library/core/src/fmt/mod.rs:1190:21
[INFO] [stdout]    6:     0x6180ac55e953 - std::io::Write::write_fmt::h7d3c26752da97734
[INFO] [stdout]                                at /rustc/df4ca44d3fbc9301ee17f30f4d474e6ae4b05252/library/std/src/io/mod.rs:1839:15
[INFO] [stdout]    7:     0x6180ac561b32 - std::sys::backtrace::BacktraceLock::print::h4b9e00b29e9c0942
[INFO] [stdout]                                at /rustc/df4ca44d3fbc9301ee17f30f4d474e6ae4b05252/library/std/src/sys/backtrace.rs:42:9
[INFO] [stdout]    8:     0x6180ac56317a - std::panicking::default_hook::{{closure}}::hb59b88280d0324d9
[INFO] [stdout]                                at /rustc/df4ca44d3fbc9301ee17f30f4d474e6ae4b05252/library/std/src/panicking.rs:268:22
[INFO] [stdout]    9:     0x6180ac562f84 - std::panicking::default_hook::he1dd496665be4a29
[INFO] [stdout]                                at /rustc/df4ca44d3fbc9301ee17f30f4d474e6ae4b05252/library/std/src/panicking.rs:292:9
[INFO] [stdout]   10:     0x6180ac52c519 - <alloc::boxed::Box<F,A> as core::ops::function::Fn<Args>>::call::h4ff71de18744e1dc
[INFO] [stdout]                                at /rustc/df4ca44d3fbc9301ee17f30f4d474e6ae4b05252/library/alloc/src/boxed.rs:2468:9
[INFO] [stdout]   11:     0x6180ac52c519 - test::test_main::{{closure}}::hcf7c055ce117aa81
[INFO] [stdout]                                at /rustc/df4ca44d3fbc9301ee17f30f4d474e6ae4b05252/library/test/src/lib.rs:133:21
[INFO] [stdout]   12:     0x6180ac563878 - <alloc::boxed::Box<F,A> as core::ops::function::Fn<Args>>::call::h1d66c6bbd60c9692
[INFO] [stdout]                                at /rustc/df4ca44d3fbc9301ee17f30f4d474e6ae4b05252/library/alloc/src/boxed.rs:2468:9
[INFO] [stdout]   13:     0x6180ac563878 - std::panicking::rust_panic_with_hook::h2ff17fe8f26dfcf8
[INFO] [stdout]                                at /rustc/df4ca44d3fbc9301ee17f30f4d474e6ae4b05252/library/std/src/panicking.rs:809:13
[INFO] [stdout]   14:     0x6180ac563606 - std::panicking::begin_panic_handler::{{closure}}::h4fad77951c07e101
[INFO] [stdout]                                at /rustc/df4ca44d3fbc9301ee17f30f4d474e6ae4b05252/library/std/src/panicking.rs:667:13
[INFO] [stdout]   15:     0x6180ac5621c9 - std::sys::backtrace::__rust_end_short_backtrace::hb1a25b3da5d0ea08
[INFO] [stdout]                                at /rustc/df4ca44d3fbc9301ee17f30f4d474e6ae4b05252/library/std/src/sys/backtrace.rs:170:18
[INFO] [stdout]   16:     0x6180ac5632cc - rust_begin_unwind
[INFO] [stdout]                                at /rustc/df4ca44d3fbc9301ee17f30f4d474e6ae4b05252/library/std/src/panicking.rs:665:5
[INFO] [stdout]   17:     0x6180ac586b20 - core::panicking::panic_fmt::ha9db07b529f9b256
[INFO] [stdout]                                at /rustc/df4ca44d3fbc9301ee17f30f4d474e6ae4b05252/library/core/src/panicking.rs:75:14
[INFO] [stdout]   18:     0x6180ac586bac - core::panicking::panic::h993086813d94accc
[INFO] [stdout]                                at /rustc/df4ca44d3fbc9301ee17f30f4d474e6ae4b05252/library/core/src/panicking.rs:152:5
[INFO] [stdout]   19:     0x6180ac4f1ec1 - neat::tests::test_and::heae8b859e4be0e71
[INFO] [stdout]                                at /opt/rustwide/workdir/src/lib.rs:612:13
[INFO] [stdout]   20:     0x6180ac4f1917 - neat::tests::test_and::{{closure}}::h6a4b3e8ff8a7cd59
[INFO] [stdout]                                at /opt/rustwide/workdir/src/lib.rs:595:18
[INFO] [stdout]   21:     0x6180ac4ef026 - core::ops::function::FnOnce::call_once::hf04027aceb5cc6ff
[INFO] [stdout]                                at /rustc/df4ca44d3fbc9301ee17f30f4d474e6ae4b05252/library/core/src/ops/function.rs:250:5
[INFO] [stdout]   22:     0x6180ac530deb - core::ops::function::FnOnce::call_once::h22c3ba5715e93f05
[INFO] [stdout]                                at /rustc/df4ca44d3fbc9301ee17f30f4d474e6ae4b05252/library/core/src/ops/function.rs:250:5
[INFO] [stdout]   23:     0x6180ac530deb - test::__rust_begin_short_backtrace::h8e82d8113d0da17f
[INFO] [stdout]                                at /rustc/df4ca44d3fbc9301ee17f30f4d474e6ae4b05252/library/test/src/lib.rs:621:18
[INFO] [stdout]   24:     0x6180ac530767 - test::run_test_in_process::{{closure}}::h33235f4f20b7b7c7
[INFO] [stdout]                                at /rustc/df4ca44d3fbc9301ee17f30f4d474e6ae4b05252/library/test/src/lib.rs:644:60
[INFO] [stdout]   25:     0x6180ac530767 - <core::panic::unwind_safe::AssertUnwindSafe<F> as core::ops::function::FnOnce<()>>::call_once::hb5043206310c586f
[INFO] [stdout]                                at /rustc/df4ca44d3fbc9301ee17f30f4d474e6ae4b05252/library/core/src/panic/unwind_safe.rs:272:9
[INFO] [stdout]   26:     0x6180ac530767 - std::panicking::try::do_call::h9ad4731a60ab23e2
[INFO] [stdout]                                at /rustc/df4ca44d3fbc9301ee17f30f4d474e6ae4b05252/library/std/src/panicking.rs:557:40
[INFO] [stdout]   27:     0x6180ac530767 - std::panicking::try::h3824d23db772a716
[INFO] [stdout]                                at /rustc/df4ca44d3fbc9301ee17f30f4d474e6ae4b05252/library/std/src/panicking.rs:520:19
[INFO] [stdout]   28:     0x6180ac530767 - std::panic::catch_unwind::h5afd514605fde46b
[INFO] [stdout]                                at /rustc/df4ca44d3fbc9301ee17f30f4d474e6ae4b05252/library/std/src/panic.rs:358:14
[INFO] [stdout]   29:     0x6180ac530767 - test::run_test_in_process::h0d5cbfa7067d1720
[INFO] [stdout]                                at /rustc/df4ca44d3fbc9301ee17f30f4d474e6ae4b05252/library/test/src/lib.rs:644:27
[INFO] [stdout]   30:     0x6180ac530767 - test::run_test::{{closure}}::h708eb8872708115d
[INFO] [stdout]                                at /rustc/df4ca44d3fbc9301ee17f30f4d474e6ae4b05252/library/test/src/lib.rs:565:43
[INFO] [stdout]   31:     0x6180ac4f3e84 - test::run_test::{{closure}}::h392c51cee94713ab
[INFO] [stdout]                                at /rustc/df4ca44d3fbc9301ee17f30f4d474e6ae4b05252/library/test/src/lib.rs:595:41
[INFO] [stdout]   32:     0x6180ac4f3e84 - std::sys::backtrace::__rust_begin_short_backtrace::h2f40290710935a8b
[INFO] [stdout]                                at /rustc/df4ca44d3fbc9301ee17f30f4d474e6ae4b05252/library/std/src/sys/backtrace.rs:154:18
[INFO] [stdout]   33:     0x6180ac4f762e - std::thread::Builder::spawn_unchecked_::{{closure}}::{{closure}}::h3fd968d89053a903
[INFO] [stdout]                                at /rustc/df4ca44d3fbc9301ee17f30f4d474e6ae4b05252/library/std/src/thread/mod.rs:541:17
[INFO] [stdout]   34:     0x6180ac4f762e - <core::panic::unwind_safe::AssertUnwindSafe<F> as core::ops::function::FnOnce<()>>::call_once::h743f637ba4229880
[INFO] [stdout]                                at /rustc/df4ca44d3fbc9301ee17f30f4d474e6ae4b05252/library/core/src/panic/unwind_safe.rs:272:9
[INFO] [stdout]   35:     0x6180ac4f762e - std::panicking::try::do_call::h07440897322525a6
[INFO] [stdout]                                at /rustc/df4ca44d3fbc9301ee17f30f4d474e6ae4b05252/library/std/src/panicking.rs:557:40
[INFO] [stdout]   36:     0x6180ac4f762e - std::panicking::try::he5a2e00188156637
[INFO] [stdout]                                at /rustc/df4ca44d3fbc9301ee17f30f4d474e6ae4b05252/library/std/src/panicking.rs:520:19
[INFO] [stdout]   37:     0x6180ac4f762e - std::panic::catch_unwind::hbaf3cae49b3c6433
[INFO] [stdout]                                at /rustc/df4ca44d3fbc9301ee17f30f4d474e6ae4b05252/library/std/src/panic.rs:358:14
[INFO] [stdout]   38:     0x6180ac4f762e - std::thread::Builder::spawn_unchecked_::{{closure}}::h8e141ea224820bce
[INFO] [stdout]                                at /rustc/df4ca44d3fbc9301ee17f30f4d474e6ae4b05252/library/std/src/thread/mod.rs:540:30
[INFO] [stdout]   39:     0x6180ac4f762e - core::ops::function::FnOnce::call_once{{vtable.shim}}::h90d312fedd7b8ea8
[INFO] [stdout]                                at /rustc/df4ca44d3fbc9301ee17f30f4d474e6ae4b05252/library/core/src/ops/function.rs:250:5
[INFO] [stdout]   40:     0x6180ac56766b - <alloc::boxed::Box<F,A> as core::ops::function::FnOnce<Args>>::call_once::h69aa08ddb6adb8b6
[INFO] [stdout]                                at /rustc/df4ca44d3fbc9301ee17f30f4d474e6ae4b05252/library/alloc/src/boxed.rs:2454:9
[INFO] [stdout]   41:     0x6180ac56766b - <alloc::boxed::Box<F,A> as core::ops::function::FnOnce<Args>>::call_once::h5aa36efdb79c806f
[INFO] [stdout]                                at /rustc/df4ca44d3fbc9301ee17f30f4d474e6ae4b05252/library/alloc/src/boxed.rs:2454:9
[INFO] [stdout]   42:     0x6180ac56766b - std::sys::pal::unix::thread::Thread::new::thread_start::h6cd80a1b4be5158d
[INFO] [stdout]                                at /rustc/df4ca44d3fbc9301ee17f30f4d474e6ae4b05252/library/std/src/sys/pal/unix/thread.rs:105:17
[INFO] [stdout]   43:     0x76256d76eac3 - <unknown>
[INFO] [stdout]   44:     0x76256d7ffa04 - clone
[INFO] [stdout]   45:                0x0 - <unknown>
[INFO] [stdout] 
[INFO] [stdout] ---- tests::test_xor stdout ----
[INFO] [stdout] 1
[INFO] [stdout] thread 'tests::test_xor' panicked at src/lib.rs:631:13:
[INFO] [stdout] assertion failed: output[0].round() == truth
[INFO] [stdout] stack backtrace:
[INFO] [stdout]    0:     0x6180ac561cea - std::backtrace_rs::backtrace::libunwind::trace::h207520d6e9873551
[INFO] [stdout]                                at /rustc/df4ca44d3fbc9301ee17f30f4d474e6ae4b05252/library/std/src/../../backtrace/src/backtrace/libunwind.rs:116:5
[INFO] [stdout]    1:     0x6180ac561cea - std::backtrace_rs::backtrace::trace_unsynchronized::h2ed7433f370e3eca
[INFO] [stdout]                                at /rustc/df4ca44d3fbc9301ee17f30f4d474e6ae4b05252/library/std/src/../../backtrace/src/backtrace/mod.rs:66:5
[INFO] [stdout]    2:     0x6180ac561cea - std::sys::backtrace::_print_fmt::h916fac51166b18d7
[INFO] [stdout]                                at /rustc/df4ca44d3fbc9301ee17f30f4d474e6ae4b05252/library/std/src/sys/backtrace.rs:66:9
[INFO] [stdout]    3:     0x6180ac561cea - <std::sys::backtrace::BacktraceLock::print::DisplayBacktrace as core::fmt::Display>::fmt::ha0a4c9b8ce3802e6
[INFO] [stdout]                                at /rustc/df4ca44d3fbc9301ee17f30f4d474e6ae4b05252/library/std/src/sys/backtrace.rs:39:26
[INFO] [stdout]    4:     0x6180ac5887e3 - core::fmt::rt::Argument::fmt::h4cfc8587d52b3eb5
[INFO] [stdout]                                at /rustc/df4ca44d3fbc9301ee17f30f4d474e6ae4b05252/library/core/src/fmt/rt.rs:177:76
[INFO] [stdout]    5:     0x6180ac5887e3 - core::fmt::write::h522cc39e5b36ae9f
[INFO] [stdout]                                at /rustc/df4ca44d3fbc9301ee17f30f4d474e6ae4b05252/library/core/src/fmt/mod.rs:1190:21
[INFO] [stdout]    6:     0x6180ac55e953 - std::io::Write::write_fmt::h7d3c26752da97734
[INFO] [stdout]                                at /rustc/df4ca44d3fbc9301ee17f30f4d474e6ae4b05252/library/std/src/io/mod.rs:1839:15
[INFO] [stdout]    7:     0x6180ac561b32 - std::sys::backtrace::BacktraceLock::print::h4b9e00b29e9c0942
[INFO] [stdout]                                at /rustc/df4ca44d3fbc9301ee17f30f4d474e6ae4b05252/library/std/src/sys/backtrace.rs:42:9
[INFO] [stdout]    8:     0x6180ac56317a - std::panicking::default_hook::{{closure}}::hb59b88280d0324d9
[INFO] [stdout]                                at /rustc/df4ca44d3fbc9301ee17f30f4d474e6ae4b05252/library/std/src/panicking.rs:268:22
[INFO] [stdout]    9:     0x6180ac562f84 - std::panicking::default_hook::he1dd496665be4a29
[INFO] [stdout]                                at /rustc/df4ca44d3fbc9301ee17f30f4d474e6ae4b05252/library/std/src/panicking.rs:292:9
[INFO] [stdout]   10:     0x6180ac52c519 - <alloc::boxed::Box<F,A> as core::ops::function::Fn<Args>>::call::h4ff71de18744e1dc
[INFO] [stdout]                                at /rustc/df4ca44d3fbc9301ee17f30f4d474e6ae4b05252/library/alloc/src/boxed.rs:2468:9
[INFO] [stdout]   11:     0x6180ac52c519 - test::test_main::{{closure}}::hcf7c055ce117aa81
[INFO] [stdout]                                at /rustc/df4ca44d3fbc9301ee17f30f4d474e6ae4b05252/library/test/src/lib.rs:133:21
[INFO] [stdout]   12:     0x6180ac563878 - <alloc::boxed::Box<F,A> as core::ops::function::Fn<Args>>::call::h1d66c6bbd60c9692
[INFO] [stdout]                                at /rustc/df4ca44d3fbc9301ee17f30f4d474e6ae4b05252/library/alloc/src/boxed.rs:2468:9
[INFO] [stdout]   13:     0x6180ac563878 - std::panicking::rust_panic_with_hook::h2ff17fe8f26dfcf8
[INFO] [stdout]                                at /rustc/df4ca44d3fbc9301ee17f30f4d474e6ae4b05252/library/std/src/panicking.rs:809:13
[INFO] [stdout]   14:     0x6180ac563606 - std::panicking::begin_panic_handler::{{closure}}::h4fad77951c07e101
[INFO] [stdout]                                at /rustc/df4ca44d3fbc9301ee17f30f4d474e6ae4b05252/library/std/src/panicking.rs:667:13
[INFO] [stdout]   15:     0x6180ac5621c9 - std::sys::backtrace::__rust_end_short_backtrace::hb1a25b3da5d0ea08
[INFO] [stdout]                                at /rustc/df4ca44d3fbc9301ee17f30f4d474e6ae4b05252/library/std/src/sys/backtrace.rs:170:18
[INFO] [stdout]   16:     0x6180ac5632cc - rust_begin_unwind
[INFO] [stdout]                                at /rustc/df4ca44d3fbc9301ee17f30f4d474e6ae4b05252/library/std/src/panicking.rs:665:5
[INFO] [stdout]   17:     0x6180ac586b20 - core::panicking::panic_fmt::ha9db07b529f9b256
[INFO] [stdout]                                at /rustc/df4ca44d3fbc9301ee17f30f4d474e6ae4b05252/library/core/src/panicking.rs:75:14
[INFO] [stdout]   18:     0x6180ac586bac - core::panicking::panic::h993086813d94accc
[INFO] [stdout]                                at /rustc/df4ca44d3fbc9301ee17f30f4d474e6ae4b05252/library/core/src/panicking.rs:152:5
[INFO] [stdout]   19:     0x6180ac4f2590 - neat::tests::test_xor::h408a14e55f7026ac
[INFO] [stdout]                                at /opt/rustwide/workdir/src/lib.rs:631:13
[INFO] [stdout]   20:     0x6180ac4f1f07 - neat::tests::test_xor::{{closure}}::hf5738ec44928f9bc
[INFO] [stdout]                                at /opt/rustwide/workdir/src/lib.rs:617:18
[INFO] [stdout]   21:     0x6180ac4eef96 - core::ops::function::FnOnce::call_once::h5181581e9cbcf073
[INFO] [stdout]                                at /rustc/df4ca44d3fbc9301ee17f30f4d474e6ae4b05252/library/core/src/ops/function.rs:250:5
[INFO] [stdout]   22:     0x6180ac530deb - core::ops::function::FnOnce::call_once::h22c3ba5715e93f05
[INFO] [stdout]                                at /rustc/df4ca44d3fbc9301ee17f30f4d474e6ae4b05252/library/core/src/ops/function.rs:250:5
[INFO] [stdout]   23:     0x6180ac530deb - test::__rust_begin_short_backtrace::h8e82d8113d0da17f
[INFO] [stdout]                                at /rustc/df4ca44d3fbc9301ee17f30f4d474e6ae4b05252/library/test/src/lib.rs:621:18
[INFO] [stdout]   24:     0x6180ac530767 - test::run_test_in_process::{{closure}}::h33235f4f20b7b7c7
[INFO] [stdout]                                at /rustc/df4ca44d3fbc9301ee17f30f4d474e6ae4b05252/library/test/src/lib.rs:644:60
[INFO] [stdout]   25:     0x6180ac530767 - <core::panic::unwind_safe::AssertUnwindSafe<F> as core::ops::function::FnOnce<()>>::call_once::hb5043206310c586f
[INFO] [stdout]                                at /rustc/df4ca44d3fbc9301ee17f30f4d474e6ae4b05252/library/core/src/panic/unwind_safe.rs:272:9
[INFO] [stdout]   26:     0x6180ac530767 - std::panicking::try::do_call::h9ad4731a60ab23e2
[INFO] [stdout]                                at /rustc/df4ca44d3fbc9301ee17f30f4d474e6ae4b05252/library/std/src/panicking.rs:557:40
[INFO] [stdout]   27:     0x6180ac530767 - std::panicking::try::h3824d23db772a716
[INFO] [stdout]                                at /rustc/df4ca44d3fbc9301ee17f30f4d474e6ae4b05252/library/std/src/panicking.rs:520:19
[INFO] [stdout]   28:     0x6180ac530767 - std::panic::catch_unwind::h5afd514605fde46b
[INFO] [stdout]                                at /rustc/df4ca44d3fbc9301ee17f30f4d474e6ae4b05252/library/std/src/panic.rs:358:14
[INFO] [stdout]   29:     0x6180ac530767 - test::run_test_in_process::h0d5cbfa7067d1720
[INFO] [stdout]                                at /rustc/df4ca44d3fbc9301ee17f30f4d474e6ae4b05252/library/test/src/lib.rs:644:27
[INFO] [stdout]   30:     0x6180ac530767 - test::run_test::{{closure}}::h708eb8872708115d
[INFO] [stdout]                                at /rustc/df4ca44d3fbc9301ee17f30f4d474e6ae4b05252/library/test/src/lib.rs:565:43
[INFO] [stdout]   31:     0x6180ac4f3e84 - test::run_test::{{closure}}::h392c51cee94713ab
[INFO] [stdout]                                at /rustc/df4ca44d3fbc9301ee17f30f4d474e6ae4b05252/library/test/src/lib.rs:595:41
[INFO] [stdout]   32:     0x6180ac4f3e84 - std::sys::backtrace::__rust_begin_short_backtrace::h2f40290710935a8b
[INFO] [stdout]                                at /rustc/df4ca44d3fbc9301ee17f30f4d474e6ae4b05252/library/std/src/sys/backtrace.rs:154:18
[INFO] [stdout]   33:     0x6180ac4f762e - std::thread::Builder::spawn_unchecked_::{{closure}}::{{closure}}::h3fd968d89053a903
[INFO] [stdout]                                at /rustc/df4ca44d3fbc9301ee17f30f4d474e6ae4b05252/library/std/src/thread/mod.rs:541:17
[INFO] [stdout]   34:     0x6180ac4f762e - <core::panic::unwind_safe::AssertUnwindSafe<F> as core::ops::function::FnOnce<()>>::call_once::h743f637ba4229880
[INFO] [stdout]                                at /rustc/df4ca44d3fbc9301ee17f30f4d474e6ae4b05252/library/core/src/panic/unwind_safe.rs:272:9
[INFO] [stdout]   35:     0x6180ac4f762e - std::panicking::try::do_call::h07440897322525a6
[INFO] [stdout]                                at /rustc/df4ca44d3fbc9301ee17f30f4d474e6ae4b05252/library/std/src/panicking.rs:557:40
[INFO] [stdout]   36:     0x6180ac4f762e - std::panicking::try::he5a2e00188156637
[INFO] [stdout]                                at /rustc/df4ca44d3fbc9301ee17f30f4d474e6ae4b05252/library/std/src/panicking.rs:520:19
[INFO] [stdout]   37:     0x6180ac4f762e - std::panic::catch_unwind::hbaf3cae49b3c6433
[INFO] [stdout]                                at /rustc/df4ca44d3fbc9301ee17f30f4d474e6ae4b05252/library/std/src/panic.rs:358:14
[INFO] [stdout]   38:     0x6180ac4f762e - std::thread::Builder::spawn_unchecked_::{{closure}}::h8e141ea224820bce
[INFO] [stdout]                                at /rustc/df4ca44d3fbc9301ee17f30f4d474e6ae4b05252/library/std/src/thread/mod.rs:540:30
[INFO] [stdout]   39:     0x6180ac4f762e - core::ops::function::FnOnce::call_once{{vtable.shim}}::h90d312fedd7b8ea8
[INFO] [stdout]                                at /rustc/df4ca44d3fbc9301ee17f30f4d474e6ae4b05252/library/core/src/ops/function.rs:250:5
[INFO] [stdout]   40:     0x6180ac56766b - <alloc::boxed::Box<F,A> as core::ops::function::FnOnce<Args>>::call_once::h69aa08ddb6adb8b6
[INFO] [stdout]                                at /rustc/df4ca44d3fbc9301ee17f30f4d474e6ae4b05252/library/alloc/src/boxed.rs:2454:9
[INFO] [stdout]   41:     0x6180ac56766b - <alloc::boxed::Box<F,A> as core::ops::function::FnOnce<Args>>::call_once::h5aa36efdb79c806f
[INFO] [stdout]                                at /rustc/df4ca44d3fbc9301ee17f30f4d474e6ae4b05252/library/alloc/src/boxed.rs:2454:9
[INFO] [stdout]   42:     0x6180ac56766b - std::sys::pal::unix::thread::Thread::new::thread_start::h6cd80a1b4be5158d
[INFO] [stdout]                                at /rustc/df4ca44d3fbc9301ee17f30f4d474e6ae4b05252/library/std/src/sys/pal/unix/thread.rs:105:17
[INFO] [stdout]   43:     0x76256d76eac3 - <unknown>
[INFO] [stdout]   44:     0x76256d7ffa04 - clone
[INFO] [stdout]   45:                0x0 - <unknown>
[INFO] [stdout] 
[INFO] [stdout] 
[INFO] [stdout] failures:
[INFO] [stdout]     tests::test_and
[INFO] [stdout]     tests::test_xor
[INFO] [stdout] 
[INFO] [stdout] test result: FAILED. 0 passed; 2 failed; 0 ignored; 0 measured; 0 filtered out; finished in 0.01s
[INFO] [stdout] 
[INFO] [stderr] error: test failed, to rerun pass `--lib`
[INFO] running `Command { std: "docker" "inspect" "9b92e6ab67ad037af09e628f74cf11da951061ec59fa228adcf8c129b90322ab", kill_on_drop: false }`
[INFO] running `Command { std: "docker" "rm" "-f" "9b92e6ab67ad037af09e628f74cf11da951061ec59fa228adcf8c129b90322ab", kill_on_drop: false }`
[INFO] [stdout] 9b92e6ab67ad037af09e628f74cf11da951061ec59fa228adcf8c129b90322ab
