[INFO] cloning repository https://github.com/al-ula/small_uid
[INFO] running `Command { std: "git" "-c" "credential.helper=" "-c" "credential.helper=/workspace/cargo-home/bin/git-credential-null" "clone" "--bare" "https://github.com/al-ula/small_uid" "/workspace/cache/git-repos/https%3A%2F%2Fgithub.com%2Fal-ula%2Fsmall_uid", kill_on_drop: false }`
[INFO] [stderr] Cloning into bare repository '/workspace/cache/git-repos/https%3A%2F%2Fgithub.com%2Fal-ula%2Fsmall_uid'...
[INFO] running `Command { std: "git" "rev-parse" "HEAD", kill_on_drop: false }`
[INFO] [stdout] 857b35d5a1a2fd0981c7cf4e87d2039c88813cbe
[INFO] testing al-ula/small_uid/857b35d5a1a2fd0981c7cf4e87d2039c88813cbe against nightly-2024-10-28 for randomize-layout
[INFO] running `Command { std: "git" "clone" "/workspace/cache/git-repos/https%3A%2F%2Fgithub.com%2Fal-ula%2Fsmall_uid" "/workspace/builds/worker-2-tc1/source", kill_on_drop: false }`
[INFO] [stderr] Cloning into '/workspace/builds/worker-2-tc1/source'...
[INFO] [stderr] done.
[INFO] validating manifest of git repo https://github.com/al-ula/small_uid on toolchain nightly-2024-10-28
[INFO] running `Command { std: CARGO_HOME="/workspace/cargo-home" RUSTUP_HOME="/workspace/rustup-home" "/workspace/cargo-home/bin/cargo" "+nightly-2024-10-28" "metadata" "--manifest-path" "Cargo.toml" "--no-deps", kill_on_drop: false }`
[INFO] started tweaking git repo https://github.com/al-ula/small_uid
[INFO] finished tweaking git repo https://github.com/al-ula/small_uid
[INFO] tweaked toml for git repo https://github.com/al-ula/small_uid written to /workspace/builds/worker-2-tc1/source/Cargo.toml
[INFO] crate git repo https://github.com/al-ula/small_uid already has a lockfile, it will not be regenerated
[INFO] running `Command { std: CARGO_HOME="/workspace/cargo-home" RUSTUP_HOME="/workspace/rustup-home" "/workspace/cargo-home/bin/cargo" "+nightly-2024-10-28" "fetch" "--manifest-path" "Cargo.toml", kill_on_drop: false }`
[INFO] [stderr]  Downloading crates ...
[INFO] [stderr]   Downloaded base64-url v3.0.0
[INFO] running `Command { std: "docker" "create" "-v" "/var/lib/crater-agent-workspace/builds/worker-2-tc1/target:/opt/rustwide/target:rw,Z" "-v" "/var/lib/crater-agent-workspace/builds/worker-2-tc1/source:/opt/rustwide/workdir:ro,Z" "-v" "/var/lib/crater-agent-workspace/cargo-home:/opt/rustwide/cargo-home:ro,Z" "-v" "/var/lib/crater-agent-workspace/rustup-home:/opt/rustwide/rustup-home:ro,Z" "-e" "SOURCE_DIR=/opt/rustwide/workdir" "-e" "CARGO_TARGET_DIR=/opt/rustwide/target" "-e" "CARGO_HOME=/opt/rustwide/cargo-home" "-e" "RUSTUP_HOME=/opt/rustwide/rustup-home" "-w" "/opt/rustwide/workdir" "-m" "1610612736" "--user" "0:0" "--network" "none" "ghcr.io/rust-lang/crates-build-env/linux@sha256:4a844ea9eb2546a2d2c7022eacef16ef2e8229c7fbb2c7d4d55a9ceca922f72d" "/opt/rustwide/cargo-home/bin/cargo" "+nightly-2024-10-28" "metadata" "--no-deps" "--format-version=1", kill_on_drop: false }`
[INFO] [stdout] 4a4a89d7ae542d8b675d7026fea330c0e9766ffe7985b7c25d1de7b8a40179d5
[INFO] running `Command { std: "docker" "start" "-a" "4a4a89d7ae542d8b675d7026fea330c0e9766ffe7985b7c25d1de7b8a40179d5", kill_on_drop: false }`
[INFO] running `Command { std: "docker" "inspect" "4a4a89d7ae542d8b675d7026fea330c0e9766ffe7985b7c25d1de7b8a40179d5", kill_on_drop: false }`
[INFO] running `Command { std: "docker" "rm" "-f" "4a4a89d7ae542d8b675d7026fea330c0e9766ffe7985b7c25d1de7b8a40179d5", kill_on_drop: false }`
[INFO] [stdout] 4a4a89d7ae542d8b675d7026fea330c0e9766ffe7985b7c25d1de7b8a40179d5
[INFO] running `Command { std: "docker" "create" "-v" "/var/lib/crater-agent-workspace/builds/worker-2-tc1/target:/opt/rustwide/target:rw,Z" "-v" "/var/lib/crater-agent-workspace/builds/worker-2-tc1/source:/opt/rustwide/workdir:ro,Z" "-v" "/var/lib/crater-agent-workspace/cargo-home:/opt/rustwide/cargo-home:ro,Z" "-v" "/var/lib/crater-agent-workspace/rustup-home:/opt/rustwide/rustup-home:ro,Z" "-e" "SOURCE_DIR=/opt/rustwide/workdir" "-e" "CARGO_TARGET_DIR=/opt/rustwide/target" "-e" "CARGO_INCREMENTAL=0" "-e" "RUST_BACKTRACE=full" "-e" "RUSTFLAGS=--cap-lints=forbid" "-e" "RUSTDOCFLAGS=--cap-lints=forbid" "-e" "CARGO_HOME=/opt/rustwide/cargo-home" "-e" "RUSTUP_HOME=/opt/rustwide/rustup-home" "-w" "/opt/rustwide/workdir" "-m" "1610612736" "--user" "0:0" "--network" "none" "ghcr.io/rust-lang/crates-build-env/linux@sha256:4a844ea9eb2546a2d2c7022eacef16ef2e8229c7fbb2c7d4d55a9ceca922f72d" "/opt/rustwide/cargo-home/bin/cargo" "+nightly-2024-10-28" "build" "--frozen" "--message-format=json", kill_on_drop: false }`
[INFO] [stdout] 78fcbd618b2bc4a1943623f4cfe88ad1f6d9848c5f0b2b4046b92444bda09d08
[INFO] running `Command { std: "docker" "start" "-a" "78fcbd618b2bc4a1943623f4cfe88ad1f6d9848c5f0b2b4046b92444bda09d08", kill_on_drop: false }`
[INFO] [stderr]    Compiling proc-macro2 v1.0.88
[INFO] [stderr]    Compiling unicode-ident v1.0.13
[INFO] [stderr]    Compiling libc v0.2.161
[INFO] [stderr]    Compiling byteorder v1.5.0
[INFO] [stderr]    Compiling cfg-if v1.0.0
[INFO] [stderr]    Compiling serde v1.0.210
[INFO] [stderr]    Compiling base64 v0.22.1
[INFO] [stderr]    Compiling base64-url v3.0.0
[INFO] [stderr]    Compiling quote v1.0.37
[INFO] [stderr]    Compiling getrandom v0.2.15
[INFO] [stderr]    Compiling syn v2.0.79
[INFO] [stderr]    Compiling zerocopy-derive v0.7.35
[INFO] [stderr]    Compiling serde_derive v1.0.210
[INFO] [stderr]    Compiling zerocopy v0.7.35
[INFO] [stderr]    Compiling ppv-lite86 v0.2.20
[INFO] [stderr]    Compiling rand_core v0.9.0-alpha.2
[INFO] [stderr]    Compiling rand_chacha v0.9.0-alpha.2
[INFO] [stderr]    Compiling rand v0.9.0-alpha.2
[INFO] [stderr]    Compiling small_uid v0.2.1 (/opt/rustwide/workdir)
[INFO] [stderr]     Finished `dev` profile [unoptimized + debuginfo] target(s) in 5.60s
[INFO] running `Command { std: "docker" "inspect" "78fcbd618b2bc4a1943623f4cfe88ad1f6d9848c5f0b2b4046b92444bda09d08", kill_on_drop: false }`
[INFO] running `Command { std: "docker" "rm" "-f" "78fcbd618b2bc4a1943623f4cfe88ad1f6d9848c5f0b2b4046b92444bda09d08", kill_on_drop: false }`
[INFO] [stdout] 78fcbd618b2bc4a1943623f4cfe88ad1f6d9848c5f0b2b4046b92444bda09d08
[INFO] running `Command { std: "docker" "create" "-v" "/var/lib/crater-agent-workspace/builds/worker-2-tc1/target:/opt/rustwide/target:rw,Z" "-v" "/var/lib/crater-agent-workspace/builds/worker-2-tc1/source:/opt/rustwide/workdir:ro,Z" "-v" "/var/lib/crater-agent-workspace/cargo-home:/opt/rustwide/cargo-home:ro,Z" "-v" "/var/lib/crater-agent-workspace/rustup-home:/opt/rustwide/rustup-home:ro,Z" "-e" "SOURCE_DIR=/opt/rustwide/workdir" "-e" "CARGO_TARGET_DIR=/opt/rustwide/target" "-e" "CARGO_INCREMENTAL=0" "-e" "RUST_BACKTRACE=full" "-e" "RUSTFLAGS=--cap-lints=forbid" "-e" "RUSTDOCFLAGS=--cap-lints=forbid" "-e" "CARGO_HOME=/opt/rustwide/cargo-home" "-e" "RUSTUP_HOME=/opt/rustwide/rustup-home" "-w" "/opt/rustwide/workdir" "-m" "1610612736" "--user" "0:0" "--network" "none" "ghcr.io/rust-lang/crates-build-env/linux@sha256:4a844ea9eb2546a2d2c7022eacef16ef2e8229c7fbb2c7d4d55a9ceca922f72d" "/opt/rustwide/cargo-home/bin/cargo" "+nightly-2024-10-28" "test" "--frozen" "--no-run" "--message-format=json", kill_on_drop: false }`
[INFO] [stdout] f80171ce79cae161081ff75a3bb0f5f42b3e17dee1b024338701c5c0e67d6c98
[INFO] running `Command { std: "docker" "start" "-a" "f80171ce79cae161081ff75a3bb0f5f42b3e17dee1b024338701c5c0e67d6c98", kill_on_drop: false }`
[INFO] [stderr]    Compiling small_uid v0.2.1 (/opt/rustwide/workdir)
[INFO] [stderr]     Finished `test` profile [unoptimized + debuginfo] target(s) in 0.22s
[INFO] running `Command { std: "docker" "inspect" "f80171ce79cae161081ff75a3bb0f5f42b3e17dee1b024338701c5c0e67d6c98", kill_on_drop: false }`
[INFO] running `Command { std: "docker" "rm" "-f" "f80171ce79cae161081ff75a3bb0f5f42b3e17dee1b024338701c5c0e67d6c98", kill_on_drop: false }`
[INFO] [stdout] f80171ce79cae161081ff75a3bb0f5f42b3e17dee1b024338701c5c0e67d6c98
[INFO] running `Command { std: "docker" "create" "-v" "/var/lib/crater-agent-workspace/builds/worker-2-tc1/target:/opt/rustwide/target:rw,Z" "-v" "/var/lib/crater-agent-workspace/builds/worker-2-tc1/source:/opt/rustwide/workdir:ro,Z" "-v" "/var/lib/crater-agent-workspace/cargo-home:/opt/rustwide/cargo-home:ro,Z" "-v" "/var/lib/crater-agent-workspace/rustup-home:/opt/rustwide/rustup-home:ro,Z" "-e" "SOURCE_DIR=/opt/rustwide/workdir" "-e" "CARGO_TARGET_DIR=/opt/rustwide/target" "-e" "CARGO_INCREMENTAL=0" "-e" "RUST_BACKTRACE=full" "-e" "RUSTFLAGS=--cap-lints=forbid" "-e" "RUSTDOCFLAGS=--cap-lints=forbid" "-e" "CARGO_HOME=/opt/rustwide/cargo-home" "-e" "RUSTUP_HOME=/opt/rustwide/rustup-home" "-w" "/opt/rustwide/workdir" "-m" "1610612736" "--user" "0:0" "--network" "none" "ghcr.io/rust-lang/crates-build-env/linux@sha256:4a844ea9eb2546a2d2c7022eacef16ef2e8229c7fbb2c7d4d55a9ceca922f72d" "/opt/rustwide/cargo-home/bin/cargo" "+nightly-2024-10-28" "test" "--frozen", kill_on_drop: false }`
[INFO] [stdout] 58003096ede785d90aa30f0ea6441dbe737ac746e2c78ec0de6486c24d0518d3
[INFO] running `Command { std: "docker" "start" "-a" "58003096ede785d90aa30f0ea6441dbe737ac746e2c78ec0de6486c24d0518d3", kill_on_drop: false }`
[INFO] [stderr]     Finished `test` profile [unoptimized + debuginfo] target(s) in 0.02s
[INFO] [stderr]      Running unittests src/lib.rs (/opt/rustwide/target/debug/deps/small_uid-50d95d234ade1b4c)
[INFO] [stdout] 
[INFO] [stdout] running 9 tests
[INFO] [stdout] test test::from_u64 ... ok
[INFO] [stdout] test test::test_display ... ok
[INFO] [stdout] test test::test_from ... ok
[INFO] [stdout] test test::test_from_parts ... ok
[INFO] [stdout] test test::test_from_timestamp ... ok
[INFO] [stdout] test test::test_get ... ok
[INFO] [stdout] test test::test_try_from ... ok
[INFO] [stdout] test test::test_new ... ok
[INFO] [stdout] test test::test_from_random ... ok
[INFO] [stdout] 
[INFO] [stdout] test result: ok. 9 passed; 0 failed; 0 ignored; 0 measured; 0 filtered out; finished in 0.00s
[INFO] [stdout] 
[INFO] [stderr]    Doc-tests small_uid
[INFO] [stdout] 
[INFO] [stdout] running 3 tests
[INFO] [stdout] test src/lib.rs - (line 41) ... FAILED
[INFO] [stdout] test src/lib.rs - (line 65) ... FAILED
[INFO] [stdout] test src/lib.rs - (line 58) ... FAILED
[INFO] [stdout] 
[INFO] [stdout] failures:
[INFO] [stdout] 
[INFO] [stdout] ---- src/lib.rs - (line 41) stdout ----
[INFO] [stdout] error: expected parameter name, found `-`
[INFO] [stdout]  --> src/lib.rs:42:3
[INFO] [stdout]   |
[INFO] [stdout] 3 | |-----------------------|  |------------|
[INFO] [stdout]   |   ^ expected parameter name
[INFO] [stdout] 
[INFO] [stdout] error: aborting due to 1 previous error
[INFO] [stdout] 
[INFO] [stdout] Couldn't compile the test.
[INFO] [stdout] ---- src/lib.rs - (line 65) stdout ----
[INFO] [stdout] error[E0433]: failed to resolve: use of undeclared type `SmallUid`
[INFO] [stdout]  --> src/lib.rs:66:16
[INFO] [stdout]   |
[INFO] [stdout] 3 | let smalluid = SmallUid::new();
[INFO] [stdout]   |                ^^^^^^^^ use of undeclared type `SmallUid`
[INFO] [stdout]   |
[INFO] [stdout] help: consider importing this struct
[INFO] [stdout]   |
[INFO] [stdout] 2 + use small_uid::SmallUid;
[INFO] [stdout]   |
[INFO] [stdout] 
[INFO] [stdout] error: aborting due to 1 previous error
[INFO] [stdout] 
[INFO] [stdout] For more information about this error, try `rustc --explain E0433`.
[INFO] [stdout] Couldn't compile the test.
[INFO] [stdout] ---- src/lib.rs - (line 58) stdout ----
[INFO] [stdout] error[E0433]: failed to resolve: use of undeclared type `SmallUid`
[INFO] [stdout]  --> src/lib.rs:59:17
[INFO] [stdout]   |
[INFO] [stdout] 3 | let smalluid1 = SmallUid::new();
[INFO] [stdout]   |                 ^^^^^^^^ use of undeclared type `SmallUid`
[INFO] [stdout]   |
[INFO] [stdout] help: consider importing this struct
[INFO] [stdout]   |
[INFO] [stdout] 2 + use small_uid::SmallUid;
[INFO] [stdout]   |
[INFO] [stdout] 
[INFO] [stdout] error[E0433]: failed to resolve: use of undeclared type `SmallUid`
[INFO] [stdout]  --> src/lib.rs:60:17
[INFO] [stdout]   |
[INFO] [stdout] 4 | let smalluid2 = SmallUid::try_from("GSntNvOw6n8".to_string()).unwrap();
[INFO] [stdout]   |                 ^^^^^^^^ use of undeclared type `SmallUid`
[INFO] [stdout]   |
[INFO] [stdout] help: consider importing this struct
[INFO] [stdout]   |
[INFO] [stdout] 2 + use small_uid::SmallUid;
[INFO] [stdout]   |
[INFO] [stdout] 
[INFO] [stdout] error: aborting due to 2 previous errors
[INFO] [stdout] 
[INFO] [stdout] For more information about this error, try `rustc --explain E0433`.
[INFO] [stdout] Couldn't compile the test.
[INFO] [stdout] 
[INFO] [stdout] failures:
[INFO] [stdout]     src/lib.rs - (line 41)
[INFO] [stdout]     src/lib.rs - (line 58)
[INFO] [stdout]     src/lib.rs - (line 65)
[INFO] [stdout] 
[INFO] [stdout] test result: FAILED. 0 passed; 3 failed; 0 ignored; 0 measured; 0 filtered out; finished in 0.04s
[INFO] [stdout] 
[INFO] [stderr] error: doctest failed, to rerun pass `--doc`
[INFO] running `Command { std: "docker" "inspect" "58003096ede785d90aa30f0ea6441dbe737ac746e2c78ec0de6486c24d0518d3", kill_on_drop: false }`
[INFO] running `Command { std: "docker" "rm" "-f" "58003096ede785d90aa30f0ea6441dbe737ac746e2c78ec0de6486c24d0518d3", kill_on_drop: false }`
[INFO] [stdout] 58003096ede785d90aa30f0ea6441dbe737ac746e2c78ec0de6486c24d0518d3
