[INFO] cloning repository https://github.com/akseven6221/db_rs
[INFO] running `Command { std: "git" "-c" "credential.helper=" "-c" "credential.helper=/workspace/cargo-home/bin/git-credential-null" "clone" "--bare" "https://github.com/akseven6221/db_rs" "/workspace/cache/git-repos/https%3A%2F%2Fgithub.com%2Fakseven6221%2Fdb_rs", kill_on_drop: false }`
[INFO] [stderr] Cloning into bare repository '/workspace/cache/git-repos/https%3A%2F%2Fgithub.com%2Fakseven6221%2Fdb_rs'...
[INFO] running `Command { std: "git" "rev-parse" "HEAD", kill_on_drop: false }`
[INFO] [stdout] 52e9f87f8da3a8440ebce18e1d7259276158a910
[INFO] testing akseven6221/db_rs/52e9f87f8da3a8440ebce18e1d7259276158a910 against nightly-2024-10-28+rustflags=-Zrandomize-layout for randomize-layout
[INFO] running `Command { std: "git" "clone" "/workspace/cache/git-repos/https%3A%2F%2Fgithub.com%2Fakseven6221%2Fdb_rs" "/workspace/builds/worker-1-tc2/source", kill_on_drop: false }`
[INFO] [stderr] Cloning into '/workspace/builds/worker-1-tc2/source'...
[INFO] [stderr] done.
[INFO] validating manifest of git repo https://github.com/akseven6221/db_rs on toolchain nightly-2024-10-28
[INFO] running `Command { std: CARGO_HOME="/workspace/cargo-home" RUSTUP_HOME="/workspace/rustup-home" "/workspace/cargo-home/bin/cargo" "+nightly-2024-10-28" "metadata" "--manifest-path" "Cargo.toml" "--no-deps", kill_on_drop: false }`
[INFO] started tweaking git repo https://github.com/akseven6221/db_rs
[INFO] removed 0 missing examples
[INFO] finished tweaking git repo https://github.com/akseven6221/db_rs
[INFO] tweaked toml for git repo https://github.com/akseven6221/db_rs written to /workspace/builds/worker-1-tc2/source/Cargo.toml
[INFO] crate git repo https://github.com/akseven6221/db_rs already has a lockfile, it will not be regenerated
[INFO] running `Command { std: CARGO_HOME="/workspace/cargo-home" RUSTUP_HOME="/workspace/rustup-home" "/workspace/cargo-home/bin/cargo" "+nightly-2024-10-28" "fetch" "--manifest-path" "Cargo.toml", kill_on_drop: false }`
[INFO] running `Command { std: "docker" "create" "-v" "/var/lib/crater-agent-workspace/builds/worker-1-tc2/target:/opt/rustwide/target:rw,Z" "-v" "/var/lib/crater-agent-workspace/builds/worker-1-tc2/source:/opt/rustwide/workdir:ro,Z" "-v" "/var/lib/crater-agent-workspace/cargo-home:/opt/rustwide/cargo-home:ro,Z" "-v" "/var/lib/crater-agent-workspace/rustup-home:/opt/rustwide/rustup-home:ro,Z" "-e" "SOURCE_DIR=/opt/rustwide/workdir" "-e" "CARGO_TARGET_DIR=/opt/rustwide/target" "-e" "CARGO_HOME=/opt/rustwide/cargo-home" "-e" "RUSTUP_HOME=/opt/rustwide/rustup-home" "-w" "/opt/rustwide/workdir" "-m" "1610612736" "--user" "0:0" "--network" "none" "ghcr.io/rust-lang/crates-build-env/linux@sha256:4a844ea9eb2546a2d2c7022eacef16ef2e8229c7fbb2c7d4d55a9ceca922f72d" "/opt/rustwide/cargo-home/bin/cargo" "+nightly-2024-10-28" "metadata" "--no-deps" "--format-version=1", kill_on_drop: false }`
[INFO] [stdout] ff3fd190ae5765edeed9075e16e1b05153d35ff5d63ad3b3bf1a722dd409ad17
[INFO] running `Command { std: "docker" "start" "-a" "ff3fd190ae5765edeed9075e16e1b05153d35ff5d63ad3b3bf1a722dd409ad17", kill_on_drop: false }`
[INFO] running `Command { std: "docker" "inspect" "ff3fd190ae5765edeed9075e16e1b05153d35ff5d63ad3b3bf1a722dd409ad17", kill_on_drop: false }`
[INFO] running `Command { std: "docker" "rm" "-f" "ff3fd190ae5765edeed9075e16e1b05153d35ff5d63ad3b3bf1a722dd409ad17", kill_on_drop: false }`
[INFO] [stdout] ff3fd190ae5765edeed9075e16e1b05153d35ff5d63ad3b3bf1a722dd409ad17
[INFO] running `Command { std: "docker" "create" "-v" "/var/lib/crater-agent-workspace/builds/worker-1-tc2/target:/opt/rustwide/target:rw,Z" "-v" "/var/lib/crater-agent-workspace/builds/worker-1-tc2/source:/opt/rustwide/workdir:ro,Z" "-v" "/var/lib/crater-agent-workspace/cargo-home:/opt/rustwide/cargo-home:ro,Z" "-v" "/var/lib/crater-agent-workspace/rustup-home:/opt/rustwide/rustup-home:ro,Z" "-e" "SOURCE_DIR=/opt/rustwide/workdir" "-e" "CARGO_TARGET_DIR=/opt/rustwide/target" "-e" "CARGO_INCREMENTAL=0" "-e" "RUST_BACKTRACE=full" "-e" "RUSTFLAGS=--cap-lints=forbid -Zrandomize-layout" "-e" "RUSTDOCFLAGS=--cap-lints=forbid" "-e" "CARGO_HOME=/opt/rustwide/cargo-home" "-e" "RUSTUP_HOME=/opt/rustwide/rustup-home" "-w" "/opt/rustwide/workdir" "-m" "1610612736" "--user" "0:0" "--network" "none" "ghcr.io/rust-lang/crates-build-env/linux@sha256:4a844ea9eb2546a2d2c7022eacef16ef2e8229c7fbb2c7d4d55a9ceca922f72d" "/opt/rustwide/cargo-home/bin/cargo" "+nightly-2024-10-28" "build" "--frozen" "--message-format=json", kill_on_drop: false }`
[INFO] [stdout] 0cf72154d41aa0dd9dd95b5cce7e797ea4040d8ef96e141f0bcb2cda04509703
[INFO] running `Command { std: "docker" "start" "-a" "0cf72154d41aa0dd9dd95b5cce7e797ea4040d8ef96e141f0bcb2cda04509703", kill_on_drop: false }`
[INFO] [stderr]    Compiling proc-macro2 v1.0.81
[INFO] [stderr]    Compiling unicode-ident v1.0.12
[INFO] [stderr]    Compiling libc v0.2.153
[INFO] [stderr]    Compiling memchr v2.7.2
[INFO] [stderr]    Compiling autocfg v1.2.0
[INFO] [stderr]    Compiling anyhow v1.0.82
[INFO] [stderr]    Compiling syn v1.0.109
[INFO] [stderr]    Compiling either v1.11.0
[INFO] [stderr]    Compiling cfg-if v1.0.0
[INFO] [stderr]    Compiling regex-syntax v0.8.3
[INFO] [stderr]    Compiling parking_lot_core v0.9.10
[INFO] [stderr]    Compiling itertools v0.10.5
[INFO] [stderr]    Compiling lock_api v0.4.12
[INFO] [stderr]    Compiling scopeguard v1.2.0
[INFO] [stderr]    Compiling smallvec v1.13.2
[INFO] [stderr]    Compiling aho-corasick v1.1.3
[INFO] [stderr]    Compiling thiserror v1.0.59
[INFO] [stderr]    Compiling quote v1.0.36
[INFO] [stderr]    Compiling syn v2.0.60
[INFO] [stderr]    Compiling is-terminal v0.4.12
[INFO] [stderr]    Compiling termcolor v1.4.1
[INFO] [stderr]    Compiling log v0.4.21
[INFO] [stderr]    Compiling humantime v2.1.0
[INFO] [stderr]    Compiling bytes v1.6.0
[INFO] [stderr]    Compiling parking_lot v0.12.2
[INFO] [stderr]    Compiling crc32fast v1.4.2
[INFO] [stderr]    Compiling regex-automata v0.4.6
[INFO] [stderr]    Compiling thiserror-impl v1.0.59
[INFO] [stderr]    Compiling prost-derive v0.11.9
[INFO] [stderr]    Compiling regex v1.10.4
[INFO] [stderr]    Compiling env_logger v0.10.2
[INFO] [stderr]    Compiling prost v0.11.9
[INFO] [stderr]    Compiling bitcask-rs v0.1.0 (/opt/rustwide/workdir)
[INFO] [stdout] warning: unused import: `self`
[INFO] [stdout]   --> src/data/data_file.rs:14:5
[INFO] [stdout]    |
[INFO] [stdout] 14 |     self, max_log_record_header_size, LogRecord, LogRecordType, ReadLogRecord,
[INFO] [stdout]    |     ^^^^
[INFO] [stdout]    |
[INFO] [stdout]    = note: `#[warn(unused_imports)]` on by default
[INFO] [stdout] 
[INFO] [stdout] 
[INFO] [stdout] warning: methods `list_keys` and `iterator` are never used
[INFO] [stdout]   --> src/index/mod.rs:23:8
[INFO] [stdout]    |
[INFO] [stdout] 12 | pub trait Indexer: Sync + Send {
[INFO] [stdout]    |           ------- methods in this trait
[INFO] [stdout] ...
[INFO] [stdout] 23 |     fn list_keys(&self) -> Result<Vec<Bytes>>;
[INFO] [stdout]    |        ^^^^^^^^^
[INFO] [stdout] 24 |     /// 返回索引迭代器
[INFO] [stdout] 25 |     fn iterator(&self, options: IteratorOptions) -> Box<dyn IndexIterator>;
[INFO] [stdout]    |        ^^^^^^^^
[INFO] [stdout]    |
[INFO] [stdout]    = note: `#[warn(dead_code)]` on by default
[INFO] [stdout] 
[INFO] [stdout] 
[INFO] [stdout] warning: methods `rewind`, `seek`, and `next` are never used
[INFO] [stdout]   --> src/index/mod.rs:39:8
[INFO] [stdout]    |
[INFO] [stdout] 37 | pub trait IndexIterator: Sync + Send {
[INFO] [stdout]    |           ------------- methods in this trait
[INFO] [stdout] 38 |     /// rewind 重新回到迭代器的起点，即第一个数据
[INFO] [stdout] 39 |     fn rewind(&mut self);
[INFO] [stdout]    |        ^^^^^^
[INFO] [stdout] ...
[INFO] [stdout] 42 |     fn seek(&mut self, key: Vec<u8>);
[INFO] [stdout]    |        ^^^^
[INFO] [stdout] ...
[INFO] [stdout] 45 |     fn next(&mut self) -> Option<(&Vec<u8>, &LogRecordPos)>;
[INFO] [stdout]    |        ^^^^
[INFO] [stdout] 
[INFO] [stdout] 
[INFO] [stdout] warning: function `get_test_key` is never used
[INFO] [stdout]  --> src/util/rand_kv.rs:3:8
[INFO] [stdout]   |
[INFO] [stdout] 3 | pub fn get_test_key(i: usize) -> Bytes {
[INFO] [stdout]   |        ^^^^^^^^^^^^
[INFO] [stdout] 
[INFO] [stdout] 
[INFO] [stdout] warning: function `get_test_value` is never used
[INFO] [stdout]  --> src/util/rand_kv.rs:7:8
[INFO] [stdout]   |
[INFO] [stdout] 7 | pub fn get_test_value(i: usize) -> Bytes {
[INFO] [stdout]   |        ^^^^^^^^^^^^^^
[INFO] [stdout] 
[INFO] [stdout] 
[INFO] [stderr]     Finished `dev` profile [unoptimized + debuginfo] target(s) in 8.56s
[INFO] running `Command { std: "docker" "inspect" "0cf72154d41aa0dd9dd95b5cce7e797ea4040d8ef96e141f0bcb2cda04509703", kill_on_drop: false }`
[INFO] running `Command { std: "docker" "rm" "-f" "0cf72154d41aa0dd9dd95b5cce7e797ea4040d8ef96e141f0bcb2cda04509703", kill_on_drop: false }`
[INFO] [stdout] 0cf72154d41aa0dd9dd95b5cce7e797ea4040d8ef96e141f0bcb2cda04509703
[INFO] running `Command { std: "docker" "create" "-v" "/var/lib/crater-agent-workspace/builds/worker-1-tc2/target:/opt/rustwide/target:rw,Z" "-v" "/var/lib/crater-agent-workspace/builds/worker-1-tc2/source:/opt/rustwide/workdir:ro,Z" "-v" "/var/lib/crater-agent-workspace/cargo-home:/opt/rustwide/cargo-home:ro,Z" "-v" "/var/lib/crater-agent-workspace/rustup-home:/opt/rustwide/rustup-home:ro,Z" "-e" "SOURCE_DIR=/opt/rustwide/workdir" "-e" "CARGO_TARGET_DIR=/opt/rustwide/target" "-e" "CARGO_INCREMENTAL=0" "-e" "RUST_BACKTRACE=full" "-e" "RUSTFLAGS=--cap-lints=forbid -Zrandomize-layout" "-e" "RUSTDOCFLAGS=--cap-lints=forbid" "-e" "CARGO_HOME=/opt/rustwide/cargo-home" "-e" "RUSTUP_HOME=/opt/rustwide/rustup-home" "-w" "/opt/rustwide/workdir" "-m" "1610612736" "--user" "0:0" "--network" "none" "ghcr.io/rust-lang/crates-build-env/linux@sha256:4a844ea9eb2546a2d2c7022eacef16ef2e8229c7fbb2c7d4d55a9ceca922f72d" "/opt/rustwide/cargo-home/bin/cargo" "+nightly-2024-10-28" "test" "--frozen" "--no-run" "--message-format=json", kill_on_drop: false }`
[INFO] [stdout] cfd9f192314bfbf365924120799048d7fc21fb46ded63bf8c2a37cd029bfd45c
[INFO] running `Command { std: "docker" "start" "-a" "cfd9f192314bfbf365924120799048d7fc21fb46ded63bf8c2a37cd029bfd45c", kill_on_drop: false }`
[INFO] [stdout] warning: unused import: `self`
[INFO] [stdout]   --> src/data/data_file.rs:14:5
[INFO] [stdout]    |
[INFO] [stdout] 14 |     self, max_log_record_header_size, LogRecord, LogRecordType, ReadLogRecord,
[INFO] [stdout]    |     ^^^^
[INFO] [stdout]    |
[INFO] [stdout]    = note: `#[warn(unused_imports)]` on by default
[INFO] [stdout] 
[INFO] [stdout] 
[INFO] [stdout] warning: methods `list_keys` and `iterator` are never used
[INFO] [stdout]   --> src/index/mod.rs:23:8
[INFO] [stdout]    |
[INFO] [stdout] 12 | pub trait Indexer: Sync + Send {
[INFO] [stdout]    |           ------- methods in this trait
[INFO] [stdout] ...
[INFO] [stdout] 23 |     fn list_keys(&self) -> Result<Vec<Bytes>>;
[INFO] [stdout]    |        ^^^^^^^^^
[INFO] [stdout] 24 |     /// 返回索引迭代器
[INFO] [stdout] 25 |     fn iterator(&self, options: IteratorOptions) -> Box<dyn IndexIterator>;
[INFO] [stdout]    |        ^^^^^^^^
[INFO] [stdout]    |
[INFO] [stdout]    = note: `#[warn(dead_code)]` on by default
[INFO] [stdout] 
[INFO] [stdout] 
[INFO] [stdout] warning: methods `rewind`, `seek`, and `next` are never used
[INFO] [stdout]   --> src/index/mod.rs:39:8
[INFO] [stdout]    |
[INFO] [stdout] 37 | pub trait IndexIterator: Sync + Send {
[INFO] [stdout]    |           ------------- methods in this trait
[INFO] [stdout] 38 |     /// rewind 重新回到迭代器的起点，即第一个数据
[INFO] [stdout] 39 |     fn rewind(&mut self);
[INFO] [stdout]    |        ^^^^^^
[INFO] [stdout] ...
[INFO] [stdout] 42 |     fn seek(&mut self, key: Vec<u8>);
[INFO] [stdout]    |        ^^^^
[INFO] [stdout] ...
[INFO] [stdout] 45 |     fn next(&mut self) -> Option<(&Vec<u8>, &LogRecordPos)>;
[INFO] [stdout]    |        ^^^^
[INFO] [stdout] 
[INFO] [stdout] 
[INFO] [stdout] warning: function `get_test_key` is never used
[INFO] [stdout]  --> src/util/rand_kv.rs:3:8
[INFO] [stdout]   |
[INFO] [stdout] 3 | pub fn get_test_key(i: usize) -> Bytes {
[INFO] [stdout]   |        ^^^^^^^^^^^^
[INFO] [stdout] 
[INFO] [stdout] 
[INFO] [stdout] warning: function `get_test_value` is never used
[INFO] [stdout]  --> src/util/rand_kv.rs:7:8
[INFO] [stdout]   |
[INFO] [stdout] 7 | pub fn get_test_value(i: usize) -> Bytes {
[INFO] [stdout]   |        ^^^^^^^^^^^^^^
[INFO] [stdout] 
[INFO] [stdout] 
[INFO] [stderr]    Compiling bitcask-rs v0.1.0 (/opt/rustwide/workdir)
[INFO] [stdout] warning: unused import: `self`
[INFO] [stdout]   --> src/data/data_file.rs:14:5
[INFO] [stdout]    |
[INFO] [stdout] 14 |     self, max_log_record_header_size, LogRecord, LogRecordType, ReadLogRecord,
[INFO] [stdout]    |     ^^^^
[INFO] [stdout]    |
[INFO] [stdout]    = note: `#[warn(unused_imports)]` on by default
[INFO] [stdout] 
[INFO] [stdout] 
[INFO] [stdout] warning: unused imports: `data_file` and `self`
[INFO] [stdout]    --> src/data/data_file.rs:127:23
[INFO] [stdout]     |
[INFO] [stdout] 127 |     use crate::data::{self, data_file};
[INFO] [stdout]     |                       ^^^^  ^^^^^^^^^
[INFO] [stdout] 
[INFO] [stdout] 
[INFO] [stdout] warning: method `list_keys` is never used
[INFO] [stdout]   --> src/index/mod.rs:23:8
[INFO] [stdout]    |
[INFO] [stdout] 12 | pub trait Indexer: Sync + Send {
[INFO] [stdout]    |           ------- method in this trait
[INFO] [stdout] ...
[INFO] [stdout] 23 |     fn list_keys(&self) -> Result<Vec<Bytes>>;
[INFO] [stdout]    |        ^^^^^^^^^
[INFO] [stdout]    |
[INFO] [stdout]    = note: `#[warn(dead_code)]` on by default
[INFO] [stdout] 
[INFO] [stdout] 
[INFO] [stdout] warning: method `rewind` is never used
[INFO] [stdout]   --> src/index/mod.rs:39:8
[INFO] [stdout]    |
[INFO] [stdout] 37 | pub trait IndexIterator: Sync + Send {
[INFO] [stdout]    |           ------------- method in this trait
[INFO] [stdout] 38 |     /// rewind 重新回到迭代器的起点，即第一个数据
[INFO] [stdout] 39 |     fn rewind(&mut self);
[INFO] [stdout]    |        ^^^^^^
[INFO] [stdout] 
[INFO] [stdout] 
[INFO] [stderr]     Finished `test` profile [unoptimized + debuginfo] target(s) in 0.71s
[INFO] running `Command { std: "docker" "inspect" "cfd9f192314bfbf365924120799048d7fc21fb46ded63bf8c2a37cd029bfd45c", kill_on_drop: false }`
[INFO] running `Command { std: "docker" "rm" "-f" "cfd9f192314bfbf365924120799048d7fc21fb46ded63bf8c2a37cd029bfd45c", kill_on_drop: false }`
[INFO] [stdout] cfd9f192314bfbf365924120799048d7fc21fb46ded63bf8c2a37cd029bfd45c
[INFO] running `Command { std: "docker" "create" "-v" "/var/lib/crater-agent-workspace/builds/worker-1-tc2/target:/opt/rustwide/target:rw,Z" "-v" "/var/lib/crater-agent-workspace/builds/worker-1-tc2/source:/opt/rustwide/workdir:ro,Z" "-v" "/var/lib/crater-agent-workspace/cargo-home:/opt/rustwide/cargo-home:ro,Z" "-v" "/var/lib/crater-agent-workspace/rustup-home:/opt/rustwide/rustup-home:ro,Z" "-e" "SOURCE_DIR=/opt/rustwide/workdir" "-e" "CARGO_TARGET_DIR=/opt/rustwide/target" "-e" "CARGO_INCREMENTAL=0" "-e" "RUST_BACKTRACE=full" "-e" "RUSTFLAGS=--cap-lints=forbid -Zrandomize-layout" "-e" "RUSTDOCFLAGS=--cap-lints=forbid" "-e" "CARGO_HOME=/opt/rustwide/cargo-home" "-e" "RUSTUP_HOME=/opt/rustwide/rustup-home" "-w" "/opt/rustwide/workdir" "-m" "1610612736" "--user" "0:0" "--network" "none" "ghcr.io/rust-lang/crates-build-env/linux@sha256:4a844ea9eb2546a2d2c7022eacef16ef2e8229c7fbb2c7d4d55a9ceca922f72d" "/opt/rustwide/cargo-home/bin/cargo" "+nightly-2024-10-28" "test" "--frozen", kill_on_drop: false }`
[INFO] [stdout] 28945c9576e7603e8e6f90aa08e0dc991acc14e25524f7c8597108c1328f5041
[INFO] running `Command { std: "docker" "start" "-a" "28945c9576e7603e8e6f90aa08e0dc991acc14e25524f7c8597108c1328f5041", kill_on_drop: false }`
[INFO] [stderr] warning: unused import: `self`
[INFO] [stderr]   --> src/data/data_file.rs:14:5
[INFO] [stderr]    |
[INFO] [stderr] 14 |     self, max_log_record_header_size, LogRecord, LogRecordType, ReadLogRecord,
[INFO] [stderr]    |     ^^^^
[INFO] [stderr]    |
[INFO] [stderr]    = note: `#[warn(unused_imports)]` on by default
[INFO] [stderr] 
[INFO] [stderr] warning: methods `list_keys` and `iterator` are never used
[INFO] [stderr]   --> src/index/mod.rs:23:8
[INFO] [stderr]    |
[INFO] [stderr] 12 | pub trait Indexer: Sync + Send {
[INFO] [stderr]    |           ------- methods in this trait
[INFO] [stderr] ...
[INFO] [stderr] 23 |     fn list_keys(&self) -> Result<Vec<Bytes>>;
[INFO] [stderr]    |        ^^^^^^^^^
[INFO] [stderr] 24 |     /// 返回索引迭代器
[INFO] [stderr] 25 |     fn iterator(&self, options: IteratorOptions) -> Box<dyn IndexIterator>;
[INFO] [stderr]    |        ^^^^^^^^
[INFO] [stderr]    |
[INFO] [stderr]    = note: `#[warn(dead_code)]` on by default
[INFO] [stderr] 
[INFO] [stderr] warning: methods `rewind`, `seek`, and `next` are never used
[INFO] [stderr]   --> src/index/mod.rs:39:8
[INFO] [stderr]    |
[INFO] [stderr] 37 | pub trait IndexIterator: Sync + Send {
[INFO] [stderr]    |           ------------- methods in this trait
[INFO] [stderr] 38 |     /// rewind 重新回到迭代器的起点，即第一个数据
[INFO] [stderr] 39 |     fn rewind(&mut self);
[INFO] [stderr]    |        ^^^^^^
[INFO] [stderr] ...
[INFO] [stderr] 42 |     fn seek(&mut self, key: Vec<u8>);
[INFO] [stderr]    |        ^^^^
[INFO] [stderr] ...
[INFO] [stderr] 45 |     fn next(&mut self) -> Option<(&Vec<u8>, &LogRecordPos)>;
[INFO] [stderr]    |        ^^^^
[INFO] [stderr] 
[INFO] [stderr] warning: function `get_test_key` is never used
[INFO] [stderr]  --> src/util/rand_kv.rs:3:8
[INFO] [stderr]   |
[INFO] [stderr] 3 | pub fn get_test_key(i: usize) -> Bytes {
[INFO] [stderr]   |        ^^^^^^^^^^^^
[INFO] [stderr] 
[INFO] [stderr] warning: function `get_test_value` is never used
[INFO] [stderr]  --> src/util/rand_kv.rs:7:8
[INFO] [stderr]   |
[INFO] [stderr] 7 | pub fn get_test_value(i: usize) -> Bytes {
[INFO] [stderr]   |        ^^^^^^^^^^^^^^
[INFO] [stderr] 
[INFO] [stderr] warning: unused imports: `data_file` and `self`
[INFO] [stderr]    --> src/data/data_file.rs:127:23
[INFO] [stderr]     |
[INFO] [stderr] 127 |     use crate::data::{self, data_file};
[INFO] [stderr]     |                       ^^^^  ^^^^^^^^^
[INFO] [stderr] 
[INFO] [stderr] warning: method `list_keys` is never used
[INFO] [stderr]   --> src/index/mod.rs:23:8
[INFO] [stderr]    |
[INFO] [stderr] 12 | pub trait Indexer: Sync + Send {
[INFO] [stderr]    |           ------- method in this trait
[INFO] [stderr] ...
[INFO] [stderr] 23 |     fn list_keys(&self) -> Result<Vec<Bytes>>;
[INFO] [stderr]    |        ^^^^^^^^^
[INFO] [stderr]    |
[INFO] [stderr]    = note: `#[warn(dead_code)]` on by default
[INFO] [stderr] 
[INFO] [stderr] warning: method `rewind` is never used
[INFO] [stderr]   --> src/index/mod.rs:39:8
[INFO] [stderr]    |
[INFO] [stderr] 37 | pub trait IndexIterator: Sync + Send {
[INFO] [stderr]    |           ------------- method in this trait
[INFO] [stderr] 38 |     /// rewind 重新回到迭代器的起点，即第一个数据
[INFO] [stderr] 39 |     fn rewind(&mut self);
[INFO] [stderr]    |        ^^^^^^
[INFO] [stderr] 
[INFO] [stderr] warning: `bitcask-rs` (lib) generated 5 warnings (run `cargo fix --lib -p bitcask-rs` to apply 1 suggestion)
[INFO] [stderr] warning: `bitcask-rs` (lib test) generated 4 warnings (1 duplicate) (run `cargo fix --lib -p bitcask-rs --tests` to apply 1 suggestion)
[INFO] [stderr]     Finished `test` profile [unoptimized + debuginfo] target(s) in 0.02s
[INFO] [stderr]      Running unittests src/lib.rs (/opt/rustwide/target/debug/deps/bitcask_rs-f748f08bddb83073)
[INFO] [stdout] 
[INFO] [stdout] running 19 tests
[INFO] [stdout] test data::log_record::tests::test_log_record_encode_and_crc ... ok
[INFO] [stdout] test data::data_file::tests::test_data_file_read_log_record ... ok
[INFO] [stdout] test data::data_file::tests::test_new_data_write ... ok
[INFO] [stdout] test data::data_file::tests::test_data_file_sync ... ok
[INFO] [stdout] test fio::file_io::tests::test_file_io_read ... ok
[INFO] [stdout] test db_tests::test_engine_delete ... ok
[INFO] [stdout] test data::data_file::tests::test_new_data_file ... ok
[INFO] [stdout] test index::btree::tests::test_btree_delete ... ok
[INFO] [stdout] test fio::file_io::tests::test_file_io_write ... ok
[INFO] [stdout] test index::btree::tests::test_btree_get ... ok
[INFO] [stdout] test index::btree::tests::test_btree_iterator_seek ... ok
[INFO] [stdout] test index::btree::tests::test_btree_iterator_next ... ok
[INFO] [stdout] test index::btree::tests::test_btree_put ... ok
[INFO] [stdout] test util::rand_kv::test_get_test_key_value ... ok
[INFO] [stdout] test db_tests::test_engine_close ... ok
[INFO] [stdout] test db_tests::test_engine_sync ... ok
[INFO] [stdout] test fio::file_io::tests::test_file_io_sync ... ok
[INFO] [stdout] test db_tests::test_engine_get ... FAILED
[INFO] [stdout] test db_tests::test_engine_put ... FAILED
[INFO] [stdout] 
[INFO] [stdout] failures:
[INFO] [stdout] 
[INFO] [stdout] ---- db_tests::test_engine_get stdout ----
[INFO] [stdout] offset0
[INFO] [stdout] offset210
[INFO] [stdout] thread 'db_tests::test_engine_get' panicked at src/db_tests.rs:102:9:
[INFO] [stdout] assertion failed: res.is_ok()
[INFO] [stdout] stack backtrace:
[INFO] [stdout]    0:     0x62fc636979da - std::backtrace_rs::backtrace::libunwind::trace::h207520d6e9873551
[INFO] [stdout]                                at /rustc/df4ca44d3fbc9301ee17f30f4d474e6ae4b05252/library/std/src/../../backtrace/src/backtrace/libunwind.rs:116:5
[INFO] [stdout]    1:     0x62fc636979da - std::backtrace_rs::backtrace::trace_unsynchronized::h2ed7433f370e3eca
[INFO] [stdout]                                at /rustc/df4ca44d3fbc9301ee17f30f4d474e6ae4b05252/library/std/src/../../backtrace/src/backtrace/mod.rs:66:5
[INFO] [stdout]    2:     0x62fc636979da - std::sys::backtrace::_print_fmt::h916fac51166b18d7
[INFO] [stdout]                                at /rustc/df4ca44d3fbc9301ee17f30f4d474e6ae4b05252/library/std/src/sys/backtrace.rs:66:9
[INFO] [stdout]    3:     0x62fc636979da - <std::sys::backtrace::BacktraceLock::print::DisplayBacktrace as core::fmt::Display>::fmt::ha0a4c9b8ce3802e6
[INFO] [stdout]                                at /rustc/df4ca44d3fbc9301ee17f30f4d474e6ae4b05252/library/std/src/sys/backtrace.rs:39:26
[INFO] [stdout]    4:     0x62fc636bf353 - core::fmt::rt::Argument::fmt::h4cfc8587d52b3eb5
[INFO] [stdout]                                at /rustc/df4ca44d3fbc9301ee17f30f4d474e6ae4b05252/library/core/src/fmt/rt.rs:177:76
[INFO] [stdout]    5:     0x62fc636bf353 - core::fmt::write::h522cc39e5b36ae9f
[INFO] [stdout]                                at /rustc/df4ca44d3fbc9301ee17f30f4d474e6ae4b05252/library/core/src/fmt/mod.rs:1190:21
[INFO] [stdout]    6:     0x62fc63694313 - std::io::Write::write_fmt::h7d3c26752da97734
[INFO] [stdout]                                at /rustc/df4ca44d3fbc9301ee17f30f4d474e6ae4b05252/library/std/src/io/mod.rs:1839:15
[INFO] [stdout]    7:     0x62fc63697822 - std::sys::backtrace::BacktraceLock::print::h4b9e00b29e9c0942
[INFO] [stdout]                                at /rustc/df4ca44d3fbc9301ee17f30f4d474e6ae4b05252/library/std/src/sys/backtrace.rs:42:9
[INFO] [stdout]    8:     0x62fc63698e6a - std::panicking::default_hook::{{closure}}::hb59b88280d0324d9
[INFO] [stdout]                                at /rustc/df4ca44d3fbc9301ee17f30f4d474e6ae4b05252/library/std/src/panicking.rs:268:22
[INFO] [stdout]    9:     0x62fc63698c74 - std::panicking::default_hook::he1dd496665be4a29
[INFO] [stdout]                                at /rustc/df4ca44d3fbc9301ee17f30f4d474e6ae4b05252/library/std/src/panicking.rs:292:9
[INFO] [stdout]   10:     0x62fc63645b89 - <alloc::boxed::Box<F,A> as core::ops::function::Fn<Args>>::call::h4ff71de18744e1dc
[INFO] [stdout]                                at /rustc/df4ca44d3fbc9301ee17f30f4d474e6ae4b05252/library/alloc/src/boxed.rs:2468:9
[INFO] [stdout]   11:     0x62fc63645b89 - test::test_main::{{closure}}::hcf7c055ce117aa81
[INFO] [stdout]                                at /rustc/df4ca44d3fbc9301ee17f30f4d474e6ae4b05252/library/test/src/lib.rs:133:21
[INFO] [stdout]   12:     0x62fc63699568 - <alloc::boxed::Box<F,A> as core::ops::function::Fn<Args>>::call::h1d66c6bbd60c9692
[INFO] [stdout]                                at /rustc/df4ca44d3fbc9301ee17f30f4d474e6ae4b05252/library/alloc/src/boxed.rs:2468:9
[INFO] [stdout]   13:     0x62fc63699568 - std::panicking::rust_panic_with_hook::h2ff17fe8f26dfcf8
[INFO] [stdout]                                at /rustc/df4ca44d3fbc9301ee17f30f4d474e6ae4b05252/library/std/src/panicking.rs:809:13
[INFO] [stdout]   14:     0x62fc636992f6 - std::panicking::begin_panic_handler::{{closure}}::h4fad77951c07e101
[INFO] [stdout]                                at /rustc/df4ca44d3fbc9301ee17f30f4d474e6ae4b05252/library/std/src/panicking.rs:667:13
[INFO] [stdout]   15:     0x62fc63697eb9 - std::sys::backtrace::__rust_end_short_backtrace::hb1a25b3da5d0ea08
[INFO] [stdout]                                at /rustc/df4ca44d3fbc9301ee17f30f4d474e6ae4b05252/library/std/src/sys/backtrace.rs:170:18
[INFO] [stdout]   16:     0x62fc63698fbc - rust_begin_unwind
[INFO] [stdout]                                at /rustc/df4ca44d3fbc9301ee17f30f4d474e6ae4b05252/library/std/src/panicking.rs:665:5
[INFO] [stdout]   17:     0x62fc636bdd50 - core::panicking::panic_fmt::ha9db07b529f9b256
[INFO] [stdout]                                at /rustc/df4ca44d3fbc9301ee17f30f4d474e6ae4b05252/library/core/src/panicking.rs:75:14
[INFO] [stdout]   18:     0x62fc636bdddc - core::panicking::panic::h993086813d94accc
[INFO] [stdout]                                at /rustc/df4ca44d3fbc9301ee17f30f4d474e6ae4b05252/library/core/src/panicking.rs:152:5
[INFO] [stdout]   19:     0x62fc635e2ba1 - bitcask_rs::db_tests::test_engine_get::h6247bcd995e38a71
[INFO] [stdout]                                at /opt/rustwide/workdir/src/db_tests.rs:102:9
[INFO] [stdout]   20:     0x62fc635e11d7 - bitcask_rs::db_tests::test_engine_get::{{closure}}::h96830da1cf4d8cb7
[INFO] [stdout]                                at /opt/rustwide/workdir/src/db_tests.rs:66:21
[INFO] [stdout]   21:     0x62fc635edc86 - core::ops::function::FnOnce::call_once::hb2dced5ed562b1ee
[INFO] [stdout]                                at /rustc/df4ca44d3fbc9301ee17f30f4d474e6ae4b05252/library/core/src/ops/function.rs:250:5
[INFO] [stdout]   22:     0x62fc6364a45b - core::ops::function::FnOnce::call_once::h22c3ba5715e93f05
[INFO] [stdout]                                at /rustc/df4ca44d3fbc9301ee17f30f4d474e6ae4b05252/library/core/src/ops/function.rs:250:5
[INFO] [stdout]   23:     0x62fc6364a45b - test::__rust_begin_short_backtrace::h8e82d8113d0da17f
[INFO] [stdout]                                at /rustc/df4ca44d3fbc9301ee17f30f4d474e6ae4b05252/library/test/src/lib.rs:621:18
[INFO] [stdout]   24:     0x62fc63649dd7 - test::run_test_in_process::{{closure}}::h33235f4f20b7b7c7
[INFO] [stdout]                                at /rustc/df4ca44d3fbc9301ee17f30f4d474e6ae4b05252/library/test/src/lib.rs:644:60
[INFO] [stdout]   25:     0x62fc63649dd7 - <core::panic::unwind_safe::AssertUnwindSafe<F> as core::ops::function::FnOnce<()>>::call_once::hb5043206310c586f
[INFO] [stdout]                                at /rustc/df4ca44d3fbc9301ee17f30f4d474e6ae4b05252/library/core/src/panic/unwind_safe.rs:272:9
[INFO] [stdout]   26:     0x62fc63649dd7 - std::panicking::try::do_call::h9ad4731a60ab23e2
[INFO] [stdout]                                at /rustc/df4ca44d3fbc9301ee17f30f4d474e6ae4b05252/library/std/src/panicking.rs:557:40
[INFO] [stdout]   27:     0x62fc63649dd7 - std::panicking::try::h3824d23db772a716
[INFO] [stdout]                                at /rustc/df4ca44d3fbc9301ee17f30f4d474e6ae4b05252/library/std/src/panicking.rs:520:19
[INFO] [stdout]   28:     0x62fc63649dd7 - std::panic::catch_unwind::h5afd514605fde46b
[INFO] [stdout]                                at /rustc/df4ca44d3fbc9301ee17f30f4d474e6ae4b05252/library/std/src/panic.rs:358:14
[INFO] [stdout]   29:     0x62fc63649dd7 - test::run_test_in_process::h0d5cbfa7067d1720
[INFO] [stdout]                                at /rustc/df4ca44d3fbc9301ee17f30f4d474e6ae4b05252/library/test/src/lib.rs:644:27
[INFO] [stdout]   30:     0x62fc63649dd7 - test::run_test::{{closure}}::h708eb8872708115d
[INFO] [stdout]                                at /rustc/df4ca44d3fbc9301ee17f30f4d474e6ae4b05252/library/test/src/lib.rs:565:43
[INFO] [stdout]   31:     0x62fc6360d4f4 - test::run_test::{{closure}}::h392c51cee94713ab
[INFO] [stdout]                                at /rustc/df4ca44d3fbc9301ee17f30f4d474e6ae4b05252/library/test/src/lib.rs:595:41
[INFO] [stdout]   32:     0x62fc6360d4f4 - std::sys::backtrace::__rust_begin_short_backtrace::h2f40290710935a8b
[INFO] [stdout]                                at /rustc/df4ca44d3fbc9301ee17f30f4d474e6ae4b05252/library/std/src/sys/backtrace.rs:154:18
[INFO] [stdout]   33:     0x62fc63610c9e - std::thread::Builder::spawn_unchecked_::{{closure}}::{{closure}}::h3fd968d89053a903
[INFO] [stdout]                                at /rustc/df4ca44d3fbc9301ee17f30f4d474e6ae4b05252/library/std/src/thread/mod.rs:541:17
[INFO] [stdout]   34:     0x62fc63610c9e - <core::panic::unwind_safe::AssertUnwindSafe<F> as core::ops::function::FnOnce<()>>::call_once::h743f637ba4229880
[INFO] [stdout]                                at /rustc/df4ca44d3fbc9301ee17f30f4d474e6ae4b05252/library/core/src/panic/unwind_safe.rs:272:9
[INFO] [stdout]   35:     0x62fc63610c9e - std::panicking::try::do_call::h07440897322525a6
[INFO] [stdout]                                at /rustc/df4ca44d3fbc9301ee17f30f4d474e6ae4b05252/library/std/src/panicking.rs:557:40
[INFO] [stdout]   36:     0x62fc63610c9e - std::panicking::try::he5a2e00188156637
[INFO] [stdout]                                at /rustc/df4ca44d3fbc9301ee17f30f4d474e6ae4b05252/library/std/src/panicking.rs:520:19
[INFO] [stdout]   37:     0x62fc63610c9e - std::panic::catch_unwind::hbaf3cae49b3c6433
[INFO] [stdout]                                at /rustc/df4ca44d3fbc9301ee17f30f4d474e6ae4b05252/library/std/src/panic.rs:358:14
[INFO] [stdout]   38:     0x62fc63610c9e - std::thread::Builder::spawn_unchecked_::{{closure}}::h8e141ea224820bce
[INFO] [stdout]                                at /rustc/df4ca44d3fbc9301ee17f30f4d474e6ae4b05252/library/std/src/thread/mod.rs:540:30
[INFO] [stdout]   39:     0x62fc63610c9e - core::ops::function::FnOnce::call_once{{vtable.shim}}::h90d312fedd7b8ea8
[INFO] [stdout]                                at /rustc/df4ca44d3fbc9301ee17f30f4d474e6ae4b05252/library/core/src/ops/function.rs:250:5
[INFO] [stdout]   40:     0x62fc6369e01b - <alloc::boxed::Box<F,A> as core::ops::function::FnOnce<Args>>::call_once::h69aa08ddb6adb8b6
[INFO] [stdout]                                at /rustc/df4ca44d3fbc9301ee17f30f4d474e6ae4b05252/library/alloc/src/boxed.rs:2454:9
[INFO] [stdout]   41:     0x62fc6369e01b - <alloc::boxed::Box<F,A> as core::ops::function::FnOnce<Args>>::call_once::h5aa36efdb79c806f
[INFO] [stdout]                                at /rustc/df4ca44d3fbc9301ee17f30f4d474e6ae4b05252/library/alloc/src/boxed.rs:2454:9
[INFO] [stdout]   42:     0x62fc6369e01b - std::sys::pal::unix::thread::Thread::new::thread_start::h6cd80a1b4be5158d
[INFO] [stdout]                                at /rustc/df4ca44d3fbc9301ee17f30f4d474e6ae4b05252/library/std/src/sys/pal/unix/thread.rs:105:17
[INFO] [stdout]   43:     0x7fa5e1a1cac3 - <unknown>
[INFO] [stdout]   44:     0x7fa5e1aada04 - clone
[INFO] [stdout]   45:                0x0 - <unknown>
[INFO] [stdout] 
[INFO] [stdout] ---- db_tests::test_engine_put stdout ----
[INFO] [stdout] offset0
[INFO] [stdout] offset210
[INFO] [stdout] offset252
[INFO] [stdout] thread 'db_tests::test_engine_put' panicked at src/db_tests.rs:47:9:
[INFO] [stdout] assertion failed: res.is_ok()
[INFO] [stdout] stack backtrace:
[INFO] [stdout]    0:     0x62fc636979da - std::backtrace_rs::backtrace::libunwind::trace::h207520d6e9873551
[INFO] [stdout]                                at /rustc/df4ca44d3fbc9301ee17f30f4d474e6ae4b05252/library/std/src/../../backtrace/src/backtrace/libunwind.rs:116:5
[INFO] [stdout]    1:     0x62fc636979da - std::backtrace_rs::backtrace::trace_unsynchronized::h2ed7433f370e3eca
[INFO] [stdout]                                at /rustc/df4ca44d3fbc9301ee17f30f4d474e6ae4b05252/library/std/src/../../backtrace/src/backtrace/mod.rs:66:5
[INFO] [stdout]    2:     0x62fc636979da - std::sys::backtrace::_print_fmt::h916fac51166b18d7
[INFO] [stdout]                                at /rustc/df4ca44d3fbc9301ee17f30f4d474e6ae4b05252/library/std/src/sys/backtrace.rs:66:9
[INFO] [stdout]    3:     0x62fc636979da - <std::sys::backtrace::BacktraceLock::print::DisplayBacktrace as core::fmt::Display>::fmt::ha0a4c9b8ce3802e6
[INFO] [stdout]                                at /rustc/df4ca44d3fbc9301ee17f30f4d474e6ae4b05252/library/std/src/sys/backtrace.rs:39:26
[INFO] [stdout]    4:     0x62fc636bf353 - core::fmt::rt::Argument::fmt::h4cfc8587d52b3eb5
[INFO] [stdout]                                at /rustc/df4ca44d3fbc9301ee17f30f4d474e6ae4b05252/library/core/src/fmt/rt.rs:177:76
[INFO] [stdout]    5:     0x62fc636bf353 - core::fmt::write::h522cc39e5b36ae9f
[INFO] [stdout]                                at /rustc/df4ca44d3fbc9301ee17f30f4d474e6ae4b05252/library/core/src/fmt/mod.rs:1190:21
[INFO] [stdout]    6:     0x62fc63694313 - std::io::Write::write_fmt::h7d3c26752da97734
[INFO] [stdout]                                at /rustc/df4ca44d3fbc9301ee17f30f4d474e6ae4b05252/library/std/src/io/mod.rs:1839:15
[INFO] [stdout]    7:     0x62fc63697822 - std::sys::backtrace::BacktraceLock::print::h4b9e00b29e9c0942
[INFO] [stdout]                                at /rustc/df4ca44d3fbc9301ee17f30f4d474e6ae4b05252/library/std/src/sys/backtrace.rs:42:9
[INFO] [stdout]    8:     0x62fc63698e6a - std::panicking::default_hook::{{closure}}::hb59b88280d0324d9
[INFO] [stdout]                                at /rustc/df4ca44d3fbc9301ee17f30f4d474e6ae4b05252/library/std/src/panicking.rs:268:22
[INFO] [stdout]    9:     0x62fc63698c74 - std::panicking::default_hook::he1dd496665be4a29
[INFO] [stdout]                                at /rustc/df4ca44d3fbc9301ee17f30f4d474e6ae4b05252/library/std/src/panicking.rs:292:9
[INFO] [stdout]   10:     0x62fc63645b89 - <alloc::boxed::Box<F,A> as core::ops::function::Fn<Args>>::call::h4ff71de18744e1dc
[INFO] [stdout]                                at /rustc/df4ca44d3fbc9301ee17f30f4d474e6ae4b05252/library/alloc/src/boxed.rs:2468:9
[INFO] [stdout]   11:     0x62fc63645b89 - test::test_main::{{closure}}::hcf7c055ce117aa81
[INFO] [stdout]                                at /rustc/df4ca44d3fbc9301ee17f30f4d474e6ae4b05252/library/test/src/lib.rs:133:21
[INFO] [stdout]   12:     0x62fc63699568 - <alloc::boxed::Box<F,A> as core::ops::function::Fn<Args>>::call::h1d66c6bbd60c9692
[INFO] [stdout]                                at /rustc/df4ca44d3fbc9301ee17f30f4d474e6ae4b05252/library/alloc/src/boxed.rs:2468:9
[INFO] [stdout]   13:     0x62fc63699568 - std::panicking::rust_panic_with_hook::h2ff17fe8f26dfcf8
[INFO] [stdout]                                at /rustc/df4ca44d3fbc9301ee17f30f4d474e6ae4b05252/library/std/src/panicking.rs:809:13
[INFO] [stdout]   14:     0x62fc636992f6 - std::panicking::begin_panic_handler::{{closure}}::h4fad77951c07e101
[INFO] [stdout]                                at /rustc/df4ca44d3fbc9301ee17f30f4d474e6ae4b05252/library/std/src/panicking.rs:667:13
[INFO] [stdout]   15:     0x62fc63697eb9 - std::sys::backtrace::__rust_end_short_backtrace::hb1a25b3da5d0ea08
[INFO] [stdout]                                at /rustc/df4ca44d3fbc9301ee17f30f4d474e6ae4b05252/library/std/src/sys/backtrace.rs:170:18
[INFO] [stdout]   16:     0x62fc63698fbc - rust_begin_unwind
[INFO] [stdout]                                at /rustc/df4ca44d3fbc9301ee17f30f4d474e6ae4b05252/library/std/src/panicking.rs:665:5
[INFO] [stdout]   17:     0x62fc636bdd50 - core::panicking::panic_fmt::ha9db07b529f9b256
[INFO] [stdout]                                at /rustc/df4ca44d3fbc9301ee17f30f4d474e6ae4b05252/library/core/src/panicking.rs:75:14
[INFO] [stdout]   18:     0x62fc636bdddc - core::panicking::panic::h993086813d94accc
[INFO] [stdout]                                at /rustc/df4ca44d3fbc9301ee17f30f4d474e6ae4b05252/library/core/src/panicking.rs:152:5
[INFO] [stdout]   19:     0x62fc635e10e5 - bitcask_rs::db_tests::test_engine_put::h24d127f426bd8187
[INFO] [stdout]                                at /opt/rustwide/workdir/src/db_tests.rs:47:9
[INFO] [stdout]   20:     0x62fc635dfcf7 - bitcask_rs::db_tests::test_engine_put::{{closure}}::hd8a09926a0cd1fe2
[INFO] [stdout]                                at /opt/rustwide/workdir/src/db_tests.rs:12:21
[INFO] [stdout]   21:     0x62fc635edae6 - core::ops::function::FnOnce::call_once::h8f18ebc723d619d0
[INFO] [stdout]                                at /rustc/df4ca44d3fbc9301ee17f30f4d474e6ae4b05252/library/core/src/ops/function.rs:250:5
[INFO] [stdout]   22:     0x62fc6364a45b - core::ops::function::FnOnce::call_once::h22c3ba5715e93f05
[INFO] [stdout]                                at /rustc/df4ca44d3fbc9301ee17f30f4d474e6ae4b05252/library/core/src/ops/function.rs:250:5
[INFO] [stdout]   23:     0x62fc6364a45b - test::__rust_begin_short_backtrace::h8e82d8113d0da17f
[INFO] [stdout]                                at /rustc/df4ca44d3fbc9301ee17f30f4d474e6ae4b05252/library/test/src/lib.rs:621:18
[INFO] [stdout]   24:     0x62fc63649dd7 - test::run_test_in_process::{{closure}}::h33235f4f20b7b7c7
[INFO] [stdout]                                at /rustc/df4ca44d3fbc9301ee17f30f4d474e6ae4b05252/library/test/src/lib.rs:644:60
[INFO] [stdout]   25:     0x62fc63649dd7 - <core::panic::unwind_safe::AssertUnwindSafe<F> as core::ops::function::FnOnce<()>>::call_once::hb5043206310c586f
[INFO] [stdout]                                at /rustc/df4ca44d3fbc9301ee17f30f4d474e6ae4b05252/library/core/src/panic/unwind_safe.rs:272:9
[INFO] [stdout]   26:     0x62fc63649dd7 - std::panicking::try::do_call::h9ad4731a60ab23e2
[INFO] [stdout]                                at /rustc/df4ca44d3fbc9301ee17f30f4d474e6ae4b05252/library/std/src/panicking.rs:557:40
[INFO] [stdout]   27:     0x62fc63649dd7 - std::panicking::try::h3824d23db772a716
[INFO] [stdout]                                at /rustc/df4ca44d3fbc9301ee17f30f4d474e6ae4b05252/library/std/src/panicking.rs:520:19
[INFO] [stdout]   28:     0x62fc63649dd7 - std::panic::catch_unwind::h5afd514605fde46b
[INFO] [stdout]                                at /rustc/df4ca44d3fbc9301ee17f30f4d474e6ae4b05252/library/std/src/panic.rs:358:14
[INFO] [stdout]   29:     0x62fc63649dd7 - test::run_test_in_process::h0d5cbfa7067d1720
[INFO] [stdout]                                at /rustc/df4ca44d3fbc9301ee17f30f4d474e6ae4b05252/library/test/src/lib.rs:644:27
[INFO] [stdout]   30:     0x62fc63649dd7 - test::run_test::{{closure}}::h708eb8872708115d
[INFO] [stdout]                                at /rustc/df4ca44d3fbc9301ee17f30f4d474e6ae4b05252/library/test/src/lib.rs:565:43
[INFO] [stdout]   31:     0x62fc6360d4f4 - test::run_test::{{closure}}::h392c51cee94713ab
[INFO] [stdout]                                at /rustc/df4ca44d3fbc9301ee17f30f4d474e6ae4b05252/library/test/src/lib.rs:595:41
[INFO] [stdout]   32:     0x62fc6360d4f4 - std::sys::backtrace::__rust_begin_short_backtrace::h2f40290710935a8b
[INFO] [stdout]                                at /rustc/df4ca44d3fbc9301ee17f30f4d474e6ae4b05252/library/std/src/sys/backtrace.rs:154:18
[INFO] [stdout]   33:     0x62fc63610c9e - std::thread::Builder::spawn_unchecked_::{{closure}}::{{closure}}::h3fd968d89053a903
[INFO] [stdout]                                at /rustc/df4ca44d3fbc9301ee17f30f4d474e6ae4b05252/library/std/src/thread/mod.rs:541:17
[INFO] [stdout]   34:     0x62fc63610c9e - <core::panic::unwind_safe::AssertUnwindSafe<F> as core::ops::function::FnOnce<()>>::call_once::h743f637ba4229880
[INFO] [stdout]                                at /rustc/df4ca44d3fbc9301ee17f30f4d474e6ae4b05252/library/core/src/panic/unwind_safe.rs:272:9
[INFO] [stdout]   35:     0x62fc63610c9e - std::panicking::try::do_call::h07440897322525a6
[INFO] [stdout]                                at /rustc/df4ca44d3fbc9301ee17f30f4d474e6ae4b05252/library/std/src/panicking.rs:557:40
[INFO] [stdout]   36:     0x62fc63610c9e - std::panicking::try::he5a2e00188156637
[INFO] [stdout]                                at /rustc/df4ca44d3fbc9301ee17f30f4d474e6ae4b05252/library/std/src/panicking.rs:520:19
[INFO] [stdout]   37:     0x62fc63610c9e - std::panic::catch_unwind::hbaf3cae49b3c6433
[INFO] [stdout]                                at /rustc/df4ca44d3fbc9301ee17f30f4d474e6ae4b05252/library/std/src/panic.rs:358:14
[INFO] [stdout]   38:     0x62fc63610c9e - std::thread::Builder::spawn_unchecked_::{{closure}}::h8e141ea224820bce
[INFO] [stdout]                                at /rustc/df4ca44d3fbc9301ee17f30f4d474e6ae4b05252/library/std/src/thread/mod.rs:540:30
[INFO] [stdout]   39:     0x62fc63610c9e - core::ops::function::FnOnce::call_once{{vtable.shim}}::h90d312fedd7b8ea8
[INFO] [stdout]                                at /rustc/df4ca44d3fbc9301ee17f30f4d474e6ae4b05252/library/core/src/ops/function.rs:250:5
[INFO] [stdout]   40:     0x62fc6369e01b - <alloc::boxed::Box<F,A> as core::ops::function::FnOnce<Args>>::call_once::h69aa08ddb6adb8b6
[INFO] [stdout]                                at /rustc/df4ca44d3fbc9301ee17f30f4d474e6ae4b05252/library/alloc/src/boxed.rs:2454:9
[INFO] [stdout]   41:     0x62fc6369e01b - <alloc::boxed::Box<F,A> as core::ops::function::FnOnce<Args>>::call_once::h5aa36efdb79c806f
[INFO] [stdout]                                at /rustc/df4ca44d3fbc9301ee17f30f4d474e6ae4b05252/library/alloc/src/boxed.rs:2454:9
[INFO] [stdout]   42:     0x62fc6369e01b - std::sys::pal::unix::thread::Thread::new::thread_start::h6cd80a1b4be5158d
[INFO] [stdout]                                at /rustc/df4ca44d3fbc9301ee17f30f4d474e6ae4b05252/library/std/src/sys/pal/unix/thread.rs:105:17
[INFO] [stdout]   43:     0x7fa5e1a1cac3 - <unknown>
[INFO] [stdout]   44:     0x7fa5e1aada04 - clone
[INFO] [stdout]   45:                0x0 - <unknown>
[INFO] [stdout] 
[INFO] [stdout] 
[INFO] [stdout] failures:
[INFO] [stdout]     db_tests::test_engine_get
[INFO] [stdout]     db_tests::test_engine_put
[INFO] [stdout] 
[INFO] [stdout] test result: FAILED. 17 passed; 2 failed; 0 ignored; 0 measured; 0 filtered out; finished in 8.92s
[INFO] [stdout] 
[INFO] [stderr] error: test failed, to rerun pass `--lib`
[INFO] running `Command { std: "docker" "inspect" "28945c9576e7603e8e6f90aa08e0dc991acc14e25524f7c8597108c1328f5041", kill_on_drop: false }`
[INFO] running `Command { std: "docker" "rm" "-f" "28945c9576e7603e8e6f90aa08e0dc991acc14e25524f7c8597108c1328f5041", kill_on_drop: false }`
[INFO] [stdout] 28945c9576e7603e8e6f90aa08e0dc991acc14e25524f7c8597108c1328f5041
