[INFO] cloning repository https://github.com/ahaoboy/rqjs
[INFO] running `Command { std: "git" "-c" "credential.helper=" "-c" "credential.helper=/workspace/cargo-home/bin/git-credential-null" "clone" "--bare" "https://github.com/ahaoboy/rqjs" "/workspace/cache/git-repos/https%3A%2F%2Fgithub.com%2Fahaoboy%2Frqjs", kill_on_drop: false }`
[INFO] [stderr] Cloning into bare repository '/workspace/cache/git-repos/https%3A%2F%2Fgithub.com%2Fahaoboy%2Frqjs'...
[INFO] running `Command { std: "git" "rev-parse" "HEAD", kill_on_drop: false }`
[INFO] [stdout] 97b0e9bc19340f9ab4bf2e92d625a94c16026cea
[INFO] testing ahaoboy/rqjs/97b0e9bc19340f9ab4bf2e92d625a94c16026cea against nightly-2024-10-28+rustflags=-Zrandomize-layout for randomize-layout
[INFO] running `Command { std: "git" "clone" "/workspace/cache/git-repos/https%3A%2F%2Fgithub.com%2Fahaoboy%2Frqjs" "/workspace/builds/worker-7-tc2/source", kill_on_drop: false }`
[INFO] [stderr] Cloning into '/workspace/builds/worker-7-tc2/source'...
[INFO] [stderr] done.
[INFO] validating manifest of git repo https://github.com/ahaoboy/rqjs on toolchain nightly-2024-10-28
[INFO] running `Command { std: CARGO_HOME="/workspace/cargo-home" RUSTUP_HOME="/workspace/rustup-home" "/workspace/cargo-home/bin/cargo" "+nightly-2024-10-28" "metadata" "--manifest-path" "Cargo.toml" "--no-deps", kill_on_drop: false }`
[INFO] started tweaking git repo https://github.com/ahaoboy/rqjs
[INFO] finished tweaking git repo https://github.com/ahaoboy/rqjs
[INFO] tweaked toml for git repo https://github.com/ahaoboy/rqjs written to /workspace/builds/worker-7-tc2/source/Cargo.toml
[INFO] crate git repo https://github.com/ahaoboy/rqjs already has a lockfile, it will not be regenerated
[INFO] running `Command { std: CARGO_HOME="/workspace/cargo-home" RUSTUP_HOME="/workspace/rustup-home" "/workspace/cargo-home/bin/cargo" "+nightly-2024-10-28" "fetch" "--manifest-path" "Cargo.toml", kill_on_drop: false }`
[INFO] [stderr] warning: profiles for the non root package will be ignored, specify profiles at the workspace root:
[INFO] [stderr] package:   /workspace/builds/worker-7-tc2/source/rqjs-cli/Cargo.toml
[INFO] [stderr] workspace: /workspace/builds/worker-7-tc2/source/Cargo.toml
[INFO] running `Command { std: "docker" "create" "-v" "/var/lib/crater-agent-workspace/builds/worker-7-tc2/target:/opt/rustwide/target:rw,Z" "-v" "/var/lib/crater-agent-workspace/builds/worker-7-tc2/source:/opt/rustwide/workdir:ro,Z" "-v" "/var/lib/crater-agent-workspace/cargo-home:/opt/rustwide/cargo-home:ro,Z" "-v" "/var/lib/crater-agent-workspace/rustup-home:/opt/rustwide/rustup-home:ro,Z" "-e" "SOURCE_DIR=/opt/rustwide/workdir" "-e" "CARGO_TARGET_DIR=/opt/rustwide/target" "-e" "CARGO_HOME=/opt/rustwide/cargo-home" "-e" "RUSTUP_HOME=/opt/rustwide/rustup-home" "-w" "/opt/rustwide/workdir" "-m" "1610612736" "--user" "0:0" "--network" "none" "ghcr.io/rust-lang/crates-build-env/linux@sha256:4a844ea9eb2546a2d2c7022eacef16ef2e8229c7fbb2c7d4d55a9ceca922f72d" "/opt/rustwide/cargo-home/bin/cargo" "+nightly-2024-10-28" "metadata" "--no-deps" "--format-version=1", kill_on_drop: false }`
[INFO] [stdout] 918b66342f807cdeedf8cd67476b93117d881c6255bfb267841e5c84b0d7dc76
[INFO] running `Command { std: "docker" "start" "-a" "918b66342f807cdeedf8cd67476b93117d881c6255bfb267841e5c84b0d7dc76", kill_on_drop: false }`
[INFO] running `Command { std: "docker" "inspect" "918b66342f807cdeedf8cd67476b93117d881c6255bfb267841e5c84b0d7dc76", kill_on_drop: false }`
[INFO] running `Command { std: "docker" "rm" "-f" "918b66342f807cdeedf8cd67476b93117d881c6255bfb267841e5c84b0d7dc76", kill_on_drop: false }`
[INFO] [stdout] 918b66342f807cdeedf8cd67476b93117d881c6255bfb267841e5c84b0d7dc76
[INFO] running `Command { std: "docker" "create" "-v" "/var/lib/crater-agent-workspace/builds/worker-7-tc2/target:/opt/rustwide/target:rw,Z" "-v" "/var/lib/crater-agent-workspace/builds/worker-7-tc2/source:/opt/rustwide/workdir:ro,Z" "-v" "/var/lib/crater-agent-workspace/cargo-home:/opt/rustwide/cargo-home:ro,Z" "-v" "/var/lib/crater-agent-workspace/rustup-home:/opt/rustwide/rustup-home:ro,Z" "-e" "SOURCE_DIR=/opt/rustwide/workdir" "-e" "CARGO_TARGET_DIR=/opt/rustwide/target" "-e" "CARGO_INCREMENTAL=0" "-e" "RUST_BACKTRACE=full" "-e" "RUSTFLAGS=--cap-lints=forbid -Zrandomize-layout" "-e" "RUSTDOCFLAGS=--cap-lints=forbid" "-e" "CARGO_HOME=/opt/rustwide/cargo-home" "-e" "RUSTUP_HOME=/opt/rustwide/rustup-home" "-w" "/opt/rustwide/workdir" "-m" "1610612736" "--user" "0:0" "--network" "none" "ghcr.io/rust-lang/crates-build-env/linux@sha256:4a844ea9eb2546a2d2c7022eacef16ef2e8229c7fbb2c7d4d55a9ceca922f72d" "/opt/rustwide/cargo-home/bin/cargo" "+nightly-2024-10-28" "build" "--frozen" "--message-format=json", kill_on_drop: false }`
[INFO] [stdout] cf252814c2e8f750c45945fa795750ba2aa1cd3fda347081ef5b4c1b60c5cd3c
[INFO] running `Command { std: "docker" "start" "-a" "cf252814c2e8f750c45945fa795750ba2aa1cd3fda347081ef5b4c1b60c5cd3c", kill_on_drop: false }`
[INFO] [stderr] warning: profiles for the non root package will be ignored, specify profiles at the workspace root:
[INFO] [stderr] package:   /opt/rustwide/workdir/rqjs-cli/Cargo.toml
[INFO] [stderr] workspace: /opt/rustwide/workdir/Cargo.toml
[INFO] [stderr]    Compiling libc v0.2.155
[INFO] [stderr]    Compiling log v0.4.21
[INFO] [stderr]    Compiling pin-project-lite v0.2.14
[INFO] [stderr]    Compiling cc v1.0.99
[INFO] [stderr]    Compiling zerocopy v0.7.34
[INFO] [stderr]    Compiling parking_lot_core v0.9.10
[INFO] [stderr]    Compiling glob v0.3.1
[INFO] [stderr]    Compiling rustix v0.38.34
[INFO] [stderr]    Compiling prettyplease v0.2.20
[INFO] [stderr]    Compiling proc-macro2 v1.0.86
[INFO] [stderr]    Compiling ahash v0.8.11
[INFO] [stderr]    Compiling smallvec v1.13.2
[INFO] [stderr]    Compiling allocator-api2 v0.2.18
[INFO] [stderr]    Compiling slab v0.4.9
[INFO] [stderr]    Compiling memchr v2.7.4
[INFO] [stderr]    Compiling either v1.12.0
[INFO] [stderr]    Compiling minimal-lexical v0.2.1
[INFO] [stderr]    Compiling bitflags v2.5.0
[INFO] [stderr]    Compiling linux-raw-sys v0.4.14
[INFO] [stderr]    Compiling regex-syntax v0.8.4
[INFO] [stderr]    Compiling bytes v1.6.0
[INFO] [stderr]    Compiling libloading v0.8.3
[INFO] [stderr]    Compiling itoa v1.0.11
[INFO] [stderr]    Compiling bindgen v0.69.4
[INFO] [stderr]    Compiling home v0.5.9
[INFO] [stderr]    Compiling clang-sys v1.8.1
[INFO] [stderr]    Compiling itertools v0.12.1
[INFO] [stderr]    Compiling quote v1.0.36
[INFO] [stderr]    Compiling num-traits v0.2.19
[INFO] [stderr]    Compiling proc-macro2 v0.4.30
[INFO] [stderr]    Compiling hashbrown v0.14.5
[INFO] [stderr]    Compiling lazycell v1.3.0
[INFO] [stderr]    Compiling rustc-hash v1.1.0
[INFO] [stderr]    Compiling nom v7.1.3
[INFO] [stderr]    Compiling crossbeam-utils v0.8.20
[INFO] [stderr]    Compiling syn v2.0.67
[INFO] [stderr]    Compiling futures-io v0.3.30
[INFO] [stderr]    Compiling siphasher v0.3.11
[INFO] [stderr]    Compiling unicode-xid v0.1.0
[INFO] [stderr]    Compiling lexical-util v0.8.5
[INFO] [stderr]    Compiling semver v1.0.23
[INFO] [stderr]    Compiling serde v1.0.203
[INFO] [stderr]    Compiling syn v0.15.44
[INFO] [stderr]    Compiling http v1.1.0
[INFO] [stderr]    Compiling proc-macro-error-attr v1.0.4
[INFO] [stderr]    Compiling quote v0.6.13
[INFO] [stderr]    Compiling concurrent-queue v2.5.0
[INFO] [stderr]    Compiling indexmap v2.2.6
[INFO] [stderr]    Compiling parking v2.2.0
[INFO] [stderr]    Compiling spin v0.9.8
[INFO] [stderr]    Compiling httparse v1.9.4
[INFO] [stderr]    Compiling rustls-pki-types v1.7.0
[INFO] [stderr]    Compiling regex-automata v0.4.7
[INFO] [stderr]    Compiling ring v0.17.8
[INFO] [stderr]    Compiling syn v1.0.109
[INFO] [stderr]    Compiling event-listener v5.3.1
[INFO] [stderr]    Compiling signal-hook-registry v1.4.2
[INFO] [stderr]    Compiling getrandom v0.2.15
[INFO] [stderr]    Compiling mio v0.8.11
[INFO] [stderr]    Compiling num_cpus v1.16.0
[INFO] [stderr]    Compiling socket2 v0.5.7
[INFO] [stderr]    Compiling rand_core v0.6.4
[INFO] [stderr]    Compiling parking_lot v0.12.3
[INFO] [stderr]    Compiling tracing v0.1.40
[INFO] [stderr]    Compiling cexpr v0.6.0
[INFO] [stderr]    Compiling proc-macro-error v1.0.4
[INFO] [stderr]    Compiling which v4.4.2
[INFO] [stderr]    Compiling toml_datetime v0.6.6
[INFO] [stderr]    Compiling rustls v0.23.10
[INFO] [stderr]    Compiling signal-hook v0.3.17
[INFO] [stderr]    Compiling atomic-waker v1.1.2
[INFO] [stderr]    Compiling cfg_aliases v0.1.1
[INFO] [stderr]    Compiling winnow v0.5.40
[INFO] [stderr]    Compiling relative-path v1.9.3
[INFO] [stderr]    Compiling rand_chacha v0.3.1
[INFO] [stderr]    Compiling rand v0.8.5
[INFO] [stderr]    Compiling nix v0.28.0
[INFO] [stderr]    Compiling rustc_version v0.4.0
[INFO] [stderr]    Compiling anstyle-parse v0.2.4
[INFO] [stderr]    Compiling digest v0.10.7
[INFO] [stderr]    Compiling event-listener-strategy v0.5.2
[INFO] [stderr]    Compiling http-body v1.0.0
[INFO] [stderr]    Compiling lexical-write-integer v0.8.5
[INFO] [stderr]    Compiling lexical-parse-integer v0.8.6
[INFO] [stderr]    Compiling phf_shared v0.11.2
[INFO] [stderr]    Compiling anstyle-query v1.1.0
[INFO] [stderr]    Compiling ryu v1.0.18
[INFO] [stderr]    Compiling unicode-segmentation v1.11.0
[INFO] [stderr]    Compiling vsimd v0.8.0
[INFO] [stderr]    Compiling colorchoice v1.0.1
[INFO] [stderr]    Compiling regex v1.10.5
[INFO] [stderr]    Compiling is_terminal_polyfill v1.70.0
[INFO] [stderr]    Compiling ref-cast v1.0.23
[INFO] [stderr]    Compiling serde_json v1.0.117
[INFO] [stderr]    Compiling anstyle v1.0.7
[INFO] [stderr]    Compiling zeroize v1.8.1
[INFO] [stderr]    Compiling subtle v2.6.0
[INFO] [stderr]    Compiling outref v0.5.1
[INFO] [stderr]    Compiling iana-time-zone v0.1.60
[INFO] [stderr]    Compiling phf v0.11.2
[INFO] [stderr]    Compiling phf_generator v0.11.2
[INFO] [stderr]    Compiling lexical-parse-float v0.8.5
[INFO] [stderr]    Compiling convert_case v0.6.0
[INFO] [stderr]    Compiling anstream v0.6.14
[INFO] [stderr]    Compiling lexical-write-float v0.8.5
[INFO] [stderr]    Compiling chrono v0.4.38
[INFO] [stderr]    Compiling async-lock v3.4.0
[INFO] [stderr]    Compiling md-5 v0.10.6
[INFO] [stderr]    Compiling crc32c v0.6.8
[INFO] [stderr]    Compiling float-cmp v0.9.0
[INFO] [stderr]    Compiling dlopen_derive v0.1.4
[INFO] [stderr]    Compiling strsim v0.11.1
[INFO] [stderr]    Compiling heck v0.5.0
[INFO] [stderr]    Compiling sha1_smol v1.0.0
[INFO] [stderr]    Compiling clap_lex v0.7.1
[INFO] [stderr]    Compiling atomic v0.5.3
[INFO] [stderr]    Compiling signal-hook-mio v0.2.3
[INFO] [stderr]    Compiling clap_builder v4.5.7
[INFO] [stderr]    Compiling lexical-core v0.8.5
[INFO] [stderr]    Compiling webpki-roots v0.26.3
[INFO] [stderr]    Compiling simdutf8 v0.1.4
[INFO] [stderr]    Compiling fxhash v0.2.1
[INFO] [stderr]    Compiling crossterm v0.27.0
[INFO] [stderr]    Compiling base64-simd v0.8.0
[INFO] [stderr]    Compiling hex-simd v0.8.0
[INFO] [stderr]    Compiling atty v0.2.14
[INFO] [stderr]    Compiling dlopen v0.1.8
[INFO] [stderr]    Compiling quick-xml v0.35.0
[INFO] [stderr]    Compiling colored v2.1.0
[INFO] [stderr]    Compiling encoding_rs v0.8.34
[INFO] [stderr]    Compiling uuid v1.8.0
[INFO] [stderr]    Compiling cross-uname v0.1.0
[INFO] [stderr]    Compiling toml_edit v0.19.15
[INFO] [stderr]    Compiling futures-timer v3.0.3
[INFO] [stderr]    Compiling uuid-simd v0.8.0
[INFO] [stderr]    Compiling ctrlc v3.4.4
[INFO] [stderr]    Compiling tokio-macros v2.3.0
[INFO] [stderr]    Compiling futures-macro v0.3.30
[INFO] [stderr]    Compiling serde_derive v1.0.203
[INFO] [stderr]    Compiling pin-project-internal v1.1.5
[INFO] [stderr]    Compiling ref-cast-impl v1.0.23
[INFO] [stderr]    Compiling clap_derive v4.5.5
[INFO] [stderr]    Compiling rustls-webpki v0.102.4
[INFO] [stderr]    Compiling tokio v1.38.0
[INFO] [stderr]    Compiling futures-util v0.3.30
[INFO] [stderr]    Compiling proc-macro-crate v1.3.1
[INFO] [stderr]    Compiling pin-project v1.1.5
[INFO] [stderr]    Compiling clap v4.5.7
[INFO] [stderr]    Compiling futures-executor v0.3.30
[INFO] [stderr]    Compiling futures v0.3.30
[INFO] [stderr]    Compiling rquickjs-sys v0.6.2
[INFO] [stderr]    Compiling tokio-util v0.7.11
[INFO] [stderr]    Compiling tower v0.4.13
[INFO] [stderr]    Compiling tokio-rustls v0.26.0
[INFO] [stderr]    Compiling halfbrown v0.2.5
[INFO] [stderr]    Compiling h2 v0.4.5
[INFO] [stderr]    Compiling value-trait v0.8.1
[INFO] [stderr]    Compiling simd-json v0.13.10
[INFO] [stderr]    Compiling hyper v1.3.1
[INFO] [stderr]    Compiling hyper-util v0.1.5
[INFO] [stderr]    Compiling hyper-rustls v0.27.2
[INFO] [stderr]    Compiling rquickjs-core v0.6.2
[INFO] [stderr]    Compiling rquickjs-macro v0.6.2
[INFO] [stderr]    Compiling rquickjs v0.6.2
[INFO] [stderr]    Compiling rqjs-ext v0.1.3 (/opt/rustwide/workdir/rqjs-ext)
[INFO] [stdout] warning: unexpected `cfg` condition name: `rust_nightly`
[INFO] [stdout]  --> rqjs-ext/src/lib.rs:3:13
[INFO] [stdout]   |
[INFO] [stdout] 3 | #![cfg_attr(rust_nightly, feature(portable_simd))]
[INFO] [stdout]   |             ^^^^^^^^^^^^
[INFO] [stdout]   |
[INFO] [stdout]   = help: expected names are: `clippy`, `debug_assertions`, `doc`, `docsrs`, `doctest`, `feature`, `fmt_debug`, `miri`, `overflow_checks`, `panic`, `proc_macro`, `relocation_model`, `rustfmt`, `sanitize`, `sanitizer_cfi_generalize_pointers`, `sanitizer_cfi_normalize_integers`, `target_abi`, `target_arch`, `target_endian`, `target_env`, `target_family`, `target_feature`, `target_has_atomic`, `target_has_atomic_equal_alignment`, `target_has_atomic_load_store`, `target_os`, `target_pointer_width`, `target_thread_local`, `target_vendor`, `test`, `ub_checks`, `unix`, and `windows`
[INFO] [stdout]   = help: consider using a Cargo feature instead
[INFO] [stdout]   = help: or consider adding in `Cargo.toml` the `check-cfg` lint config for the lint:
[INFO] [stdout]            [lints.rust]
[INFO] [stdout]            unexpected_cfgs = { level = "warn", check-cfg = ['cfg(rust_nightly)'] }
[INFO] [stdout]   = help: or consider adding `println!("cargo::rustc-check-cfg=cfg(rust_nightly)");` to the top of the `build.rs`
[INFO] [stdout]   = note: see <https://doc.rust-lang.org/nightly/rustc/check-cfg/cargo-specifics.html> for more information about checking conditional configuration
[INFO] [stdout]   = note: `#[warn(unexpected_cfgs)]` on by default
[INFO] [stdout] 
[INFO] [stdout] 
[INFO] [stdout] warning: unexpected `cfg` condition name: `rust_nightly`
[INFO] [stdout]  --> rqjs-ext/src/json/escape.rs:3:7
[INFO] [stdout]   |
[INFO] [stdout] 3 | #[cfg(rust_nightly)] //FIXME remove when std::simd is stable
[INFO] [stdout]   |       ^^^^^^^^^^^^
[INFO] [stdout]   |
[INFO] [stdout]   = help: consider using a Cargo feature instead
[INFO] [stdout]   = help: or consider adding in `Cargo.toml` the `check-cfg` lint config for the lint:
[INFO] [stdout]            [lints.rust]
[INFO] [stdout]            unexpected_cfgs = { level = "warn", check-cfg = ['cfg(rust_nightly)'] }
[INFO] [stdout]   = help: or consider adding `println!("cargo::rustc-check-cfg=cfg(rust_nightly)");` to the top of the `build.rs`
[INFO] [stdout]   = note: see <https://doc.rust-lang.org/nightly/rustc/check-cfg/cargo-specifics.html> for more information about checking conditional configuration
[INFO] [stdout] 
[INFO] [stdout] 
[INFO] [stdout] warning: unexpected `cfg` condition name: `rust_nightly`
[INFO] [stdout]   --> rqjs-ext/src/json/escape.rs:65:11
[INFO] [stdout]    |
[INFO] [stdout] 65 | #[cfg(not(rust_nightly))]
[INFO] [stdout]    |           ^^^^^^^^^^^^
[INFO] [stdout]    |
[INFO] [stdout]    = help: consider using a Cargo feature instead
[INFO] [stdout]    = help: or consider adding in `Cargo.toml` the `check-cfg` lint config for the lint:
[INFO] [stdout]             [lints.rust]
[INFO] [stdout]             unexpected_cfgs = { level = "warn", check-cfg = ['cfg(rust_nightly)'] }
[INFO] [stdout]    = help: or consider adding `println!("cargo::rustc-check-cfg=cfg(rust_nightly)");` to the top of the `build.rs`
[INFO] [stdout]    = note: see <https://doc.rust-lang.org/nightly/rustc/check-cfg/cargo-specifics.html> for more information about checking conditional configuration
[INFO] [stdout] 
[INFO] [stdout] 
[INFO] [stdout] warning: unexpected `cfg` condition name: `rust_nightly`
[INFO] [stdout]   --> rqjs-ext/src/json/escape.rs:70:7
[INFO] [stdout]    |
[INFO] [stdout] 70 | #[cfg(rust_nightly)]
[INFO] [stdout]    |       ^^^^^^^^^^^^
[INFO] [stdout]    |
[INFO] [stdout]    = help: consider using a Cargo feature instead
[INFO] [stdout]    = help: or consider adding in `Cargo.toml` the `check-cfg` lint config for the lint:
[INFO] [stdout]             [lints.rust]
[INFO] [stdout]             unexpected_cfgs = { level = "warn", check-cfg = ['cfg(rust_nightly)'] }
[INFO] [stdout]    = help: or consider adding `println!("cargo::rustc-check-cfg=cfg(rust_nightly)");` to the top of the `build.rs`
[INFO] [stdout]    = note: see <https://doc.rust-lang.org/nightly/rustc/check-cfg/cargo-specifics.html> for more information about checking conditional configuration
[INFO] [stdout] 
[INFO] [stdout] 
[INFO] [stdout] warning: unused imports: `Arc`, `Mutex`, and `io::Write`
[INFO] [stdout]  --> rqjs-ext/src/modules/process.rs:6:5
[INFO] [stdout]   |
[INFO] [stdout] 6 |     io::Write,
[INFO] [stdout]   |     ^^^^^^^^^
[INFO] [stdout] 7 |     sync::{atomic::Ordering, Arc, Mutex},
[INFO] [stdout]   |                              ^^^  ^^^^^
[INFO] [stdout]   |
[INFO] [stdout]   = note: `#[warn(unused_imports)]` on by default
[INFO] [stdout] 
[INFO] [stdout] 
[INFO] [stdout] warning: unused import: `AsyncWriteExt`
[INFO] [stdout]    --> rqjs-ext/src/modules/process.rs:115:44
[INFO] [stdout]     |
[INFO] [stdout] 115 |     use tokio::io::{self, AsyncBufReadExt, AsyncWriteExt, BufReader};
[INFO] [stdout]     |                                            ^^^^^^^^^^^^^
[INFO] [stdout] 
[INFO] [stdout] 
[INFO] [stdout] warning: unused macro definition: `iterable_enum`
[INFO] [stdout]  --> rqjs-ext/src/modules/macros.rs:3:14
[INFO] [stdout]   |
[INFO] [stdout] 3 | macro_rules! iterable_enum {
[INFO] [stdout]   |              ^^^^^^^^^^^^^
[INFO] [stdout]   |
[INFO] [stdout]   = note: `#[warn(unused_macros)]` on by default
[INFO] [stdout] 
[INFO] [stdout] 
[INFO] [stdout] warning: unused macro definition: `impl_stream_events`
[INFO] [stdout]   --> rqjs-ext/src/modules/macros.rs:18:14
[INFO] [stdout]    |
[INFO] [stdout] 18 | macro_rules! impl_stream_events {
[INFO] [stdout]    |              ^^^^^^^^^^^^^^^^^^
[INFO] [stdout] 
[INFO] [stdout] 
[INFO] [stdout] warning: `#[macro_use]` only has an effect on `extern crate` and modules
[INFO] [stdout]   --> rqjs-ext/src/macros.rs:17:1
[INFO] [stdout]    |
[INFO] [stdout] 17 | #[macro_use]
[INFO] [stdout]    | ^^^^^^^^^^^^
[INFO] [stdout]    |
[INFO] [stdout]    = note: `#[warn(unused_attributes)]` on by default
[INFO] [stdout] 
[INFO] [stdout] 
[INFO] [stdout] warning: unreachable expression
[INFO] [stdout]    --> rqjs-ext/src/modules/process.rs:132:17
[INFO] [stdout]     |
[INFO] [stdout] 124 | /                 loop {
[INFO] [stdout] 125 | |                     let mut input: String = String::new();
[INFO] [stdout] 126 | |                     reader
[INFO] [stdout] 127 | |                         .read_line(&mut input)
[INFO] [stdout] ...   |
[INFO] [stdout] 130 | |                     listener.call::<(String,), ()>((input,)).unwrap();
[INFO] [stdout] 131 | |                 }
[INFO] [stdout]     | |_________________- any code following this expression is unreachable
[INFO] [stdout] 132 |                   Ok(())
[INFO] [stdout]     |                   ^^^^^^ unreachable expression
[INFO] [stdout]     |
[INFO] [stdout]     = note: `#[warn(unreachable_code)]` on by default
[INFO] [stdout] 
[INFO] [stdout] 
[INFO] [stdout] warning: unused variable: `callback`
[INFO] [stdout]   --> rqjs-ext/src/modules/crypto/mod.rs:85:9
[INFO] [stdout]    |
[INFO] [stdout] 85 |     let callback: Function = args_iter
[INFO] [stdout]    |         ^^^^^^^^ help: if this is intentional, prefix it with an underscore: `_callback`
[INFO] [stdout]    |
[INFO] [stdout]    = note: `#[warn(unused_variables)]` on by default
[INFO] [stdout] 
[INFO] [stdout] 
[INFO] [stdout] warning: unused variable: `size`
[INFO] [stdout]   --> rqjs-ext/src/modules/crypto/mod.rs:89:9
[INFO] [stdout]    |
[INFO] [stdout] 89 |     let size = args_iter
[INFO] [stdout]    |         ^^^^ help: if this is intentional, prefix it with an underscore: `_size`
[INFO] [stdout] 
[INFO] [stdout] 
[INFO] [stdout] warning: unused variable: `offset`
[INFO] [stdout]   --> rqjs-ext/src/modules/crypto/mod.rs:93:9
[INFO] [stdout]    |
[INFO] [stdout] 93 |     let offset = args_iter
[INFO] [stdout]    |         ^^^^^^ help: if this is intentional, prefix it with an underscore: `_offset`
[INFO] [stdout] 
[INFO] [stdout] 
[INFO] [stdout] warning: unused variable: `obj`
[INFO] [stdout]   --> rqjs-ext/src/modules/crypto/mod.rs:81:36
[INFO] [stdout]    |
[INFO] [stdout] 81 | fn random_fill<'js>(ctx: Ctx<'js>, obj: Object<'js>, args: Rest<Value<'js>>) -> Result<()> {
[INFO] [stdout]    |                                    ^^^ help: if this is intentional, prefix it with an underscore: `_obj`
[INFO] [stdout] 
[INFO] [stdout] 
[INFO] [stdout] warning: unused variable: `timeout_error`
[INFO] [stdout]    --> rqjs-ext/src/modules/events.rs:622:13
[INFO] [stdout]     |
[INFO] [stdout] 622 |         let timeout_error = get_reason_or_dom_exception(&ctx, None, "TimeoutError")?;
[INFO] [stdout]     |             ^^^^^^^^^^^^^ help: if this is intentional, prefix it with an underscore: `_timeout_error`
[INFO] [stdout] 
[INFO] [stdout] 
[INFO] [stdout] warning: unused variable: `milliseconds`
[INFO] [stdout]    --> rqjs-ext/src/modules/events.rs:621:35
[INFO] [stdout]     |
[INFO] [stdout] 621 |     pub fn timeout(ctx: Ctx<'js>, milliseconds: u64) -> Result<Class<'js, Self>> {
[INFO] [stdout]     |                                   ^^^^^^^^^^^^ help: if this is intentional, prefix it with an underscore: `_milliseconds`
[INFO] [stdout] 
[INFO] [stdout] 
[INFO] [stdout] warning: unused variable: `reader`
[INFO] [stdout]    --> rqjs-ext/src/modules/process.rs:121:25
[INFO] [stdout]     |
[INFO] [stdout] 121 |                 let mut reader = EventStream::new();
[INFO] [stdout]     |                         ^^^^^^ help: if this is intentional, prefix it with an underscore: `_reader`
[INFO] [stdout] 
[INFO] [stdout] 
[INFO] [stdout] warning: variable does not need to be mutable
[INFO] [stdout]    --> rqjs-ext/src/modules/process.rs:121:21
[INFO] [stdout]     |
[INFO] [stdout] 121 |                 let mut reader = EventStream::new();
[INFO] [stdout]     |                     ----^^^^^^
[INFO] [stdout]     |                     |
[INFO] [stdout]     |                     help: remove this `mut`
[INFO] [stdout]     |
[INFO] [stdout]     = note: `#[warn(unused_mut)]` on by default
[INFO] [stdout] 
[INFO] [stdout] 
[INFO] [stdout] warning: associated function `process_callback` is never used
[INFO] [stdout]    --> rqjs-ext/src/stream/readable.rs:227:8
[INFO] [stdout]     |
[INFO] [stdout] 148 | pub trait ReadableStream<'js>
[INFO] [stdout]     |           -------------- associated function in this trait
[INFO] [stdout] ...
[INFO] [stdout] 227 |     fn process_callback<T: AsyncRead + 'js + Unpin, C: FnOnce() + Sized + 'js>(
[INFO] [stdout]     |        ^^^^^^^^^^^^^^^^
[INFO] [stdout]     |
[INFO] [stdout]     = note: `#[warn(dead_code)]` on by default
[INFO] [stdout] 
[INFO] [stdout] 
[INFO] [stdout] warning: associated functions `destroy` and `write_flushed` are never used
[INFO] [stdout]    --> rqjs-ext/src/stream/writable.rs:130:8
[INFO] [stdout]     |
[INFO] [stdout] 111 | pub trait WritableStream<'js>
[INFO] [stdout]     |           -------------- associated functions in this trait
[INFO] [stdout] ...
[INFO] [stdout] 130 |     fn destroy(
[INFO] [stdout]     |        ^^^^^^^
[INFO] [stdout] ...
[INFO] [stdout] 172 |     fn write_flushed(
[INFO] [stdout]     |        ^^^^^^^^^^^^^
[INFO] [stdout] 
[INFO] [stdout] 
[INFO] [stdout] warning: function `print` is never used
[INFO] [stdout]   --> rqjs-ext/src/vm.rs:56:4
[INFO] [stdout]    |
[INFO] [stdout] 56 | fn print(value: String, stdout: Opt<bool>) {
[INFO] [stdout]    |    ^^^^^
[INFO] [stdout] 
[INFO] [stdout] 
[INFO] [stdout] warning: struct `LifetimeArgs` is never constructed
[INFO] [stdout]    --> rqjs-ext/src/vm.rs:314:8
[INFO] [stdout]     |
[INFO] [stdout] 314 | struct LifetimeArgs<'js>(Ctx<'js>);
[INFO] [stdout]     |        ^^^^^^^^^^^^
[INFO] [stdout] 
[INFO] [stdout] 
[INFO] [stdout] warning: function `json_parse_string` is never used
[INFO] [stdout]    --> rqjs-ext/src/vm.rs:474:4
[INFO] [stdout]     |
[INFO] [stdout] 474 | fn json_parse_string<'js>(ctx: Ctx<'js>, value: Value<'js>) -> Result<Value<'js>> {
[INFO] [stdout]     |    ^^^^^^^^^^^^^^^^^
[INFO] [stdout] 
[INFO] [stdout] 
[INFO] [stdout] warning: function `run_gc` is never used
[INFO] [stdout]    --> rqjs-ext/src/vm.rs:479:4
[INFO] [stdout]     |
[INFO] [stdout] 479 | fn run_gc(ctx: Ctx<'_>) {
[INFO] [stdout]     |    ^^^^^^
[INFO] [stdout] 
[INFO] [stdout] 
[INFO] [stdout] warning: function `init` is never used
[INFO] [stdout]    --> rqjs-ext/src/vm.rs:489:4
[INFO] [stdout]     |
[INFO] [stdout] 489 | fn init(ctx: &Ctx<'_>, module_names: HashSet<&'static str>) -> Result<()> {
[INFO] [stdout]     |    ^^^^
[INFO] [stdout] 
[INFO] [stdout] 
[INFO] [stdout] warning: function `load` is never used
[INFO] [stdout]    --> rqjs-ext/src/vm.rs:636:4
[INFO] [stdout]     |
[INFO] [stdout] 636 | fn load<'js>(ctx: Ctx<'js>, filename: String, options: Opt<Object<'js>>) -> Result<Value<'js>> {
[INFO] [stdout]     |    ^^^^
[INFO] [stdout] 
[INFO] [stdout] 
[INFO] [stdout] warning: function `get_script_or_module_name` is never used
[INFO] [stdout]    --> rqjs-ext/src/vm.rs:666:4
[INFO] [stdout]     |
[INFO] [stdout] 666 | fn get_script_or_module_name(ctx: Ctx<'_>) -> String {
[INFO] [stdout]     |    ^^^^^^^^^^^^^^^^^^^^^^^^^
[INFO] [stdout] 
[INFO] [stdout] 
[INFO] [stdout] warning: function `set_import_meta` is never used
[INFO] [stdout]    --> rqjs-ext/src/vm.rs:682:4
[INFO] [stdout]     |
[INFO] [stdout] 682 | fn set_import_meta(module: &Module<'_>, filepath: &str) -> Result<()> {
[INFO] [stdout]     |    ^^^^^^^^^^^^^^^
[INFO] [stdout] 
[INFO] [stdout] 
[INFO] [stderr]    Compiling rqjs-cli v0.1.4 (/opt/rustwide/workdir/rqjs-cli)
[INFO] [stderr]     Finished `dev` profile [unoptimized + debuginfo] target(s) in 28.04s
[INFO] running `Command { std: "docker" "inspect" "cf252814c2e8f750c45945fa795750ba2aa1cd3fda347081ef5b4c1b60c5cd3c", kill_on_drop: false }`
[INFO] running `Command { std: "docker" "rm" "-f" "cf252814c2e8f750c45945fa795750ba2aa1cd3fda347081ef5b4c1b60c5cd3c", kill_on_drop: false }`
[INFO] [stdout] cf252814c2e8f750c45945fa795750ba2aa1cd3fda347081ef5b4c1b60c5cd3c
[INFO] running `Command { std: "docker" "create" "-v" "/var/lib/crater-agent-workspace/builds/worker-7-tc2/target:/opt/rustwide/target:rw,Z" "-v" "/var/lib/crater-agent-workspace/builds/worker-7-tc2/source:/opt/rustwide/workdir:ro,Z" "-v" "/var/lib/crater-agent-workspace/cargo-home:/opt/rustwide/cargo-home:ro,Z" "-v" "/var/lib/crater-agent-workspace/rustup-home:/opt/rustwide/rustup-home:ro,Z" "-e" "SOURCE_DIR=/opt/rustwide/workdir" "-e" "CARGO_TARGET_DIR=/opt/rustwide/target" "-e" "CARGO_INCREMENTAL=0" "-e" "RUST_BACKTRACE=full" "-e" "RUSTFLAGS=--cap-lints=forbid -Zrandomize-layout" "-e" "RUSTDOCFLAGS=--cap-lints=forbid" "-e" "CARGO_HOME=/opt/rustwide/cargo-home" "-e" "RUSTUP_HOME=/opt/rustwide/rustup-home" "-w" "/opt/rustwide/workdir" "-m" "1610612736" "--user" "0:0" "--network" "none" "ghcr.io/rust-lang/crates-build-env/linux@sha256:4a844ea9eb2546a2d2c7022eacef16ef2e8229c7fbb2c7d4d55a9ceca922f72d" "/opt/rustwide/cargo-home/bin/cargo" "+nightly-2024-10-28" "test" "--frozen" "--no-run" "--message-format=json", kill_on_drop: false }`
[INFO] [stdout] 591d6ed32705f8cb06b3911f9316b3924565d5f09d32337a98796151c2dc9944
[INFO] running `Command { std: "docker" "start" "-a" "591d6ed32705f8cb06b3911f9316b3924565d5f09d32337a98796151c2dc9944", kill_on_drop: false }`
[INFO] [stderr] warning: profiles for the non root package will be ignored, specify profiles at the workspace root:
[INFO] [stderr] package:   /opt/rustwide/workdir/rqjs-cli/Cargo.toml
[INFO] [stderr] workspace: /opt/rustwide/workdir/Cargo.toml
[INFO] [stdout] warning: unexpected `cfg` condition name: `rust_nightly`
[INFO] [stdout]  --> rqjs-ext/src/lib.rs:3:13
[INFO] [stdout]   |
[INFO] [stdout] 3 | #![cfg_attr(rust_nightly, feature(portable_simd))]
[INFO] [stdout]   |             ^^^^^^^^^^^^
[INFO] [stdout]   |
[INFO] [stdout]   = help: expected names are: `clippy`, `debug_assertions`, `doc`, `docsrs`, `doctest`, `feature`, `fmt_debug`, `miri`, `overflow_checks`, `panic`, `proc_macro`, `relocation_model`, `rustfmt`, `sanitize`, `sanitizer_cfi_generalize_pointers`, `sanitizer_cfi_normalize_integers`, `target_abi`, `target_arch`, `target_endian`, `target_env`, `target_family`, `target_feature`, `target_has_atomic`, `target_has_atomic_equal_alignment`, `target_has_atomic_load_store`, `target_os`, `target_pointer_width`, `target_thread_local`, `target_vendor`, `test`, `ub_checks`, `unix`, and `windows`
[INFO] [stdout]   = help: consider using a Cargo feature instead
[INFO] [stdout]   = help: or consider adding in `Cargo.toml` the `check-cfg` lint config for the lint:
[INFO] [stdout]            [lints.rust]
[INFO] [stdout]            unexpected_cfgs = { level = "warn", check-cfg = ['cfg(rust_nightly)'] }
[INFO] [stdout]   = help: or consider adding `println!("cargo::rustc-check-cfg=cfg(rust_nightly)");` to the top of the `build.rs`
[INFO] [stdout]   = note: see <https://doc.rust-lang.org/nightly/rustc/check-cfg/cargo-specifics.html> for more information about checking conditional configuration
[INFO] [stdout]   = note: `#[warn(unexpected_cfgs)]` on by default
[INFO] [stdout] 
[INFO] [stdout] 
[INFO] [stdout] warning: unexpected `cfg` condition name: `rust_nightly`
[INFO] [stdout]  --> rqjs-ext/src/json/escape.rs:3:7
[INFO] [stdout]   |
[INFO] [stdout] 3 | #[cfg(rust_nightly)] //FIXME remove when std::simd is stable
[INFO] [stdout]   |       ^^^^^^^^^^^^
[INFO] [stdout]   |
[INFO] [stdout]   = help: consider using a Cargo feature instead
[INFO] [stdout]   = help: or consider adding in `Cargo.toml` the `check-cfg` lint config for the lint:
[INFO] [stdout]            [lints.rust]
[INFO] [stdout]            unexpected_cfgs = { level = "warn", check-cfg = ['cfg(rust_nightly)'] }
[INFO] [stdout]   = help: or consider adding `println!("cargo::rustc-check-cfg=cfg(rust_nightly)");` to the top of the `build.rs`
[INFO] [stdout]   = note: see <https://doc.rust-lang.org/nightly/rustc/check-cfg/cargo-specifics.html> for more information about checking conditional configuration
[INFO] [stdout] 
[INFO] [stdout] 
[INFO] [stdout] warning: unexpected `cfg` condition name: `rust_nightly`
[INFO] [stdout]   --> rqjs-ext/src/json/escape.rs:65:11
[INFO] [stdout]    |
[INFO] [stdout] 65 | #[cfg(not(rust_nightly))]
[INFO] [stdout]    |           ^^^^^^^^^^^^
[INFO] [stdout]    |
[INFO] [stdout]    = help: consider using a Cargo feature instead
[INFO] [stdout]    = help: or consider adding in `Cargo.toml` the `check-cfg` lint config for the lint:
[INFO] [stdout]             [lints.rust]
[INFO] [stdout]             unexpected_cfgs = { level = "warn", check-cfg = ['cfg(rust_nightly)'] }
[INFO] [stdout]    = help: or consider adding `println!("cargo::rustc-check-cfg=cfg(rust_nightly)");` to the top of the `build.rs`
[INFO] [stdout]    = note: see <https://doc.rust-lang.org/nightly/rustc/check-cfg/cargo-specifics.html> for more information about checking conditional configuration
[INFO] [stdout] 
[INFO] [stdout] 
[INFO] [stdout] warning: unexpected `cfg` condition name: `rust_nightly`
[INFO] [stdout]   --> rqjs-ext/src/json/escape.rs:70:7
[INFO] [stdout]    |
[INFO] [stdout] 70 | #[cfg(rust_nightly)]
[INFO] [stdout]    |       ^^^^^^^^^^^^
[INFO] [stdout]    |
[INFO] [stdout]    = help: consider using a Cargo feature instead
[INFO] [stdout]    = help: or consider adding in `Cargo.toml` the `check-cfg` lint config for the lint:
[INFO] [stdout]             [lints.rust]
[INFO] [stdout]             unexpected_cfgs = { level = "warn", check-cfg = ['cfg(rust_nightly)'] }
[INFO] [stdout]    = help: or consider adding `println!("cargo::rustc-check-cfg=cfg(rust_nightly)");` to the top of the `build.rs`
[INFO] [stdout]    = note: see <https://doc.rust-lang.org/nightly/rustc/check-cfg/cargo-specifics.html> for more information about checking conditional configuration
[INFO] [stdout] 
[INFO] [stdout] 
[INFO] [stdout] warning: unused imports: `Arc`, `Mutex`, and `io::Write`
[INFO] [stdout]  --> rqjs-ext/src/modules/process.rs:6:5
[INFO] [stdout]   |
[INFO] [stdout] 6 |     io::Write,
[INFO] [stdout]   |     ^^^^^^^^^
[INFO] [stdout] 7 |     sync::{atomic::Ordering, Arc, Mutex},
[INFO] [stdout]   |                              ^^^  ^^^^^
[INFO] [stdout]   |
[INFO] [stdout]   = note: `#[warn(unused_imports)]` on by default
[INFO] [stdout] 
[INFO] [stdout] 
[INFO] [stdout] warning: unused import: `AsyncWriteExt`
[INFO] [stdout]    --> rqjs-ext/src/modules/process.rs:115:44
[INFO] [stdout]     |
[INFO] [stdout] 115 |     use tokio::io::{self, AsyncBufReadExt, AsyncWriteExt, BufReader};
[INFO] [stdout]     |                                            ^^^^^^^^^^^^^
[INFO] [stdout] 
[INFO] [stdout] 
[INFO] [stdout] warning: unused macro definition: `iterable_enum`
[INFO] [stdout]  --> rqjs-ext/src/modules/macros.rs:3:14
[INFO] [stdout]   |
[INFO] [stdout] 3 | macro_rules! iterable_enum {
[INFO] [stdout]   |              ^^^^^^^^^^^^^
[INFO] [stdout]   |
[INFO] [stdout]   = note: `#[warn(unused_macros)]` on by default
[INFO] [stdout] 
[INFO] [stdout] 
[INFO] [stdout] warning: unused macro definition: `impl_stream_events`
[INFO] [stdout]   --> rqjs-ext/src/modules/macros.rs:18:14
[INFO] [stdout]    |
[INFO] [stdout] 18 | macro_rules! impl_stream_events {
[INFO] [stdout]    |              ^^^^^^^^^^^^^^^^^^
[INFO] [stdout] 
[INFO] [stdout] 
[INFO] [stdout] warning: `#[macro_use]` only has an effect on `extern crate` and modules
[INFO] [stdout]   --> rqjs-ext/src/macros.rs:17:1
[INFO] [stdout]    |
[INFO] [stdout] 17 | #[macro_use]
[INFO] [stdout]    | ^^^^^^^^^^^^
[INFO] [stdout]    |
[INFO] [stdout]    = note: `#[warn(unused_attributes)]` on by default
[INFO] [stdout] 
[INFO] [stdout] 
[INFO] [stdout] warning: unreachable expression
[INFO] [stdout]    --> rqjs-ext/src/modules/process.rs:132:17
[INFO] [stdout]     |
[INFO] [stdout] 124 | /                 loop {
[INFO] [stdout] 125 | |                     let mut input: String = String::new();
[INFO] [stdout] 126 | |                     reader
[INFO] [stdout] 127 | |                         .read_line(&mut input)
[INFO] [stdout] ...   |
[INFO] [stdout] 130 | |                     listener.call::<(String,), ()>((input,)).unwrap();
[INFO] [stdout] 131 | |                 }
[INFO] [stdout]     | |_________________- any code following this expression is unreachable
[INFO] [stdout] 132 |                   Ok(())
[INFO] [stdout]     |                   ^^^^^^ unreachable expression
[INFO] [stdout]     |
[INFO] [stdout]     = note: `#[warn(unreachable_code)]` on by default
[INFO] [stdout] 
[INFO] [stdout] 
[INFO] [stdout] warning: unused variable: `callback`
[INFO] [stdout]   --> rqjs-ext/src/modules/crypto/mod.rs:85:9
[INFO] [stdout]    |
[INFO] [stdout] 85 |     let callback: Function = args_iter
[INFO] [stdout]    |         ^^^^^^^^ help: if this is intentional, prefix it with an underscore: `_callback`
[INFO] [stdout]    |
[INFO] [stdout]    = note: `#[warn(unused_variables)]` on by default
[INFO] [stdout] 
[INFO] [stdout] 
[INFO] [stdout] warning: unused variable: `size`
[INFO] [stdout]   --> rqjs-ext/src/modules/crypto/mod.rs:89:9
[INFO] [stdout]    |
[INFO] [stdout] 89 |     let size = args_iter
[INFO] [stdout]    |         ^^^^ help: if this is intentional, prefix it with an underscore: `_size`
[INFO] [stdout] 
[INFO] [stdout] 
[INFO] [stdout] warning: unused variable: `offset`
[INFO] [stdout]   --> rqjs-ext/src/modules/crypto/mod.rs:93:9
[INFO] [stdout]    |
[INFO] [stdout] 93 |     let offset = args_iter
[INFO] [stdout]    |         ^^^^^^ help: if this is intentional, prefix it with an underscore: `_offset`
[INFO] [stdout] 
[INFO] [stdout] 
[INFO] [stdout] warning: unused variable: `obj`
[INFO] [stdout]   --> rqjs-ext/src/modules/crypto/mod.rs:81:36
[INFO] [stdout]    |
[INFO] [stdout] 81 | fn random_fill<'js>(ctx: Ctx<'js>, obj: Object<'js>, args: Rest<Value<'js>>) -> Result<()> {
[INFO] [stdout]    |                                    ^^^ help: if this is intentional, prefix it with an underscore: `_obj`
[INFO] [stdout] 
[INFO] [stdout] 
[INFO] [stdout] warning: unused variable: `timeout_error`
[INFO] [stdout]    --> rqjs-ext/src/modules/events.rs:622:13
[INFO] [stdout]     |
[INFO] [stdout] 622 |         let timeout_error = get_reason_or_dom_exception(&ctx, None, "TimeoutError")?;
[INFO] [stdout]     |             ^^^^^^^^^^^^^ help: if this is intentional, prefix it with an underscore: `_timeout_error`
[INFO] [stdout] 
[INFO] [stdout] 
[INFO] [stdout] warning: unused variable: `milliseconds`
[INFO] [stdout]    --> rqjs-ext/src/modules/events.rs:621:35
[INFO] [stdout]     |
[INFO] [stdout] 621 |     pub fn timeout(ctx: Ctx<'js>, milliseconds: u64) -> Result<Class<'js, Self>> {
[INFO] [stdout]     |                                   ^^^^^^^^^^^^ help: if this is intentional, prefix it with an underscore: `_milliseconds`
[INFO] [stdout] 
[INFO] [stdout] 
[INFO] [stdout] warning: unused variable: `reader`
[INFO] [stdout]    --> rqjs-ext/src/modules/process.rs:121:25
[INFO] [stdout]     |
[INFO] [stdout] 121 |                 let mut reader = EventStream::new();
[INFO] [stdout]     |                         ^^^^^^ help: if this is intentional, prefix it with an underscore: `_reader`
[INFO] [stdout] 
[INFO] [stdout] 
[INFO] [stdout] warning: variable does not need to be mutable
[INFO] [stdout]    --> rqjs-ext/src/modules/process.rs:121:21
[INFO] [stdout]     |
[INFO] [stdout] 121 |                 let mut reader = EventStream::new();
[INFO] [stdout]     |                     ----^^^^^^
[INFO] [stdout]     |                     |
[INFO] [stdout]     |                     help: remove this `mut`
[INFO] [stdout]     |
[INFO] [stdout]     = note: `#[warn(unused_mut)]` on by default
[INFO] [stdout] 
[INFO] [stdout] 
[INFO] [stdout] warning: associated function `process_callback` is never used
[INFO] [stdout]    --> rqjs-ext/src/stream/readable.rs:227:8
[INFO] [stdout]     |
[INFO] [stdout] 148 | pub trait ReadableStream<'js>
[INFO] [stdout]     |           -------------- associated function in this trait
[INFO] [stdout] ...
[INFO] [stdout] 227 |     fn process_callback<T: AsyncRead + 'js + Unpin, C: FnOnce() + Sized + 'js>(
[INFO] [stdout]     |        ^^^^^^^^^^^^^^^^
[INFO] [stdout]     |
[INFO] [stdout]     = note: `#[warn(dead_code)]` on by default
[INFO] [stdout] 
[INFO] [stdout] 
[INFO] [stdout] warning: associated functions `destroy` and `write_flushed` are never used
[INFO] [stdout]    --> rqjs-ext/src/stream/writable.rs:130:8
[INFO] [stdout]     |
[INFO] [stdout] 111 | pub trait WritableStream<'js>
[INFO] [stdout]     |           -------------- associated functions in this trait
[INFO] [stdout] ...
[INFO] [stdout] 130 |     fn destroy(
[INFO] [stdout]     |        ^^^^^^^
[INFO] [stdout] ...
[INFO] [stdout] 172 |     fn write_flushed(
[INFO] [stdout]     |        ^^^^^^^^^^^^^
[INFO] [stdout] 
[INFO] [stdout] 
[INFO] [stdout] warning: function `print` is never used
[INFO] [stdout]   --> rqjs-ext/src/vm.rs:56:4
[INFO] [stdout]    |
[INFO] [stdout] 56 | fn print(value: String, stdout: Opt<bool>) {
[INFO] [stdout]    |    ^^^^^
[INFO] [stdout] 
[INFO] [stdout] 
[INFO] [stdout] warning: struct `LifetimeArgs` is never constructed
[INFO] [stdout]    --> rqjs-ext/src/vm.rs:314:8
[INFO] [stdout]     |
[INFO] [stdout] 314 | struct LifetimeArgs<'js>(Ctx<'js>);
[INFO] [stdout]     |        ^^^^^^^^^^^^
[INFO] [stdout] 
[INFO] [stdout] 
[INFO] [stdout] warning: function `json_parse_string` is never used
[INFO] [stdout]    --> rqjs-ext/src/vm.rs:474:4
[INFO] [stdout]     |
[INFO] [stdout] 474 | fn json_parse_string<'js>(ctx: Ctx<'js>, value: Value<'js>) -> Result<Value<'js>> {
[INFO] [stdout]     |    ^^^^^^^^^^^^^^^^^
[INFO] [stdout] 
[INFO] [stdout] 
[INFO] [stdout] warning: function `run_gc` is never used
[INFO] [stdout]    --> rqjs-ext/src/vm.rs:479:4
[INFO] [stdout]     |
[INFO] [stdout] 479 | fn run_gc(ctx: Ctx<'_>) {
[INFO] [stdout]     |    ^^^^^^
[INFO] [stdout] 
[INFO] [stdout] 
[INFO] [stdout] warning: function `init` is never used
[INFO] [stdout]    --> rqjs-ext/src/vm.rs:489:4
[INFO] [stdout]     |
[INFO] [stdout] 489 | fn init(ctx: &Ctx<'_>, module_names: HashSet<&'static str>) -> Result<()> {
[INFO] [stdout]     |    ^^^^
[INFO] [stdout] 
[INFO] [stdout] 
[INFO] [stdout] warning: function `load` is never used
[INFO] [stdout]    --> rqjs-ext/src/vm.rs:636:4
[INFO] [stdout]     |
[INFO] [stdout] 636 | fn load<'js>(ctx: Ctx<'js>, filename: String, options: Opt<Object<'js>>) -> Result<Value<'js>> {
[INFO] [stdout]     |    ^^^^
[INFO] [stdout] 
[INFO] [stdout] 
[INFO] [stdout] warning: function `get_script_or_module_name` is never used
[INFO] [stdout]    --> rqjs-ext/src/vm.rs:666:4
[INFO] [stdout]     |
[INFO] [stdout] 666 | fn get_script_or_module_name(ctx: Ctx<'_>) -> String {
[INFO] [stdout]     |    ^^^^^^^^^^^^^^^^^^^^^^^^^
[INFO] [stdout] 
[INFO] [stdout] 
[INFO] [stdout] warning: function `set_import_meta` is never used
[INFO] [stdout]    --> rqjs-ext/src/vm.rs:682:4
[INFO] [stdout]     |
[INFO] [stdout] 682 | fn set_import_meta(module: &Module<'_>, filepath: &str) -> Result<()> {
[INFO] [stdout]     |    ^^^^^^^^^^^^^^^
[INFO] [stdout] 
[INFO] [stdout] 
[INFO] [stderr]    Compiling rqjs-ext v0.1.3 (/opt/rustwide/workdir/rqjs-ext)
[INFO] [stderr]    Compiling rqjs-cli v0.1.4 (/opt/rustwide/workdir/rqjs-cli)
[INFO] [stdout] warning: unexpected `cfg` condition name: `rust_nightly`
[INFO] [stdout]  --> rqjs-ext/src/lib.rs:3:13
[INFO] [stdout]   |
[INFO] [stdout] 3 | #![cfg_attr(rust_nightly, feature(portable_simd))]
[INFO] [stdout]   |             ^^^^^^^^^^^^
[INFO] [stdout]   |
[INFO] [stdout]   = help: expected names are: `clippy`, `debug_assertions`, `doc`, `docsrs`, `doctest`, `feature`, `fmt_debug`, `miri`, `overflow_checks`, `panic`, `proc_macro`, `relocation_model`, `rustfmt`, `sanitize`, `sanitizer_cfi_generalize_pointers`, `sanitizer_cfi_normalize_integers`, `target_abi`, `target_arch`, `target_endian`, `target_env`, `target_family`, `target_feature`, `target_has_atomic`, `target_has_atomic_equal_alignment`, `target_has_atomic_load_store`, `target_os`, `target_pointer_width`, `target_thread_local`, `target_vendor`, `test`, `ub_checks`, `unix`, and `windows`
[INFO] [stdout]   = help: consider using a Cargo feature instead
[INFO] [stdout]   = help: or consider adding in `Cargo.toml` the `check-cfg` lint config for the lint:
[INFO] [stdout]            [lints.rust]
[INFO] [stdout]            unexpected_cfgs = { level = "warn", check-cfg = ['cfg(rust_nightly)'] }
[INFO] [stdout]   = help: or consider adding `println!("cargo::rustc-check-cfg=cfg(rust_nightly)");` to the top of the `build.rs`
[INFO] [stdout]   = note: see <https://doc.rust-lang.org/nightly/rustc/check-cfg/cargo-specifics.html> for more information about checking conditional configuration
[INFO] [stdout]   = note: `#[warn(unexpected_cfgs)]` on by default
[INFO] [stdout] 
[INFO] [stdout] 
[INFO] [stdout] warning: unexpected `cfg` condition name: `rust_nightly`
[INFO] [stdout]  --> rqjs-ext/src/json/escape.rs:3:7
[INFO] [stdout]   |
[INFO] [stdout] 3 | #[cfg(rust_nightly)] //FIXME remove when std::simd is stable
[INFO] [stdout]   |       ^^^^^^^^^^^^
[INFO] [stdout]   |
[INFO] [stdout]   = help: consider using a Cargo feature instead
[INFO] [stdout]   = help: or consider adding in `Cargo.toml` the `check-cfg` lint config for the lint:
[INFO] [stdout]            [lints.rust]
[INFO] [stdout]            unexpected_cfgs = { level = "warn", check-cfg = ['cfg(rust_nightly)'] }
[INFO] [stdout]   = help: or consider adding `println!("cargo::rustc-check-cfg=cfg(rust_nightly)");` to the top of the `build.rs`
[INFO] [stdout]   = note: see <https://doc.rust-lang.org/nightly/rustc/check-cfg/cargo-specifics.html> for more information about checking conditional configuration
[INFO] [stdout] 
[INFO] [stdout] 
[INFO] [stdout] warning: unexpected `cfg` condition name: `rust_nightly`
[INFO] [stdout]   --> rqjs-ext/src/json/escape.rs:65:11
[INFO] [stdout]    |
[INFO] [stdout] 65 | #[cfg(not(rust_nightly))]
[INFO] [stdout]    |           ^^^^^^^^^^^^
[INFO] [stdout]    |
[INFO] [stdout]    = help: consider using a Cargo feature instead
[INFO] [stdout]    = help: or consider adding in `Cargo.toml` the `check-cfg` lint config for the lint:
[INFO] [stdout]             [lints.rust]
[INFO] [stdout]             unexpected_cfgs = { level = "warn", check-cfg = ['cfg(rust_nightly)'] }
[INFO] [stdout]    = help: or consider adding `println!("cargo::rustc-check-cfg=cfg(rust_nightly)");` to the top of the `build.rs`
[INFO] [stdout]    = note: see <https://doc.rust-lang.org/nightly/rustc/check-cfg/cargo-specifics.html> for more information about checking conditional configuration
[INFO] [stdout] 
[INFO] [stdout] 
[INFO] [stdout] warning: unexpected `cfg` condition name: `rust_nightly`
[INFO] [stdout]   --> rqjs-ext/src/json/escape.rs:70:7
[INFO] [stdout]    |
[INFO] [stdout] 70 | #[cfg(rust_nightly)]
[INFO] [stdout]    |       ^^^^^^^^^^^^
[INFO] [stdout]    |
[INFO] [stdout]    = help: consider using a Cargo feature instead
[INFO] [stdout]    = help: or consider adding in `Cargo.toml` the `check-cfg` lint config for the lint:
[INFO] [stdout]             [lints.rust]
[INFO] [stdout]             unexpected_cfgs = { level = "warn", check-cfg = ['cfg(rust_nightly)'] }
[INFO] [stdout]    = help: or consider adding `println!("cargo::rustc-check-cfg=cfg(rust_nightly)");` to the top of the `build.rs`
[INFO] [stdout]    = note: see <https://doc.rust-lang.org/nightly/rustc/check-cfg/cargo-specifics.html> for more information about checking conditional configuration
[INFO] [stdout] 
[INFO] [stdout] 
[INFO] [stdout] warning: unused imports: `Arc`, `Mutex`, and `io::Write`
[INFO] [stdout]  --> rqjs-ext/src/modules/process.rs:6:5
[INFO] [stdout]   |
[INFO] [stdout] 6 |     io::Write,
[INFO] [stdout]   |     ^^^^^^^^^
[INFO] [stdout] 7 |     sync::{atomic::Ordering, Arc, Mutex},
[INFO] [stdout]   |                              ^^^  ^^^^^
[INFO] [stdout]   |
[INFO] [stdout]   = note: `#[warn(unused_imports)]` on by default
[INFO] [stdout] 
[INFO] [stdout] 
[INFO] [stdout] warning: unused import: `AsyncWriteExt`
[INFO] [stdout]    --> rqjs-ext/src/modules/process.rs:115:44
[INFO] [stdout]     |
[INFO] [stdout] 115 |     use tokio::io::{self, AsyncBufReadExt, AsyncWriteExt, BufReader};
[INFO] [stdout]     |                                            ^^^^^^^^^^^^^
[INFO] [stdout] 
[INFO] [stdout] 
[INFO] [stdout] warning: unused macro definition: `iterable_enum`
[INFO] [stdout]  --> rqjs-ext/src/modules/macros.rs:3:14
[INFO] [stdout]   |
[INFO] [stdout] 3 | macro_rules! iterable_enum {
[INFO] [stdout]   |              ^^^^^^^^^^^^^
[INFO] [stdout]   |
[INFO] [stdout]   = note: `#[warn(unused_macros)]` on by default
[INFO] [stdout] 
[INFO] [stdout] 
[INFO] [stdout] warning: unused macro definition: `impl_stream_events`
[INFO] [stdout]   --> rqjs-ext/src/modules/macros.rs:18:14
[INFO] [stdout]    |
[INFO] [stdout] 18 | macro_rules! impl_stream_events {
[INFO] [stdout]    |              ^^^^^^^^^^^^^^^^^^
[INFO] [stdout] 
[INFO] [stdout] 
[INFO] [stdout] warning: `#[macro_use]` only has an effect on `extern crate` and modules
[INFO] [stdout]   --> rqjs-ext/src/macros.rs:17:1
[INFO] [stdout]    |
[INFO] [stdout] 17 | #[macro_use]
[INFO] [stdout]    | ^^^^^^^^^^^^
[INFO] [stdout]    |
[INFO] [stdout]    = note: `#[warn(unused_attributes)]` on by default
[INFO] [stdout] 
[INFO] [stdout] 
[INFO] [stdout] warning: unreachable expression
[INFO] [stdout]    --> rqjs-ext/src/modules/process.rs:132:17
[INFO] [stdout]     |
[INFO] [stdout] 124 | /                 loop {
[INFO] [stdout] 125 | |                     let mut input: String = String::new();
[INFO] [stdout] 126 | |                     reader
[INFO] [stdout] 127 | |                         .read_line(&mut input)
[INFO] [stdout] ...   |
[INFO] [stdout] 130 | |                     listener.call::<(String,), ()>((input,)).unwrap();
[INFO] [stdout] 131 | |                 }
[INFO] [stdout]     | |_________________- any code following this expression is unreachable
[INFO] [stdout] 132 |                   Ok(())
[INFO] [stdout]     |                   ^^^^^^ unreachable expression
[INFO] [stdout]     |
[INFO] [stdout]     = note: `#[warn(unreachable_code)]` on by default
[INFO] [stdout] 
[INFO] [stdout] 
[INFO] [stdout] warning: unused variable: `callback`
[INFO] [stdout]   --> rqjs-ext/src/modules/crypto/mod.rs:85:9
[INFO] [stdout]    |
[INFO] [stdout] 85 |     let callback: Function = args_iter
[INFO] [stdout]    |         ^^^^^^^^ help: if this is intentional, prefix it with an underscore: `_callback`
[INFO] [stdout]    |
[INFO] [stdout]    = note: `#[warn(unused_variables)]` on by default
[INFO] [stdout] 
[INFO] [stdout] 
[INFO] [stdout] warning: unused variable: `size`
[INFO] [stdout]   --> rqjs-ext/src/modules/crypto/mod.rs:89:9
[INFO] [stdout]    |
[INFO] [stdout] 89 |     let size = args_iter
[INFO] [stdout]    |         ^^^^ help: if this is intentional, prefix it with an underscore: `_size`
[INFO] [stdout] 
[INFO] [stdout] 
[INFO] [stdout] warning: unused variable: `offset`
[INFO] [stdout]   --> rqjs-ext/src/modules/crypto/mod.rs:93:9
[INFO] [stdout]    |
[INFO] [stdout] 93 |     let offset = args_iter
[INFO] [stdout]    |         ^^^^^^ help: if this is intentional, prefix it with an underscore: `_offset`
[INFO] [stdout] 
[INFO] [stdout] 
[INFO] [stdout] warning: unused variable: `obj`
[INFO] [stdout]   --> rqjs-ext/src/modules/crypto/mod.rs:81:36
[INFO] [stdout]    |
[INFO] [stdout] 81 | fn random_fill<'js>(ctx: Ctx<'js>, obj: Object<'js>, args: Rest<Value<'js>>) -> Result<()> {
[INFO] [stdout]    |                                    ^^^ help: if this is intentional, prefix it with an underscore: `_obj`
[INFO] [stdout] 
[INFO] [stdout] 
[INFO] [stdout] warning: unused variable: `timeout_error`
[INFO] [stdout]    --> rqjs-ext/src/modules/events.rs:622:13
[INFO] [stdout]     |
[INFO] [stdout] 622 |         let timeout_error = get_reason_or_dom_exception(&ctx, None, "TimeoutError")?;
[INFO] [stdout]     |             ^^^^^^^^^^^^^ help: if this is intentional, prefix it with an underscore: `_timeout_error`
[INFO] [stdout] 
[INFO] [stdout] 
[INFO] [stdout] warning: unused variable: `milliseconds`
[INFO] [stdout]    --> rqjs-ext/src/modules/events.rs:621:35
[INFO] [stdout]     |
[INFO] [stdout] 621 |     pub fn timeout(ctx: Ctx<'js>, milliseconds: u64) -> Result<Class<'js, Self>> {
[INFO] [stdout]     |                                   ^^^^^^^^^^^^ help: if this is intentional, prefix it with an underscore: `_milliseconds`
[INFO] [stdout] 
[INFO] [stdout] 
[INFO] [stdout] warning: unused variable: `reader`
[INFO] [stdout]    --> rqjs-ext/src/modules/process.rs:121:25
[INFO] [stdout]     |
[INFO] [stdout] 121 |                 let mut reader = EventStream::new();
[INFO] [stdout]     |                         ^^^^^^ help: if this is intentional, prefix it with an underscore: `_reader`
[INFO] [stdout] 
[INFO] [stdout] 
[INFO] [stdout] warning: variable does not need to be mutable
[INFO] [stdout]    --> rqjs-ext/src/modules/process.rs:121:21
[INFO] [stdout]     |
[INFO] [stdout] 121 |                 let mut reader = EventStream::new();
[INFO] [stdout]     |                     ----^^^^^^
[INFO] [stdout]     |                     |
[INFO] [stdout]     |                     help: remove this `mut`
[INFO] [stdout]     |
[INFO] [stdout]     = note: `#[warn(unused_mut)]` on by default
[INFO] [stdout] 
[INFO] [stdout] 
[INFO] [stdout] warning: associated function `process_callback` is never used
[INFO] [stdout]    --> rqjs-ext/src/stream/readable.rs:227:8
[INFO] [stdout]     |
[INFO] [stdout] 148 | pub trait ReadableStream<'js>
[INFO] [stdout]     |           -------------- associated function in this trait
[INFO] [stdout] ...
[INFO] [stdout] 227 |     fn process_callback<T: AsyncRead + 'js + Unpin, C: FnOnce() + Sized + 'js>(
[INFO] [stdout]     |        ^^^^^^^^^^^^^^^^
[INFO] [stdout]     |
[INFO] [stdout]     = note: `#[warn(dead_code)]` on by default
[INFO] [stdout] 
[INFO] [stdout] 
[INFO] [stdout] warning: associated functions `destroy` and `write_flushed` are never used
[INFO] [stdout]    --> rqjs-ext/src/stream/writable.rs:130:8
[INFO] [stdout]     |
[INFO] [stdout] 111 | pub trait WritableStream<'js>
[INFO] [stdout]     |           -------------- associated functions in this trait
[INFO] [stdout] ...
[INFO] [stdout] 130 |     fn destroy(
[INFO] [stdout]     |        ^^^^^^^
[INFO] [stdout] ...
[INFO] [stdout] 172 |     fn write_flushed(
[INFO] [stdout]     |        ^^^^^^^^^^^^^
[INFO] [stdout] 
[INFO] [stdout] 
[INFO] [stdout] warning: function `print` is never used
[INFO] [stdout]   --> rqjs-ext/src/vm.rs:56:4
[INFO] [stdout]    |
[INFO] [stdout] 56 | fn print(value: String, stdout: Opt<bool>) {
[INFO] [stdout]    |    ^^^^^
[INFO] [stdout] 
[INFO] [stdout] 
[INFO] [stdout] warning: struct `LifetimeArgs` is never constructed
[INFO] [stdout]    --> rqjs-ext/src/vm.rs:314:8
[INFO] [stdout]     |
[INFO] [stdout] 314 | struct LifetimeArgs<'js>(Ctx<'js>);
[INFO] [stdout]     |        ^^^^^^^^^^^^
[INFO] [stdout] 
[INFO] [stdout] 
[INFO] [stdout] warning: function `json_parse_string` is never used
[INFO] [stdout]    --> rqjs-ext/src/vm.rs:474:4
[INFO] [stdout]     |
[INFO] [stdout] 474 | fn json_parse_string<'js>(ctx: Ctx<'js>, value: Value<'js>) -> Result<Value<'js>> {
[INFO] [stdout]     |    ^^^^^^^^^^^^^^^^^
[INFO] [stdout] 
[INFO] [stdout] 
[INFO] [stdout] warning: function `run_gc` is never used
[INFO] [stdout]    --> rqjs-ext/src/vm.rs:479:4
[INFO] [stdout]     |
[INFO] [stdout] 479 | fn run_gc(ctx: Ctx<'_>) {
[INFO] [stdout]     |    ^^^^^^
[INFO] [stdout] 
[INFO] [stdout] 
[INFO] [stdout] warning: function `init` is never used
[INFO] [stdout]    --> rqjs-ext/src/vm.rs:489:4
[INFO] [stdout]     |
[INFO] [stdout] 489 | fn init(ctx: &Ctx<'_>, module_names: HashSet<&'static str>) -> Result<()> {
[INFO] [stdout]     |    ^^^^
[INFO] [stdout] 
[INFO] [stdout] 
[INFO] [stdout] warning: function `load` is never used
[INFO] [stdout]    --> rqjs-ext/src/vm.rs:636:4
[INFO] [stdout]     |
[INFO] [stdout] 636 | fn load<'js>(ctx: Ctx<'js>, filename: String, options: Opt<Object<'js>>) -> Result<Value<'js>> {
[INFO] [stdout]     |    ^^^^
[INFO] [stdout] 
[INFO] [stdout] 
[INFO] [stdout] warning: function `get_script_or_module_name` is never used
[INFO] [stdout]    --> rqjs-ext/src/vm.rs:666:4
[INFO] [stdout]     |
[INFO] [stdout] 666 | fn get_script_or_module_name(ctx: Ctx<'_>) -> String {
[INFO] [stdout]     |    ^^^^^^^^^^^^^^^^^^^^^^^^^
[INFO] [stdout] 
[INFO] [stdout] 
[INFO] [stdout] warning: function `set_import_meta` is never used
[INFO] [stdout]    --> rqjs-ext/src/vm.rs:682:4
[INFO] [stdout]     |
[INFO] [stdout] 682 | fn set_import_meta(module: &Module<'_>, filepath: &str) -> Result<()> {
[INFO] [stdout]     |    ^^^^^^^^^^^^^^^
[INFO] [stdout] 
[INFO] [stdout] 
[INFO] [stderr]     Finished `test` profile [unoptimized + debuginfo] target(s) in 3.12s
[INFO] running `Command { std: "docker" "inspect" "591d6ed32705f8cb06b3911f9316b3924565d5f09d32337a98796151c2dc9944", kill_on_drop: false }`
[INFO] running `Command { std: "docker" "rm" "-f" "591d6ed32705f8cb06b3911f9316b3924565d5f09d32337a98796151c2dc9944", kill_on_drop: false }`
[INFO] [stdout] 591d6ed32705f8cb06b3911f9316b3924565d5f09d32337a98796151c2dc9944
[INFO] running `Command { std: "docker" "create" "-v" "/var/lib/crater-agent-workspace/builds/worker-7-tc2/target:/opt/rustwide/target:rw,Z" "-v" "/var/lib/crater-agent-workspace/builds/worker-7-tc2/source:/opt/rustwide/workdir:ro,Z" "-v" "/var/lib/crater-agent-workspace/cargo-home:/opt/rustwide/cargo-home:ro,Z" "-v" "/var/lib/crater-agent-workspace/rustup-home:/opt/rustwide/rustup-home:ro,Z" "-e" "SOURCE_DIR=/opt/rustwide/workdir" "-e" "CARGO_TARGET_DIR=/opt/rustwide/target" "-e" "CARGO_INCREMENTAL=0" "-e" "RUST_BACKTRACE=full" "-e" "RUSTFLAGS=--cap-lints=forbid -Zrandomize-layout" "-e" "RUSTDOCFLAGS=--cap-lints=forbid" "-e" "CARGO_HOME=/opt/rustwide/cargo-home" "-e" "RUSTUP_HOME=/opt/rustwide/rustup-home" "-w" "/opt/rustwide/workdir" "-m" "1610612736" "--user" "0:0" "--network" "none" "ghcr.io/rust-lang/crates-build-env/linux@sha256:4a844ea9eb2546a2d2c7022eacef16ef2e8229c7fbb2c7d4d55a9ceca922f72d" "/opt/rustwide/cargo-home/bin/cargo" "+nightly-2024-10-28" "test" "--frozen", kill_on_drop: false }`
[INFO] [stdout] 56aba9863dae9c1bbb4b8c6a00cff3da49866d21b26e38a65fd2312392dd924b
[INFO] running `Command { std: "docker" "start" "-a" "56aba9863dae9c1bbb4b8c6a00cff3da49866d21b26e38a65fd2312392dd924b", kill_on_drop: false }`
[INFO] [stderr] warning: profiles for the non root package will be ignored, specify profiles at the workspace root:
[INFO] [stderr] package:   /opt/rustwide/workdir/rqjs-cli/Cargo.toml
[INFO] [stderr] workspace: /opt/rustwide/workdir/Cargo.toml
[INFO] [stderr] warning: unexpected `cfg` condition name: `rust_nightly`
[INFO] [stderr]  --> rqjs-ext/src/lib.rs:3:13
[INFO] [stderr]   |
[INFO] [stderr] 3 | #![cfg_attr(rust_nightly, feature(portable_simd))]
[INFO] [stderr]   |             ^^^^^^^^^^^^
[INFO] [stderr]   |
[INFO] [stderr]   = help: expected names are: `clippy`, `debug_assertions`, `doc`, `docsrs`, `doctest`, `feature`, `fmt_debug`, `miri`, `overflow_checks`, `panic`, `proc_macro`, `relocation_model`, `rustfmt`, `sanitize`, `sanitizer_cfi_generalize_pointers`, `sanitizer_cfi_normalize_integers`, `target_abi`, `target_arch`, `target_endian`, `target_env`, `target_family`, `target_feature`, `target_has_atomic`, `target_has_atomic_equal_alignment`, `target_has_atomic_load_store`, `target_os`, `target_pointer_width`, `target_thread_local`, `target_vendor`, `test`, `ub_checks`, `unix`, and `windows`
[INFO] [stderr]   = help: consider using a Cargo feature instead
[INFO] [stderr]   = help: or consider adding in `Cargo.toml` the `check-cfg` lint config for the lint:
[INFO] [stderr]            [lints.rust]
[INFO] [stderr]            unexpected_cfgs = { level = "warn", check-cfg = ['cfg(rust_nightly)'] }
[INFO] [stderr]   = help: or consider adding `println!("cargo::rustc-check-cfg=cfg(rust_nightly)");` to the top of the `build.rs`
[INFO] [stderr]   = note: see <https://doc.rust-lang.org/nightly/rustc/check-cfg/cargo-specifics.html> for more information about checking conditional configuration
[INFO] [stderr]   = note: `#[warn(unexpected_cfgs)]` on by default
[INFO] [stderr] 
[INFO] [stderr] warning: unexpected `cfg` condition name: `rust_nightly`
[INFO] [stderr]  --> rqjs-ext/src/json/escape.rs:3:7
[INFO] [stderr]   |
[INFO] [stderr] 3 | #[cfg(rust_nightly)] //FIXME remove when std::simd is stable
[INFO] [stderr]   |       ^^^^^^^^^^^^
[INFO] [stderr]   |
[INFO] [stderr]   = help: consider using a Cargo feature instead
[INFO] [stderr]   = help: or consider adding in `Cargo.toml` the `check-cfg` lint config for the lint:
[INFO] [stderr]            [lints.rust]
[INFO] [stderr]            unexpected_cfgs = { level = "warn", check-cfg = ['cfg(rust_nightly)'] }
[INFO] [stderr]   = help: or consider adding `println!("cargo::rustc-check-cfg=cfg(rust_nightly)");` to the top of the `build.rs`
[INFO] [stderr]   = note: see <https://doc.rust-lang.org/nightly/rustc/check-cfg/cargo-specifics.html> for more information about checking conditional configuration
[INFO] [stderr] 
[INFO] [stderr] warning: unexpected `cfg` condition name: `rust_nightly`
[INFO] [stderr]   --> rqjs-ext/src/json/escape.rs:65:11
[INFO] [stderr]    |
[INFO] [stderr] 65 | #[cfg(not(rust_nightly))]
[INFO] [stderr]    |           ^^^^^^^^^^^^
[INFO] [stderr]    |
[INFO] [stderr]    = help: consider using a Cargo feature instead
[INFO] [stderr]    = help: or consider adding in `Cargo.toml` the `check-cfg` lint config for the lint:
[INFO] [stderr]             [lints.rust]
[INFO] [stderr]             unexpected_cfgs = { level = "warn", check-cfg = ['cfg(rust_nightly)'] }
[INFO] [stderr]    = help: or consider adding `println!("cargo::rustc-check-cfg=cfg(rust_nightly)");` to the top of the `build.rs`
[INFO] [stderr]    = note: see <https://doc.rust-lang.org/nightly/rustc/check-cfg/cargo-specifics.html> for more information about checking conditional configuration
[INFO] [stderr] 
[INFO] [stderr] warning: unexpected `cfg` condition name: `rust_nightly`
[INFO] [stderr]   --> rqjs-ext/src/json/escape.rs:70:7
[INFO] [stderr]    |
[INFO] [stderr] 70 | #[cfg(rust_nightly)]
[INFO] [stderr]    |       ^^^^^^^^^^^^
[INFO] [stderr]    |
[INFO] [stderr]    = help: consider using a Cargo feature instead
[INFO] [stderr]    = help: or consider adding in `Cargo.toml` the `check-cfg` lint config for the lint:
[INFO] [stderr]             [lints.rust]
[INFO] [stderr]             unexpected_cfgs = { level = "warn", check-cfg = ['cfg(rust_nightly)'] }
[INFO] [stderr]    = help: or consider adding `println!("cargo::rustc-check-cfg=cfg(rust_nightly)");` to the top of the `build.rs`
[INFO] [stderr]    = note: see <https://doc.rust-lang.org/nightly/rustc/check-cfg/cargo-specifics.html> for more information about checking conditional configuration
[INFO] [stderr] 
[INFO] [stderr] warning: unused imports: `Arc`, `Mutex`, and `io::Write`
[INFO] [stderr]  --> rqjs-ext/src/modules/process.rs:6:5
[INFO] [stderr]   |
[INFO] [stderr] 6 |     io::Write,
[INFO] [stderr]   |     ^^^^^^^^^
[INFO] [stderr] 7 |     sync::{atomic::Ordering, Arc, Mutex},
[INFO] [stderr]   |                              ^^^  ^^^^^
[INFO] [stderr]   |
[INFO] [stderr]   = note: `#[warn(unused_imports)]` on by default
[INFO] [stderr] 
[INFO] [stderr] warning: unused import: `AsyncWriteExt`
[INFO] [stderr]    --> rqjs-ext/src/modules/process.rs:115:44
[INFO] [stderr]     |
[INFO] [stderr] 115 |     use tokio::io::{self, AsyncBufReadExt, AsyncWriteExt, BufReader};
[INFO] [stderr]     |                                            ^^^^^^^^^^^^^
[INFO] [stderr] 
[INFO] [stderr] warning: unused macro definition: `iterable_enum`
[INFO] [stderr]  --> rqjs-ext/src/modules/macros.rs:3:14
[INFO] [stderr]   |
[INFO] [stderr] 3 | macro_rules! iterable_enum {
[INFO] [stderr]   |              ^^^^^^^^^^^^^
[INFO] [stderr]   |
[INFO] [stderr]   = note: `#[warn(unused_macros)]` on by default
[INFO] [stderr] 
[INFO] [stderr] warning: unused macro definition: `impl_stream_events`
[INFO] [stderr]   --> rqjs-ext/src/modules/macros.rs:18:14
[INFO] [stderr]    |
[INFO] [stderr] 18 | macro_rules! impl_stream_events {
[INFO] [stderr]    |              ^^^^^^^^^^^^^^^^^^
[INFO] [stderr] 
[INFO] [stderr] warning: `#[macro_use]` only has an effect on `extern crate` and modules
[INFO] [stderr]   --> rqjs-ext/src/macros.rs:17:1
[INFO] [stderr]    |
[INFO] [stderr] 17 | #[macro_use]
[INFO] [stderr]    | ^^^^^^^^^^^^
[INFO] [stderr]    |
[INFO] [stderr]    = note: `#[warn(unused_attributes)]` on by default
[INFO] [stderr] 
[INFO] [stderr] warning: unreachable expression
[INFO] [stderr]    --> rqjs-ext/src/modules/process.rs:132:17
[INFO] [stderr]     |
[INFO] [stderr] 124 | /                 loop {
[INFO] [stderr] 125 | |                     let mut input: String = String::new();
[INFO] [stderr] 126 | |                     reader
[INFO] [stderr] 127 | |                         .read_line(&mut input)
[INFO] [stderr] ...   |
[INFO] [stderr] 130 | |                     listener.call::<(String,), ()>((input,)).unwrap();
[INFO] [stderr] 131 | |                 }
[INFO] [stderr]     | |_________________- any code following this expression is unreachable
[INFO] [stderr] 132 |                   Ok(())
[INFO] [stderr]     |                   ^^^^^^ unreachable expression
[INFO] [stderr]     |
[INFO] [stderr]     = note: `#[warn(unreachable_code)]` on by default
[INFO] [stderr] 
[INFO] [stderr] warning: unused variable: `callback`
[INFO] [stderr]   --> rqjs-ext/src/modules/crypto/mod.rs:85:9
[INFO] [stderr]    |
[INFO] [stderr] 85 |     let callback: Function = args_iter
[INFO] [stderr]    |         ^^^^^^^^ help: if this is intentional, prefix it with an underscore: `_callback`
[INFO] [stderr]    |
[INFO] [stderr]    = note: `#[warn(unused_variables)]` on by default
[INFO] [stderr] 
[INFO] [stderr] warning: unused variable: `size`
[INFO] [stderr]   --> rqjs-ext/src/modules/crypto/mod.rs:89:9
[INFO] [stderr]    |
[INFO] [stderr] 89 |     let size = args_iter
[INFO] [stderr]    |         ^^^^ help: if this is intentional, prefix it with an underscore: `_size`
[INFO] [stderr] 
[INFO] [stderr] warning: unused variable: `offset`
[INFO] [stderr]   --> rqjs-ext/src/modules/crypto/mod.rs:93:9
[INFO] [stderr]    |
[INFO] [stderr] 93 |     let offset = args_iter
[INFO] [stderr]    |         ^^^^^^ help: if this is intentional, prefix it with an underscore: `_offset`
[INFO] [stderr] 
[INFO] [stderr] warning: unused variable: `obj`
[INFO] [stderr]   --> rqjs-ext/src/modules/crypto/mod.rs:81:36
[INFO] [stderr]    |
[INFO] [stderr] 81 | fn random_fill<'js>(ctx: Ctx<'js>, obj: Object<'js>, args: Rest<Value<'js>>) -> Result<()> {
[INFO] [stderr]    |                                    ^^^ help: if this is intentional, prefix it with an underscore: `_obj`
[INFO] [stderr] 
[INFO] [stderr] warning: unused variable: `timeout_error`
[INFO] [stderr]    --> rqjs-ext/src/modules/events.rs:622:13
[INFO] [stderr]     |
[INFO] [stderr] 622 |         let timeout_error = get_reason_or_dom_exception(&ctx, None, "TimeoutError")?;
[INFO] [stderr]     |             ^^^^^^^^^^^^^ help: if this is intentional, prefix it with an underscore: `_timeout_error`
[INFO] [stderr] 
[INFO] [stderr] warning: unused variable: `milliseconds`
[INFO] [stderr]    --> rqjs-ext/src/modules/events.rs:621:35
[INFO] [stderr]     |
[INFO] [stderr] 621 |     pub fn timeout(ctx: Ctx<'js>, milliseconds: u64) -> Result<Class<'js, Self>> {
[INFO] [stderr]     |                                   ^^^^^^^^^^^^ help: if this is intentional, prefix it with an underscore: `_milliseconds`
[INFO] [stderr] 
[INFO] [stderr] warning: unused variable: `reader`
[INFO] [stderr]    --> rqjs-ext/src/modules/process.rs:121:25
[INFO] [stderr]     |
[INFO] [stderr] 121 |                 let mut reader = EventStream::new();
[INFO] [stderr]     |                         ^^^^^^ help: if this is intentional, prefix it with an underscore: `_reader`
[INFO] [stderr] 
[INFO] [stderr] warning: variable does not need to be mutable
[INFO] [stderr]    --> rqjs-ext/src/modules/process.rs:121:21
[INFO] [stderr]     |
[INFO] [stderr] 121 |                 let mut reader = EventStream::new();
[INFO] [stderr]     |                     ----^^^^^^
[INFO] [stderr]     |                     |
[INFO] [stderr]     |                     help: remove this `mut`
[INFO] [stderr]     |
[INFO] [stderr]     = note: `#[warn(unused_mut)]` on by default
[INFO] [stderr] 
[INFO] [stderr] warning: associated function `process_callback` is never used
[INFO] [stderr]    --> rqjs-ext/src/stream/readable.rs:227:8
[INFO] [stderr]     |
[INFO] [stderr] 148 | pub trait ReadableStream<'js>
[INFO] [stderr]     |           -------------- associated function in this trait
[INFO] [stderr] ...
[INFO] [stderr] 227 |     fn process_callback<T: AsyncRead + 'js + Unpin, C: FnOnce() + Sized + 'js>(
[INFO] [stderr]     |        ^^^^^^^^^^^^^^^^
[INFO] [stderr]     |
[INFO] [stderr]     = note: `#[warn(dead_code)]` on by default
[INFO] [stderr] 
[INFO] [stderr] warning: associated functions `destroy` and `write_flushed` are never used
[INFO] [stderr]    --> rqjs-ext/src/stream/writable.rs:130:8
[INFO] [stderr]     |
[INFO] [stderr] 111 | pub trait WritableStream<'js>
[INFO] [stderr]     |           -------------- associated functions in this trait
[INFO] [stderr] ...
[INFO] [stderr] 130 |     fn destroy(
[INFO] [stderr]     |        ^^^^^^^
[INFO] [stderr] ...
[INFO] [stderr] 172 |     fn write_flushed(
[INFO] [stderr]     |        ^^^^^^^^^^^^^
[INFO] [stderr] 
[INFO] [stderr] warning: function `print` is never used
[INFO] [stderr]   --> rqjs-ext/src/vm.rs:56:4
[INFO] [stderr]    |
[INFO] [stderr] 56 | fn print(value: String, stdout: Opt<bool>) {
[INFO] [stderr]    |    ^^^^^
[INFO] [stderr] 
[INFO] [stderr] warning: struct `LifetimeArgs` is never constructed
[INFO] [stderr]    --> rqjs-ext/src/vm.rs:314:8
[INFO] [stderr]     |
[INFO] [stderr] 314 | struct LifetimeArgs<'js>(Ctx<'js>);
[INFO] [stderr]     |        ^^^^^^^^^^^^
[INFO] [stderr] 
[INFO] [stderr] warning: function `json_parse_string` is never used
[INFO] [stderr]    --> rqjs-ext/src/vm.rs:474:4
[INFO] [stderr]     |
[INFO] [stderr] 474 | fn json_parse_string<'js>(ctx: Ctx<'js>, value: Value<'js>) -> Result<Value<'js>> {
[INFO] [stderr]     |    ^^^^^^^^^^^^^^^^^
[INFO] [stderr] 
[INFO] [stderr] warning: function `run_gc` is never used
[INFO] [stderr]    --> rqjs-ext/src/vm.rs:479:4
[INFO] [stderr]     |
[INFO] [stderr] 479 | fn run_gc(ctx: Ctx<'_>) {
[INFO] [stderr]     |    ^^^^^^
[INFO] [stderr] 
[INFO] [stderr] warning: function `init` is never used
[INFO] [stderr]    --> rqjs-ext/src/vm.rs:489:4
[INFO] [stderr]     |
[INFO] [stderr] 489 | fn init(ctx: &Ctx<'_>, module_names: HashSet<&'static str>) -> Result<()> {
[INFO] [stderr]     |    ^^^^
[INFO] [stderr] 
[INFO] [stderr] warning: function `load` is never used
[INFO] [stderr]    --> rqjs-ext/src/vm.rs:636:4
[INFO] [stderr]     |
[INFO] [stderr] 636 | fn load<'js>(ctx: Ctx<'js>, filename: String, options: Opt<Object<'js>>) -> Result<Value<'js>> {
[INFO] [stderr]     |    ^^^^
[INFO] [stderr] 
[INFO] [stderr] warning: function `get_script_or_module_name` is never used
[INFO] [stderr]    --> rqjs-ext/src/vm.rs:666:4
[INFO] [stderr]     |
[INFO] [stderr] 666 | fn get_script_or_module_name(ctx: Ctx<'_>) -> String {
[INFO] [stderr]     |    ^^^^^^^^^^^^^^^^^^^^^^^^^
[INFO] [stderr] 
[INFO] [stderr] warning: function `set_import_meta` is never used
[INFO] [stderr]    --> rqjs-ext/src/vm.rs:682:4
[INFO] [stderr]     |
[INFO] [stderr] 682 | fn set_import_meta(module: &Module<'_>, filepath: &str) -> Result<()> {
[INFO] [stderr]     |    ^^^^^^^^^^^^^^^
[INFO] [stderr] 
[INFO] [stderr] warning: `rqjs-ext` (lib) generated 28 warnings (run `cargo fix --lib -p rqjs-ext` to apply 3 suggestions)
[INFO] [stderr] warning: `rqjs-ext` (lib test) generated 28 warnings (28 duplicates)
[INFO] [stderr]     Finished `test` profile [unoptimized + debuginfo] target(s) in 0.14s
[INFO] [stderr]      Running unittests src/lib.rs (/opt/rustwide/target/debug/deps/rqjs_cli-4f0d2474f794c357)
[INFO] [stdout] 
[INFO] [stdout] running 0 tests
[INFO] [stdout] 
[INFO] [stdout] test result: ok. 0 passed; 0 failed; 0 ignored; 0 measured; 0 filtered out; finished in 0.00s
[INFO] [stdout] 
[INFO] [stderr]      Running unittests src/main.rs (/opt/rustwide/target/debug/deps/rqjs-5c5c431b96199dd7)
[INFO] [stdout] 
[INFO] [stdout] running 1 test
[INFO] [stdout] test test::test_js ... FAILED
[INFO] [stdout] 
[INFO] [stdout] failures:
[INFO] [stdout] 
[INFO] [stdout] ---- test::test_js stdout ----
[INFO] [stdout] root:/opt/rustwide/workdir/rqjs-cli
[INFO] [stdout] test: /opt/rustwide/workdir/rqjs-cli/js/perf_hooks.js
[INFO] [stdout] thread 'test::test_js' panicked at rqjs-ext/src/modules/process.rs:104:35:
[INFO] [stdout] called `Result::unwrap()` on an `Err` value: Os { code: 11, kind: WouldBlock, message: "Resource temporarily unavailable" }
[INFO] [stdout] stack backtrace:
[INFO] [stdout]    0:     0x6401a34aceda - std::backtrace_rs::backtrace::libunwind::trace::h207520d6e9873551
[INFO] [stdout]                                at /rustc/df4ca44d3fbc9301ee17f30f4d474e6ae4b05252/library/std/src/../../backtrace/src/backtrace/libunwind.rs:116:5
[INFO] [stdout]    1:     0x6401a34aceda - std::backtrace_rs::backtrace::trace_unsynchronized::h2ed7433f370e3eca
[INFO] [stdout]                                at /rustc/df4ca44d3fbc9301ee17f30f4d474e6ae4b05252/library/std/src/../../backtrace/src/backtrace/mod.rs:66:5
[INFO] [stdout]    2:     0x6401a34aceda - std::sys::backtrace::_print_fmt::h916fac51166b18d7
[INFO] [stdout]                                at /rustc/df4ca44d3fbc9301ee17f30f4d474e6ae4b05252/library/std/src/sys/backtrace.rs:66:9
[INFO] [stdout]    3:     0x6401a34aceda - <std::sys::backtrace::BacktraceLock::print::DisplayBacktrace as core::fmt::Display>::fmt::ha0a4c9b8ce3802e6
[INFO] [stdout]                                at /rustc/df4ca44d3fbc9301ee17f30f4d474e6ae4b05252/library/std/src/sys/backtrace.rs:39:26
[INFO] [stdout]    4:     0x6401a34d5a73 - core::fmt::rt::Argument::fmt::h4cfc8587d52b3eb5
[INFO] [stdout]                                at /rustc/df4ca44d3fbc9301ee17f30f4d474e6ae4b05252/library/core/src/fmt/rt.rs:177:76
[INFO] [stdout]    5:     0x6401a34d5a73 - core::fmt::write::h522cc39e5b36ae9f
[INFO] [stdout]                                at /rustc/df4ca44d3fbc9301ee17f30f4d474e6ae4b05252/library/core/src/fmt/mod.rs:1190:21
[INFO] [stdout]    6:     0x6401a34a8683 - std::io::Write::write_fmt::h7d3c26752da97734
[INFO] [stdout]                                at /rustc/df4ca44d3fbc9301ee17f30f4d474e6ae4b05252/library/std/src/io/mod.rs:1839:15
[INFO] [stdout]    7:     0x6401a34acd22 - std::sys::backtrace::BacktraceLock::print::h4b9e00b29e9c0942
[INFO] [stdout]                                at /rustc/df4ca44d3fbc9301ee17f30f4d474e6ae4b05252/library/std/src/sys/backtrace.rs:42:9
[INFO] [stdout]    8:     0x6401a34ae36a - std::panicking::default_hook::{{closure}}::hb59b88280d0324d9
[INFO] [stdout]                                at /rustc/df4ca44d3fbc9301ee17f30f4d474e6ae4b05252/library/std/src/panicking.rs:268:22
[INFO] [stdout]    9:     0x6401a34ae174 - std::panicking::default_hook::he1dd496665be4a29
[INFO] [stdout]                                at /rustc/df4ca44d3fbc9301ee17f30f4d474e6ae4b05252/library/std/src/panicking.rs:292:9
[INFO] [stdout]   10:     0x6401a2ed8e59 - <alloc::boxed::Box<F,A> as core::ops::function::Fn<Args>>::call::h4ff71de18744e1dc
[INFO] [stdout]                                at /rustc/df4ca44d3fbc9301ee17f30f4d474e6ae4b05252/library/alloc/src/boxed.rs:2468:9
[INFO] [stdout]   11:     0x6401a2ed8e59 - test::test_main::{{closure}}::hcf7c055ce117aa81
[INFO] [stdout]                                at /rustc/df4ca44d3fbc9301ee17f30f4d474e6ae4b05252/library/test/src/lib.rs:133:21
[INFO] [stdout]   12:     0x6401a34aea68 - <alloc::boxed::Box<F,A> as core::ops::function::Fn<Args>>::call::h1d66c6bbd60c9692
[INFO] [stdout]                                at /rustc/df4ca44d3fbc9301ee17f30f4d474e6ae4b05252/library/alloc/src/boxed.rs:2468:9
[INFO] [stdout]   13:     0x6401a34aea68 - std::panicking::rust_panic_with_hook::h2ff17fe8f26dfcf8
[INFO] [stdout]                                at /rustc/df4ca44d3fbc9301ee17f30f4d474e6ae4b05252/library/std/src/panicking.rs:809:13
[INFO] [stdout]   14:     0x6401a34ae82a - std::panicking::begin_panic_handler::{{closure}}::h4fad77951c07e101
[INFO] [stdout]                                at /rustc/df4ca44d3fbc9301ee17f30f4d474e6ae4b05252/library/std/src/panicking.rs:674:13
[INFO] [stdout]   15:     0x6401a34ad3b9 - std::sys::backtrace::__rust_end_short_backtrace::hb1a25b3da5d0ea08
[INFO] [stdout]                                at /rustc/df4ca44d3fbc9301ee17f30f4d474e6ae4b05252/library/std/src/sys/backtrace.rs:170:18
[INFO] [stdout]   16:     0x6401a34ae4bc - rust_begin_unwind
[INFO] [stdout]                                at /rustc/df4ca44d3fbc9301ee17f30f4d474e6ae4b05252/library/std/src/panicking.rs:665:5
[INFO] [stdout]   17:     0x6401a34d4110 - core::panicking::panic_fmt::ha9db07b529f9b256
[INFO] [stdout]                                at /rustc/df4ca44d3fbc9301ee17f30f4d474e6ae4b05252/library/core/src/panicking.rs:75:14
[INFO] [stdout]   18:     0x6401a34d45b6 - core::result::unwrap_failed::h5e8218e4d4338b8a
[INFO] [stdout]                                at /rustc/df4ca44d3fbc9301ee17f30f4d474e6ae4b05252/library/core/src/result.rs:1698:5
[INFO] [stdout]   19:     0x6401a304f022 - core::result::Result<T,E>::unwrap::hbf33599b015d36a6
[INFO] [stdout]                                at /rustc/df4ca44d3fbc9301ee17f30f4d474e6ae4b05252/library/core/src/result.rs:1103:23
[INFO] [stdout]   20:     0x6401a304f022 - rqjs_ext::modules::process::create_stdout::h953e2286c1e0e93e
[INFO] [stdout]                                at /opt/rustwide/workdir/rqjs-ext/src/modules/process.rs:104:18
[INFO] [stdout]   21:     0x6401a3050b8d - rqjs_ext::modules::process::init::h82f377eaec75ae11
[INFO] [stdout]                                at /opt/rustwide/workdir/rqjs-ext/src/modules/process.rs:184:18
[INFO] [stdout]   22:     0x6401a2e95e79 - rqjs_ext::install_ext_async::{{closure}}::{{closure}}::hb3a8db17a95c8f01
[INFO] [stdout]                                at /opt/rustwide/workdir/rqjs-ext/src/lib.rs:218:13
[INFO] [stdout]   23:     0x6401a2e907ef - rquickjs_core::context::async::AsyncContext::with::{{closure}}::h50272c44697b02a8
[INFO] [stdout]                                at /opt/rustwide/cargo-home/registry/src/index.crates.io-6f17d22bba15001f/rquickjs-core-0.6.2/src/context/async.rs:248:19
[INFO] [stdout]   24:     0x6401a2e95c87 - rqjs_ext::install_ext_async::{{closure}}::h4576357f428e53ef
[INFO] [stdout]                                at /opt/rustwide/workdir/rqjs-ext/src/lib.rs:221:6
[INFO] [stdout]   25:     0x6401a2e85d07 - rqjs_cli::start::start::{{closure}}::h6cc668a19108608a
[INFO] [stdout]                                at /opt/rustwide/workdir/rqjs-cli/src/start.rs:25:34
[INFO] [stdout]   26:     0x6401a2e894e1 - rqjs::test::test_js::{{closure}}::hfb5abaaffd5808c9
[INFO] [stdout]                                at /opt/rustwide/workdir/rqjs-cli/./src/main.rs:35:32
[INFO] [stdout]   27:     0x6401a2e8f212 - <core::pin::Pin<P> as core::future::future::Future>::poll::h73395acedf332216
[INFO] [stdout]                                at /rustc/df4ca44d3fbc9301ee17f30f4d474e6ae4b05252/library/core/src/future/future.rs:123:9
[INFO] [stdout]   28:     0x6401a2e8cfaf - tokio::runtime::park::CachedParkThread::block_on::{{closure}}::h67f45b780c77c5df
[INFO] [stdout]                                at /opt/rustwide/cargo-home/registry/src/index.crates.io-6f17d22bba15001f/tokio-1.38.0/src/runtime/park.rs:281:63
[INFO] [stdout]   29:     0x6401a2e8ca30 - tokio::runtime::coop::with_budget::h144c148d546bc0ab
[INFO] [stdout]                                at /opt/rustwide/cargo-home/registry/src/index.crates.io-6f17d22bba15001f/tokio-1.38.0/src/runtime/coop.rs:107:5
[INFO] [stdout]   30:     0x6401a2e8ca30 - tokio::runtime::coop::budget::h2015d75ed57fd853
[INFO] [stdout]                                at /opt/rustwide/cargo-home/registry/src/index.crates.io-6f17d22bba15001f/tokio-1.38.0/src/runtime/coop.rs:73:5
[INFO] [stdout]   31:     0x6401a2e8ca30 - tokio::runtime::park::CachedParkThread::block_on::h1d38541ad4331a89
[INFO] [stdout]                                at /opt/rustwide/cargo-home/registry/src/index.crates.io-6f17d22bba15001f/tokio-1.38.0/src/runtime/park.rs:281:31
[INFO] [stdout]   32:     0x6401a2e940c4 - tokio::runtime::context::blocking::BlockingRegionGuard::block_on::h16ea63570ae641c9
[INFO] [stdout]                                at /opt/rustwide/cargo-home/registry/src/index.crates.io-6f17d22bba15001f/tokio-1.38.0/src/runtime/context/blocking.rs:66:9
[INFO] [stdout]   33:     0x6401a2e941d8 - tokio::runtime::scheduler::multi_thread::MultiThread::block_on::{{closure}}::h6d369a9e89dfec58
[INFO] [stdout]                                at /opt/rustwide/cargo-home/registry/src/index.crates.io-6f17d22bba15001f/tokio-1.38.0/src/runtime/scheduler/multi_thread/mod.rs:87:13
[INFO] [stdout]   34:     0x6401a2e8d47c - tokio::runtime::context::runtime::enter_runtime::hf1b27f908630c5a9
[INFO] [stdout]                                at /opt/rustwide/cargo-home/registry/src/index.crates.io-6f17d22bba15001f/tokio-1.38.0/src/runtime/context/runtime.rs:65:16
[INFO] [stdout]   35:     0x6401a2e941a4 - tokio::runtime::scheduler::multi_thread::MultiThread::block_on::h1b77c9c990d26bc0
[INFO] [stdout]                                at /opt/rustwide/cargo-home/registry/src/index.crates.io-6f17d22bba15001f/tokio-1.38.0/src/runtime/scheduler/multi_thread/mod.rs:86:9
[INFO] [stdout]   36:     0x6401a2e8d9a7 - tokio::runtime::runtime::Runtime::block_on::he5d55cac2eb23b2e
[INFO] [stdout]                                at /opt/rustwide/cargo-home/registry/src/index.crates.io-6f17d22bba15001f/tokio-1.38.0/src/runtime/runtime.rs:349:45
[INFO] [stdout]   37:     0x6401a2e88f94 - rqjs::test::test_js::h35373f616edd3491
[INFO] [stdout]                                at /opt/rustwide/workdir/rqjs-cli/./src/main.rs:21:9
[INFO] [stdout]   38:     0x6401a2e88e17 - rqjs::test::test_js::{{closure}}::hc04e7d581a267d29
[INFO] [stdout]                                at /opt/rustwide/workdir/rqjs-cli/./src/main.rs:17:23
[INFO] [stdout]   39:     0x6401a2e83e16 - core::ops::function::FnOnce::call_once::he60e73561a7d48b2
[INFO] [stdout]                                at /rustc/df4ca44d3fbc9301ee17f30f4d474e6ae4b05252/library/core/src/ops/function.rs:250:5
[INFO] [stdout]   40:     0x6401a2edd72b - core::ops::function::FnOnce::call_once::h22c3ba5715e93f05
[INFO] [stdout]                                at /rustc/df4ca44d3fbc9301ee17f30f4d474e6ae4b05252/library/core/src/ops/function.rs:250:5
[INFO] [stdout]   41:     0x6401a2edd72b - test::__rust_begin_short_backtrace::h8e82d8113d0da17f
[INFO] [stdout]                                at /rustc/df4ca44d3fbc9301ee17f30f4d474e6ae4b05252/library/test/src/lib.rs:621:18
[INFO] [stdout]   42:     0x6401a2edd0a7 - test::run_test_in_process::{{closure}}::h33235f4f20b7b7c7
[INFO] [stdout]                                at /rustc/df4ca44d3fbc9301ee17f30f4d474e6ae4b05252/library/test/src/lib.rs:644:60
[INFO] [stdout]   43:     0x6401a2edd0a7 - <core::panic::unwind_safe::AssertUnwindSafe<F> as core::ops::function::FnOnce<()>>::call_once::hb5043206310c586f
[INFO] [stdout]                                at /rustc/df4ca44d3fbc9301ee17f30f4d474e6ae4b05252/library/core/src/panic/unwind_safe.rs:272:9
[INFO] [stdout]   44:     0x6401a2edd0a7 - std::panicking::try::do_call::h9ad4731a60ab23e2
[INFO] [stdout]                                at /rustc/df4ca44d3fbc9301ee17f30f4d474e6ae4b05252/library/std/src/panicking.rs:557:40
[INFO] [stdout]   45:     0x6401a2edd0a7 - std::panicking::try::h3824d23db772a716
[INFO] [stdout]                                at /rustc/df4ca44d3fbc9301ee17f30f4d474e6ae4b05252/library/std/src/panicking.rs:520:19
[INFO] [stdout]   46:     0x6401a2edd0a7 - std::panic::catch_unwind::h5afd514605fde46b
[INFO] [stdout]                                at /rustc/df4ca44d3fbc9301ee17f30f4d474e6ae4b05252/library/std/src/panic.rs:358:14
[INFO] [stdout]   47:     0x6401a2edd0a7 - test::run_test_in_process::h0d5cbfa7067d1720
[INFO] [stdout]                                at /rustc/df4ca44d3fbc9301ee17f30f4d474e6ae4b05252/library/test/src/lib.rs:644:27
[INFO] [stdout]   48:     0x6401a2edd0a7 - test::run_test::{{closure}}::h708eb8872708115d
[INFO] [stdout]                                at /rustc/df4ca44d3fbc9301ee17f30f4d474e6ae4b05252/library/test/src/lib.rs:565:43
[INFO] [stdout]   49:     0x6401a2ea07c4 - test::run_test::{{closure}}::h392c51cee94713ab
[INFO] [stdout]                                at /rustc/df4ca44d3fbc9301ee17f30f4d474e6ae4b05252/library/test/src/lib.rs:595:41
[INFO] [stdout]   50:     0x6401a2ea07c4 - std::sys::backtrace::__rust_begin_short_backtrace::h2f40290710935a8b
[INFO] [stdout]                                at /rustc/df4ca44d3fbc9301ee17f30f4d474e6ae4b05252/library/std/src/sys/backtrace.rs:154:18
[INFO] [stdout]   51:     0x6401a2ea3f6e - std::thread::Builder::spawn_unchecked_::{{closure}}::{{closure}}::h3fd968d89053a903
[INFO] [stdout]                                at /rustc/df4ca44d3fbc9301ee17f30f4d474e6ae4b05252/library/std/src/thread/mod.rs:541:17
[INFO] [stdout]   52:     0x6401a2ea3f6e - <core::panic::unwind_safe::AssertUnwindSafe<F> as core::ops::function::FnOnce<()>>::call_once::h743f637ba4229880
[INFO] [stdout]                                at /rustc/df4ca44d3fbc9301ee17f30f4d474e6ae4b05252/library/core/src/panic/unwind_safe.rs:272:9
[INFO] [stdout]   53:     0x6401a2ea3f6e - std::panicking::try::do_call::h07440897322525a6
[INFO] [stdout]                                at /rustc/df4ca44d3fbc9301ee17f30f4d474e6ae4b05252/library/std/src/panicking.rs:557:40
[INFO] [stdout]   54:     0x6401a2ea3f6e - std::panicking::try::he5a2e00188156637
[INFO] [stdout]                                at /rustc/df4ca44d3fbc9301ee17f30f4d474e6ae4b05252/library/std/src/panicking.rs:520:19
[INFO] [stdout]   55:     0x6401a2ea3f6e - std::panic::catch_unwind::hbaf3cae49b3c6433
[INFO] [stdout]                                at /rustc/df4ca44d3fbc9301ee17f30f4d474e6ae4b05252/library/std/src/panic.rs:358:14
[INFO] [stdout]   56:     0x6401a2ea3f6e - std::thread::Builder::spawn_unchecked_::{{closure}}::h8e141ea224820bce
[INFO] [stdout]                                at /rustc/df4ca44d3fbc9301ee17f30f4d474e6ae4b05252/library/std/src/thread/mod.rs:540:30
[INFO] [stdout]   57:     0x6401a2ea3f6e - core::ops::function::FnOnce::call_once{{vtable.shim}}::h90d312fedd7b8ea8
[INFO] [stdout]                                at /rustc/df4ca44d3fbc9301ee17f30f4d474e6ae4b05252/library/core/src/ops/function.rs:250:5
[INFO] [stdout]   58:     0x6401a34b3cfb - <alloc::boxed::Box<F,A> as core::ops::function::FnOnce<Args>>::call_once::h69aa08ddb6adb8b6
[INFO] [stdout]                                at /rustc/df4ca44d3fbc9301ee17f30f4d474e6ae4b05252/library/alloc/src/boxed.rs:2454:9
[INFO] [stdout]   59:     0x6401a34b3cfb - <alloc::boxed::Box<F,A> as core::ops::function::FnOnce<Args>>::call_once::h5aa36efdb79c806f
[INFO] [stdout]                                at /rustc/df4ca44d3fbc9301ee17f30f4d474e6ae4b05252/library/alloc/src/boxed.rs:2454:9
[INFO] [stdout]   60:     0x6401a34b3cfb - std::sys::pal::unix::thread::Thread::new::thread_start::h6cd80a1b4be5158d
[INFO] [stdout]                                at /rustc/df4ca44d3fbc9301ee17f30f4d474e6ae4b05252/library/std/src/sys/pal/unix/thread.rs:105:17
[INFO] [stdout]   61:     0x7aa0aafb5ac3 - <unknown>
[INFO] [stdout]   62:     0x7aa0ab046a04 - clone
[INFO] [stdout]   63:                0x0 - <unknown>
[INFO] [stdout] 
[INFO] [stdout] 
[INFO] [stdout] failures:
[INFO] [stdout]     test::test_js
[INFO] [stdout] 
[INFO] [stdout] test result: FAILED. 0 passed; 1 failed; 0 ignored; 0 measured; 0 filtered out; finished in 0.05s
[INFO] [stdout] 
[INFO] [stderr] error: test failed, to rerun pass `-p rqjs-cli --bin rqjs`
[INFO] running `Command { std: "docker" "inspect" "56aba9863dae9c1bbb4b8c6a00cff3da49866d21b26e38a65fd2312392dd924b", kill_on_drop: false }`
[INFO] running `Command { std: "docker" "rm" "-f" "56aba9863dae9c1bbb4b8c6a00cff3da49866d21b26e38a65fd2312392dd924b", kill_on_drop: false }`
[INFO] [stdout] 56aba9863dae9c1bbb4b8c6a00cff3da49866d21b26e38a65fd2312392dd924b
