[INFO] cloning repository https://github.com/adamski234/camera-server
[INFO] running `Command { std: "git" "-c" "credential.helper=" "-c" "credential.helper=/workspace/cargo-home/bin/git-credential-null" "clone" "--bare" "https://github.com/adamski234/camera-server" "/workspace/cache/git-repos/https%3A%2F%2Fgithub.com%2Fadamski234%2Fcamera-server", kill_on_drop: false }`
[INFO] [stderr] Cloning into bare repository '/workspace/cache/git-repos/https%3A%2F%2Fgithub.com%2Fadamski234%2Fcamera-server'...
[INFO] running `Command { std: "git" "rev-parse" "HEAD", kill_on_drop: false }`
[INFO] [stdout] 70396a14533e4fe4e986b1f6f821ffa4e2d9ecde
[INFO] testing adamski234/camera-server/70396a14533e4fe4e986b1f6f821ffa4e2d9ecde against nightly-2024-10-28+rustflags=-Zrandomize-layout for randomize-layout
[INFO] running `Command { std: "git" "clone" "/workspace/cache/git-repos/https%3A%2F%2Fgithub.com%2Fadamski234%2Fcamera-server" "/workspace/builds/worker-4-tc2/source", kill_on_drop: false }`
[INFO] [stderr] Cloning into '/workspace/builds/worker-4-tc2/source'...
[INFO] [stderr] done.
[INFO] validating manifest of git repo https://github.com/adamski234/camera-server on toolchain nightly-2024-10-28
[INFO] running `Command { std: CARGO_HOME="/workspace/cargo-home" RUSTUP_HOME="/workspace/rustup-home" "/workspace/cargo-home/bin/cargo" "+nightly-2024-10-28" "metadata" "--manifest-path" "Cargo.toml" "--no-deps", kill_on_drop: false }`
[INFO] started tweaking git repo https://github.com/adamski234/camera-server
[INFO] finished tweaking git repo https://github.com/adamski234/camera-server
[INFO] tweaked toml for git repo https://github.com/adamski234/camera-server written to /workspace/builds/worker-4-tc2/source/Cargo.toml
[INFO] crate git repo https://github.com/adamski234/camera-server already has a lockfile, it will not be regenerated
[INFO] running `Command { std: CARGO_HOME="/workspace/cargo-home" RUSTUP_HOME="/workspace/rustup-home" "/workspace/cargo-home/bin/cargo" "+nightly-2024-10-28" "fetch" "--manifest-path" "Cargo.toml", kill_on_drop: false }`
[INFO] running `Command { std: "docker" "create" "-v" "/var/lib/crater-agent-workspace/builds/worker-4-tc2/target:/opt/rustwide/target:rw,Z" "-v" "/var/lib/crater-agent-workspace/builds/worker-4-tc2/source:/opt/rustwide/workdir:ro,Z" "-v" "/var/lib/crater-agent-workspace/cargo-home:/opt/rustwide/cargo-home:ro,Z" "-v" "/var/lib/crater-agent-workspace/rustup-home:/opt/rustwide/rustup-home:ro,Z" "-e" "SOURCE_DIR=/opt/rustwide/workdir" "-e" "CARGO_TARGET_DIR=/opt/rustwide/target" "-e" "CARGO_HOME=/opt/rustwide/cargo-home" "-e" "RUSTUP_HOME=/opt/rustwide/rustup-home" "-w" "/opt/rustwide/workdir" "-m" "1610612736" "--user" "0:0" "--network" "none" "ghcr.io/rust-lang/crates-build-env/linux@sha256:4a844ea9eb2546a2d2c7022eacef16ef2e8229c7fbb2c7d4d55a9ceca922f72d" "/opt/rustwide/cargo-home/bin/cargo" "+nightly-2024-10-28" "metadata" "--no-deps" "--format-version=1", kill_on_drop: false }`
[INFO] [stdout] 398e5e507cadc13e69dc3fda14593c67f7942d72eca55648c442651b4ba2b638
[INFO] running `Command { std: "docker" "start" "-a" "398e5e507cadc13e69dc3fda14593c67f7942d72eca55648c442651b4ba2b638", kill_on_drop: false }`
[INFO] running `Command { std: "docker" "inspect" "398e5e507cadc13e69dc3fda14593c67f7942d72eca55648c442651b4ba2b638", kill_on_drop: false }`
[INFO] running `Command { std: "docker" "rm" "-f" "398e5e507cadc13e69dc3fda14593c67f7942d72eca55648c442651b4ba2b638", kill_on_drop: false }`
[INFO] [stdout] 398e5e507cadc13e69dc3fda14593c67f7942d72eca55648c442651b4ba2b638
[INFO] running `Command { std: "docker" "create" "-v" "/var/lib/crater-agent-workspace/builds/worker-4-tc2/target:/opt/rustwide/target:rw,Z" "-v" "/var/lib/crater-agent-workspace/builds/worker-4-tc2/source:/opt/rustwide/workdir:ro,Z" "-v" "/var/lib/crater-agent-workspace/cargo-home:/opt/rustwide/cargo-home:ro,Z" "-v" "/var/lib/crater-agent-workspace/rustup-home:/opt/rustwide/rustup-home:ro,Z" "-e" "SOURCE_DIR=/opt/rustwide/workdir" "-e" "CARGO_TARGET_DIR=/opt/rustwide/target" "-e" "CARGO_INCREMENTAL=0" "-e" "RUST_BACKTRACE=full" "-e" "RUSTFLAGS=--cap-lints=forbid -Zrandomize-layout" "-e" "RUSTDOCFLAGS=--cap-lints=forbid" "-e" "CARGO_HOME=/opt/rustwide/cargo-home" "-e" "RUSTUP_HOME=/opt/rustwide/rustup-home" "-w" "/opt/rustwide/workdir" "-m" "1610612736" "--user" "0:0" "--network" "none" "ghcr.io/rust-lang/crates-build-env/linux@sha256:4a844ea9eb2546a2d2c7022eacef16ef2e8229c7fbb2c7d4d55a9ceca922f72d" "/opt/rustwide/cargo-home/bin/cargo" "+nightly-2024-10-28" "build" "--frozen" "--message-format=json", kill_on_drop: false }`
[INFO] [stdout] 416a56106b105ff148334b1cab7a50c7461c56525aaec03d609c361d733a2627
[INFO] running `Command { std: "docker" "start" "-a" "416a56106b105ff148334b1cab7a50c7461c56525aaec03d609c361d733a2627", kill_on_drop: false }`
[INFO] [stderr]    Compiling proc-macro2 v1.0.86
[INFO] [stderr]    Compiling unicode-ident v1.0.12
[INFO] [stderr]    Compiling version_check v0.9.4
[INFO] [stderr]    Compiling libc v0.2.155
[INFO] [stderr]    Compiling autocfg v1.3.0
[INFO] [stderr]    Compiling fnv v1.0.7
[INFO] [stderr]    Compiling pin-project-lite v0.2.14
[INFO] [stderr]    Compiling cfg-if v1.0.0
[INFO] [stderr]    Compiling itoa v1.0.11
[INFO] [stderr]    Compiling serde v1.0.203
[INFO] [stderr]    Compiling bytes v1.6.0
[INFO] [stderr]    Compiling equivalent v1.0.1
[INFO] [stderr]    Compiling hashbrown v0.14.5
[INFO] [stderr]    Compiling yansi v1.0.1
[INFO] [stderr]    Compiling memchr v2.7.4
[INFO] [stderr]    Compiling pin-utils v0.1.0
[INFO] [stderr]    Compiling futures-core v0.3.30
[INFO] [stderr]    Compiling httparse v1.9.4
[INFO] [stderr]    Compiling futures-sink v0.3.30
[INFO] [stderr]    Compiling typenum v1.17.0
[INFO] [stderr]    Compiling smallvec v1.13.2
[INFO] [stderr]    Compiling num-conv v0.1.0
[INFO] [stderr]    Compiling powerfmt v0.2.0
[INFO] [stderr]    Compiling time-core v0.1.2
[INFO] [stderr]    Compiling percent-encoding v2.3.1
[INFO] [stderr]    Compiling once_cell v1.19.0
[INFO] [stderr]    Compiling time-macros v0.2.18
[INFO] [stderr]    Compiling futures-channel v0.3.30
[INFO] [stderr]    Compiling deranged v0.3.11
[INFO] [stderr]    Compiling proc-macro2-diagnostics v0.10.1
[INFO] [stderr]    Compiling generic-array v0.14.7
[INFO] [stderr]    Compiling slab v0.4.9
[INFO] [stderr]    Compiling futures-task v0.3.30
[INFO] [stderr]    Compiling tracing-core v0.1.32
[INFO] [stderr]    Compiling futures-io v0.3.30
[INFO] [stderr]    Compiling http v0.2.12
[INFO] [stderr]    Compiling lock_api v0.4.12
[INFO] [stderr]    Compiling num-traits v0.2.19
[INFO] [stderr]    Compiling ident_case v1.0.1
[INFO] [stderr]    Compiling parking_lot_core v0.9.10
[INFO] [stderr]    Compiling try-lock v0.2.5
[INFO] [stderr]    Compiling indexmap v2.2.6
[INFO] [stderr]    Compiling futures-util v0.3.30
[INFO] [stderr]    Compiling either v1.13.0
[INFO] [stderr]    Compiling inlinable_string v0.1.15
[INFO] [stderr]    Compiling strsim v0.11.1
[INFO] [stderr]    Compiling want v0.3.1
[INFO] [stderr]    Compiling quote v1.0.36
[INFO] [stderr]    Compiling tracing v0.1.40
[INFO] [stderr]    Compiling cookie v0.18.1
[INFO] [stderr]    Compiling syn v2.0.68
[INFO] [stderr]    Compiling ref-cast v1.0.23
[INFO] [stderr]    Compiling socket2 v0.5.7
[INFO] [stderr]    Compiling mio v0.8.11
[INFO] [stderr]    Compiling getrandom v0.2.15
[INFO] [stderr]    Compiling num_cpus v1.16.0
[INFO] [stderr]    Compiling signal-hook-registry v1.4.2
[INFO] [stderr]    Compiling httpdate v1.0.3
[INFO] [stderr]    Compiling scopeguard v1.2.0
[INFO] [stderr]    Compiling tower-service v0.3.2
[INFO] [stderr]    Compiling log v0.4.22
[INFO] [stderr]    Compiling subtle v2.6.1
[INFO] [stderr]    Compiling rand_core v0.6.4
[INFO] [stderr]    Compiling bitflags v2.6.0
[INFO] [stderr]    Compiling http-body v0.4.6
[INFO] [stderr]    Compiling is-terminal v0.4.12
[INFO] [stderr]    Compiling uncased v0.9.10
[INFO] [stderr]    Compiling tinyvec_macros v0.1.1
[INFO] [stderr]    Compiling ppv-lite86 v0.2.17
[INFO] [stderr]    Compiling thiserror v1.0.61
[INFO] [stderr]    Compiling tinyvec v1.6.1
[INFO] [stderr]    Compiling parking_lot v0.12.3
[INFO] [stderr]    Compiling tokio v1.38.0
[INFO] [stderr]    Compiling stable-pattern v0.1.0
[INFO] [stderr]    Compiling http v1.1.0
[INFO] [stderr]    Compiling state v0.6.0
[INFO] [stderr]    Compiling rustix v0.38.34
[INFO] [stderr]    Compiling block-buffer v0.10.4
[INFO] [stderr]    Compiling time v0.3.36
[INFO] [stderr]    Compiling crypto-common v0.1.6
[INFO] [stderr]    Compiling rand_chacha v0.3.1
[INFO] [stderr]    Compiling winnow v0.6.13
[INFO] [stderr]    Compiling spin v0.9.8
[INFO] [stderr]    Compiling digest v0.10.7
[INFO] [stderr]    Compiling serde_json v1.0.120
[INFO] [stderr]    Compiling multer v3.1.0
[INFO] [stderr]    Compiling figment v0.10.19
[INFO] [stderr]    Compiling vcpkg v0.2.15
[INFO] [stderr]    Compiling rand v0.8.5
[INFO] [stderr]    Compiling pkg-config v0.3.30
[INFO] [stderr]    Compiling linux-raw-sys v0.4.14
[INFO] [stderr]    Compiling cpufeatures v0.2.12
[INFO] [stderr]    Compiling ryu v1.0.18
[INFO] [stderr]    Compiling unicode-bidi v0.3.15
[INFO] [stderr]    Compiling unicode-normalization v0.1.23
[INFO] [stderr]    Compiling rocket v0.5.1
[INFO] [stderr]    Compiling form_urlencoded v1.2.1
[INFO] [stderr]    Compiling encoding_rs v0.8.34
[INFO] [stderr]    Compiling fastrand v2.1.0
[INFO] [stderr]    Compiling cc v1.0.104
[INFO] [stderr]    Compiling unicode-xid v0.2.4
[INFO] [stderr]    Compiling mime v0.3.17
[INFO] [stderr]    Compiling glob v0.3.1
[INFO] [stderr]    Compiling libsqlite3-sys v0.28.0
[INFO] [stderr]    Compiling idna v0.5.0
[INFO] [stderr]    Compiling radium v0.7.0
[INFO] [stderr]    Compiling heck v0.5.0
[INFO] [stderr]    Compiling futures v0.3.30
[INFO] [stderr]    Compiling winnow v0.5.40
[INFO] [stderr]    Compiling toml_datetime v0.6.6
[INFO] [stderr]    Compiling sha1 v0.10.6
[INFO] [stderr]    Compiling num-integer v0.1.46
[INFO] [stderr]    Compiling scheduled-thread-pool v0.2.7
[INFO] [stderr]    Compiling byteorder v1.5.0
[INFO] [stderr]    Compiling atomic v0.5.3
[INFO] [stderr]    Compiling binascii v0.1.4
[INFO] [stderr]    Compiling url v2.5.2
[INFO] [stderr]    Compiling iana-time-zone v0.1.60
[INFO] [stderr]    Compiling rustversion v1.0.17
[INFO] [stderr]    Compiling tap v1.0.1
[INFO] [stderr]    Compiling data-encoding v2.6.0
[INFO] [stderr]    Compiling utf-8 v0.7.6
[INFO] [stderr]    Compiling wyz v0.5.1
[INFO] [stderr]    Compiling num-bigint v0.4.6
[INFO] [stderr]    Compiling r2d2 v0.8.10
[INFO] [stderr]    Compiling rocket_sync_db_pools v0.1.0
[INFO] [stderr]    Compiling base64 v0.22.1
[INFO] [stderr]    Compiling untrusted v0.9.0
[INFO] [stderr]    Compiling base64ct v1.6.0
[INFO] [stderr]    Compiling funty v2.0.0
[INFO] [stderr]    Compiling blake2 v0.10.6
[INFO] [stderr]    Compiling no_std_io v0.6.0
[INFO] [stderr]    Compiling hyper v0.14.29
[INFO] [stderr]    Compiling ring v0.17.8
[INFO] [stderr]    Compiling pem v3.0.4
[INFO] [stderr]    Compiling tempfile v3.10.1
[INFO] [stderr]    Compiling password-hash v0.5.0
[INFO] [stderr]    Compiling bitvec v1.0.1
[INFO] [stderr]    Compiling base64 v0.21.7
[INFO] [stderr]    Compiling argon2 v0.5.3
[INFO] [stderr]    Compiling dotenvy v0.15.7
[INFO] [stderr]    Compiling toml_edit v0.21.1
[INFO] [stderr]    Compiling darling_core v0.20.9
[INFO] [stderr]    Compiling diesel_table_macro_syntax v0.2.0
[INFO] [stderr]    Compiling devise_core v0.4.1
[INFO] [stderr]    Compiling serde_derive v1.0.203
[INFO] [stderr]    Compiling tokio-macros v2.3.0
[INFO] [stderr]    Compiling pear_codegen v0.2.9
[INFO] [stderr]    Compiling ref-cast-impl v1.0.23
[INFO] [stderr]    Compiling thiserror-impl v1.0.61
[INFO] [stderr]    Compiling async-stream-impl v0.3.5
[INFO] [stderr]    Compiling async-trait v0.1.80
[INFO] [stderr]    Compiling devise_codegen v0.4.1
[INFO] [stderr]    Compiling async-stream v0.3.5
[INFO] [stderr]    Compiling pear v0.2.9
[INFO] [stderr]    Compiling tungstenite v0.21.0
[INFO] [stderr]    Compiling simple_asn1 v0.6.2
[INFO] [stderr]    Compiling proc-macro-crate v3.1.0
[INFO] [stderr]    Compiling devise v0.4.1
[INFO] [stderr]    Compiling rocket_sync_db_pools_codegen v0.1.0
[INFO] [stderr]    Compiling rocket_http v0.5.1
[INFO] [stderr]    Compiling darling_macro v0.20.9
[INFO] [stderr]    Compiling darling v0.20.9
[INFO] [stderr]    Compiling dsl_auto_type v0.1.1
[INFO] [stderr]    Compiling deku_derive v0.17.0
[INFO] [stderr]    Compiling diesel_derives v2.2.1
[INFO] [stderr]    Compiling deku v0.17.0
[INFO] [stderr]    Compiling rocket_codegen v0.5.1
[INFO] [stderr]    Compiling tokio-util v0.7.11
[INFO] [stderr]    Compiling tokio-stream v0.1.15
[INFO] [stderr]    Compiling tokio-tungstenite v0.21.0
[INFO] [stderr]    Compiling serde_spanned v0.6.6
[INFO] [stderr]    Compiling ubyte v0.10.4
[INFO] [stderr]    Compiling chrono v0.4.38
[INFO] [stderr]    Compiling h2 v0.3.26
[INFO] [stderr]    Compiling toml_edit v0.22.14
[INFO] [stderr]    Compiling jsonwebtoken v9.3.0
[INFO] [stderr]    Compiling diesel v2.2.1
[INFO] [stderr]    Compiling toml v0.8.14
[INFO] [stderr]    Compiling rocket_ws v0.1.1
[INFO] [stderr]    Compiling camera-server v0.1.0 (/opt/rustwide/workdir)
[INFO] [stdout] warning: unused import: `DekuWriter`
[INFO] [stdout]  --> src/device_connector/mod.rs:3:32
[INFO] [stdout]   |
[INFO] [stdout] 3 | use deku::{DekuContainerWrite, DekuWriter};
[INFO] [stdout]   |                                ^^^^^^^^^^
[INFO] [stdout]   |
[INFO] [stdout]   = note: `#[warn(unused_imports)]` on by default
[INFO] [stdout] 
[INFO] [stdout] 
[INFO] [stdout] warning: unused import: `ExpressionMethods`
[INFO] [stdout]  --> src/device_connector/mod.rs:4:71
[INFO] [stdout]   |
[INFO] [stdout] 4 | use diesel::{insert_into, result::{DatabaseErrorKind, Error}, update, ExpressionMethods, QueryDsl, RunQueryDsl};
[INFO] [stdout]   |                                                                       ^^^^^^^^^^^^^^^^^
[INFO] [stdout] 
[INFO] [stdout] 
[INFO] [stdout] warning: unused variable: `sessions`
[INFO] [stdout]    --> src/device_connector/mod.rs:129:75
[INFO] [stdout]     |
[INFO] [stdout] 129 | ...t, socket: &mut TcpStream, sessions: SessionList, database: &MainDatabase) -> Result<(), PacketHandlerError> {
[INFO] [stdout]     |                               ^^^^^^^^ help: if this is intentional, prefix it with an underscore: `_sessions`
[INFO] [stdout]     |
[INFO] [stdout]     = note: `#[warn(unused_variables)]` on by default
[INFO] [stdout] 
[INFO] [stdout] 
[INFO] [stdout] warning: unused variable: `auth_key`
[INFO] [stdout]    --> src/device_connector/mod.rs:147:67
[INFO] [stdout]     |
[INFO] [stdout] 147 |         packets::Message::InitiateConnection(InitiateConnectionPacket { auth_key, camera_id }) => {
[INFO] [stdout]     |                                                                         ^^^^^^^^ help: try ignoring the field: `auth_key: _`
[INFO] [stdout] 
[INFO] [stdout] 
[INFO] [stdout] warning: unused variable: `camera_id`
[INFO] [stdout]    --> src/device_connector/mod.rs:147:77
[INFO] [stdout]     |
[INFO] [stdout] 147 |         packets::Message::InitiateConnection(InitiateConnectionPacket { auth_key, camera_id }) => {
[INFO] [stdout]     |                                                                                   ^^^^^^^^^ help: try ignoring the field: `camera_id: _`
[INFO] [stdout] 
[INFO] [stdout] 
[INFO] [stdout] warning: unused variable: `success`
[INFO] [stdout]    --> src/device_connector/mod.rs:153:63
[INFO] [stdout]     |
[INFO] [stdout] 153 |         packets::Message::UnregisterDevice(UnregisterDevicePacket { success }) => {
[INFO] [stdout]     |                                                                     ^^^^^^^ help: try ignoring the field: `success: _`
[INFO] [stdout] 
[INFO] [stdout] 
[INFO] [stdout] warning: field `0` is never read
[INFO] [stdout]    --> src/device_connector/mod.rs:164:16
[INFO] [stdout]     |
[INFO] [stdout] 164 |     DatabaseError(Error),
[INFO] [stdout]     |     ------------- ^^^^^
[INFO] [stdout]     |     |
[INFO] [stdout]     |     field in this variant
[INFO] [stdout]     |
[INFO] [stdout]     = note: `#[warn(dead_code)]` on by default
[INFO] [stdout] help: consider changing the field to be of unit type to suppress this warning while preserving the field numbering, or remove the field
[INFO] [stdout]     |
[INFO] [stdout] 164 |     DatabaseError(()),
[INFO] [stdout]     |                   ~~
[INFO] [stdout] 
[INFO] [stdout] 
[INFO] [stdout] warning: variant `OtherError` is never constructed
[INFO] [stdout]    --> src/device_connector/mod.rs:165:2
[INFO] [stdout]     |
[INFO] [stdout] 160 | enum DeviceRegisterError {
[INFO] [stdout]     |      ------------------- variant in this enum
[INFO] [stdout] ...
[INFO] [stdout] 165 |     OtherError,
[INFO] [stdout]     |     ^^^^^^^^^^
[INFO] [stdout] 
[INFO] [stdout] 
[INFO] [stderr]     Finished `dev` profile [unoptimized + debuginfo] target(s) in 30.44s
[INFO] running `Command { std: "docker" "inspect" "416a56106b105ff148334b1cab7a50c7461c56525aaec03d609c361d733a2627", kill_on_drop: false }`
[INFO] running `Command { std: "docker" "rm" "-f" "416a56106b105ff148334b1cab7a50c7461c56525aaec03d609c361d733a2627", kill_on_drop: false }`
[INFO] [stdout] 416a56106b105ff148334b1cab7a50c7461c56525aaec03d609c361d733a2627
[INFO] running `Command { std: "docker" "create" "-v" "/var/lib/crater-agent-workspace/builds/worker-4-tc2/target:/opt/rustwide/target:rw,Z" "-v" "/var/lib/crater-agent-workspace/builds/worker-4-tc2/source:/opt/rustwide/workdir:ro,Z" "-v" "/var/lib/crater-agent-workspace/cargo-home:/opt/rustwide/cargo-home:ro,Z" "-v" "/var/lib/crater-agent-workspace/rustup-home:/opt/rustwide/rustup-home:ro,Z" "-e" "SOURCE_DIR=/opt/rustwide/workdir" "-e" "CARGO_TARGET_DIR=/opt/rustwide/target" "-e" "CARGO_INCREMENTAL=0" "-e" "RUST_BACKTRACE=full" "-e" "RUSTFLAGS=--cap-lints=forbid -Zrandomize-layout" "-e" "RUSTDOCFLAGS=--cap-lints=forbid" "-e" "CARGO_HOME=/opt/rustwide/cargo-home" "-e" "RUSTUP_HOME=/opt/rustwide/rustup-home" "-w" "/opt/rustwide/workdir" "-m" "1610612736" "--user" "0:0" "--network" "none" "ghcr.io/rust-lang/crates-build-env/linux@sha256:4a844ea9eb2546a2d2c7022eacef16ef2e8229c7fbb2c7d4d55a9ceca922f72d" "/opt/rustwide/cargo-home/bin/cargo" "+nightly-2024-10-28" "test" "--frozen" "--no-run" "--message-format=json", kill_on_drop: false }`
[INFO] [stdout] 69f4ee5f872ceed6ef8471030bdca7737e8e015abc95e3a89b4b209e3c4c7d40
[INFO] running `Command { std: "docker" "start" "-a" "69f4ee5f872ceed6ef8471030bdca7737e8e015abc95e3a89b4b209e3c4c7d40", kill_on_drop: false }`
[INFO] [stderr]    Compiling serde v1.0.203
[INFO] [stderr]    Compiling migrations_internals v2.2.0
[INFO] [stderr]    Compiling toml_datetime v0.6.6
[INFO] [stderr]    Compiling serde_spanned v0.6.6
[INFO] [stderr]    Compiling toml_edit v0.22.14
[INFO] [stderr]    Compiling toml_edit v0.21.1
[INFO] [stderr]    Compiling proc-macro-crate v3.1.0
[INFO] [stderr]    Compiling toml v0.8.14
[INFO] [stderr]    Compiling deku_derive v0.17.0
[INFO] [stderr]    Compiling migrations_macros v2.2.0
[INFO] [stderr]    Compiling deku v0.17.0
[INFO] [stderr]    Compiling diesel_migrations v2.2.0
[INFO] [stderr]    Compiling camera-server v0.1.0 (/opt/rustwide/workdir)
[INFO] [stdout] warning: unused import: `DekuWriter`
[INFO] [stdout]  --> src/device_connector/mod.rs:3:32
[INFO] [stdout]   |
[INFO] [stdout] 3 | use deku::{DekuContainerWrite, DekuWriter};
[INFO] [stdout]   |                                ^^^^^^^^^^
[INFO] [stdout]   |
[INFO] [stdout]   = note: `#[warn(unused_imports)]` on by default
[INFO] [stdout] 
[INFO] [stdout] 
[INFO] [stdout] warning: unused import: `ExpressionMethods`
[INFO] [stdout]  --> src/device_connector/mod.rs:4:71
[INFO] [stdout]   |
[INFO] [stdout] 4 | use diesel::{insert_into, result::{DatabaseErrorKind, Error}, update, ExpressionMethods, QueryDsl, RunQueryDsl};
[INFO] [stdout]   |                                                                       ^^^^^^^^^^^^^^^^^
[INFO] [stdout] 
[INFO] [stdout] 
[INFO] [stdout] warning: unused variable: `sessions`
[INFO] [stdout]    --> src/device_connector/mod.rs:129:75
[INFO] [stdout]     |
[INFO] [stdout] 129 | ...t, socket: &mut TcpStream, sessions: SessionList, database: &MainDatabase) -> Result<(), PacketHandlerError> {
[INFO] [stdout]     |                               ^^^^^^^^ help: if this is intentional, prefix it with an underscore: `_sessions`
[INFO] [stdout]     |
[INFO] [stdout]     = note: `#[warn(unused_variables)]` on by default
[INFO] [stdout] 
[INFO] [stdout] 
[INFO] [stdout] warning: unused variable: `auth_key`
[INFO] [stdout]    --> src/device_connector/mod.rs:147:67
[INFO] [stdout]     |
[INFO] [stdout] 147 |         packets::Message::InitiateConnection(InitiateConnectionPacket { auth_key, camera_id }) => {
[INFO] [stdout]     |                                                                         ^^^^^^^^ help: try ignoring the field: `auth_key: _`
[INFO] [stdout] 
[INFO] [stdout] 
[INFO] [stdout] warning: unused variable: `camera_id`
[INFO] [stdout]    --> src/device_connector/mod.rs:147:77
[INFO] [stdout]     |
[INFO] [stdout] 147 |         packets::Message::InitiateConnection(InitiateConnectionPacket { auth_key, camera_id }) => {
[INFO] [stdout]     |                                                                                   ^^^^^^^^^ help: try ignoring the field: `camera_id: _`
[INFO] [stdout] 
[INFO] [stdout] 
[INFO] [stdout] warning: unused variable: `success`
[INFO] [stdout]    --> src/device_connector/mod.rs:153:63
[INFO] [stdout]     |
[INFO] [stdout] 153 |         packets::Message::UnregisterDevice(UnregisterDevicePacket { success }) => {
[INFO] [stdout]     |                                                                     ^^^^^^^ help: try ignoring the field: `success: _`
[INFO] [stdout] 
[INFO] [stdout] 
[INFO] [stdout] warning: field `0` is never read
[INFO] [stdout]    --> src/device_connector/mod.rs:164:16
[INFO] [stdout]     |
[INFO] [stdout] 164 |     DatabaseError(Error),
[INFO] [stdout]     |     ------------- ^^^^^
[INFO] [stdout]     |     |
[INFO] [stdout]     |     field in this variant
[INFO] [stdout]     |
[INFO] [stdout]     = note: `#[warn(dead_code)]` on by default
[INFO] [stdout] help: consider changing the field to be of unit type to suppress this warning while preserving the field numbering, or remove the field
[INFO] [stdout]     |
[INFO] [stdout] 164 |     DatabaseError(()),
[INFO] [stdout]     |                   ~~
[INFO] [stdout] 
[INFO] [stdout] 
[INFO] [stdout] warning: variant `OtherError` is never constructed
[INFO] [stdout]    --> src/device_connector/mod.rs:165:2
[INFO] [stdout]     |
[INFO] [stdout] 160 | enum DeviceRegisterError {
[INFO] [stdout]     |      ------------------- variant in this enum
[INFO] [stdout] ...
[INFO] [stdout] 165 |     OtherError,
[INFO] [stdout]     |     ^^^^^^^^^^
[INFO] [stdout] 
[INFO] [stdout] 
[INFO] [stderr]     Finished `test` profile [unoptimized + debuginfo] target(s) in 9.38s
[INFO] running `Command { std: "docker" "inspect" "69f4ee5f872ceed6ef8471030bdca7737e8e015abc95e3a89b4b209e3c4c7d40", kill_on_drop: false }`
[INFO] running `Command { std: "docker" "rm" "-f" "69f4ee5f872ceed6ef8471030bdca7737e8e015abc95e3a89b4b209e3c4c7d40", kill_on_drop: false }`
[INFO] [stdout] 69f4ee5f872ceed6ef8471030bdca7737e8e015abc95e3a89b4b209e3c4c7d40
[INFO] running `Command { std: "docker" "create" "-v" "/var/lib/crater-agent-workspace/builds/worker-4-tc2/target:/opt/rustwide/target:rw,Z" "-v" "/var/lib/crater-agent-workspace/builds/worker-4-tc2/source:/opt/rustwide/workdir:ro,Z" "-v" "/var/lib/crater-agent-workspace/cargo-home:/opt/rustwide/cargo-home:ro,Z" "-v" "/var/lib/crater-agent-workspace/rustup-home:/opt/rustwide/rustup-home:ro,Z" "-e" "SOURCE_DIR=/opt/rustwide/workdir" "-e" "CARGO_TARGET_DIR=/opt/rustwide/target" "-e" "CARGO_INCREMENTAL=0" "-e" "RUST_BACKTRACE=full" "-e" "RUSTFLAGS=--cap-lints=forbid -Zrandomize-layout" "-e" "RUSTDOCFLAGS=--cap-lints=forbid" "-e" "CARGO_HOME=/opt/rustwide/cargo-home" "-e" "RUSTUP_HOME=/opt/rustwide/rustup-home" "-w" "/opt/rustwide/workdir" "-m" "1610612736" "--user" "0:0" "--network" "none" "ghcr.io/rust-lang/crates-build-env/linux@sha256:4a844ea9eb2546a2d2c7022eacef16ef2e8229c7fbb2c7d4d55a9ceca922f72d" "/opt/rustwide/cargo-home/bin/cargo" "+nightly-2024-10-28" "test" "--frozen", kill_on_drop: false }`
[INFO] [stdout] 0eb275b1972e0143d89a142fc127a111175b310847cabc63c3c12da8568c766a
[INFO] running `Command { std: "docker" "start" "-a" "0eb275b1972e0143d89a142fc127a111175b310847cabc63c3c12da8568c766a", kill_on_drop: false }`
[INFO] [stderr] warning: unused import: `DekuWriter`
[INFO] [stderr]  --> src/device_connector/mod.rs:3:32
[INFO] [stderr]   |
[INFO] [stderr] 3 | use deku::{DekuContainerWrite, DekuWriter};
[INFO] [stderr]   |                                ^^^^^^^^^^
[INFO] [stderr]   |
[INFO] [stderr]   = note: `#[warn(unused_imports)]` on by default
[INFO] [stderr] 
[INFO] [stderr] warning: unused import: `ExpressionMethods`
[INFO] [stderr]  --> src/device_connector/mod.rs:4:71
[INFO] [stderr]   |
[INFO] [stderr] 4 | use diesel::{insert_into, result::{DatabaseErrorKind, Error}, update, ExpressionMethods, QueryDsl, RunQueryDsl};
[INFO] [stderr]   |                                                                       ^^^^^^^^^^^^^^^^^
[INFO] [stderr] 
[INFO] [stderr] warning: unused variable: `sessions`
[INFO] [stderr]    --> src/device_connector/mod.rs:129:75
[INFO] [stderr]     |
[INFO] [stderr] 129 | ...t, socket: &mut TcpStream, sessions: SessionList, database: &MainDatabase) -> Result<(), PacketHandlerError> {
[INFO] [stderr]     |                               ^^^^^^^^ help: if this is intentional, prefix it with an underscore: `_sessions`
[INFO] [stderr]     |
[INFO] [stderr]     = note: `#[warn(unused_variables)]` on by default
[INFO] [stderr] 
[INFO] [stderr] warning: unused variable: `auth_key`
[INFO] [stderr]    --> src/device_connector/mod.rs:147:67
[INFO] [stderr]     |
[INFO] [stderr] 147 |         packets::Message::InitiateConnection(InitiateConnectionPacket { auth_key, camera_id }) => {
[INFO] [stderr]     |                                                                         ^^^^^^^^ help: try ignoring the field: `auth_key: _`
[INFO] [stderr] 
[INFO] [stderr] warning: unused variable: `camera_id`
[INFO] [stderr]    --> src/device_connector/mod.rs:147:77
[INFO] [stderr]     |
[INFO] [stderr] 147 |         packets::Message::InitiateConnection(InitiateConnectionPacket { auth_key, camera_id }) => {
[INFO] [stderr]     |                                                                                   ^^^^^^^^^ help: try ignoring the field: `camera_id: _`
[INFO] [stderr] 
[INFO] [stderr] warning: unused variable: `success`
[INFO] [stderr]    --> src/device_connector/mod.rs:153:63
[INFO] [stderr]     |
[INFO] [stderr] 153 |         packets::Message::UnregisterDevice(UnregisterDevicePacket { success }) => {
[INFO] [stderr]     |                                                                     ^^^^^^^ help: try ignoring the field: `success: _`
[INFO] [stderr] 
[INFO] [stderr] warning: field `0` is never read
[INFO] [stderr]    --> src/device_connector/mod.rs:164:16
[INFO] [stderr]     |
[INFO] [stderr] 164 |     DatabaseError(Error),
[INFO] [stderr]     |     ------------- ^^^^^
[INFO] [stderr]     |     |
[INFO] [stderr]     |     field in this variant
[INFO] [stderr]     |
[INFO] [stderr]     = note: `#[warn(dead_code)]` on by default
[INFO] [stderr] help: consider changing the field to be of unit type to suppress this warning while preserving the field numbering, or remove the field
[INFO] [stderr]     |
[INFO] [stderr] 164 |     DatabaseError(()),
[INFO] [stderr]     |                   ~~
[INFO] [stderr] 
[INFO] [stderr] warning: variant `OtherError` is never constructed
[INFO] [stderr]    --> src/device_connector/mod.rs:165:2
[INFO] [stderr]     |
[INFO] [stderr] 160 | enum DeviceRegisterError {
[INFO] [stderr]     |      ------------------- variant in this enum
[INFO] [stderr] ...
[INFO] [stderr] 165 |     OtherError,
[INFO] [stderr]     |     ^^^^^^^^^^
[INFO] [stderr] 
[INFO] [stderr] warning: `camera-server` (bin "camera-server" test) generated 8 warnings (run `cargo fix --bin "camera-server" --tests` to apply 2 suggestions)
[INFO] [stderr]     Finished `test` profile [unoptimized + debuginfo] target(s) in 0.13s
[INFO] [stderr]      Running unittests src/main.rs (/opt/rustwide/target/debug/deps/camera_server-f1ef7eb6ccde75b4)
[INFO] [stdout] 
[INFO] [stdout] running 7 tests
[INFO] [stdout] test device_connector::packets::test::encode_initcomm_response ... ok
[INFO] [stdout] test device_connector::packets::test::decode_registration_response ... ok
[INFO] [stdout] test device_connector::packets::test::decode_noop_request ... ok
[INFO] [stdout] test device_connector::packets::test::image_chunk ... ok
[INFO] [stdout] test user_routes::tests::register_test ... FAILED
[INFO] [stdout] test tests_common::verify_user_creation ... FAILED
[INFO] [stdout] test user_routes::tests::login_test ... ok
[INFO] [stdout] 
[INFO] [stdout] failures:
[INFO] [stdout] 
[INFO] [stdout] ---- user_routes::tests::register_test stdout ----
[INFO] [stdout] thread 'user_routes::tests::register_test' panicked at src/device_connector/mod.rs:47:78:
[INFO] [stdout] called `Result::unwrap()` on an `Err` value: Os { code: 98, kind: AddrInUse, message: "Address already in use" }
[INFO] [stdout] stack backtrace:
[INFO] [stdout]    0:     0x607cb70a549a - std::backtrace_rs::backtrace::libunwind::trace::h207520d6e9873551
[INFO] [stdout]                                at /rustc/df4ca44d3fbc9301ee17f30f4d474e6ae4b05252/library/std/src/../../backtrace/src/backtrace/libunwind.rs:116:5
[INFO] [stdout]    1:     0x607cb70a549a - std::backtrace_rs::backtrace::trace_unsynchronized::h2ed7433f370e3eca
[INFO] [stdout]                                at /rustc/df4ca44d3fbc9301ee17f30f4d474e6ae4b05252/library/std/src/../../backtrace/src/backtrace/mod.rs:66:5
[INFO] [stdout]    2:     0x607cb70a549a - std::sys::backtrace::_print_fmt::h916fac51166b18d7
[INFO] [stdout]                                at /rustc/df4ca44d3fbc9301ee17f30f4d474e6ae4b05252/library/std/src/sys/backtrace.rs:66:9
[INFO] [stdout]    3:     0x607cb70a549a - <std::sys::backtrace::BacktraceLock::print::DisplayBacktrace as core::fmt::Display>::fmt::ha0a4c9b8ce3802e6
[INFO] [stdout]                                at /rustc/df4ca44d3fbc9301ee17f30f4d474e6ae4b05252/library/std/src/sys/backtrace.rs:39:26
[INFO] [stdout]    4:     0x607cb70d1bd3 - core::fmt::rt::Argument::fmt::h4cfc8587d52b3eb5
[INFO] [stdout]                                at /rustc/df4ca44d3fbc9301ee17f30f4d474e6ae4b05252/library/core/src/fmt/rt.rs:177:76
[INFO] [stdout]    5:     0x607cb70d1bd3 - core::fmt::write::h522cc39e5b36ae9f
[INFO] [stdout]                                at /rustc/df4ca44d3fbc9301ee17f30f4d474e6ae4b05252/library/core/src/fmt/mod.rs:1190:21
[INFO] [stdout]    6:     0x607cb70a15d3 - std::io::Write::write_fmt::h7d3c26752da97734
[INFO] [stdout]                                at /rustc/df4ca44d3fbc9301ee17f30f4d474e6ae4b05252/library/std/src/io/mod.rs:1839:15
[INFO] [stdout]    7:     0x607cb70a52e2 - std::sys::backtrace::BacktraceLock::print::h4b9e00b29e9c0942
[INFO] [stdout]                                at /rustc/df4ca44d3fbc9301ee17f30f4d474e6ae4b05252/library/std/src/sys/backtrace.rs:42:9
[INFO] [stdout]    8:     0x607cb70a692a - std::panicking::default_hook::{{closure}}::hb59b88280d0324d9
[INFO] [stdout]                                at /rustc/df4ca44d3fbc9301ee17f30f4d474e6ae4b05252/library/std/src/panicking.rs:268:22
[INFO] [stdout]    9:     0x607cb70a6734 - std::panicking::default_hook::he1dd496665be4a29
[INFO] [stdout]                                at /rustc/df4ca44d3fbc9301ee17f30f4d474e6ae4b05252/library/std/src/panicking.rs:292:9
[INFO] [stdout]   10:     0x607cb695b939 - <alloc::boxed::Box<F,A> as core::ops::function::Fn<Args>>::call::h4ff71de18744e1dc
[INFO] [stdout]                                at /rustc/df4ca44d3fbc9301ee17f30f4d474e6ae4b05252/library/alloc/src/boxed.rs:2468:9
[INFO] [stdout]   11:     0x607cb695b939 - test::test_main::{{closure}}::hcf7c055ce117aa81
[INFO] [stdout]                                at /rustc/df4ca44d3fbc9301ee17f30f4d474e6ae4b05252/library/test/src/lib.rs:133:21
[INFO] [stdout]   12:     0x607cb70a7028 - <alloc::boxed::Box<F,A> as core::ops::function::Fn<Args>>::call::h1d66c6bbd60c9692
[INFO] [stdout]                                at /rustc/df4ca44d3fbc9301ee17f30f4d474e6ae4b05252/library/alloc/src/boxed.rs:2468:9
[INFO] [stdout]   13:     0x607cb70a7028 - std::panicking::rust_panic_with_hook::h2ff17fe8f26dfcf8
[INFO] [stdout]                                at /rustc/df4ca44d3fbc9301ee17f30f4d474e6ae4b05252/library/std/src/panicking.rs:809:13
[INFO] [stdout]   14:     0x607cb70a6dea - std::panicking::begin_panic_handler::{{closure}}::h4fad77951c07e101
[INFO] [stdout]                                at /rustc/df4ca44d3fbc9301ee17f30f4d474e6ae4b05252/library/std/src/panicking.rs:674:13
[INFO] [stdout]   15:     0x607cb70a5979 - std::sys::backtrace::__rust_end_short_backtrace::hb1a25b3da5d0ea08
[INFO] [stdout]                                at /rustc/df4ca44d3fbc9301ee17f30f4d474e6ae4b05252/library/std/src/sys/backtrace.rs:170:18
[INFO] [stdout]   16:     0x607cb70a6a7c - rust_begin_unwind
[INFO] [stdout]                                at /rustc/df4ca44d3fbc9301ee17f30f4d474e6ae4b05252/library/std/src/panicking.rs:665:5
[INFO] [stdout]   17:     0x607cb70ceb40 - core::panicking::panic_fmt::ha9db07b529f9b256
[INFO] [stdout]                                at /rustc/df4ca44d3fbc9301ee17f30f4d474e6ae4b05252/library/core/src/panicking.rs:75:14
[INFO] [stdout]   18:     0x607cb70cf046 - core::result::unwrap_failed::h5e8218e4d4338b8a
[INFO] [stdout]                                at /rustc/df4ca44d3fbc9301ee17f30f4d474e6ae4b05252/library/core/src/result.rs:1698:5
[INFO] [stdout]   19:     0x607cb68325cf - core::result::Result<T,E>::unwrap::ha8f38cbb750c6876
[INFO] [stdout]                                at /rustc/df4ca44d3fbc9301ee17f30f4d474e6ae4b05252/library/core/src/result.rs:1103:23
[INFO] [stdout]   20:     0x607cb68325cf - camera_server::device_connector::DeviceBridge::init::h1d145a6171cbda4d
[INFO] [stdout]                                at /opt/rustwide/workdir/src/device_connector/mod.rs:47:20
[INFO] [stdout]   21:     0x607cb6832455 - camera_server::device_connector::DeviceBridge::new::h112a4f66a3b93692
[INFO] [stdout]                                at /opt/rustwide/workdir/src/device_connector/mod.rs:41:3
[INFO] [stdout]   22:     0x607cb6841851 - <camera_server::device_connector::DeviceBridgeFairing as rocket::fairing::Fairing>::on_ignite::{{closure}}::h62c8d8d04b720d07
[INFO] [stdout]                                at /opt/rustwide/workdir/src/device_connector/mod.rs:285:27
[INFO] [stdout]   23:     0x607cb6ce1f00 - <core::pin::Pin<P> as core::future::future::Future>::poll::h6a74fa8b94cbf0ba
[INFO] [stdout]                                at /rustc/df4ca44d3fbc9301ee17f30f4d474e6ae4b05252/library/core/src/future/future.rs:123:9
[INFO] [stdout]   24:     0x607cb6bbf98b - rocket::fairing::fairings::Fairings::handle_ignite::{{closure}}::h5a4b96935005a45e
[INFO] [stdout]                                at /opt/rustwide/cargo-home/registry/src/index.crates.io-6f17d22bba15001f/rocket-0.5.1/src/fairing/fairings.rs:120:58
[INFO] [stdout]   25:     0x607cb6ceca6f - rocket::rkt::Rocket<rocket::phase::Build>::ignite::{{closure}}::hbbf3f2cc7a95e785
[INFO] [stdout]                                at /opt/rustwide/cargo-home/registry/src/index.crates.io-6f17d22bba15001f/rocket-0.5.1/src/rkt.rs:514:46
[INFO] [stdout]   26:     0x607cb6cefbc9 - rocket::rkt::Rocket<P>::local_launch::{{closure}}::h395d68c4997e6b52
[INFO] [stdout]                                at /opt/rustwide/cargo-home/registry/src/index.crates.io-6f17d22bba15001f/rocket-0.5.1/src/rkt.rs:847:57
[INFO] [stdout]   27:     0x607cb6bbce05 - rocket::local::asynchronous::client::Client::_new::{{closure}}::h83f24e0024dae913
[INFO] [stdout]                                at /opt/rustwide/cargo-home/registry/src/index.crates.io-6f17d22bba15001f/rocket-0.5.1/src/local/asynchronous/client.rs:60:44
[INFO] [stdout]   28:     0x607cb6c70470 - tokio::runtime::park::CachedParkThread::block_on::{{closure}}::h5bf55b8853eaf15a
[INFO] [stdout]                                at /opt/rustwide/cargo-home/registry/src/index.crates.io-6f17d22bba15001f/tokio-1.38.0/src/runtime/park.rs:281:63
[INFO] [stdout]   29:     0x607cb6c6e1bb - tokio::runtime::coop::with_budget::ha7cbd4fe4c24e460
[INFO] [stdout]                                at /opt/rustwide/cargo-home/registry/src/index.crates.io-6f17d22bba15001f/tokio-1.38.0/src/runtime/coop.rs:107:5
[INFO] [stdout]   30:     0x607cb6c6e1bb - tokio::runtime::coop::budget::hfaecabe557a046dd
[INFO] [stdout]                                at /opt/rustwide/cargo-home/registry/src/index.crates.io-6f17d22bba15001f/tokio-1.38.0/src/runtime/coop.rs:73:5
[INFO] [stdout]   31:     0x607cb6c6e1bb - tokio::runtime::park::CachedParkThread::block_on::h3234366412b017de
[INFO] [stdout]                                at /opt/rustwide/cargo-home/registry/src/index.crates.io-6f17d22bba15001f/tokio-1.38.0/src/runtime/park.rs:281:31
[INFO] [stdout]   32:     0x607cb6bd9037 - tokio::runtime::context::blocking::BlockingRegionGuard::block_on::h09055ba07478e7ce
[INFO] [stdout]                                at /opt/rustwide/cargo-home/registry/src/index.crates.io-6f17d22bba15001f/tokio-1.38.0/src/runtime/context/blocking.rs:66:9
[INFO] [stdout]   33:     0x607cb6d30da7 - tokio::runtime::scheduler::multi_thread::MultiThread::block_on::{{closure}}::hdf78510027c95dca
[INFO] [stdout]                                at /opt/rustwide/cargo-home/registry/src/index.crates.io-6f17d22bba15001f/tokio-1.38.0/src/runtime/scheduler/multi_thread/mod.rs:87:13
[INFO] [stdout]   34:     0x607cb6c90e60 - tokio::runtime::context::runtime::enter_runtime::hc32aa068d9ccf21e
[INFO] [stdout]                                at /opt/rustwide/cargo-home/registry/src/index.crates.io-6f17d22bba15001f/tokio-1.38.0/src/runtime/context/runtime.rs:65:16
[INFO] [stdout]   35:     0x607cb6d30bd0 - tokio::runtime::scheduler::multi_thread::MultiThread::block_on::h833d739aa74af68a
[INFO] [stdout]                                at /opt/rustwide/cargo-home/registry/src/index.crates.io-6f17d22bba15001f/tokio-1.38.0/src/runtime/scheduler/multi_thread/mod.rs:86:9
[INFO] [stdout]   36:     0x607cb6cc6093 - tokio::runtime::runtime::Runtime::block_on::h1925f22cd4462754
[INFO] [stdout]                                at /opt/rustwide/cargo-home/registry/src/index.crates.io-6f17d22bba15001f/tokio-1.38.0/src/runtime/runtime.rs:349:45
[INFO] [stdout]   37:     0x607cb6bbe467 - rocket::local::blocking::client::Client::_new::h74736b0746cede46
[INFO] [stdout]                                at /opt/rustwide/cargo-home/registry/src/index.crates.io-6f17d22bba15001f/rocket-0.5.1/src/local/blocking/client.rs:42:26
[INFO] [stdout]   38:     0x607cb683a487 - rocket::local::blocking::client::Client::tracked::hefd9fb2355a77465
[INFO] [stdout]                                at /opt/rustwide/cargo-home/registry/src/index.crates.io-6f17d22bba15001f/rocket-0.5.1/src/local/client.rs:71:9
[INFO] [stdout]   39:     0x607cb683a487 - camera_server::tests_common::create_local_client::h3ded71cff8b2acb2
[INFO] [stdout]                                at /opt/rustwide/workdir/src/tests_common.rs:25:15
[INFO] [stdout]   40:     0x607cb683b689 - camera_server::user_routes::tests::register_test::hd62f03782147f45a
[INFO] [stdout]                                at /opt/rustwide/workdir/src/user_routes.rs:157:16
[INFO] [stdout]   41:     0x607cb683b627 - camera_server::user_routes::tests::register_test::{{closure}}::hac88188948336c6f
[INFO] [stdout]                                at /opt/rustwide/workdir/src/user_routes.rs:156:20
[INFO] [stdout]   42:     0x607cb6844886 - core::ops::function::FnOnce::call_once::hbdbdef3f8d19712b
[INFO] [stdout]                                at /rustc/df4ca44d3fbc9301ee17f30f4d474e6ae4b05252/library/core/src/ops/function.rs:250:5
[INFO] [stdout]   43:     0x607cb696020b - core::ops::function::FnOnce::call_once::h22c3ba5715e93f05
[INFO] [stdout]                                at /rustc/df4ca44d3fbc9301ee17f30f4d474e6ae4b05252/library/core/src/ops/function.rs:250:5
[INFO] [stdout]   44:     0x607cb696020b - test::__rust_begin_short_backtrace::h8e82d8113d0da17f
[INFO] [stdout]                                at /rustc/df4ca44d3fbc9301ee17f30f4d474e6ae4b05252/library/test/src/lib.rs:621:18
[INFO] [stdout]   45:     0x607cb695fb87 - test::run_test_in_process::{{closure}}::h33235f4f20b7b7c7
[INFO] [stdout]                                at /rustc/df4ca44d3fbc9301ee17f30f4d474e6ae4b05252/library/test/src/lib.rs:644:60
[INFO] [stdout]   46:     0x607cb695fb87 - <core::panic::unwind_safe::AssertUnwindSafe<F> as core::ops::function::FnOnce<()>>::call_once::hb5043206310c586f
[INFO] [stdout]                                at /rustc/df4ca44d3fbc9301ee17f30f4d474e6ae4b05252/library/core/src/panic/unwind_safe.rs:272:9
[INFO] [stdout]   47:     0x607cb695fb87 - std::panicking::try::do_call::h9ad4731a60ab23e2
[INFO] [stdout]                                at /rustc/df4ca44d3fbc9301ee17f30f4d474e6ae4b05252/library/std/src/panicking.rs:557:40
[INFO] [stdout]   48:     0x607cb695fb87 - std::panicking::try::h3824d23db772a716
[INFO] [stdout]                                at /rustc/df4ca44d3fbc9301ee17f30f4d474e6ae4b05252/library/std/src/panicking.rs:520:19
[INFO] [stdout]   49:     0x607cb695fb87 - std::panic::catch_unwind::h5afd514605fde46b
[INFO] [stdout]                                at /rustc/df4ca44d3fbc9301ee17f30f4d474e6ae4b05252/library/std/src/panic.rs:358:14
[INFO] [stdout]   50:     0x607cb695fb87 - test::run_test_in_process::h0d5cbfa7067d1720
[INFO] [stdout]                                at /rustc/df4ca44d3fbc9301ee17f30f4d474e6ae4b05252/library/test/src/lib.rs:644:27
[INFO] [stdout]   51:     0x607cb695fb87 - test::run_test::{{closure}}::h708eb8872708115d
[INFO] [stdout]                                at /rustc/df4ca44d3fbc9301ee17f30f4d474e6ae4b05252/library/test/src/lib.rs:565:43
[INFO] [stdout]   52:     0x607cb69232a4 - test::run_test::{{closure}}::h392c51cee94713ab
[INFO] [stdout]                                at /rustc/df4ca44d3fbc9301ee17f30f4d474e6ae4b05252/library/test/src/lib.rs:595:41
[INFO] [stdout]   53:     0x607cb69232a4 - std::sys::backtrace::__rust_begin_short_backtrace::h2f40290710935a8b
[INFO] [stdout]                                at /rustc/df4ca44d3fbc9301ee17f30f4d474e6ae4b05252/library/std/src/sys/backtrace.rs:154:18
[INFO] [stdout]   54:     0x607cb6926a4e - std::thread::Builder::spawn_unchecked_::{{closure}}::{{closure}}::h3fd968d89053a903
[INFO] [stdout]                                at /rustc/df4ca44d3fbc9301ee17f30f4d474e6ae4b05252/library/std/src/thread/mod.rs:541:17
[INFO] [stdout]   55:     0x607cb6926a4e - <core::panic::unwind_safe::AssertUnwindSafe<F> as core::ops::function::FnOnce<()>>::call_once::h743f637ba4229880
[INFO] [stdout]                                at /rustc/df4ca44d3fbc9301ee17f30f4d474e6ae4b05252/library/core/src/panic/unwind_safe.rs:272:9
[INFO] [stdout]   56:     0x607cb6926a4e - std::panicking::try::do_call::h07440897322525a6
[INFO] [stdout]                                at /rustc/df4ca44d3fbc9301ee17f30f4d474e6ae4b05252/library/std/src/panicking.rs:557:40
[INFO] [stdout]   57:     0x607cb6926a4e - std::panicking::try::he5a2e00188156637
[INFO] [stdout]                                at /rustc/df4ca44d3fbc9301ee17f30f4d474e6ae4b05252/library/std/src/panicking.rs:520:19
[INFO] [stdout]   58:     0x607cb6926a4e - std::panic::catch_unwind::hbaf3cae49b3c6433
[INFO] [stdout]                                at /rustc/df4ca44d3fbc9301ee17f30f4d474e6ae4b05252/library/std/src/panic.rs:358:14
[INFO] [stdout]   59:     0x607cb6926a4e - std::thread::Builder::spawn_unchecked_::{{closure}}::h8e141ea224820bce
[INFO] [stdout]                                at /rustc/df4ca44d3fbc9301ee17f30f4d474e6ae4b05252/library/std/src/thread/mod.rs:540:30
[INFO] [stdout]   60:     0x607cb6926a4e - core::ops::function::FnOnce::call_once{{vtable.shim}}::h90d312fedd7b8ea8
[INFO] [stdout]                                at /rustc/df4ca44d3fbc9301ee17f30f4d474e6ae4b05252/library/core/src/ops/function.rs:250:5
[INFO] [stdout]   61:     0x607cb70ab45b - <alloc::boxed::Box<F,A> as core::ops::function::FnOnce<Args>>::call_once::h69aa08ddb6adb8b6
[INFO] [stdout]                                at /rustc/df4ca44d3fbc9301ee17f30f4d474e6ae4b05252/library/alloc/src/boxed.rs:2454:9
[INFO] [stdout]   62:     0x607cb70ab45b - <alloc::boxed::Box<F,A> as core::ops::function::FnOnce<Args>>::call_once::h5aa36efdb79c806f
[INFO] [stdout]                                at /rustc/df4ca44d3fbc9301ee17f30f4d474e6ae4b05252/library/alloc/src/boxed.rs:2454:9
[INFO] [stdout]   63:     0x607cb70ab45b - std::sys::pal::unix::thread::Thread::new::thread_start::h6cd80a1b4be5158d
[INFO] [stdout]                                at /rustc/df4ca44d3fbc9301ee17f30f4d474e6ae4b05252/library/std/src/sys/pal/unix/thread.rs:105:17
[INFO] [stdout]   64:     0x75a654be9ac3 - <unknown>
[INFO] [stdout]   65:     0x75a654c7aa04 - clone
[INFO] [stdout]   66:                0x0 - <unknown>
[INFO] [stdout] 
[INFO] [stdout] ---- tests_common::verify_user_creation stdout ----
[INFO] [stdout] thread 'tests_common::verify_user_creation' panicked at src/device_connector/mod.rs:47:78:
[INFO] [stdout] called `Result::unwrap()` on an `Err` value: Os { code: 98, kind: AddrInUse, message: "Address already in use" }
[INFO] [stdout] stack backtrace:
[INFO] [stdout]    0:     0x607cb70a549a - std::backtrace_rs::backtrace::libunwind::trace::h207520d6e9873551
[INFO] [stdout]                                at /rustc/df4ca44d3fbc9301ee17f30f4d474e6ae4b05252/library/std/src/../../backtrace/src/backtrace/libunwind.rs:116:5
[INFO] [stdout]    1:     0x607cb70a549a - std::backtrace_rs::backtrace::trace_unsynchronized::h2ed7433f370e3eca
[INFO] [stdout]                                at /rustc/df4ca44d3fbc9301ee17f30f4d474e6ae4b05252/library/std/src/../../backtrace/src/backtrace/mod.rs:66:5
[INFO] [stdout]    2:     0x607cb70a549a - std::sys::backtrace::_print_fmt::h916fac51166b18d7
[INFO] [stdout]                                at /rustc/df4ca44d3fbc9301ee17f30f4d474e6ae4b05252/library/std/src/sys/backtrace.rs:66:9
[INFO] [stdout]    3:     0x607cb70a549a - <std::sys::backtrace::BacktraceLock::print::DisplayBacktrace as core::fmt::Display>::fmt::ha0a4c9b8ce3802e6
[INFO] [stdout]                                at /rustc/df4ca44d3fbc9301ee17f30f4d474e6ae4b05252/library/std/src/sys/backtrace.rs:39:26
[INFO] [stdout]    4:     0x607cb70d1bd3 - core::fmt::rt::Argument::fmt::h4cfc8587d52b3eb5
[INFO] [stdout]                                at /rustc/df4ca44d3fbc9301ee17f30f4d474e6ae4b05252/library/core/src/fmt/rt.rs:177:76
[INFO] [stdout]    5:     0x607cb70d1bd3 - core::fmt::write::h522cc39e5b36ae9f
[INFO] [stdout]                                at /rustc/df4ca44d3fbc9301ee17f30f4d474e6ae4b05252/library/core/src/fmt/mod.rs:1190:21
[INFO] [stdout]    6:     0x607cb70a15d3 - std::io::Write::write_fmt::h7d3c26752da97734
[INFO] [stdout]                                at /rustc/df4ca44d3fbc9301ee17f30f4d474e6ae4b05252/library/std/src/io/mod.rs:1839:15
[INFO] [stdout]    7:     0x607cb70a52e2 - std::sys::backtrace::BacktraceLock::print::h4b9e00b29e9c0942
[INFO] [stdout]                                at /rustc/df4ca44d3fbc9301ee17f30f4d474e6ae4b05252/library/std/src/sys/backtrace.rs:42:9
[INFO] [stdout]    8:     0x607cb70a692a - std::panicking::default_hook::{{closure}}::hb59b88280d0324d9
[INFO] [stdout]                                at /rustc/df4ca44d3fbc9301ee17f30f4d474e6ae4b05252/library/std/src/panicking.rs:268:22
[INFO] [stdout]    9:     0x607cb70a6734 - std::panicking::default_hook::he1dd496665be4a29
[INFO] [stdout]                                at /rustc/df4ca44d3fbc9301ee17f30f4d474e6ae4b05252/library/std/src/panicking.rs:292:9
[INFO] [stdout]   10:     0x607cb695b939 - <alloc::boxed::Box<F,A> as core::ops::function::Fn<Args>>::call::h4ff71de18744e1dc
[INFO] [stdout]                                at /rustc/df4ca44d3fbc9301ee17f30f4d474e6ae4b05252/library/alloc/src/boxed.rs:2468:9
[INFO] [stdout]   11:     0x607cb695b939 - test::test_main::{{closure}}::hcf7c055ce117aa81
[INFO] [stdout]                                at /rustc/df4ca44d3fbc9301ee17f30f4d474e6ae4b05252/library/test/src/lib.rs:133:21
[INFO] [stdout]   12:     0x607cb70a7028 - <alloc::boxed::Box<F,A> as core::ops::function::Fn<Args>>::call::h1d66c6bbd60c9692
[INFO] [stdout]                                at /rustc/df4ca44d3fbc9301ee17f30f4d474e6ae4b05252/library/alloc/src/boxed.rs:2468:9
[INFO] [stdout]   13:     0x607cb70a7028 - std::panicking::rust_panic_with_hook::h2ff17fe8f26dfcf8
[INFO] [stdout]                                at /rustc/df4ca44d3fbc9301ee17f30f4d474e6ae4b05252/library/std/src/panicking.rs:809:13
[INFO] [stdout]   14:     0x607cb70a6dea - std::panicking::begin_panic_handler::{{closure}}::h4fad77951c07e101
[INFO] [stdout]                                at /rustc/df4ca44d3fbc9301ee17f30f4d474e6ae4b05252/library/std/src/panicking.rs:674:13
[INFO] [stdout]   15:     0x607cb70a5979 - std::sys::backtrace::__rust_end_short_backtrace::hb1a25b3da5d0ea08
[INFO] [stdout]                                at /rustc/df4ca44d3fbc9301ee17f30f4d474e6ae4b05252/library/std/src/sys/backtrace.rs:170:18
[INFO] [stdout]   16:     0x607cb70a6a7c - rust_begin_unwind
[INFO] [stdout]                                at /rustc/df4ca44d3fbc9301ee17f30f4d474e6ae4b05252/library/std/src/panicking.rs:665:5
[INFO] [stdout]   17:     0x607cb70ceb40 - core::panicking::panic_fmt::ha9db07b529f9b256
[INFO] [stdout]                                at /rustc/df4ca44d3fbc9301ee17f30f4d474e6ae4b05252/library/core/src/panicking.rs:75:14
[INFO] [stdout]   18:     0x607cb70cf046 - core::result::unwrap_failed::h5e8218e4d4338b8a
[INFO] [stdout]                                at /rustc/df4ca44d3fbc9301ee17f30f4d474e6ae4b05252/library/core/src/result.rs:1698:5
[INFO] [stdout]   19:     0x607cb68325cf - core::result::Result<T,E>::unwrap::ha8f38cbb750c6876
[INFO] [stdout]                                at /rustc/df4ca44d3fbc9301ee17f30f4d474e6ae4b05252/library/core/src/result.rs:1103:23
[INFO] [stdout]   20:     0x607cb68325cf - camera_server::device_connector::DeviceBridge::init::h1d145a6171cbda4d
[INFO] [stdout]                                at /opt/rustwide/workdir/src/device_connector/mod.rs:47:20
[INFO] [stdout]   21:     0x607cb6832455 - camera_server::device_connector::DeviceBridge::new::h112a4f66a3b93692
[INFO] [stdout]                                at /opt/rustwide/workdir/src/device_connector/mod.rs:41:3
[INFO] [stdout]   22:     0x607cb6841851 - <camera_server::device_connector::DeviceBridgeFairing as rocket::fairing::Fairing>::on_ignite::{{closure}}::h62c8d8d04b720d07
[INFO] [stdout]                                at /opt/rustwide/workdir/src/device_connector/mod.rs:285:27
[INFO] [stdout]   23:     0x607cb6ce1f00 - <core::pin::Pin<P> as core::future::future::Future>::poll::h6a74fa8b94cbf0ba
[INFO] [stdout]                                at /rustc/df4ca44d3fbc9301ee17f30f4d474e6ae4b05252/library/core/src/future/future.rs:123:9
[INFO] [stdout]   24:     0x607cb6bbf98b - rocket::fairing::fairings::Fairings::handle_ignite::{{closure}}::h5a4b96935005a45e
[INFO] [stdout]                                at /opt/rustwide/cargo-home/registry/src/index.crates.io-6f17d22bba15001f/rocket-0.5.1/src/fairing/fairings.rs:120:58
[INFO] [stdout]   25:     0x607cb6ceca6f - rocket::rkt::Rocket<rocket::phase::Build>::ignite::{{closure}}::hbbf3f2cc7a95e785
[INFO] [stdout]                                at /opt/rustwide/cargo-home/registry/src/index.crates.io-6f17d22bba15001f/rocket-0.5.1/src/rkt.rs:514:46
[INFO] [stdout]   26:     0x607cb6cefbc9 - rocket::rkt::Rocket<P>::local_launch::{{closure}}::h395d68c4997e6b52
[INFO] [stdout]                                at /opt/rustwide/cargo-home/registry/src/index.crates.io-6f17d22bba15001f/rocket-0.5.1/src/rkt.rs:847:57
[INFO] [stdout]   27:     0x607cb6bbce05 - rocket::local::asynchronous::client::Client::_new::{{closure}}::h83f24e0024dae913
[INFO] [stdout]                                at /opt/rustwide/cargo-home/registry/src/index.crates.io-6f17d22bba15001f/rocket-0.5.1/src/local/asynchronous/client.rs:60:44
[INFO] [stdout]   28:     0x607cb682f223 - rocket::local::asynchronous::client::Client::tracked::{{closure}}::ha8e90924029e664e
[INFO] [stdout]                                at /opt/rustwide/cargo-home/registry/src/index.crates.io-6f17d22bba15001f/rocket-0.5.1/src/local/asynchronous/client.rs:113:72
[INFO] [stdout]   29:     0x607cb683a835 - camera_server::tests_common::create_local_async_client::{{closure}}::h6e65b45d85d3cda8
[INFO] [stdout]                                at /opt/rustwide/workdir/src/tests_common.rs:32:53
[INFO] [stdout]   30:     0x607cb6841bfc - camera_server::tests_common::verify_user_creation::{{closure}}::hc4db17b7a4cb15dd
[INFO] [stdout]                                at /opt/rustwide/workdir/src/tests_common.rs:51:43
[INFO] [stdout]   31:     0x607cb67e734f - tokio::runtime::park::CachedParkThread::block_on::{{closure}}::h398152e49ea1ae1a
[INFO] [stdout]                                at /opt/rustwide/cargo-home/registry/src/index.crates.io-6f17d22bba15001f/tokio-1.38.0/src/runtime/park.rs:281:63
[INFO] [stdout]   32:     0x607cb67e6d05 - tokio::runtime::coop::with_budget::ha49f462d6cc7ea6d
[INFO] [stdout]                                at /opt/rustwide/cargo-home/registry/src/index.crates.io-6f17d22bba15001f/tokio-1.38.0/src/runtime/coop.rs:107:5
[INFO] [stdout]   33:     0x607cb67e6d05 - tokio::runtime::coop::budget::h6c75aa6b7dc9c163
[INFO] [stdout]                                at /opt/rustwide/cargo-home/registry/src/index.crates.io-6f17d22bba15001f/tokio-1.38.0/src/runtime/coop.rs:73:5
[INFO] [stdout]   34:     0x607cb67e6d05 - tokio::runtime::park::CachedParkThread::block_on::he31614070452a8aa
[INFO] [stdout]                                at /opt/rustwide/cargo-home/registry/src/index.crates.io-6f17d22bba15001f/tokio-1.38.0/src/runtime/park.rs:281:31
[INFO] [stdout]   35:     0x607cb687abc2 - tokio::runtime::context::blocking::BlockingRegionGuard::block_on::he2fb3d7177b5ff4a
[INFO] [stdout]                                at /opt/rustwide/cargo-home/registry/src/index.crates.io-6f17d22bba15001f/tokio-1.38.0/src/runtime/context/blocking.rs:66:9
[INFO] [stdout]   36:     0x607cb686b577 - tokio::runtime::scheduler::multi_thread::MultiThread::block_on::{{closure}}::h3077c71de1eac73a
[INFO] [stdout]                                at /opt/rustwide/cargo-home/registry/src/index.crates.io-6f17d22bba15001f/tokio-1.38.0/src/runtime/scheduler/multi_thread/mod.rs:87:13
[INFO] [stdout]   37:     0x607cb682c4ba - tokio::runtime::context::runtime::enter_runtime::h5b175fcf6b3bbbd0
[INFO] [stdout]                                at /opt/rustwide/cargo-home/registry/src/index.crates.io-6f17d22bba15001f/tokio-1.38.0/src/runtime/context/runtime.rs:65:16
[INFO] [stdout]   38:     0x607cb686b520 - tokio::runtime::scheduler::multi_thread::MultiThread::block_on::hc217741546c927f1
[INFO] [stdout]                                at /opt/rustwide/cargo-home/registry/src/index.crates.io-6f17d22bba15001f/tokio-1.38.0/src/runtime/scheduler/multi_thread/mod.rs:86:9
[INFO] [stdout]   39:     0x607cb6900379 - tokio::runtime::runtime::Runtime::block_on::h5a0289c347d431f6
[INFO] [stdout]                                at /opt/rustwide/cargo-home/registry/src/index.crates.io-6f17d22bba15001f/tokio-1.38.0/src/runtime/runtime.rs:349:45
[INFO] [stdout]   40:     0x607cb68f0c50 - rocket::async_run::h72d3dad8bafa2aa9
[INFO] [stdout]                                at /opt/rustwide/cargo-home/registry/src/index.crates.io-6f17d22bba15001f/rocket-0.5.1/src/lib.rs:250:18
[INFO] [stdout]   41:     0x607cb68f09e2 - rocket::async_test::h716088c77aad1788
[INFO] [stdout]                                at /opt/rustwide/cargo-home/registry/src/index.crates.io-6f17d22bba15001f/rocket-0.5.1/src/lib.rs:261:5
[INFO] [stdout]   42:     0x607cb6841a26 - camera_server::tests_common::verify_user_creation::hda3aaed925338eed
[INFO] [stdout]                                at /opt/rustwide/workdir/src/tests_common.rs:50:33
[INFO] [stdout]   43:     0x607cb68419e7 - camera_server::tests_common::verify_user_creation::{{closure}}::hb02ab5fc37eeefea
[INFO] [stdout]                                at /opt/rustwide/workdir/src/tests_common.rs:50:32
[INFO] [stdout]   44:     0x607cb6844a86 - core::ops::function::FnOnce::call_once::hc387a57cf9371255
[INFO] [stdout]                                at /rustc/df4ca44d3fbc9301ee17f30f4d474e6ae4b05252/library/core/src/ops/function.rs:250:5
[INFO] [stdout]   45:     0x607cb696020b - core::ops::function::FnOnce::call_once::h22c3ba5715e93f05
[INFO] [stdout]                                at /rustc/df4ca44d3fbc9301ee17f30f4d474e6ae4b05252/library/core/src/ops/function.rs:250:5
[INFO] [stdout]   46:     0x607cb696020b - test::__rust_begin_short_backtrace::h8e82d8113d0da17f
[INFO] [stdout]                                at /rustc/df4ca44d3fbc9301ee17f30f4d474e6ae4b05252/library/test/src/lib.rs:621:18
[INFO] [stdout]   47:     0x607cb695fb87 - test::run_test_in_process::{{closure}}::h33235f4f20b7b7c7
[INFO] [stdout]                                at /rustc/df4ca44d3fbc9301ee17f30f4d474e6ae4b05252/library/test/src/lib.rs:644:60
[INFO] [stdout]   48:     0x607cb695fb87 - <core::panic::unwind_safe::AssertUnwindSafe<F> as core::ops::function::FnOnce<()>>::call_once::hb5043206310c586f
[INFO] [stdout]                                at /rustc/df4ca44d3fbc9301ee17f30f4d474e6ae4b05252/library/core/src/panic/unwind_safe.rs:272:9
[INFO] [stdout]   49:     0x607cb695fb87 - std::panicking::try::do_call::h9ad4731a60ab23e2
[INFO] [stdout]                                at /rustc/df4ca44d3fbc9301ee17f30f4d474e6ae4b05252/library/std/src/panicking.rs:557:40
[INFO] [stdout]   50:     0x607cb695fb87 - std::panicking::try::h3824d23db772a716
[INFO] [stdout]                                at /rustc/df4ca44d3fbc9301ee17f30f4d474e6ae4b05252/library/std/src/panicking.rs:520:19
[INFO] [stdout]   51:     0x607cb695fb87 - std::panic::catch_unwind::h5afd514605fde46b
[INFO] [stdout]                                at /rustc/df4ca44d3fbc9301ee17f30f4d474e6ae4b05252/library/std/src/panic.rs:358:14
[INFO] [stdout]   52:     0x607cb695fb87 - test::run_test_in_process::h0d5cbfa7067d1720
[INFO] [stdout]                                at /rustc/df4ca44d3fbc9301ee17f30f4d474e6ae4b05252/library/test/src/lib.rs:644:27
[INFO] [stdout]   53:     0x607cb695fb87 - test::run_test::{{closure}}::h708eb8872708115d
[INFO] [stdout]                                at /rustc/df4ca44d3fbc9301ee17f30f4d474e6ae4b05252/library/test/src/lib.rs:565:43
[INFO] [stdout]   54:     0x607cb69232a4 - test::run_test::{{closure}}::h392c51cee94713ab
[INFO] [stdout]                                at /rustc/df4ca44d3fbc9301ee17f30f4d474e6ae4b05252/library/test/src/lib.rs:595:41
[INFO] [stdout]   55:     0x607cb69232a4 - std::sys::backtrace::__rust_begin_short_backtrace::h2f40290710935a8b
[INFO] [stdout]                                at /rustc/df4ca44d3fbc9301ee17f30f4d474e6ae4b05252/library/std/src/sys/backtrace.rs:154:18
[INFO] [stdout]   56:     0x607cb6926a4e - std::thread::Builder::spawn_unchecked_::{{closure}}::{{closure}}::h3fd968d89053a903
[INFO] [stdout]                                at /rustc/df4ca44d3fbc9301ee17f30f4d474e6ae4b05252/library/std/src/thread/mod.rs:541:17
[INFO] [stdout]   57:     0x607cb6926a4e - <core::panic::unwind_safe::AssertUnwindSafe<F> as core::ops::function::FnOnce<()>>::call_once::h743f637ba4229880
[INFO] [stdout]                                at /rustc/df4ca44d3fbc9301ee17f30f4d474e6ae4b05252/library/core/src/panic/unwind_safe.rs:272:9
[INFO] [stdout]   58:     0x607cb6926a4e - std::panicking::try::do_call::h07440897322525a6
[INFO] [stdout]                                at /rustc/df4ca44d3fbc9301ee17f30f4d474e6ae4b05252/library/std/src/panicking.rs:557:40
[INFO] [stdout]   59:     0x607cb6926a4e - std::panicking::try::he5a2e00188156637
[INFO] [stdout]                                at /rustc/df4ca44d3fbc9301ee17f30f4d474e6ae4b05252/library/std/src/panicking.rs:520:19
[INFO] [stdout]   60:     0x607cb6926a4e - std::panic::catch_unwind::hbaf3cae49b3c6433
[INFO] [stdout]                                at /rustc/df4ca44d3fbc9301ee17f30f4d474e6ae4b05252/library/std/src/panic.rs:358:14
[INFO] [stdout]   61:     0x607cb6926a4e - std::thread::Builder::spawn_unchecked_::{{closure}}::h8e141ea224820bce
[INFO] [stdout]                                at /rustc/df4ca44d3fbc9301ee17f30f4d474e6ae4b05252/library/std/src/thread/mod.rs:540:30
[INFO] [stdout]   62:     0x607cb6926a4e - core::ops::function::FnOnce::call_once{{vtable.shim}}::h90d312fedd7b8ea8
[INFO] [stdout]                                at /rustc/df4ca44d3fbc9301ee17f30f4d474e6ae4b05252/library/core/src/ops/function.rs:250:5
[INFO] [stdout]   63:     0x607cb70ab45b - <alloc::boxed::Box<F,A> as core::ops::function::FnOnce<Args>>::call_once::h69aa08ddb6adb8b6
[INFO] [stdout]                                at /rustc/df4ca44d3fbc9301ee17f30f4d474e6ae4b05252/library/alloc/src/boxed.rs:2454:9
[INFO] [stdout]   64:     0x607cb70ab45b - <alloc::boxed::Box<F,A> as core::ops::function::FnOnce<Args>>::call_once::h5aa36efdb79c806f
[INFO] [stdout]                                at /rustc/df4ca44d3fbc9301ee17f30f4d474e6ae4b05252/library/alloc/src/boxed.rs:2454:9
[INFO] [stdout]   65:     0x607cb70ab45b - std::sys::pal::unix::thread::Thread::new::thread_start::h6cd80a1b4be5158d
[INFO] [stdout]                                at /rustc/df4ca44d3fbc9301ee17f30f4d474e6ae4b05252/library/std/src/sys/pal/unix/thread.rs:105:17
[INFO] [stdout]   66:     0x75a654be9ac3 - <unknown>
[INFO] [stdout]   67:     0x75a654c7aa04 - clone
[INFO] [stdout]   68:                0x0 - <unknown>
[INFO] [stdout] 
[INFO] [stdout] 
[INFO] [stdout] failures:
[INFO] [stdout]     tests_common::verify_user_creation
[INFO] [stdout]     user_routes::tests::register_test
[INFO] [stdout] 
[INFO] [stdout] test result: FAILED. 5 passed; 2 failed; 0 ignored; 0 measured; 0 filtered out; finished in 1.54s
[INFO] [stdout] 
[INFO] [stderr] error: test failed, to rerun pass `--bin camera-server`
[INFO] running `Command { std: "docker" "inspect" "0eb275b1972e0143d89a142fc127a111175b310847cabc63c3c12da8568c766a", kill_on_drop: false }`
[INFO] running `Command { std: "docker" "rm" "-f" "0eb275b1972e0143d89a142fc127a111175b310847cabc63c3c12da8568c766a", kill_on_drop: false }`
[INFO] [stdout] 0eb275b1972e0143d89a142fc127a111175b310847cabc63c3c12da8568c766a
