[INFO] cloning repository https://github.com/achntrl/logmonitoring
[INFO] running `Command { std: "git" "-c" "credential.helper=" "-c" "credential.helper=/workspace/cargo-home/bin/git-credential-null" "clone" "--bare" "https://github.com/achntrl/logmonitoring" "/workspace/cache/git-repos/https%3A%2F%2Fgithub.com%2Fachntrl%2Flogmonitoring", kill_on_drop: false }`
[INFO] [stderr] Cloning into bare repository '/workspace/cache/git-repos/https%3A%2F%2Fgithub.com%2Fachntrl%2Flogmonitoring'...
[INFO] running `Command { std: "git" "rev-parse" "HEAD", kill_on_drop: false }`
[INFO] [stdout] 8c2c23245e86dcd5fd0ba8f20194d465ecdb5cf4
[INFO] testing achntrl/logmonitoring/8c2c23245e86dcd5fd0ba8f20194d465ecdb5cf4 against nightly-2024-10-28 for randomize-layout
[INFO] running `Command { std: "git" "clone" "/workspace/cache/git-repos/https%3A%2F%2Fgithub.com%2Fachntrl%2Flogmonitoring" "/workspace/builds/worker-3-tc1/source", kill_on_drop: false }`
[INFO] [stderr] Cloning into '/workspace/builds/worker-3-tc1/source'...
[INFO] [stderr] done.
[INFO] validating manifest of git repo https://github.com/achntrl/logmonitoring on toolchain nightly-2024-10-28
[INFO] running `Command { std: CARGO_HOME="/workspace/cargo-home" RUSTUP_HOME="/workspace/rustup-home" "/workspace/cargo-home/bin/cargo" "+nightly-2024-10-28" "metadata" "--manifest-path" "Cargo.toml" "--no-deps", kill_on_drop: false }`
[INFO] started tweaking git repo https://github.com/achntrl/logmonitoring
[INFO] finished tweaking git repo https://github.com/achntrl/logmonitoring
[INFO] tweaked toml for git repo https://github.com/achntrl/logmonitoring written to /workspace/builds/worker-3-tc1/source/Cargo.toml
[INFO] crate git repo https://github.com/achntrl/logmonitoring already has a lockfile, it will not be regenerated
[INFO] running `Command { std: CARGO_HOME="/workspace/cargo-home" RUSTUP_HOME="/workspace/rustup-home" "/workspace/cargo-home/bin/cargo" "+nightly-2024-10-28" "fetch" "--manifest-path" "Cargo.toml", kill_on_drop: false }`
[INFO] [stderr] warning: no edition set: defaulting to the 2015 edition while the latest is 2021
[INFO] [stderr]  Downloading crates ...
[INFO] [stderr]   Downloaded chrono v0.4.3
[INFO] running `Command { std: "docker" "create" "-v" "/var/lib/crater-agent-workspace/builds/worker-3-tc1/target:/opt/rustwide/target:rw,Z" "-v" "/var/lib/crater-agent-workspace/builds/worker-3-tc1/source:/opt/rustwide/workdir:ro,Z" "-v" "/var/lib/crater-agent-workspace/cargo-home:/opt/rustwide/cargo-home:ro,Z" "-v" "/var/lib/crater-agent-workspace/rustup-home:/opt/rustwide/rustup-home:ro,Z" "-e" "SOURCE_DIR=/opt/rustwide/workdir" "-e" "CARGO_TARGET_DIR=/opt/rustwide/target" "-e" "CARGO_HOME=/opt/rustwide/cargo-home" "-e" "RUSTUP_HOME=/opt/rustwide/rustup-home" "-w" "/opt/rustwide/workdir" "-m" "1610612736" "--user" "0:0" "--network" "none" "ghcr.io/rust-lang/crates-build-env/linux@sha256:4a844ea9eb2546a2d2c7022eacef16ef2e8229c7fbb2c7d4d55a9ceca922f72d" "/opt/rustwide/cargo-home/bin/cargo" "+nightly-2024-10-28" "metadata" "--no-deps" "--format-version=1", kill_on_drop: false }`
[INFO] [stdout] ad8e4c56cb7224c4ef1bd6d1c0587837c435e3ac00798f65405944cca006b087
[INFO] running `Command { std: "docker" "start" "-a" "ad8e4c56cb7224c4ef1bd6d1c0587837c435e3ac00798f65405944cca006b087", kill_on_drop: false }`
[INFO] running `Command { std: "docker" "inspect" "ad8e4c56cb7224c4ef1bd6d1c0587837c435e3ac00798f65405944cca006b087", kill_on_drop: false }`
[INFO] running `Command { std: "docker" "rm" "-f" "ad8e4c56cb7224c4ef1bd6d1c0587837c435e3ac00798f65405944cca006b087", kill_on_drop: false }`
[INFO] [stdout] ad8e4c56cb7224c4ef1bd6d1c0587837c435e3ac00798f65405944cca006b087
[INFO] running `Command { std: "docker" "create" "-v" "/var/lib/crater-agent-workspace/builds/worker-3-tc1/target:/opt/rustwide/target:rw,Z" "-v" "/var/lib/crater-agent-workspace/builds/worker-3-tc1/source:/opt/rustwide/workdir:ro,Z" "-v" "/var/lib/crater-agent-workspace/cargo-home:/opt/rustwide/cargo-home:ro,Z" "-v" "/var/lib/crater-agent-workspace/rustup-home:/opt/rustwide/rustup-home:ro,Z" "-e" "SOURCE_DIR=/opt/rustwide/workdir" "-e" "CARGO_TARGET_DIR=/opt/rustwide/target" "-e" "CARGO_INCREMENTAL=0" "-e" "RUST_BACKTRACE=full" "-e" "RUSTFLAGS=--cap-lints=forbid" "-e" "RUSTDOCFLAGS=--cap-lints=forbid" "-e" "CARGO_HOME=/opt/rustwide/cargo-home" "-e" "RUSTUP_HOME=/opt/rustwide/rustup-home" "-w" "/opt/rustwide/workdir" "-m" "1610612736" "--user" "0:0" "--network" "none" "ghcr.io/rust-lang/crates-build-env/linux@sha256:4a844ea9eb2546a2d2c7022eacef16ef2e8229c7fbb2c7d4d55a9ceca922f72d" "/opt/rustwide/cargo-home/bin/cargo" "+nightly-2024-10-28" "build" "--frozen" "--message-format=json", kill_on_drop: false }`
[INFO] [stdout] 2ff67df7600205db94ea781fb9fc48157f9e78e80590a3fecc0d1a9937dda98c
[INFO] running `Command { std: "docker" "start" "-a" "2ff67df7600205db94ea781fb9fc48157f9e78e80590a3fecc0d1a9937dda98c", kill_on_drop: false }`
[INFO] [stderr] warning: no edition set: defaulting to the 2015 edition while the latest is 2021
[INFO] [stderr]    Compiling libc v0.2.42
[INFO] [stderr]    Compiling num-traits v0.2.4
[INFO] [stderr]    Compiling void v1.0.2
[INFO] [stderr]    Compiling num-integer v0.1.38
[INFO] [stderr]    Compiling lazy_static v1.0.1
[INFO] [stderr]    Compiling ucd-util v0.1.1
[INFO] [stderr]    Compiling regex v0.2.11
[INFO] [stderr]    Compiling utf8-ranges v1.0.0
[INFO] [stderr]    Compiling unreachable v1.0.0
[INFO] [stderr]    Compiling regex-syntax v0.5.6
[INFO] [stderr]    Compiling thread_local v0.3.5
[INFO] [stderr]    Compiling memchr v2.0.1
[INFO] [stderr]    Compiling time v0.1.40
[INFO] [stderr]    Compiling aho-corasick v0.6.4
[INFO] [stderr]    Compiling chrono v0.4.3
[INFO] [stderr]    Compiling logmonitoring v0.1.0 (/opt/rustwide/workdir)
[INFO] [stdout] warning: unused import: `TimeZone`
[INFO] [stdout]  --> src/consumer/alerter.rs:3:31
[INFO] [stdout]   |
[INFO] [stdout] 3 | use chrono::{DateTime, Local, TimeZone};
[INFO] [stdout]   |                               ^^^^^^^^
[INFO] [stdout]   |
[INFO] [stdout]   = note: `#[warn(unused_imports)]` on by default
[INFO] [stdout] 
[INFO] [stdout] 
[INFO] [stdout] warning: unnecessary parentheses around type
[INFO] [stdout]   --> src/lib.rs:39:46
[INFO] [stdout]    |
[INFO] [stdout] 39 | pub fn run(config: Config) -> Result<(), Box<(Error)>> {
[INFO] [stdout]    |                                              ^     ^
[INFO] [stdout]    |
[INFO] [stdout]    = note: `#[warn(unused_parens)]` on by default
[INFO] [stdout] help: remove these parentheses
[INFO] [stdout]    |
[INFO] [stdout] 39 - pub fn run(config: Config) -> Result<(), Box<(Error)>> {
[INFO] [stdout] 39 + pub fn run(config: Config) -> Result<(), Box<Error>> {
[INFO] [stdout]    |
[INFO] [stdout] 
[INFO] [stdout] 
[INFO] [stdout] warning: trait objects without an explicit `dyn` are deprecated
[INFO] [stdout]   --> src/lib.rs:39:47
[INFO] [stdout]    |
[INFO] [stdout] 39 | pub fn run(config: Config) -> Result<(), Box<(Error)>> {
[INFO] [stdout]    |                                               ^^^^^
[INFO] [stdout]    |
[INFO] [stdout]    = warning: this is accepted in the current edition (Rust 2015) but is a hard error in Rust 2021!
[INFO] [stdout]    = note: for more information, see <https://doc.rust-lang.org/nightly/edition-guide/rust-2021/warnings-promoted-to-error.html>
[INFO] [stdout]    = note: `#[warn(bare_trait_objects)]` on by default
[INFO] [stdout] help: if this is a dyn-compatible trait, use `dyn`
[INFO] [stdout]    |
[INFO] [stdout] 39 | pub fn run(config: Config) -> Result<(), Box<(dyn Error)>> {
[INFO] [stdout]    |                                               +++
[INFO] [stdout] 
[INFO] [stdout] 
[INFO] [stdout] warning: trait objects without an explicit `dyn` are deprecated
[INFO] [stdout]   --> src/lib.rs:49:33
[INFO] [stdout]    |
[INFO] [stdout] 49 |     let mut consumers: Vec<&mut Consumer> = Vec::new();
[INFO] [stdout]    |                                 ^^^^^^^^
[INFO] [stdout]    |
[INFO] [stdout]    = warning: this is accepted in the current edition (Rust 2015) but is a hard error in Rust 2021!
[INFO] [stdout]    = note: for more information, see <https://doc.rust-lang.org/nightly/edition-guide/rust-2021/warnings-promoted-to-error.html>
[INFO] [stdout] help: if this is a dyn-compatible trait, use `dyn`
[INFO] [stdout]    |
[INFO] [stdout] 49 |     let mut consumers: Vec<&mut dyn Consumer> = Vec::new();
[INFO] [stdout]    |                                 +++
[INFO] [stdout] 
[INFO] [stdout] 
[INFO] [stdout] warning: unused variable: `threshold`
[INFO] [stdout]   --> src/consumer/alerter.rs:60:12
[INFO] [stdout]    |
[INFO] [stdout] 60 |     fn new(threshold: u32) -> Alerter {
[INFO] [stdout]    |            ^^^^^^^^^ help: if this is intentional, prefix it with an underscore: `_threshold`
[INFO] [stdout]    |
[INFO] [stdout]    = note: `#[warn(unused_variables)]` on by default
[INFO] [stdout] 
[INFO] [stdout] 
[INFO] [stdout] warning: struct `Alert` is never constructed
[INFO] [stdout]  --> src/consumer/alerter.rs:8:8
[INFO] [stdout]   |
[INFO] [stdout] 8 | struct Alert {
[INFO] [stdout]   |        ^^^^^
[INFO] [stdout]   |
[INFO] [stdout]   = note: `#[warn(dead_code)]` on by default
[INFO] [stdout] 
[INFO] [stdout] 
[INFO] [stdout] warning: struct `Alerter` is never constructed
[INFO] [stdout]   --> src/consumer/alerter.rs:16:8
[INFO] [stdout]    |
[INFO] [stdout] 16 | struct Alerter {
[INFO] [stdout]    |        ^^^^^^^
[INFO] [stdout]    |
[INFO] [stdout]    = note: `Alerter` has a derived impl for the trait `Default`, but this is intentionally ignored during dead code analysis
[INFO] [stdout] 
[INFO] [stdout] 
[INFO] [stdout] warning: associated items `new` and `recover` are never used
[INFO] [stdout]   --> src/consumer/alerter.rs:25:8
[INFO] [stdout]    |
[INFO] [stdout] 24 | impl Alert {
[INFO] [stdout]    | ---------- associated items in this implementation
[INFO] [stdout] 25 |     fn new(time: DateTime<Local>) -> Alert {
[INFO] [stdout]    |        ^^^
[INFO] [stdout] ...
[INFO] [stdout] 34 |     fn recover(&mut self) {
[INFO] [stdout]    |        ^^^^^^^
[INFO] [stdout] 
[INFO] [stdout] 
[INFO] [stdout] warning: associated function `new` is never used
[INFO] [stdout]   --> src/consumer/alerter.rs:60:8
[INFO] [stdout]    |
[INFO] [stdout] 59 | impl Alerter {
[INFO] [stdout]    | ------------ associated function in this implementation
[INFO] [stdout] 60 |     fn new(threshold: u32) -> Alerter {
[INFO] [stdout]    |        ^^^
[INFO] [stdout] 
[INFO] [stdout] 
[INFO] [stdout] warning: fields `identity`, `user`, `time`, and `size` are never read
[INFO] [stdout]   --> src/parser.rs:12:9
[INFO] [stdout]    |
[INFO] [stdout] 10 | pub struct HttpLog {
[INFO] [stdout]    |            ------- fields in this struct
[INFO] [stdout] 11 |     pub host: String,
[INFO] [stdout] 12 |     pub identity: String,
[INFO] [stdout]    |         ^^^^^^^^
[INFO] [stdout] 13 |     pub user: String,
[INFO] [stdout]    |         ^^^^
[INFO] [stdout] 14 |     pub time: String,
[INFO] [stdout]    |         ^^^^
[INFO] [stdout] ...
[INFO] [stdout] 17 |     pub size: String,
[INFO] [stdout]    |         ^^^^
[INFO] [stdout]    |
[INFO] [stdout]    = note: `HttpLog` has a derived impl for the trait `Debug`, but this is intentionally ignored during dead code analysis
[INFO] [stdout] 
[INFO] [stdout] 
[INFO] [stderr]     Finished `dev` profile [unoptimized + debuginfo] target(s) in 2.65s
[INFO] running `Command { std: "docker" "inspect" "2ff67df7600205db94ea781fb9fc48157f9e78e80590a3fecc0d1a9937dda98c", kill_on_drop: false }`
[INFO] running `Command { std: "docker" "rm" "-f" "2ff67df7600205db94ea781fb9fc48157f9e78e80590a3fecc0d1a9937dda98c", kill_on_drop: false }`
[INFO] [stdout] 2ff67df7600205db94ea781fb9fc48157f9e78e80590a3fecc0d1a9937dda98c
[INFO] running `Command { std: "docker" "create" "-v" "/var/lib/crater-agent-workspace/builds/worker-3-tc1/target:/opt/rustwide/target:rw,Z" "-v" "/var/lib/crater-agent-workspace/builds/worker-3-tc1/source:/opt/rustwide/workdir:ro,Z" "-v" "/var/lib/crater-agent-workspace/cargo-home:/opt/rustwide/cargo-home:ro,Z" "-v" "/var/lib/crater-agent-workspace/rustup-home:/opt/rustwide/rustup-home:ro,Z" "-e" "SOURCE_DIR=/opt/rustwide/workdir" "-e" "CARGO_TARGET_DIR=/opt/rustwide/target" "-e" "CARGO_INCREMENTAL=0" "-e" "RUST_BACKTRACE=full" "-e" "RUSTFLAGS=--cap-lints=forbid" "-e" "RUSTDOCFLAGS=--cap-lints=forbid" "-e" "CARGO_HOME=/opt/rustwide/cargo-home" "-e" "RUSTUP_HOME=/opt/rustwide/rustup-home" "-w" "/opt/rustwide/workdir" "-m" "1610612736" "--user" "0:0" "--network" "none" "ghcr.io/rust-lang/crates-build-env/linux@sha256:4a844ea9eb2546a2d2c7022eacef16ef2e8229c7fbb2c7d4d55a9ceca922f72d" "/opt/rustwide/cargo-home/bin/cargo" "+nightly-2024-10-28" "test" "--frozen" "--no-run" "--message-format=json", kill_on_drop: false }`
[INFO] [stdout] c6ec770be0837da6dd32ff83cc2424b3600ad08acbee30e684d1708f087a401a
[INFO] running `Command { std: "docker" "start" "-a" "c6ec770be0837da6dd32ff83cc2424b3600ad08acbee30e684d1708f087a401a", kill_on_drop: false }`
[INFO] [stderr] warning: no edition set: defaulting to the 2015 edition while the latest is 2021
[INFO] [stdout] warning: unused import: `TimeZone`
[INFO] [stdout]  --> src/consumer/alerter.rs:3:31
[INFO] [stdout]   |
[INFO] [stdout] 3 | use chrono::{DateTime, Local, TimeZone};
[INFO] [stdout]   |                               ^^^^^^^^
[INFO] [stdout]   |
[INFO] [stdout]   = note: `#[warn(unused_imports)]` on by default
[INFO] [stdout] 
[INFO] [stdout] 
[INFO] [stdout] warning: unnecessary parentheses around type
[INFO] [stdout]   --> src/lib.rs:39:46
[INFO] [stdout]    |
[INFO] [stdout] 39 | pub fn run(config: Config) -> Result<(), Box<(Error)>> {
[INFO] [stdout]    |                                              ^     ^
[INFO] [stdout]    |
[INFO] [stdout]    = note: `#[warn(unused_parens)]` on by default
[INFO] [stdout] help: remove these parentheses
[INFO] [stdout]    |
[INFO] [stdout] 39 - pub fn run(config: Config) -> Result<(), Box<(Error)>> {
[INFO] [stdout] 39 + pub fn run(config: Config) -> Result<(), Box<Error>> {
[INFO] [stdout]    |
[INFO] [stdout] 
[INFO] [stdout] 
[INFO] [stdout] warning: trait objects without an explicit `dyn` are deprecated
[INFO] [stdout]   --> src/lib.rs:39:47
[INFO] [stdout]    |
[INFO] [stdout] 39 | pub fn run(config: Config) -> Result<(), Box<(Error)>> {
[INFO] [stdout]    |                                               ^^^^^
[INFO] [stdout]    |
[INFO] [stdout]    = warning: this is accepted in the current edition (Rust 2015) but is a hard error in Rust 2021!
[INFO] [stdout]    = note: for more information, see <https://doc.rust-lang.org/nightly/edition-guide/rust-2021/warnings-promoted-to-error.html>
[INFO] [stdout]    = note: `#[warn(bare_trait_objects)]` on by default
[INFO] [stdout] help: if this is a dyn-compatible trait, use `dyn`
[INFO] [stdout]    |
[INFO] [stdout] 39 | pub fn run(config: Config) -> Result<(), Box<(dyn Error)>> {
[INFO] [stdout]    |                                               +++
[INFO] [stdout] 
[INFO] [stdout] 
[INFO] [stdout] warning: trait objects without an explicit `dyn` are deprecated
[INFO] [stdout]   --> src/lib.rs:49:33
[INFO] [stdout]    |
[INFO] [stdout] 49 |     let mut consumers: Vec<&mut Consumer> = Vec::new();
[INFO] [stdout]    |                                 ^^^^^^^^
[INFO] [stdout]    |
[INFO] [stdout]    = warning: this is accepted in the current edition (Rust 2015) but is a hard error in Rust 2021!
[INFO] [stdout]    = note: for more information, see <https://doc.rust-lang.org/nightly/edition-guide/rust-2021/warnings-promoted-to-error.html>
[INFO] [stdout] help: if this is a dyn-compatible trait, use `dyn`
[INFO] [stdout]    |
[INFO] [stdout] 49 |     let mut consumers: Vec<&mut dyn Consumer> = Vec::new();
[INFO] [stdout]    |                                 +++
[INFO] [stdout] 
[INFO] [stdout] 
[INFO] [stdout] warning: unused variable: `threshold`
[INFO] [stdout]   --> src/consumer/alerter.rs:60:12
[INFO] [stdout]    |
[INFO] [stdout] 60 |     fn new(threshold: u32) -> Alerter {
[INFO] [stdout]    |            ^^^^^^^^^ help: if this is intentional, prefix it with an underscore: `_threshold`
[INFO] [stdout]    |
[INFO] [stdout]    = note: `#[warn(unused_variables)]` on by default
[INFO] [stdout] 
[INFO] [stdout] 
[INFO] [stdout] warning: struct `Alert` is never constructed
[INFO] [stdout]  --> src/consumer/alerter.rs:8:8
[INFO] [stdout]   |
[INFO] [stdout] 8 | struct Alert {
[INFO] [stdout]   |        ^^^^^
[INFO] [stdout]   |
[INFO] [stdout]   = note: `#[warn(dead_code)]` on by default
[INFO] [stdout] 
[INFO] [stdout] 
[INFO] [stdout] warning: struct `Alerter` is never constructed
[INFO] [stdout]   --> src/consumer/alerter.rs:16:8
[INFO] [stdout]    |
[INFO] [stdout] 16 | struct Alerter {
[INFO] [stdout]    |        ^^^^^^^
[INFO] [stdout]    |
[INFO] [stdout]    = note: `Alerter` has a derived impl for the trait `Default`, but this is intentionally ignored during dead code analysis
[INFO] [stdout] 
[INFO] [stdout] 
[INFO] [stdout] warning: associated items `new` and `recover` are never used
[INFO] [stdout]   --> src/consumer/alerter.rs:25:8
[INFO] [stdout]    |
[INFO] [stdout] 24 | impl Alert {
[INFO] [stdout]    | ---------- associated items in this implementation
[INFO] [stdout] 25 |     fn new(time: DateTime<Local>) -> Alert {
[INFO] [stdout]    |        ^^^
[INFO] [stdout] ...
[INFO] [stdout] 34 |     fn recover(&mut self) {
[INFO] [stdout]    |        ^^^^^^^
[INFO] [stdout] 
[INFO] [stdout] 
[INFO] [stdout] warning: associated function `new` is never used
[INFO] [stdout]   --> src/consumer/alerter.rs:60:8
[INFO] [stdout]    |
[INFO] [stdout] 59 | impl Alerter {
[INFO] [stdout]    | ------------ associated function in this implementation
[INFO] [stdout] 60 |     fn new(threshold: u32) -> Alerter {
[INFO] [stdout]    |        ^^^
[INFO] [stdout] 
[INFO] [stdout] 
[INFO] [stderr]    Compiling logmonitoring v0.1.0 (/opt/rustwide/workdir)
[INFO] [stdout] warning: fields `identity`, `user`, `time`, and `size` are never read
[INFO] [stdout]   --> src/parser.rs:12:9
[INFO] [stdout]    |
[INFO] [stdout] 10 | pub struct HttpLog {
[INFO] [stdout]    |            ------- fields in this struct
[INFO] [stdout] 11 |     pub host: String,
[INFO] [stdout] 12 |     pub identity: String,
[INFO] [stdout]    |         ^^^^^^^^
[INFO] [stdout] 13 |     pub user: String,
[INFO] [stdout]    |         ^^^^
[INFO] [stdout] 14 |     pub time: String,
[INFO] [stdout]    |         ^^^^
[INFO] [stdout] ...
[INFO] [stdout] 17 |     pub size: String,
[INFO] [stdout]    |         ^^^^
[INFO] [stdout]    |
[INFO] [stdout]    = note: `HttpLog` has a derived impl for the trait `Debug`, but this is intentionally ignored during dead code analysis
[INFO] [stdout] 
[INFO] [stdout] 
[INFO] [stdout] warning: unnecessary parentheses around type
[INFO] [stdout]   --> src/lib.rs:39:46
[INFO] [stdout]    |
[INFO] [stdout] 39 | pub fn run(config: Config) -> Result<(), Box<(Error)>> {
[INFO] [stdout]    |                                              ^     ^
[INFO] [stdout]    |
[INFO] [stdout]    = note: `#[warn(unused_parens)]` on by default
[INFO] [stdout] help: remove these parentheses
[INFO] [stdout]    |
[INFO] [stdout] 39 - pub fn run(config: Config) -> Result<(), Box<(Error)>> {
[INFO] [stdout] 39 + pub fn run(config: Config) -> Result<(), Box<Error>> {
[INFO] [stdout]    |
[INFO] [stdout] 
[INFO] [stdout] 
[INFO] [stdout] warning: trait objects without an explicit `dyn` are deprecated
[INFO] [stdout]   --> src/lib.rs:39:47
[INFO] [stdout]    |
[INFO] [stdout] 39 | pub fn run(config: Config) -> Result<(), Box<(Error)>> {
[INFO] [stdout]    |                                               ^^^^^
[INFO] [stdout]    |
[INFO] [stdout]    = warning: this is accepted in the current edition (Rust 2015) but is a hard error in Rust 2021!
[INFO] [stdout]    = note: for more information, see <https://doc.rust-lang.org/nightly/edition-guide/rust-2021/warnings-promoted-to-error.html>
[INFO] [stdout]    = note: `#[warn(bare_trait_objects)]` on by default
[INFO] [stdout] help: if this is a dyn-compatible trait, use `dyn`
[INFO] [stdout]    |
[INFO] [stdout] 39 | pub fn run(config: Config) -> Result<(), Box<(dyn Error)>> {
[INFO] [stdout]    |                                               +++
[INFO] [stdout] 
[INFO] [stdout] 
[INFO] [stdout] warning: trait objects without an explicit `dyn` are deprecated
[INFO] [stdout]   --> src/lib.rs:49:33
[INFO] [stdout]    |
[INFO] [stdout] 49 |     let mut consumers: Vec<&mut Consumer> = Vec::new();
[INFO] [stdout]    |                                 ^^^^^^^^
[INFO] [stdout]    |
[INFO] [stdout]    = warning: this is accepted in the current edition (Rust 2015) but is a hard error in Rust 2021!
[INFO] [stdout]    = note: for more information, see <https://doc.rust-lang.org/nightly/edition-guide/rust-2021/warnings-promoted-to-error.html>
[INFO] [stdout] help: if this is a dyn-compatible trait, use `dyn`
[INFO] [stdout]    |
[INFO] [stdout] 49 |     let mut consumers: Vec<&mut dyn Consumer> = Vec::new();
[INFO] [stdout]    |                                 +++
[INFO] [stdout] 
[INFO] [stdout] 
[INFO] [stdout] warning: unused variable: `threshold`
[INFO] [stdout]   --> src/consumer/alerter.rs:60:12
[INFO] [stdout]    |
[INFO] [stdout] 60 |     fn new(threshold: u32) -> Alerter {
[INFO] [stdout]    |            ^^^^^^^^^ help: if this is intentional, prefix it with an underscore: `_threshold`
[INFO] [stdout]    |
[INFO] [stdout]    = note: `#[warn(unused_variables)]` on by default
[INFO] [stdout] 
[INFO] [stdout] 
[INFO] [stdout] warning: fields `current_alert` and `threshold` are never read
[INFO] [stdout]   --> src/consumer/alerter.rs:18:5
[INFO] [stdout]    |
[INFO] [stdout] 16 | struct Alerter {
[INFO] [stdout]    |        ------- fields in this struct
[INFO] [stdout] 17 |     events_time: Vec<DateTime<Local>>,
[INFO] [stdout] 18 |     current_alert: Option<Alert>,
[INFO] [stdout]    |     ^^^^^^^^^^^^^
[INFO] [stdout] ...
[INFO] [stdout] 21 |     threshold: u32,
[INFO] [stdout]    |     ^^^^^^^^^
[INFO] [stdout]    |
[INFO] [stdout]    = note: `Alerter` has a derived impl for the trait `Default`, but this is intentionally ignored during dead code analysis
[INFO] [stdout]    = note: `#[warn(dead_code)]` on by default
[INFO] [stdout] 
[INFO] [stdout] 
[INFO] [stdout] warning: associated items `new` and `recover` are never used
[INFO] [stdout]   --> src/consumer/alerter.rs:25:8
[INFO] [stdout]    |
[INFO] [stdout] 24 | impl Alert {
[INFO] [stdout]    | ---------- associated items in this implementation
[INFO] [stdout] 25 |     fn new(time: DateTime<Local>) -> Alert {
[INFO] [stdout]    |        ^^^
[INFO] [stdout] ...
[INFO] [stdout] 34 |     fn recover(&mut self) {
[INFO] [stdout]    |        ^^^^^^^
[INFO] [stdout] 
[INFO] [stdout] 
[INFO] [stderr]     Finished `test` profile [unoptimized + debuginfo] target(s) in 0.28s
[INFO] running `Command { std: "docker" "inspect" "c6ec770be0837da6dd32ff83cc2424b3600ad08acbee30e684d1708f087a401a", kill_on_drop: false }`
[INFO] running `Command { std: "docker" "rm" "-f" "c6ec770be0837da6dd32ff83cc2424b3600ad08acbee30e684d1708f087a401a", kill_on_drop: false }`
[INFO] [stdout] c6ec770be0837da6dd32ff83cc2424b3600ad08acbee30e684d1708f087a401a
[INFO] running `Command { std: "docker" "create" "-v" "/var/lib/crater-agent-workspace/builds/worker-3-tc1/target:/opt/rustwide/target:rw,Z" "-v" "/var/lib/crater-agent-workspace/builds/worker-3-tc1/source:/opt/rustwide/workdir:ro,Z" "-v" "/var/lib/crater-agent-workspace/cargo-home:/opt/rustwide/cargo-home:ro,Z" "-v" "/var/lib/crater-agent-workspace/rustup-home:/opt/rustwide/rustup-home:ro,Z" "-e" "SOURCE_DIR=/opt/rustwide/workdir" "-e" "CARGO_TARGET_DIR=/opt/rustwide/target" "-e" "CARGO_INCREMENTAL=0" "-e" "RUST_BACKTRACE=full" "-e" "RUSTFLAGS=--cap-lints=forbid" "-e" "RUSTDOCFLAGS=--cap-lints=forbid" "-e" "CARGO_HOME=/opt/rustwide/cargo-home" "-e" "RUSTUP_HOME=/opt/rustwide/rustup-home" "-w" "/opt/rustwide/workdir" "-m" "1610612736" "--user" "0:0" "--network" "none" "ghcr.io/rust-lang/crates-build-env/linux@sha256:4a844ea9eb2546a2d2c7022eacef16ef2e8229c7fbb2c7d4d55a9ceca922f72d" "/opt/rustwide/cargo-home/bin/cargo" "+nightly-2024-10-28" "test" "--frozen", kill_on_drop: false }`
[INFO] [stdout] b974067a0e76d4baa21e3799f200f72e117d72b27edef3b643c1df1448c46e2f
[INFO] running `Command { std: "docker" "start" "-a" "b974067a0e76d4baa21e3799f200f72e117d72b27edef3b643c1df1448c46e2f", kill_on_drop: false }`
[INFO] [stderr] warning: no edition set: defaulting to the 2015 edition while the latest is 2021
[INFO] [stderr] warning: unused import: `TimeZone`
[INFO] [stderr]  --> src/consumer/alerter.rs:3:31
[INFO] [stderr]   |
[INFO] [stderr] 3 | use chrono::{DateTime, Local, TimeZone};
[INFO] [stderr]   |                               ^^^^^^^^
[INFO] [stderr]   |
[INFO] [stderr]   = note: `#[warn(unused_imports)]` on by default
[INFO] [stderr] 
[INFO] [stderr] warning: unnecessary parentheses around type
[INFO] [stderr]   --> src/lib.rs:39:46
[INFO] [stderr]    |
[INFO] [stderr] 39 | pub fn run(config: Config) -> Result<(), Box<(Error)>> {
[INFO] [stderr]    |                                              ^     ^
[INFO] [stderr]    |
[INFO] [stderr]    = note: `#[warn(unused_parens)]` on by default
[INFO] [stderr] help: remove these parentheses
[INFO] [stderr]    |
[INFO] [stderr] 39 - pub fn run(config: Config) -> Result<(), Box<(Error)>> {
[INFO] [stderr] 39 + pub fn run(config: Config) -> Result<(), Box<Error>> {
[INFO] [stderr]    |
[INFO] [stderr] 
[INFO] [stderr] warning: trait objects without an explicit `dyn` are deprecated
[INFO] [stderr]   --> src/lib.rs:39:47
[INFO] [stderr]    |
[INFO] [stderr] 39 | pub fn run(config: Config) -> Result<(), Box<(Error)>> {
[INFO] [stderr]    |                                               ^^^^^
[INFO] [stderr]    |
[INFO] [stderr]    = warning: this is accepted in the current edition (Rust 2015) but is a hard error in Rust 2021!
[INFO] [stderr]    = note: for more information, see <https://doc.rust-lang.org/nightly/edition-guide/rust-2021/warnings-promoted-to-error.html>
[INFO] [stderr]    = note: `#[warn(bare_trait_objects)]` on by default
[INFO] [stderr] help: if this is a dyn-compatible trait, use `dyn`
[INFO] [stderr]    |
[INFO] [stderr] 39 | pub fn run(config: Config) -> Result<(), Box<(dyn Error)>> {
[INFO] [stderr]    |                                               +++
[INFO] [stderr] 
[INFO] [stderr] warning: trait objects without an explicit `dyn` are deprecated
[INFO] [stderr]   --> src/lib.rs:49:33
[INFO] [stderr]    |
[INFO] [stderr] 49 |     let mut consumers: Vec<&mut Consumer> = Vec::new();
[INFO] [stderr]    |                                 ^^^^^^^^
[INFO] [stderr]    |
[INFO] [stderr]    = warning: this is accepted in the current edition (Rust 2015) but is a hard error in Rust 2021!
[INFO] [stderr]    = note: for more information, see <https://doc.rust-lang.org/nightly/edition-guide/rust-2021/warnings-promoted-to-error.html>
[INFO] [stderr] help: if this is a dyn-compatible trait, use `dyn`
[INFO] [stderr]    |
[INFO] [stderr] 49 |     let mut consumers: Vec<&mut dyn Consumer> = Vec::new();
[INFO] [stderr]    |                                 +++
[INFO] [stderr] 
[INFO] [stderr] warning: unused variable: `threshold`
[INFO] [stderr]   --> src/consumer/alerter.rs:60:12
[INFO] [stderr]    |
[INFO] [stderr] 60 |     fn new(threshold: u32) -> Alerter {
[INFO] [stderr]    |            ^^^^^^^^^ help: if this is intentional, prefix it with an underscore: `_threshold`
[INFO] [stderr]    |
[INFO] [stderr]    = note: `#[warn(unused_variables)]` on by default
[INFO] [stderr] 
[INFO] [stderr] warning: struct `Alert` is never constructed
[INFO] [stderr]  --> src/consumer/alerter.rs:8:8
[INFO] [stderr]   |
[INFO] [stderr] 8 | struct Alert {
[INFO] [stderr]   |        ^^^^^
[INFO] [stderr]   |
[INFO] [stderr]   = note: `#[warn(dead_code)]` on by default
[INFO] [stderr] 
[INFO] [stderr] warning: struct `Alerter` is never constructed
[INFO] [stderr]   --> src/consumer/alerter.rs:16:8
[INFO] [stderr]    |
[INFO] [stderr] 16 | struct Alerter {
[INFO] [stderr]    |        ^^^^^^^
[INFO] [stderr]    |
[INFO] [stderr]    = note: `Alerter` has a derived impl for the trait `Default`, but this is intentionally ignored during dead code analysis
[INFO] [stderr] 
[INFO] [stderr] warning: associated items `new` and `recover` are never used
[INFO] [stderr]   --> src/consumer/alerter.rs:25:8
[INFO] [stderr]    |
[INFO] [stderr] 24 | impl Alert {
[INFO] [stderr]    | ---------- associated items in this implementation
[INFO] [stderr] 25 |     fn new(time: DateTime<Local>) -> Alert {
[INFO] [stderr]    |        ^^^
[INFO] [stderr] ...
[INFO] [stderr] 34 |     fn recover(&mut self) {
[INFO] [stderr]    |        ^^^^^^^
[INFO] [stderr] 
[INFO] [stderr] warning: associated function `new` is never used
[INFO] [stderr]   --> src/consumer/alerter.rs:60:8
[INFO] [stderr]    |
[INFO] [stderr] 59 | impl Alerter {
[INFO] [stderr]    | ------------ associated function in this implementation
[INFO] [stderr] 60 |     fn new(threshold: u32) -> Alerter {
[INFO] [stderr]    |        ^^^
[INFO] [stderr] 
[INFO] [stderr] warning: fields `identity`, `user`, `time`, and `size` are never read
[INFO] [stderr]   --> src/parser.rs:12:9
[INFO] [stderr]    |
[INFO] [stderr] 10 | pub struct HttpLog {
[INFO] [stderr]    |            ------- fields in this struct
[INFO] [stderr] 11 |     pub host: String,
[INFO] [stderr] 12 |     pub identity: String,
[INFO] [stderr]    |         ^^^^^^^^
[INFO] [stderr] 13 |     pub user: String,
[INFO] [stderr]    |         ^^^^
[INFO] [stderr] 14 |     pub time: String,
[INFO] [stderr]    |         ^^^^
[INFO] [stderr] ...
[INFO] [stderr] 17 |     pub size: String,
[INFO] [stderr]    |         ^^^^
[INFO] [stderr]    |
[INFO] [stderr]    = note: `HttpLog` has a derived impl for the trait `Debug`, but this is intentionally ignored during dead code analysis
[INFO] [stderr] 
[INFO] [stderr] warning: fields `current_alert` and `threshold` are never read
[INFO] [stderr]   --> src/consumer/alerter.rs:18:5
[INFO] [stderr]    |
[INFO] [stderr] 16 | struct Alerter {
[INFO] [stderr]    |        ------- fields in this struct
[INFO] [stderr] 17 |     events_time: Vec<DateTime<Local>>,
[INFO] [stderr] 18 |     current_alert: Option<Alert>,
[INFO] [stderr]    |     ^^^^^^^^^^^^^
[INFO] [stderr] ...
[INFO] [stderr] 21 |     threshold: u32,
[INFO] [stderr]    |     ^^^^^^^^^
[INFO] [stderr]    |
[INFO] [stderr]    = note: `Alerter` has a derived impl for the trait `Default`, but this is intentionally ignored during dead code analysis
[INFO] [stderr]    = note: `#[warn(dead_code)]` on by default
[INFO] [stderr] 
[INFO] [stderr] warning: `logmonitoring` (lib) generated 10 warnings (run `cargo fix --lib -p logmonitoring` to apply 4 suggestions)
[INFO] [stderr] warning: `logmonitoring` (lib test) generated 6 warnings (5 duplicates)
[INFO] [stderr]     Finished `test` profile [unoptimized + debuginfo] target(s) in 0.01s
[INFO] [stderr]      Running unittests src/lib.rs (/opt/rustwide/target/debug/deps/logmonitoring-91255b05a07a2d4e)
[INFO] [stdout] 
[INFO] [stdout] running 10 tests
[INFO] [stdout] test consumer::errorwatcher::test::should_ingest_errors ... ok
[INFO] [stdout] test consumer::ranker::test::should_ingest_host ... ok
[INFO] [stdout] test consumer::ranker::test::should_ingest_sections_from_root_url ... ok
[INFO] [stdout] test consumer::ranker::test::should_ingest_sections_from_long_url ... ok
[INFO] [stdout] test consumer::ranker::test::should_ingest_sections_from_simple_url ... ok
[INFO] [stdout] test consumer::ranker::test::should_not_ingest_empty_host ... ok
[INFO] [stdout] test consumer::ranker::test::should_rank ... ok
[INFO] [stdout] test parser::test::should_not_parse_an_invalid_log_line ... ok
[INFO] [stdout] test parser::test::should_parse_a_valid_log_line ... ok
[INFO] [stdout] test consumer::alerter::test::should_ingest_dates ... FAILED
[INFO] [stdout] 
[INFO] [stdout] failures:
[INFO] [stdout] 
[INFO] [stdout] ---- consumer::alerter::test::should_ingest_dates stdout ----
[INFO] [stdout] thread 'consumer::alerter::test::should_ingest_dates' panicked at src/consumer/alerter.rs:98:9:
[INFO] [stdout] assertion `left == right` failed
[INFO] [stdout]   left: [2018-06-05T18:55:45+00:00]
[INFO] [stdout]  right: [2018-06-05T20:55:45+00:00]
[INFO] [stdout] stack backtrace:
[INFO] [stdout]    0:     0x58478b10258a - std::backtrace_rs::backtrace::libunwind::trace::h207520d6e9873551
[INFO] [stdout]                                at /rustc/df4ca44d3fbc9301ee17f30f4d474e6ae4b05252/library/std/src/../../backtrace/src/backtrace/libunwind.rs:116:5
[INFO] [stdout]    1:     0x58478b10258a - std::backtrace_rs::backtrace::trace_unsynchronized::h2ed7433f370e3eca
[INFO] [stdout]                                at /rustc/df4ca44d3fbc9301ee17f30f4d474e6ae4b05252/library/std/src/../../backtrace/src/backtrace/mod.rs:66:5
[INFO] [stdout]    2:     0x58478b10258a - std::sys::backtrace::_print_fmt::h916fac51166b18d7
[INFO] [stdout]                                at /rustc/df4ca44d3fbc9301ee17f30f4d474e6ae4b05252/library/std/src/sys/backtrace.rs:66:9
[INFO] [stdout]    3:     0x58478b10258a - <std::sys::backtrace::BacktraceLock::print::DisplayBacktrace as core::fmt::Display>::fmt::ha0a4c9b8ce3802e6
[INFO] [stdout]                                at /rustc/df4ca44d3fbc9301ee17f30f4d474e6ae4b05252/library/std/src/sys/backtrace.rs:39:26
[INFO] [stdout]    4:     0x58478b129093 - core::fmt::rt::Argument::fmt::h4cfc8587d52b3eb5
[INFO] [stdout]                                at /rustc/df4ca44d3fbc9301ee17f30f4d474e6ae4b05252/library/core/src/fmt/rt.rs:177:76
[INFO] [stdout]    5:     0x58478b129093 - core::fmt::write::h522cc39e5b36ae9f
[INFO] [stdout]                                at /rustc/df4ca44d3fbc9301ee17f30f4d474e6ae4b05252/library/core/src/fmt/mod.rs:1190:21
[INFO] [stdout]    6:     0x58478b0ff1f3 - std::io::Write::write_fmt::h7d3c26752da97734
[INFO] [stdout]                                at /rustc/df4ca44d3fbc9301ee17f30f4d474e6ae4b05252/library/std/src/io/mod.rs:1839:15
[INFO] [stdout]    7:     0x58478b1023d2 - std::sys::backtrace::BacktraceLock::print::h4b9e00b29e9c0942
[INFO] [stdout]                                at /rustc/df4ca44d3fbc9301ee17f30f4d474e6ae4b05252/library/std/src/sys/backtrace.rs:42:9
[INFO] [stdout]    8:     0x58478b103a1a - std::panicking::default_hook::{{closure}}::hb59b88280d0324d9
[INFO] [stdout]                                at /rustc/df4ca44d3fbc9301ee17f30f4d474e6ae4b05252/library/std/src/panicking.rs:268:22
[INFO] [stdout]    9:     0x58478b103824 - std::panicking::default_hook::he1dd496665be4a29
[INFO] [stdout]                                at /rustc/df4ca44d3fbc9301ee17f30f4d474e6ae4b05252/library/std/src/panicking.rs:292:9
[INFO] [stdout]   10:     0x58478afb8729 - <alloc::boxed::Box<F,A> as core::ops::function::Fn<Args>>::call::h4ff71de18744e1dc
[INFO] [stdout]                                at /rustc/df4ca44d3fbc9301ee17f30f4d474e6ae4b05252/library/alloc/src/boxed.rs:2468:9
[INFO] [stdout]   11:     0x58478afb8729 - test::test_main::{{closure}}::hcf7c055ce117aa81
[INFO] [stdout]                                at /rustc/df4ca44d3fbc9301ee17f30f4d474e6ae4b05252/library/test/src/lib.rs:133:21
[INFO] [stdout]   12:     0x58478b104118 - <alloc::boxed::Box<F,A> as core::ops::function::Fn<Args>>::call::h1d66c6bbd60c9692
[INFO] [stdout]                                at /rustc/df4ca44d3fbc9301ee17f30f4d474e6ae4b05252/library/alloc/src/boxed.rs:2468:9
[INFO] [stdout]   13:     0x58478b104118 - std::panicking::rust_panic_with_hook::h2ff17fe8f26dfcf8
[INFO] [stdout]                                at /rustc/df4ca44d3fbc9301ee17f30f4d474e6ae4b05252/library/std/src/panicking.rs:809:13
[INFO] [stdout]   14:     0x58478b103eda - std::panicking::begin_panic_handler::{{closure}}::h4fad77951c07e101
[INFO] [stdout]                                at /rustc/df4ca44d3fbc9301ee17f30f4d474e6ae4b05252/library/std/src/panicking.rs:674:13
[INFO] [stdout]   15:     0x58478b102a69 - std::sys::backtrace::__rust_end_short_backtrace::hb1a25b3da5d0ea08
[INFO] [stdout]                                at /rustc/df4ca44d3fbc9301ee17f30f4d474e6ae4b05252/library/std/src/sys/backtrace.rs:170:18
[INFO] [stdout]   16:     0x58478b103b6c - rust_begin_unwind
[INFO] [stdout]                                at /rustc/df4ca44d3fbc9301ee17f30f4d474e6ae4b05252/library/std/src/panicking.rs:665:5
[INFO] [stdout]   17:     0x58478b127740 - core::panicking::panic_fmt::ha9db07b529f9b256
[INFO] [stdout]                                at /rustc/df4ca44d3fbc9301ee17f30f4d474e6ae4b05252/library/core/src/panicking.rs:75:14
[INFO] [stdout]   18:     0x58478b127b0b - core::panicking::assert_failed_inner::h04f38944d74a80a8
[INFO] [stdout]   19:     0x58478af77bf9 - core::panicking::assert_failed::hc55dc737b10de414
[INFO] [stdout]                                at /rustc/df4ca44d3fbc9301ee17f30f4d474e6ae4b05252/library/core/src/panicking.rs:377:5
[INFO] [stdout]   20:     0x58478af794c7 - logmonitoring::consumer::alerter::test::should_ingest_dates::h582dd2ab597edd6e
[INFO] [stdout]                                at /opt/rustwide/workdir/src/consumer/alerter.rs:98:9
[INFO] [stdout]   21:     0x58478af79197 - logmonitoring::consumer::alerter::test::should_ingest_dates::{{closure}}::hab669a28bb982ae2
[INFO] [stdout]                                at /opt/rustwide/workdir/src/consumer/alerter.rs:88:29
[INFO] [stdout]   22:     0x58478af6b676 - core::ops::function::FnOnce::call_once::hc42dca7f0266e2b4
[INFO] [stdout]                                at /rustc/df4ca44d3fbc9301ee17f30f4d474e6ae4b05252/library/core/src/ops/function.rs:250:5
[INFO] [stdout]   23:     0x58478afbcffb - core::ops::function::FnOnce::call_once::h22c3ba5715e93f05
[INFO] [stdout]                                at /rustc/df4ca44d3fbc9301ee17f30f4d474e6ae4b05252/library/core/src/ops/function.rs:250:5
[INFO] [stdout]   24:     0x58478afbcffb - test::__rust_begin_short_backtrace::h8e82d8113d0da17f
[INFO] [stdout]                                at /rustc/df4ca44d3fbc9301ee17f30f4d474e6ae4b05252/library/test/src/lib.rs:621:18
[INFO] [stdout]   25:     0x58478afbc977 - test::run_test_in_process::{{closure}}::h33235f4f20b7b7c7
[INFO] [stdout]                                at /rustc/df4ca44d3fbc9301ee17f30f4d474e6ae4b05252/library/test/src/lib.rs:644:60
[INFO] [stdout]   26:     0x58478afbc977 - <core::panic::unwind_safe::AssertUnwindSafe<F> as core::ops::function::FnOnce<()>>::call_once::hb5043206310c586f
[INFO] [stdout]                                at /rustc/df4ca44d3fbc9301ee17f30f4d474e6ae4b05252/library/core/src/panic/unwind_safe.rs:272:9
[INFO] [stdout]   27:     0x58478afbc977 - std::panicking::try::do_call::h9ad4731a60ab23e2
[INFO] [stdout]                                at /rustc/df4ca44d3fbc9301ee17f30f4d474e6ae4b05252/library/std/src/panicking.rs:557:40
[INFO] [stdout]   28:     0x58478afbc977 - std::panicking::try::h3824d23db772a716
[INFO] [stdout]                                at /rustc/df4ca44d3fbc9301ee17f30f4d474e6ae4b05252/library/std/src/panicking.rs:520:19
[INFO] [stdout]   29:     0x58478afbc977 - std::panic::catch_unwind::h5afd514605fde46b
[INFO] [stdout]                                at /rustc/df4ca44d3fbc9301ee17f30f4d474e6ae4b05252/library/std/src/panic.rs:358:14
[INFO] [stdout]   30:     0x58478afbc977 - test::run_test_in_process::h0d5cbfa7067d1720
[INFO] [stdout]                                at /rustc/df4ca44d3fbc9301ee17f30f4d474e6ae4b05252/library/test/src/lib.rs:644:27
[INFO] [stdout]   31:     0x58478afbc977 - test::run_test::{{closure}}::h708eb8872708115d
[INFO] [stdout]                                at /rustc/df4ca44d3fbc9301ee17f30f4d474e6ae4b05252/library/test/src/lib.rs:565:43
[INFO] [stdout]   32:     0x58478af80094 - test::run_test::{{closure}}::h392c51cee94713ab
[INFO] [stdout]                                at /rustc/df4ca44d3fbc9301ee17f30f4d474e6ae4b05252/library/test/src/lib.rs:595:41
[INFO] [stdout]   33:     0x58478af80094 - std::sys::backtrace::__rust_begin_short_backtrace::h2f40290710935a8b
[INFO] [stdout]                                at /rustc/df4ca44d3fbc9301ee17f30f4d474e6ae4b05252/library/std/src/sys/backtrace.rs:154:18
[INFO] [stdout]   34:     0x58478af8383e - std::thread::Builder::spawn_unchecked_::{{closure}}::{{closure}}::h3fd968d89053a903
[INFO] [stdout]                                at /rustc/df4ca44d3fbc9301ee17f30f4d474e6ae4b05252/library/std/src/thread/mod.rs:541:17
[INFO] [stdout]   35:     0x58478af8383e - <core::panic::unwind_safe::AssertUnwindSafe<F> as core::ops::function::FnOnce<()>>::call_once::h743f637ba4229880
[INFO] [stdout]                                at /rustc/df4ca44d3fbc9301ee17f30f4d474e6ae4b05252/library/core/src/panic/unwind_safe.rs:272:9
[INFO] [stdout]   36:     0x58478af8383e - std::panicking::try::do_call::h07440897322525a6
[INFO] [stdout]                                at /rustc/df4ca44d3fbc9301ee17f30f4d474e6ae4b05252/library/std/src/panicking.rs:557:40
[INFO] [stdout]   37:     0x58478af8383e - std::panicking::try::he5a2e00188156637
[INFO] [stdout]                                at /rustc/df4ca44d3fbc9301ee17f30f4d474e6ae4b05252/library/std/src/panicking.rs:520:19
[INFO] [stdout]   38:     0x58478af8383e - std::panic::catch_unwind::hbaf3cae49b3c6433
[INFO] [stdout]                                at /rustc/df4ca44d3fbc9301ee17f30f4d474e6ae4b05252/library/std/src/panic.rs:358:14
[INFO] [stdout]   39:     0x58478af8383e - std::thread::Builder::spawn_unchecked_::{{closure}}::h8e141ea224820bce
[INFO] [stdout]                                at /rustc/df4ca44d3fbc9301ee17f30f4d474e6ae4b05252/library/std/src/thread/mod.rs:540:30
[INFO] [stdout]   40:     0x58478af8383e - core::ops::function::FnOnce::call_once{{vtable.shim}}::h90d312fedd7b8ea8
[INFO] [stdout]                                at /rustc/df4ca44d3fbc9301ee17f30f4d474e6ae4b05252/library/core/src/ops/function.rs:250:5
[INFO] [stdout]   41:     0x58478b107f1b - <alloc::boxed::Box<F,A> as core::ops::function::FnOnce<Args>>::call_once::h69aa08ddb6adb8b6
[INFO] [stdout]                                at /rustc/df4ca44d3fbc9301ee17f30f4d474e6ae4b05252/library/alloc/src/boxed.rs:2454:9
[INFO] [stdout]   42:     0x58478b107f1b - <alloc::boxed::Box<F,A> as core::ops::function::FnOnce<Args>>::call_once::h5aa36efdb79c806f
[INFO] [stdout]                                at /rustc/df4ca44d3fbc9301ee17f30f4d474e6ae4b05252/library/alloc/src/boxed.rs:2454:9
[INFO] [stdout]   43:     0x58478b107f1b - std::sys::pal::unix::thread::Thread::new::thread_start::h6cd80a1b4be5158d
[INFO] [stdout]                                at /rustc/df4ca44d3fbc9301ee17f30f4d474e6ae4b05252/library/std/src/sys/pal/unix/thread.rs:105:17
[INFO] [stdout]   44:     0x7d9a3b29fac3 - <unknown>
[INFO] [stdout]   45:     0x7d9a3b330a04 - clone
[INFO] [stdout]   46:                0x0 - <unknown>
[INFO] [stdout] 
[INFO] [stdout] 
[INFO] [stdout] failures:
[INFO] [stdout]     consumer::alerter::test::should_ingest_dates
[INFO] [stdout] 
[INFO] [stdout] test result: FAILED. 9 passed; 1 failed; 0 ignored; 0 measured; 0 filtered out; finished in 0.01s
[INFO] [stdout] 
[INFO] [stderr] error: test failed, to rerun pass `--lib`
[INFO] running `Command { std: "docker" "inspect" "b974067a0e76d4baa21e3799f200f72e117d72b27edef3b643c1df1448c46e2f", kill_on_drop: false }`
[INFO] running `Command { std: "docker" "rm" "-f" "b974067a0e76d4baa21e3799f200f72e117d72b27edef3b643c1df1448c46e2f", kill_on_drop: false }`
[INFO] [stdout] b974067a0e76d4baa21e3799f200f72e117d72b27edef3b643c1df1448c46e2f
