[INFO] cloning repository https://github.com/Zeimer/aisd
[INFO] running `Command { std: "git" "-c" "credential.helper=" "-c" "credential.helper=/workspace/cargo-home/bin/git-credential-null" "clone" "--bare" "https://github.com/Zeimer/aisd" "/workspace/cache/git-repos/https%3A%2F%2Fgithub.com%2FZeimer%2Faisd", kill_on_drop: false }`
[INFO] [stderr] Cloning into bare repository '/workspace/cache/git-repos/https%3A%2F%2Fgithub.com%2FZeimer%2Faisd'...
[INFO] running `Command { std: "git" "rev-parse" "HEAD", kill_on_drop: false }`
[INFO] [stdout] edb8b182a47b6db64ca18a79bf1dd453737dd36d
[INFO] testing Zeimer/aisd/edb8b182a47b6db64ca18a79bf1dd453737dd36d against nightly-2024-10-28 for randomize-layout
[INFO] running `Command { std: "git" "clone" "/workspace/cache/git-repos/https%3A%2F%2Fgithub.com%2FZeimer%2Faisd" "/workspace/builds/worker-5-tc1/source", kill_on_drop: false }`
[INFO] [stderr] Cloning into '/workspace/builds/worker-5-tc1/source'...
[INFO] [stderr] done.
[INFO] validating manifest of git repo https://github.com/Zeimer/aisd on toolchain nightly-2024-10-28
[INFO] running `Command { std: CARGO_HOME="/workspace/cargo-home" RUSTUP_HOME="/workspace/rustup-home" "/workspace/cargo-home/bin/cargo" "+nightly-2024-10-28" "metadata" "--manifest-path" "Cargo.toml" "--no-deps", kill_on_drop: false }`
[INFO] started tweaking git repo https://github.com/Zeimer/aisd
[INFO] finished tweaking git repo https://github.com/Zeimer/aisd
[INFO] tweaked toml for git repo https://github.com/Zeimer/aisd written to /workspace/builds/worker-5-tc1/source/Cargo.toml
[INFO] crate git repo https://github.com/Zeimer/aisd already has a lockfile, it will not be regenerated
[INFO] running `Command { std: CARGO_HOME="/workspace/cargo-home" RUSTUP_HOME="/workspace/rustup-home" "/workspace/cargo-home/bin/cargo" "+nightly-2024-10-28" "fetch" "--manifest-path" "Cargo.toml", kill_on_drop: false }`
[INFO] [stderr] warning: no edition set: defaulting to the 2015 edition while the latest is 2021
[INFO] [stderr]  Downloading crates ...
[INFO] [stderr]   Downloaded env_logger v0.5.11
[INFO] [stderr]   Downloaded termcolor v1.0.1
[INFO] [stderr]   Downloaded wincolor v1.0.0
[INFO] running `Command { std: "docker" "create" "-v" "/var/lib/crater-agent-workspace/builds/worker-5-tc1/target:/opt/rustwide/target:rw,Z" "-v" "/var/lib/crater-agent-workspace/builds/worker-5-tc1/source:/opt/rustwide/workdir:ro,Z" "-v" "/var/lib/crater-agent-workspace/cargo-home:/opt/rustwide/cargo-home:ro,Z" "-v" "/var/lib/crater-agent-workspace/rustup-home:/opt/rustwide/rustup-home:ro,Z" "-e" "SOURCE_DIR=/opt/rustwide/workdir" "-e" "CARGO_TARGET_DIR=/opt/rustwide/target" "-e" "CARGO_HOME=/opt/rustwide/cargo-home" "-e" "RUSTUP_HOME=/opt/rustwide/rustup-home" "-w" "/opt/rustwide/workdir" "-m" "1610612736" "--user" "0:0" "--network" "none" "ghcr.io/rust-lang/crates-build-env/linux@sha256:4a844ea9eb2546a2d2c7022eacef16ef2e8229c7fbb2c7d4d55a9ceca922f72d" "/opt/rustwide/cargo-home/bin/cargo" "+nightly-2024-10-28" "metadata" "--no-deps" "--format-version=1", kill_on_drop: false }`
[INFO] [stdout] 4ce3fa8646b3697a72b66244846fe58897388bb8a949338ef80f3b8717d7562f
[INFO] running `Command { std: "docker" "start" "-a" "4ce3fa8646b3697a72b66244846fe58897388bb8a949338ef80f3b8717d7562f", kill_on_drop: false }`
[INFO] running `Command { std: "docker" "inspect" "4ce3fa8646b3697a72b66244846fe58897388bb8a949338ef80f3b8717d7562f", kill_on_drop: false }`
[INFO] running `Command { std: "docker" "rm" "-f" "4ce3fa8646b3697a72b66244846fe58897388bb8a949338ef80f3b8717d7562f", kill_on_drop: false }`
[INFO] [stdout] 4ce3fa8646b3697a72b66244846fe58897388bb8a949338ef80f3b8717d7562f
[INFO] running `Command { std: "docker" "create" "-v" "/var/lib/crater-agent-workspace/builds/worker-5-tc1/target:/opt/rustwide/target:rw,Z" "-v" "/var/lib/crater-agent-workspace/builds/worker-5-tc1/source:/opt/rustwide/workdir:ro,Z" "-v" "/var/lib/crater-agent-workspace/cargo-home:/opt/rustwide/cargo-home:ro,Z" "-v" "/var/lib/crater-agent-workspace/rustup-home:/opt/rustwide/rustup-home:ro,Z" "-e" "SOURCE_DIR=/opt/rustwide/workdir" "-e" "CARGO_TARGET_DIR=/opt/rustwide/target" "-e" "CARGO_INCREMENTAL=0" "-e" "RUST_BACKTRACE=full" "-e" "RUSTFLAGS=--cap-lints=forbid" "-e" "RUSTDOCFLAGS=--cap-lints=forbid" "-e" "CARGO_HOME=/opt/rustwide/cargo-home" "-e" "RUSTUP_HOME=/opt/rustwide/rustup-home" "-w" "/opt/rustwide/workdir" "-m" "1610612736" "--user" "0:0" "--network" "none" "ghcr.io/rust-lang/crates-build-env/linux@sha256:4a844ea9eb2546a2d2c7022eacef16ef2e8229c7fbb2c7d4d55a9ceca922f72d" "/opt/rustwide/cargo-home/bin/cargo" "+nightly-2024-10-28" "build" "--frozen" "--message-format=json", kill_on_drop: false }`
[INFO] [stdout] c9e45a79ce2a01813893437ddf9c1c7c4380e2534c0ffc31fafb01684b3bcf1d
[INFO] running `Command { std: "docker" "start" "-a" "c9e45a79ce2a01813893437ddf9c1c7c4380e2534c0ffc31fafb01684b3bcf1d", kill_on_drop: false }`
[INFO] [stderr] warning: no edition set: defaulting to the 2015 edition while the latest is 2021
[INFO] [stderr]    Compiling libc v0.2.42
[INFO] [stderr]    Compiling void v1.0.2
[INFO] [stderr]    Compiling ucd-util v0.1.1
[INFO] [stderr]    Compiling lazy_static v1.0.2
[INFO] [stderr]    Compiling regex v1.0.2
[INFO] [stderr]    Compiling utf8-ranges v1.0.0
[INFO] [stderr]    Compiling quick-error v1.2.2
[INFO] [stderr]    Compiling cfg-if v0.1.4
[INFO] [stderr]    Compiling unreachable v1.0.0
[INFO] [stderr]    Compiling log v0.4.3
[INFO] [stderr]    Compiling humantime v1.1.1
[INFO] [stderr]    Compiling termcolor v1.0.1
[INFO] [stderr]    Compiling thread_local v0.3.5
[INFO] [stderr]    Compiling regex-syntax v0.6.2
[INFO] [stderr]    Compiling rand_core v0.2.1
[INFO] [stderr]    Compiling memchr v2.0.1
[INFO] [stderr]    Compiling atty v0.2.11
[INFO] [stderr]    Compiling rand v0.4.2
[INFO] [stderr]    Compiling rand v0.5.4
[INFO] [stderr]    Compiling aho-corasick v0.6.6
[INFO] [stderr]    Compiling env_logger v0.5.11
[INFO] [stderr]    Compiling quickcheck v0.6.2
[INFO] [stderr]    Compiling aisd v0.1.0 (/opt/rustwide/workdir)
[INFO] [stdout] warning: unused import: `std::u32`
[INFO] [stdout]  --> src/depq.rs:3:5
[INFO] [stdout]   |
[INFO] [stdout] 3 | use std::u32;
[INFO] [stdout]   |     ^^^^^^^^
[INFO] [stdout]   |
[INFO] [stdout]   = note: `#[warn(unused_imports)]` on by default
[INFO] [stdout] 
[INFO] [stdout] 
[INFO] [stdout] warning: anonymous parameters are deprecated and will be removed in the next edition
[INFO] [stdout]  --> src/map/mod.rs:8:20
[INFO] [stdout]   |
[INFO] [stdout] 8 |     fn find(&self, &Self::Key) -> Option<&Self::Value>;
[INFO] [stdout]   |                    ^^^^^^^^^^ help: try naming the parameter or explicitly ignoring it: `_: &Self::Key`
[INFO] [stdout]   |
[INFO] [stdout]   = warning: this is accepted in the current edition (Rust 2015) but is a hard error in Rust 2018!
[INFO] [stdout]   = note: for more information, see issue #41686 <https://github.com/rust-lang/rust/issues/41686>
[INFO] [stdout]   = note: `#[warn(anonymous_parameters)]` on by default
[INFO] [stdout] 
[INFO] [stdout] 
[INFO] [stdout] warning: anonymous parameters are deprecated and will be removed in the next edition
[INFO] [stdout]  --> src/map/mod.rs:9:23
[INFO] [stdout]   |
[INFO] [stdout] 9 |     fn ins(&mut self, Self::Key, Self::Value) -> &mut Self;
[INFO] [stdout]   |                       ^^^^^^^^^ help: try naming the parameter or explicitly ignoring it: `_: Self::Key`
[INFO] [stdout]   |
[INFO] [stdout]   = warning: this is accepted in the current edition (Rust 2015) but is a hard error in Rust 2018!
[INFO] [stdout]   = note: for more information, see issue #41686 <https://github.com/rust-lang/rust/issues/41686>
[INFO] [stdout] 
[INFO] [stdout] 
[INFO] [stdout] warning: anonymous parameters are deprecated and will be removed in the next edition
[INFO] [stdout]  --> src/map/mod.rs:9:34
[INFO] [stdout]   |
[INFO] [stdout] 9 |     fn ins(&mut self, Self::Key, Self::Value) -> &mut Self;
[INFO] [stdout]   |                                  ^^^^^^^^^^^ help: try naming the parameter or explicitly ignoring it: `_: Self::Value`
[INFO] [stdout]   |
[INFO] [stdout]   = warning: this is accepted in the current edition (Rust 2015) but is a hard error in Rust 2018!
[INFO] [stdout]   = note: for more information, see issue #41686 <https://github.com/rust-lang/rust/issues/41686>
[INFO] [stdout] 
[INFO] [stdout] 
[INFO] [stdout] warning: anonymous parameters are deprecated and will be removed in the next edition
[INFO] [stdout]   --> src/map/mod.rs:10:23
[INFO] [stdout]    |
[INFO] [stdout] 10 |     fn del(&mut self, &Self::Key) -> Option<Self::Value>;
[INFO] [stdout]    |                       ^^^^^^^^^^ help: try naming the parameter or explicitly ignoring it: `_: &Self::Key`
[INFO] [stdout]    |
[INFO] [stdout]    = warning: this is accepted in the current edition (Rust 2015) but is a hard error in Rust 2018!
[INFO] [stdout]    = note: for more information, see issue #41686 <https://github.com/rust-lang/rust/issues/41686>
[INFO] [stdout] 
[INFO] [stdout] 
[INFO] [stdout] warning: unused `#[macro_use]` import
[INFO] [stdout]   --> src/lib.rs:13:1
[INFO] [stdout]    |
[INFO] [stdout] 13 | #[macro_use]
[INFO] [stdout]    | ^^^^^^^^^^^^
[INFO] [stdout] 
[INFO] [stdout] 
[INFO] [stdout] warning: trait objects without an explicit `dyn` are deprecated
[INFO] [stdout]    --> src/depq.rs:340:29
[INFO] [stdout]     |
[INFO] [stdout] 340 |     fn shrink(&self) -> Box<Iterator<Item = Self>> {
[INFO] [stdout]     |                             ^^^^^^^^^^^^^^^^^^^^^
[INFO] [stdout]     |
[INFO] [stdout]     = warning: this is accepted in the current edition (Rust 2015) but is a hard error in Rust 2021!
[INFO] [stdout]     = note: for more information, see <https://doc.rust-lang.org/nightly/edition-guide/rust-2021/warnings-promoted-to-error.html>
[INFO] [stdout]     = note: `#[warn(bare_trait_objects)]` on by default
[INFO] [stdout] help: if this is a dyn-compatible trait, use `dyn`
[INFO] [stdout]     |
[INFO] [stdout] 340 |     fn shrink(&self) -> Box<dyn Iterator<Item = Self>> {
[INFO] [stdout]     |                             +++
[INFO] [stdout] 
[INFO] [stdout] 
[INFO] [stdout] warning: variable does not need to be mutable
[INFO] [stdout]   --> src/coin_change.rs:66:9
[INFO] [stdout]    |
[INFO] [stdout] 66 |     for mut i in 0 .. coins.len() {
[INFO] [stdout]    |         ----^
[INFO] [stdout]    |         |
[INFO] [stdout]    |         help: remove this `mut`
[INFO] [stdout]    |
[INFO] [stdout]    = note: `#[warn(unused_mut)]` on by default
[INFO] [stdout] 
[INFO] [stdout] 
[INFO] [stdout] warning: unused variable: `key`
[INFO] [stdout]   --> src/map/bst.rs:58:23
[INFO] [stdout]    |
[INFO] [stdout] 58 |     fn del(&mut self, key: &K) -> Option<V> {
[INFO] [stdout]    |                       ^^^ help: if this is intentional, prefix it with an underscore: `_key`
[INFO] [stdout]    |
[INFO] [stdout]    = note: `#[warn(unused_variables)]` on by default
[INFO] [stdout] 
[INFO] [stdout] 
[INFO] [stdout] warning: method `is_heap` is never used
[INFO] [stdout]    --> src/depq.rs:248:8
[INFO] [stdout]     |
[INFO] [stdout] 92  | impl<T: PartialOrd + Clone> DoubleHeap<T> {
[INFO] [stdout]     | ----------------------------------------- method in this implementation
[INFO] [stdout] ...
[INFO] [stdout] 248 |     fn is_heap(&self) -> bool {
[INFO] [stdout]     |        ^^^^^^^
[INFO] [stdout]     |
[INFO] [stdout]     = note: `#[warn(dead_code)]` on by default
[INFO] [stdout] 
[INFO] [stdout] 
[INFO] [stdout] warning: method `size` is never used
[INFO] [stdout]   --> src/map/bst.rs:18:8
[INFO] [stdout]    |
[INFO] [stdout] 17 | impl<K, V> Tree<K, V> {
[INFO] [stdout]    | --------------------- method in this implementation
[INFO] [stdout] 18 |     fn size(&self) -> usize {
[INFO] [stdout]    |        ^^^^
[INFO] [stdout] 
[INFO] [stdout] 
[INFO] [stdout] warning: unused import: `aisd::pq::Heap`
[INFO] [stdout]  --> src/bin.rs:5:5
[INFO] [stdout]   |
[INFO] [stdout] 5 | use aisd::pq::Heap;
[INFO] [stdout]   |     ^^^^^^^^^^^^^^
[INFO] [stdout]   |
[INFO] [stdout]   = note: `#[warn(unused_imports)]` on by default
[INFO] [stdout] 
[INFO] [stdout] 
[INFO] [stdout] warning: unused import: `aisd::depq::DEPQ`
[INFO] [stdout]  --> src/bin.rs:7:5
[INFO] [stdout]   |
[INFO] [stdout] 7 | use aisd::depq::DEPQ;
[INFO] [stdout]   |     ^^^^^^^^^^^^^^^^
[INFO] [stdout] 
[INFO] [stdout] 
[INFO] [stdout] warning: unused import: `aisd::depq::DoubleHeap`
[INFO] [stdout]  --> src/bin.rs:8:5
[INFO] [stdout]   |
[INFO] [stdout] 8 | use aisd::depq::DoubleHeap;
[INFO] [stdout]   |     ^^^^^^^^^^^^^^^^^^^^^^
[INFO] [stdout] 
[INFO] [stdout] 
[INFO] [stderr]     Finished `dev` profile [unoptimized + debuginfo] target(s) in 3.01s
[INFO] running `Command { std: "docker" "inspect" "c9e45a79ce2a01813893437ddf9c1c7c4380e2534c0ffc31fafb01684b3bcf1d", kill_on_drop: false }`
[INFO] running `Command { std: "docker" "rm" "-f" "c9e45a79ce2a01813893437ddf9c1c7c4380e2534c0ffc31fafb01684b3bcf1d", kill_on_drop: false }`
[INFO] [stdout] c9e45a79ce2a01813893437ddf9c1c7c4380e2534c0ffc31fafb01684b3bcf1d
[INFO] running `Command { std: "docker" "create" "-v" "/var/lib/crater-agent-workspace/builds/worker-5-tc1/target:/opt/rustwide/target:rw,Z" "-v" "/var/lib/crater-agent-workspace/builds/worker-5-tc1/source:/opt/rustwide/workdir:ro,Z" "-v" "/var/lib/crater-agent-workspace/cargo-home:/opt/rustwide/cargo-home:ro,Z" "-v" "/var/lib/crater-agent-workspace/rustup-home:/opt/rustwide/rustup-home:ro,Z" "-e" "SOURCE_DIR=/opt/rustwide/workdir" "-e" "CARGO_TARGET_DIR=/opt/rustwide/target" "-e" "CARGO_INCREMENTAL=0" "-e" "RUST_BACKTRACE=full" "-e" "RUSTFLAGS=--cap-lints=forbid" "-e" "RUSTDOCFLAGS=--cap-lints=forbid" "-e" "CARGO_HOME=/opt/rustwide/cargo-home" "-e" "RUSTUP_HOME=/opt/rustwide/rustup-home" "-w" "/opt/rustwide/workdir" "-m" "1610612736" "--user" "0:0" "--network" "none" "ghcr.io/rust-lang/crates-build-env/linux@sha256:4a844ea9eb2546a2d2c7022eacef16ef2e8229c7fbb2c7d4d55a9ceca922f72d" "/opt/rustwide/cargo-home/bin/cargo" "+nightly-2024-10-28" "test" "--frozen" "--no-run" "--message-format=json", kill_on_drop: false }`
[INFO] [stdout] f0288b737e22c1562e0279553d50c034a85375351d25b551f253c9351d74d55a
[INFO] running `Command { std: "docker" "start" "-a" "f0288b737e22c1562e0279553d50c034a85375351d25b551f253c9351d74d55a", kill_on_drop: false }`
[INFO] [stderr] warning: no edition set: defaulting to the 2015 edition while the latest is 2021
[INFO] [stdout] warning: unused import: `std::u32`
[INFO] [stdout]  --> src/depq.rs:3:5
[INFO] [stdout]   |
[INFO] [stdout] 3 | use std::u32;
[INFO] [stdout]   |     ^^^^^^^^
[INFO] [stdout]   |
[INFO] [stdout]   = note: `#[warn(unused_imports)]` on by default
[INFO] [stdout] 
[INFO] [stdout] 
[INFO] [stdout] warning: anonymous parameters are deprecated and will be removed in the next edition
[INFO] [stdout]  --> src/map/mod.rs:8:20
[INFO] [stdout]   |
[INFO] [stdout] 8 |     fn find(&self, &Self::Key) -> Option<&Self::Value>;
[INFO] [stdout]   |                    ^^^^^^^^^^ help: try naming the parameter or explicitly ignoring it: `_: &Self::Key`
[INFO] [stdout]   |
[INFO] [stdout]   = warning: this is accepted in the current edition (Rust 2015) but is a hard error in Rust 2018!
[INFO] [stdout]   = note: for more information, see issue #41686 <https://github.com/rust-lang/rust/issues/41686>
[INFO] [stdout]   = note: `#[warn(anonymous_parameters)]` on by default
[INFO] [stdout] 
[INFO] [stdout] 
[INFO] [stdout] warning: anonymous parameters are deprecated and will be removed in the next edition
[INFO] [stdout]  --> src/map/mod.rs:9:23
[INFO] [stdout]   |
[INFO] [stdout] 9 |     fn ins(&mut self, Self::Key, Self::Value) -> &mut Self;
[INFO] [stdout]   |                       ^^^^^^^^^ help: try naming the parameter or explicitly ignoring it: `_: Self::Key`
[INFO] [stdout]   |
[INFO] [stdout]   = warning: this is accepted in the current edition (Rust 2015) but is a hard error in Rust 2018!
[INFO] [stdout]   = note: for more information, see issue #41686 <https://github.com/rust-lang/rust/issues/41686>
[INFO] [stdout] 
[INFO] [stdout] 
[INFO] [stdout] warning: anonymous parameters are deprecated and will be removed in the next edition
[INFO] [stdout]  --> src/map/mod.rs:9:34
[INFO] [stdout]   |
[INFO] [stdout] 9 |     fn ins(&mut self, Self::Key, Self::Value) -> &mut Self;
[INFO] [stdout]   |                                  ^^^^^^^^^^^ help: try naming the parameter or explicitly ignoring it: `_: Self::Value`
[INFO] [stdout]   |
[INFO] [stdout]   = warning: this is accepted in the current edition (Rust 2015) but is a hard error in Rust 2018!
[INFO] [stdout]   = note: for more information, see issue #41686 <https://github.com/rust-lang/rust/issues/41686>
[INFO] [stdout] 
[INFO] [stdout] 
[INFO] [stdout] warning: anonymous parameters are deprecated and will be removed in the next edition
[INFO] [stdout]   --> src/map/mod.rs:10:23
[INFO] [stdout]    |
[INFO] [stdout] 10 |     fn del(&mut self, &Self::Key) -> Option<Self::Value>;
[INFO] [stdout]    |                       ^^^^^^^^^^ help: try naming the parameter or explicitly ignoring it: `_: &Self::Key`
[INFO] [stdout]    |
[INFO] [stdout]    = warning: this is accepted in the current edition (Rust 2015) but is a hard error in Rust 2018!
[INFO] [stdout]    = note: for more information, see issue #41686 <https://github.com/rust-lang/rust/issues/41686>
[INFO] [stdout] 
[INFO] [stdout] 
[INFO] [stdout] warning: unused `#[macro_use]` import
[INFO] [stdout]   --> src/lib.rs:13:1
[INFO] [stdout]    |
[INFO] [stdout] 13 | #[macro_use]
[INFO] [stdout]    | ^^^^^^^^^^^^
[INFO] [stdout] 
[INFO] [stdout] 
[INFO] [stdout] warning: trait objects without an explicit `dyn` are deprecated
[INFO] [stdout]    --> src/depq.rs:340:29
[INFO] [stdout]     |
[INFO] [stdout] 340 |     fn shrink(&self) -> Box<Iterator<Item = Self>> {
[INFO] [stdout]     |                             ^^^^^^^^^^^^^^^^^^^^^
[INFO] [stdout]     |
[INFO] [stdout]     = warning: this is accepted in the current edition (Rust 2015) but is a hard error in Rust 2021!
[INFO] [stdout]     = note: for more information, see <https://doc.rust-lang.org/nightly/edition-guide/rust-2021/warnings-promoted-to-error.html>
[INFO] [stdout]     = note: `#[warn(bare_trait_objects)]` on by default
[INFO] [stdout] help: if this is a dyn-compatible trait, use `dyn`
[INFO] [stdout]     |
[INFO] [stdout] 340 |     fn shrink(&self) -> Box<dyn Iterator<Item = Self>> {
[INFO] [stdout]     |                             +++
[INFO] [stdout] 
[INFO] [stdout] 
[INFO] [stdout] warning: variable does not need to be mutable
[INFO] [stdout]   --> src/coin_change.rs:66:9
[INFO] [stdout]    |
[INFO] [stdout] 66 |     for mut i in 0 .. coins.len() {
[INFO] [stdout]    |         ----^
[INFO] [stdout]    |         |
[INFO] [stdout]    |         help: remove this `mut`
[INFO] [stdout]    |
[INFO] [stdout]    = note: `#[warn(unused_mut)]` on by default
[INFO] [stdout] 
[INFO] [stdout] 
[INFO] [stdout] warning: unused variable: `key`
[INFO] [stdout]   --> src/map/bst.rs:58:23
[INFO] [stdout]    |
[INFO] [stdout] 58 |     fn del(&mut self, key: &K) -> Option<V> {
[INFO] [stdout]    |                       ^^^ help: if this is intentional, prefix it with an underscore: `_key`
[INFO] [stdout]    |
[INFO] [stdout]    = note: `#[warn(unused_variables)]` on by default
[INFO] [stdout] 
[INFO] [stdout] 
[INFO] [stdout] warning: method `is_heap` is never used
[INFO] [stdout]    --> src/depq.rs:248:8
[INFO] [stdout]     |
[INFO] [stdout] 92  | impl<T: PartialOrd + Clone> DoubleHeap<T> {
[INFO] [stdout]     | ----------------------------------------- method in this implementation
[INFO] [stdout] ...
[INFO] [stdout] 248 |     fn is_heap(&self) -> bool {
[INFO] [stdout]     |        ^^^^^^^
[INFO] [stdout]     |
[INFO] [stdout]     = note: `#[warn(dead_code)]` on by default
[INFO] [stdout] 
[INFO] [stdout] 
[INFO] [stderr]    Compiling aisd v0.1.0 (/opt/rustwide/workdir)
[INFO] [stdout] warning: method `size` is never used
[INFO] [stdout]   --> src/map/bst.rs:18:8
[INFO] [stdout]    |
[INFO] [stdout] 17 | impl<K, V> Tree<K, V> {
[INFO] [stdout]    | --------------------- method in this implementation
[INFO] [stdout] 18 |     fn size(&self) -> usize {
[INFO] [stdout]    |        ^^^^
[INFO] [stdout] 
[INFO] [stdout] 
[INFO] [stdout] warning: unused import: `aisd::pq::Heap`
[INFO] [stdout]  --> src/bin.rs:5:5
[INFO] [stdout]   |
[INFO] [stdout] 5 | use aisd::pq::Heap;
[INFO] [stdout]   |     ^^^^^^^^^^^^^^
[INFO] [stdout]   |
[INFO] [stdout]   = note: `#[warn(unused_imports)]` on by default
[INFO] [stdout] 
[INFO] [stdout] 
[INFO] [stdout] warning: unused import: `aisd::depq::DEPQ`
[INFO] [stdout]  --> src/bin.rs:7:5
[INFO] [stdout]   |
[INFO] [stdout] 7 | use aisd::depq::DEPQ;
[INFO] [stdout]   |     ^^^^^^^^^^^^^^^^
[INFO] [stdout] 
[INFO] [stdout] 
[INFO] [stdout] warning: unused import: `aisd::depq::DoubleHeap`
[INFO] [stdout]  --> src/bin.rs:8:5
[INFO] [stdout]   |
[INFO] [stdout] 8 | use aisd::depq::DoubleHeap;
[INFO] [stdout]   |     ^^^^^^^^^^^^^^^^^^^^^^
[INFO] [stdout] 
[INFO] [stdout] 
[INFO] [stdout] warning: unused import: `super::Tree::*`
[INFO] [stdout]   --> src/map/bst.rs:89:9
[INFO] [stdout]    |
[INFO] [stdout] 89 |     use super::Tree::*;
[INFO] [stdout]    |         ^^^^^^^^^^^^^^
[INFO] [stdout]    |
[INFO] [stdout]    = note: `#[warn(unused_imports)]` on by default
[INFO] [stdout] 
[INFO] [stdout] 
[INFO] [stdout] warning: anonymous parameters are deprecated and will be removed in the next edition
[INFO] [stdout]  --> src/map/mod.rs:8:20
[INFO] [stdout]   |
[INFO] [stdout] 8 |     fn find(&self, &Self::Key) -> Option<&Self::Value>;
[INFO] [stdout]   |                    ^^^^^^^^^^ help: try naming the parameter or explicitly ignoring it: `_: &Self::Key`
[INFO] [stdout]   |
[INFO] [stdout]   = warning: this is accepted in the current edition (Rust 2015) but is a hard error in Rust 2018!
[INFO] [stdout]   = note: for more information, see issue #41686 <https://github.com/rust-lang/rust/issues/41686>
[INFO] [stdout]   = note: `#[warn(anonymous_parameters)]` on by default
[INFO] [stdout] 
[INFO] [stdout] 
[INFO] [stdout] warning: anonymous parameters are deprecated and will be removed in the next edition
[INFO] [stdout]  --> src/map/mod.rs:9:23
[INFO] [stdout]   |
[INFO] [stdout] 9 |     fn ins(&mut self, Self::Key, Self::Value) -> &mut Self;
[INFO] [stdout]   |                       ^^^^^^^^^ help: try naming the parameter or explicitly ignoring it: `_: Self::Key`
[INFO] [stdout]   |
[INFO] [stdout]   = warning: this is accepted in the current edition (Rust 2015) but is a hard error in Rust 2018!
[INFO] [stdout]   = note: for more information, see issue #41686 <https://github.com/rust-lang/rust/issues/41686>
[INFO] [stdout] 
[INFO] [stdout] 
[INFO] [stdout] warning: anonymous parameters are deprecated and will be removed in the next edition
[INFO] [stdout]  --> src/map/mod.rs:9:34
[INFO] [stdout]   |
[INFO] [stdout] 9 |     fn ins(&mut self, Self::Key, Self::Value) -> &mut Self;
[INFO] [stdout]   |                                  ^^^^^^^^^^^ help: try naming the parameter or explicitly ignoring it: `_: Self::Value`
[INFO] [stdout]   |
[INFO] [stdout]   = warning: this is accepted in the current edition (Rust 2015) but is a hard error in Rust 2018!
[INFO] [stdout]   = note: for more information, see issue #41686 <https://github.com/rust-lang/rust/issues/41686>
[INFO] [stdout] 
[INFO] [stdout] 
[INFO] [stdout] warning: anonymous parameters are deprecated and will be removed in the next edition
[INFO] [stdout]   --> src/map/mod.rs:10:23
[INFO] [stdout]    |
[INFO] [stdout] 10 |     fn del(&mut self, &Self::Key) -> Option<Self::Value>;
[INFO] [stdout]    |                       ^^^^^^^^^^ help: try naming the parameter or explicitly ignoring it: `_: &Self::Key`
[INFO] [stdout]    |
[INFO] [stdout]    = warning: this is accepted in the current edition (Rust 2015) but is a hard error in Rust 2018!
[INFO] [stdout]    = note: for more information, see issue #41686 <https://github.com/rust-lang/rust/issues/41686>
[INFO] [stdout] 
[INFO] [stdout] 
[INFO] [stdout] warning: trait objects without an explicit `dyn` are deprecated
[INFO] [stdout]    --> src/depq.rs:340:29
[INFO] [stdout]     |
[INFO] [stdout] 340 |     fn shrink(&self) -> Box<Iterator<Item = Self>> {
[INFO] [stdout]     |                             ^^^^^^^^^^^^^^^^^^^^^
[INFO] [stdout]     |
[INFO] [stdout]     = warning: this is accepted in the current edition (Rust 2015) but is a hard error in Rust 2021!
[INFO] [stdout]     = note: for more information, see <https://doc.rust-lang.org/nightly/edition-guide/rust-2021/warnings-promoted-to-error.html>
[INFO] [stdout]     = note: `#[warn(bare_trait_objects)]` on by default
[INFO] [stdout] help: if this is a dyn-compatible trait, use `dyn`
[INFO] [stdout]     |
[INFO] [stdout] 340 |     fn shrink(&self) -> Box<dyn Iterator<Item = Self>> {
[INFO] [stdout]     |                             +++
[INFO] [stdout] 
[INFO] [stdout] 
[INFO] [stdout] warning: variable does not need to be mutable
[INFO] [stdout]   --> src/coin_change.rs:66:9
[INFO] [stdout]    |
[INFO] [stdout] 66 |     for mut i in 0 .. coins.len() {
[INFO] [stdout]    |         ----^
[INFO] [stdout]    |         |
[INFO] [stdout]    |         help: remove this `mut`
[INFO] [stdout]    |
[INFO] [stdout]    = note: `#[warn(unused_mut)]` on by default
[INFO] [stdout] 
[INFO] [stdout] 
[INFO] [stdout] warning: unused variable: `key`
[INFO] [stdout]   --> src/map/bst.rs:58:23
[INFO] [stdout]    |
[INFO] [stdout] 58 |     fn del(&mut self, key: &K) -> Option<V> {
[INFO] [stdout]    |                       ^^^ help: if this is intentional, prefix it with an underscore: `_key`
[INFO] [stdout]    |
[INFO] [stdout]    = note: `#[warn(unused_variables)]` on by default
[INFO] [stdout] 
[INFO] [stdout] 
[INFO] [stdout] warning: variable does not need to be mutable
[INFO] [stdout]    --> src/map/bst.rs:105:17
[INFO] [stdout]     |
[INFO] [stdout] 105 |             let mut t1 = t.clone();
[INFO] [stdout]     |                 ----^^
[INFO] [stdout]     |                 |
[INFO] [stdout]     |                 help: remove this `mut`
[INFO] [stdout] 
[INFO] [stdout] 
[INFO] [stderr]     Finished `test` profile [unoptimized + debuginfo] target(s) in 0.52s
[INFO] running `Command { std: "docker" "inspect" "f0288b737e22c1562e0279553d50c034a85375351d25b551f253c9351d74d55a", kill_on_drop: false }`
[INFO] running `Command { std: "docker" "rm" "-f" "f0288b737e22c1562e0279553d50c034a85375351d25b551f253c9351d74d55a", kill_on_drop: false }`
[INFO] [stdout] f0288b737e22c1562e0279553d50c034a85375351d25b551f253c9351d74d55a
[INFO] running `Command { std: "docker" "create" "-v" "/var/lib/crater-agent-workspace/builds/worker-5-tc1/target:/opt/rustwide/target:rw,Z" "-v" "/var/lib/crater-agent-workspace/builds/worker-5-tc1/source:/opt/rustwide/workdir:ro,Z" "-v" "/var/lib/crater-agent-workspace/cargo-home:/opt/rustwide/cargo-home:ro,Z" "-v" "/var/lib/crater-agent-workspace/rustup-home:/opt/rustwide/rustup-home:ro,Z" "-e" "SOURCE_DIR=/opt/rustwide/workdir" "-e" "CARGO_TARGET_DIR=/opt/rustwide/target" "-e" "CARGO_INCREMENTAL=0" "-e" "RUST_BACKTRACE=full" "-e" "RUSTFLAGS=--cap-lints=forbid" "-e" "RUSTDOCFLAGS=--cap-lints=forbid" "-e" "CARGO_HOME=/opt/rustwide/cargo-home" "-e" "RUSTUP_HOME=/opt/rustwide/rustup-home" "-w" "/opt/rustwide/workdir" "-m" "1610612736" "--user" "0:0" "--network" "none" "ghcr.io/rust-lang/crates-build-env/linux@sha256:4a844ea9eb2546a2d2c7022eacef16ef2e8229c7fbb2c7d4d55a9ceca922f72d" "/opt/rustwide/cargo-home/bin/cargo" "+nightly-2024-10-28" "test" "--frozen", kill_on_drop: false }`
[INFO] [stdout] 60cb3551e35882e856dc4b5fbfd6083b936a5d948dfe75340af8554c1b48a8ca
[INFO] running `Command { std: "docker" "start" "-a" "60cb3551e35882e856dc4b5fbfd6083b936a5d948dfe75340af8554c1b48a8ca", kill_on_drop: false }`
[INFO] [stderr] warning: no edition set: defaulting to the 2015 edition while the latest is 2021
[INFO] [stderr] warning: unused import: `std::u32`
[INFO] [stderr]  --> src/depq.rs:3:5
[INFO] [stderr]   |
[INFO] [stderr] 3 | use std::u32;
[INFO] [stderr]   |     ^^^^^^^^
[INFO] [stderr]   |
[INFO] [stderr]   = note: `#[warn(unused_imports)]` on by default
[INFO] [stderr] 
[INFO] [stderr] warning: anonymous parameters are deprecated and will be removed in the next edition
[INFO] [stderr]  --> src/map/mod.rs:8:20
[INFO] [stderr]   |
[INFO] [stderr] 8 |     fn find(&self, &Self::Key) -> Option<&Self::Value>;
[INFO] [stderr]   |                    ^^^^^^^^^^ help: try naming the parameter or explicitly ignoring it: `_: &Self::Key`
[INFO] [stderr]   |
[INFO] [stderr]   = warning: this is accepted in the current edition (Rust 2015) but is a hard error in Rust 2018!
[INFO] [stderr]   = note: for more information, see issue #41686 <https://github.com/rust-lang/rust/issues/41686>
[INFO] [stderr]   = note: `#[warn(anonymous_parameters)]` on by default
[INFO] [stderr] 
[INFO] [stderr] warning: anonymous parameters are deprecated and will be removed in the next edition
[INFO] [stderr]  --> src/map/mod.rs:9:23
[INFO] [stderr]   |
[INFO] [stderr] 9 |     fn ins(&mut self, Self::Key, Self::Value) -> &mut Self;
[INFO] [stderr]   |                       ^^^^^^^^^ help: try naming the parameter or explicitly ignoring it: `_: Self::Key`
[INFO] [stderr]   |
[INFO] [stderr]   = warning: this is accepted in the current edition (Rust 2015) but is a hard error in Rust 2018!
[INFO] [stderr]   = note: for more information, see issue #41686 <https://github.com/rust-lang/rust/issues/41686>
[INFO] [stderr] 
[INFO] [stderr] warning: anonymous parameters are deprecated and will be removed in the next edition
[INFO] [stderr]  --> src/map/mod.rs:9:34
[INFO] [stderr]   |
[INFO] [stderr] 9 |     fn ins(&mut self, Self::Key, Self::Value) -> &mut Self;
[INFO] [stderr]   |                                  ^^^^^^^^^^^ help: try naming the parameter or explicitly ignoring it: `_: Self::Value`
[INFO] [stderr]   |
[INFO] [stderr]   = warning: this is accepted in the current edition (Rust 2015) but is a hard error in Rust 2018!
[INFO] [stderr]   = note: for more information, see issue #41686 <https://github.com/rust-lang/rust/issues/41686>
[INFO] [stderr] 
[INFO] [stderr] warning: anonymous parameters are deprecated and will be removed in the next edition
[INFO] [stderr]   --> src/map/mod.rs:10:23
[INFO] [stderr]    |
[INFO] [stderr] 10 |     fn del(&mut self, &Self::Key) -> Option<Self::Value>;
[INFO] [stderr]    |                       ^^^^^^^^^^ help: try naming the parameter or explicitly ignoring it: `_: &Self::Key`
[INFO] [stderr]    |
[INFO] [stderr]    = warning: this is accepted in the current edition (Rust 2015) but is a hard error in Rust 2018!
[INFO] [stderr]    = note: for more information, see issue #41686 <https://github.com/rust-lang/rust/issues/41686>
[INFO] [stderr] 
[INFO] [stderr] warning: unused `#[macro_use]` import
[INFO] [stderr]   --> src/lib.rs:13:1
[INFO] [stderr]    |
[INFO] [stderr] 13 | #[macro_use]
[INFO] [stderr]    | ^^^^^^^^^^^^
[INFO] [stderr] 
[INFO] [stderr] warning: trait objects without an explicit `dyn` are deprecated
[INFO] [stderr]    --> src/depq.rs:340:29
[INFO] [stderr]     |
[INFO] [stderr] 340 |     fn shrink(&self) -> Box<Iterator<Item = Self>> {
[INFO] [stderr]     |                             ^^^^^^^^^^^^^^^^^^^^^
[INFO] [stderr]     |
[INFO] [stderr]     = warning: this is accepted in the current edition (Rust 2015) but is a hard error in Rust 2021!
[INFO] [stderr]     = note: for more information, see <https://doc.rust-lang.org/nightly/edition-guide/rust-2021/warnings-promoted-to-error.html>
[INFO] [stderr]     = note: `#[warn(bare_trait_objects)]` on by default
[INFO] [stderr] help: if this is a dyn-compatible trait, use `dyn`
[INFO] [stderr]     |
[INFO] [stderr] 340 |     fn shrink(&self) -> Box<dyn Iterator<Item = Self>> {
[INFO] [stderr]     |                             +++
[INFO] [stderr] 
[INFO] [stderr] warning: variable does not need to be mutable
[INFO] [stderr]   --> src/coin_change.rs:66:9
[INFO] [stderr]    |
[INFO] [stderr] 66 |     for mut i in 0 .. coins.len() {
[INFO] [stderr]    |         ----^
[INFO] [stderr]    |         |
[INFO] [stderr]    |         help: remove this `mut`
[INFO] [stderr]    |
[INFO] [stderr]    = note: `#[warn(unused_mut)]` on by default
[INFO] [stderr] 
[INFO] [stderr] warning: unused variable: `key`
[INFO] [stderr]   --> src/map/bst.rs:58:23
[INFO] [stderr]    |
[INFO] [stderr] 58 |     fn del(&mut self, key: &K) -> Option<V> {
[INFO] [stderr]    |                       ^^^ help: if this is intentional, prefix it with an underscore: `_key`
[INFO] [stderr]    |
[INFO] [stderr]    = note: `#[warn(unused_variables)]` on by default
[INFO] [stderr] 
[INFO] [stderr] warning: method `is_heap` is never used
[INFO] [stderr]    --> src/depq.rs:248:8
[INFO] [stderr]     |
[INFO] [stderr] 92  | impl<T: PartialOrd + Clone> DoubleHeap<T> {
[INFO] [stderr]     | ----------------------------------------- method in this implementation
[INFO] [stderr] ...
[INFO] [stderr] 248 |     fn is_heap(&self) -> bool {
[INFO] [stderr]     |        ^^^^^^^
[INFO] [stderr]     |
[INFO] [stderr]     = note: `#[warn(dead_code)]` on by default
[INFO] [stderr] 
[INFO] [stderr] warning: method `size` is never used
[INFO] [stderr]   --> src/map/bst.rs:18:8
[INFO] [stderr]    |
[INFO] [stderr] 17 | impl<K, V> Tree<K, V> {
[INFO] [stderr]    | --------------------- method in this implementation
[INFO] [stderr] 18 |     fn size(&self) -> usize {
[INFO] [stderr]    |        ^^^^
[INFO] [stderr] 
[INFO] [stderr] warning: unused import: `super::Tree::*`
[INFO] [stderr]   --> src/map/bst.rs:89:9
[INFO] [stderr]    |
[INFO] [stderr] 89 |     use super::Tree::*;
[INFO] [stderr]    |         ^^^^^^^^^^^^^^
[INFO] [stderr]    |
[INFO] [stderr]    = note: `#[warn(unused_imports)]` on by default
[INFO] [stderr] 
[INFO] [stderr] warning: variable does not need to be mutable
[INFO] [stderr]    --> src/map/bst.rs:105:17
[INFO] [stderr]     |
[INFO] [stderr] 105 |             let mut t1 = t.clone();
[INFO] [stderr]     |                 ----^^
[INFO] [stderr]     |                 |
[INFO] [stderr]     |                 help: remove this `mut`
[INFO] [stderr] 
[INFO] [stderr] warning: `aisd` (lib) generated 11 warnings (run `cargo fix --lib -p aisd` to apply 7 suggestions)
[INFO] [stderr] warning: `aisd` (lib test) generated 9 warnings (7 duplicates) (run `cargo fix --lib -p aisd --tests` to apply 2 suggestions)
[INFO] [stderr] warning: unused import: `aisd::pq::Heap`
[INFO] [stderr]  --> src/bin.rs:5:5
[INFO] [stderr]   |
[INFO] [stderr] 5 | use aisd::pq::Heap;
[INFO] [stderr]   |     ^^^^^^^^^^^^^^
[INFO] [stderr]   |
[INFO] [stderr]   = note: `#[warn(unused_imports)]` on by default
[INFO] [stderr] 
[INFO] [stderr] warning: unused import: `aisd::depq::DEPQ`
[INFO] [stderr]  --> src/bin.rs:7:5
[INFO] [stderr]   |
[INFO] [stderr] 7 | use aisd::depq::DEPQ;
[INFO] [stderr]   |     ^^^^^^^^^^^^^^^^
[INFO] [stderr] 
[INFO] [stderr] warning: unused import: `aisd::depq::DoubleHeap`
[INFO] [stderr]  --> src/bin.rs:8:5
[INFO] [stderr]   |
[INFO] [stderr] 8 | use aisd::depq::DoubleHeap;
[INFO] [stderr]   |     ^^^^^^^^^^^^^^^^^^^^^^
[INFO] [stderr] 
[INFO] [stderr] warning: `aisd` (bin "mybin" test) generated 3 warnings (run `cargo fix --bin "mybin" --tests` to apply 3 suggestions)
[INFO] [stderr]     Finished `test` profile [unoptimized + debuginfo] target(s) in 0.02s
[INFO] [stderr]      Running unittests src/lib.rs (/opt/rustwide/target/debug/deps/aisd-9fa22fdf28df33af)
[INFO] [stdout] 
[INFO] [stdout] running 77 tests
[INFO] [stdout] test depq::tests::del_min_least ... ok
[INFO] [stdout] test depq::tests::del_max_greatest ... ok
[INFO] [stdout] test depq::tests::is_empty_del_max ... ok
[INFO] [stdout] test depq::tests::is_empty_del_min ... ok
[INFO] [stdout] test depq::tests::ins_max ... ok
[INFO] [stdout] test depq::tests::is_empty_new ... ok
[INFO] [stdout] test depq::tests::ins_min ... ok
[INFO] [stdout] test depq::tests::is_empty_make_heap ... ok
[INFO] [stdout] test depq::tests::is_empty_min ... ok
[INFO] [stdout] test depq::tests::is_empty_ins ... ok
[INFO] [stdout] test depq::tests::is_empty_max ... ok
[INFO] [stdout] test depq::tests::is_empty_size ... ok
[INFO] [stdout] test depq::tests::is_heap_arbitrary ... ok
[INFO] [stdout] test depq::tests::ins_del_min ... ok
[INFO] [stdout] test depq::tests::is_heap_new ... ok
[INFO] [stdout] test depq::tests::is_heap_del_max ... ok
[INFO] [stdout] test depq::tests::ins_del_max ... ok
[INFO] [stdout] test depq::tests::is_heap_del_min ... ok
[INFO] [stdout] test depq::tests::is_heap_make_heap ... ok
[INFO] [stdout] test depq::tests::is_heap_ins ... ok
[INFO] [stdout] test depq::tests::min_del_min ... ok
[INFO] [stdout] test depq::tests::max_del_max ... ok
[INFO] [stdout] test depq::tests::size_make_heap ... ok
[INFO] [stdout] test depq::tests::size_new ... ok
[INFO] [stdout] test depq::tests::size_del_max ... ok
[INFO] [stdout] test map::bst::tests::del_new ... ok
[INFO] [stdout] test depq::tests::size_ins ... ok
[INFO] [stdout] test depq::tests::size_del_min ... ok
[INFO] [stdout] test map::bst::tests::find_new ... ok
[INFO] [stdout] test depq::tests::size_max ... ok
[INFO] [stdout] test map::bst::tests::size_new ... ok
[INFO] [stdout] test depq::tests::size_min ... ok
[INFO] [stdout] test pq::tests::del_min_is_empty ... ok
[INFO] [stdout] test pq::tests::height_new ... ok
[INFO] [stdout] test map::bst::tests::find_ins ... ok
[INFO] [stdout] test pq::tests::del_min_least ... ok
[INFO] [stdout] test map::bst::tests::size_del ... ok
[INFO] [stdout] test map::bst::tests::size_ins ... ok
[INFO] [stdout] test pq::tests::is_empty_insert ... ok
[INFO] [stdout] test pq::tests::is_empty_new ... ok
[INFO] [stdout] test pq::tests::is_empty_make_new_heap_bottom_up ... ok
[INFO] [stdout] test pq::tests::is_empty_make_new_heap_top_down ... ok
[INFO] [stdout] test pq::tests::is_empty_size ... ok
[INFO] [stdout] test pq::tests::insert_min ... ok
[INFO] [stdout] test pq::tests::is_heap_arbitrary ... ok
[INFO] [stdout] test pq::tests::is_heap_ins ... ok
[INFO] [stdout] test pq::tests::is_heap_new ... ok
[INFO] [stdout] test pq::tests::is_heap_del_min ... ok
[INFO] [stdout] test pq::tests::is_heap_make_new_heap_bottom_up ... ok
[INFO] [stdout] test pq::tests::is_heap_make_new_heap_top_down ... ok
[INFO] [stdout] test pq::tests::insert_del_min ... ok
[INFO] [stdout] test map::bst::tests::del_ins ... FAILED
[INFO] [stdout] test map::bst::tests::find_is_del ... FAILED
[INFO] [stdout] test map::bst::tests::find_del ... FAILED
[INFO] [stdout] test pq::tests::size_new ... ok
[INFO] [stdout] test pq::tests::size_del_min ... ok
[INFO] [stdout] test pq::tests::size_ins ... ok
[INFO] [stdout] test pq::tests::size_make_new_heap_top_down ... ok
[INFO] [stdout] test pq::tests::size_make_new_heap_bottom_up ... ok
[INFO] [stdout] test pq::tests::min_del_min ... ok
[INFO] [stdout] test union_by_rank::tests::find_new ... ok
[INFO] [stdout] test pq::tests::min_is_empty ... ok
[INFO] [stdout] test union_by_rank::tests::size_new ... ok
[INFO] [stdout] test pq::tests::size_min ... ok
[INFO] [stdout] test pq::tests::sort_is_sorted ... ok
[INFO] [stdout] test union_by_rank::tests::size_find ... ok
[INFO] [stdout] test pq::tests::sort2_is_sorted ... ok
[INFO] [stdout] test union_by_rank::tests::size_union ... ok
[INFO] [stdout] test union_by_size::tests::find_new ... ok
[INFO] [stdout] test union_by_size::tests::size_new ... ok
[INFO] [stdout] test union_by_rank::tests::size_union2 ... ok
[INFO] [stdout] test union_by_rank::tests::union_find ... ok
[INFO] [stdout] test union_by_size::tests::size_find ... ok
[INFO] [stdout] test union_by_size::tests::size_union ... ok
[INFO] [stdout] test union_by_size::tests::sum_of_sizes ... ok
[INFO] [stdout] test union_by_size::tests::size_union2 ... ok
[INFO] [stdout] test union_by_size::tests::union_find ... ok
[INFO] [stdout] 
[INFO] [stdout] failures:
[INFO] [stdout] 
[INFO] [stdout] ---- map::bst::tests::del_ins stdout ----
[INFO] [stdout] thread 'map::bst::tests::del_ins' panicked at /opt/rustwide/cargo-home/registry/src/index.crates.io-6f17d22bba15001f/quickcheck-0.6.2/src/tester.rs:179:28:
[INFO] [stdout] [quickcheck] TEST FAILED. Arguments: (N(70, 87, N(68, 24, N(54, 9, N(19, 0, N(2, 91, N(1, 92, N(0, 1, E, E), E), N(12, 73, N(11, 18, N(3, 30, E, N(4, 87, E, N(8, 58, E, E))), E), N(14, 14, E, N(15, 40, E, E)))), N(46, 72, N(29, 6, N(22, 45, N(20, 6, E, N(21, 77, E, E)), N(25, 73, N(23, 56, E, E), N(26, 1, E, E))), N(42, 94, N(31, 4, N(30, 94, E, E), N(39, 66, N(34, 77, E, N(36, 6, N(35, 36, E, E), E)), N(41, 0, E, E))), N(44, 51, E, E))), N(48, 0, E, N(49, 23, E, N(51, 97, N(50, 55, E, E), E))))), N(57, 38, N(56, 34, E, E), N(63, 10, E, N(67, 40, E, E)))), E), N(77, 12, N(73, 7, E, N(75, 53, E, E)), N(95, 91, N(85, 12, N(78, 73, E, N(81, 21, E, N(84, 40, N(82, 37, E, N(83, 33, E, E)), E))), N(93, 22, N(90, 54, N(86, 38, E, E), N(92, 2, E, E)), N(94, 26, E, E))), N(97, 29, N(96, 8, E, E), E)))), 0, 0)
[INFO] [stdout] stack backtrace:
[INFO] [stdout]    0:     0x59ad06b914ca - std::backtrace_rs::backtrace::libunwind::trace::h207520d6e9873551
[INFO] [stdout]                                at /rustc/df4ca44d3fbc9301ee17f30f4d474e6ae4b05252/library/std/src/../../backtrace/src/backtrace/libunwind.rs:116:5
[INFO] [stdout]    1:     0x59ad06b914ca - std::backtrace_rs::backtrace::trace_unsynchronized::h2ed7433f370e3eca
[INFO] [stdout]                                at /rustc/df4ca44d3fbc9301ee17f30f4d474e6ae4b05252/library/std/src/../../backtrace/src/backtrace/mod.rs:66:5
[INFO] [stdout]    2:     0x59ad06b914ca - std::sys::backtrace::_print_fmt::h916fac51166b18d7
[INFO] [stdout]                                at /rustc/df4ca44d3fbc9301ee17f30f4d474e6ae4b05252/library/std/src/sys/backtrace.rs:66:9
[INFO] [stdout]    3:     0x59ad06b914ca - <std::sys::backtrace::BacktraceLock::print::DisplayBacktrace as core::fmt::Display>::fmt::ha0a4c9b8ce3802e6
[INFO] [stdout]                                at /rustc/df4ca44d3fbc9301ee17f30f4d474e6ae4b05252/library/std/src/sys/backtrace.rs:39:26
[INFO] [stdout]    4:     0x59ad06bb8173 - core::fmt::rt::Argument::fmt::h4cfc8587d52b3eb5
[INFO] [stdout]                                at /rustc/df4ca44d3fbc9301ee17f30f4d474e6ae4b05252/library/core/src/fmt/rt.rs:177:76
[INFO] [stdout]    5:     0x59ad06bb8173 - core::fmt::write::h522cc39e5b36ae9f
[INFO] [stdout]                                at /rustc/df4ca44d3fbc9301ee17f30f4d474e6ae4b05252/library/core/src/fmt/mod.rs:1190:21
[INFO] [stdout]    6:     0x59ad06b8e133 - std::io::Write::write_fmt::h7d3c26752da97734
[INFO] [stdout]                                at /rustc/df4ca44d3fbc9301ee17f30f4d474e6ae4b05252/library/std/src/io/mod.rs:1839:15
[INFO] [stdout]    7:     0x59ad06b91312 - std::sys::backtrace::BacktraceLock::print::h4b9e00b29e9c0942
[INFO] [stdout]                                at /rustc/df4ca44d3fbc9301ee17f30f4d474e6ae4b05252/library/std/src/sys/backtrace.rs:42:9
[INFO] [stdout]    8:     0x59ad06b9295a - std::panicking::default_hook::{{closure}}::hb59b88280d0324d9
[INFO] [stdout]                                at /rustc/df4ca44d3fbc9301ee17f30f4d474e6ae4b05252/library/std/src/panicking.rs:268:22
[INFO] [stdout]    9:     0x59ad06b92764 - std::panicking::default_hook::he1dd496665be4a29
[INFO] [stdout]                                at /rustc/df4ca44d3fbc9301ee17f30f4d474e6ae4b05252/library/std/src/panicking.rs:292:9
[INFO] [stdout]   10:     0x59ad06a204b9 - <alloc::boxed::Box<F,A> as core::ops::function::Fn<Args>>::call::h4ff71de18744e1dc
[INFO] [stdout]                                at /rustc/df4ca44d3fbc9301ee17f30f4d474e6ae4b05252/library/alloc/src/boxed.rs:2468:9
[INFO] [stdout]   11:     0x59ad06a204b9 - test::test_main::{{closure}}::hcf7c055ce117aa81
[INFO] [stdout]                                at /rustc/df4ca44d3fbc9301ee17f30f4d474e6ae4b05252/library/test/src/lib.rs:133:21
[INFO] [stdout]   12:     0x59ad06b93058 - <alloc::boxed::Box<F,A> as core::ops::function::Fn<Args>>::call::h1d66c6bbd60c9692
[INFO] [stdout]                                at /rustc/df4ca44d3fbc9301ee17f30f4d474e6ae4b05252/library/alloc/src/boxed.rs:2468:9
[INFO] [stdout]   13:     0x59ad06b93058 - std::panicking::rust_panic_with_hook::h2ff17fe8f26dfcf8
[INFO] [stdout]                                at /rustc/df4ca44d3fbc9301ee17f30f4d474e6ae4b05252/library/std/src/panicking.rs:809:13
[INFO] [stdout]   14:     0x59ad069cd58b - std::panicking::begin_panic::{{closure}}::h56f9e1e121c8af77
[INFO] [stdout]                                at /rustc/df4ca44d3fbc9301ee17f30f4d474e6ae4b05252/library/std/src/panicking.rs:738:9
[INFO] [stdout]   15:     0x59ad069d2d56 - std::sys::backtrace::__rust_end_short_backtrace::he7c6a676eabc277e
[INFO] [stdout]                                at /rustc/df4ca44d3fbc9301ee17f30f4d474e6ae4b05252/library/std/src/sys/backtrace.rs:170:18
[INFO] [stdout]   16:     0x59ad069cd527 - std::panicking::begin_panic::h169b12c6db0c771d
[INFO] [stdout]                                at /rustc/df4ca44d3fbc9301ee17f30f4d474e6ae4b05252/library/std/src/panicking.rs:737:5
[INFO] [stdout]   17:     0x59ad069a545e - quickcheck::tester::QuickCheck<G>::quickcheck::h86066425f03cb86d
[INFO] [stdout]                                at /opt/rustwide/cargo-home/registry/src/index.crates.io-6f17d22bba15001f/quickcheck-0.6.2/src/tester.rs:179:28
[INFO] [stdout]   18:     0x59ad069a2e75 - quickcheck::tester::quickcheck::h4747051657206c98
[INFO] [stdout]                                at /opt/rustwide/cargo-home/registry/src/index.crates.io-6f17d22bba15001f/quickcheck-0.6.2/src/tester.rs:196:40
[INFO] [stdout]   19:     0x59ad069d220d - aisd::map::bst::tests::del_ins::h2b99b86ac62dbcd7
[INFO] [stdout]                                at /opt/rustwide/cargo-home/registry/src/index.crates.io-6f17d22bba15001f/quickcheck-0.6.2/src/lib.rs:66:21
[INFO] [stdout]   20:     0x59ad069d21e7 - aisd::map::bst::tests::del_ins::{{closure}}::h016d64a26ddc0f86
[INFO] [stdout]                                at /opt/rustwide/cargo-home/registry/src/index.crates.io-6f17d22bba15001f/quickcheck-0.6.2/src/lib.rs:62:30
[INFO] [stdout]   21:     0x59ad069da0b6 - core::ops::function::FnOnce::call_once::he56c784c5b7eacb4
[INFO] [stdout]                                at /rustc/df4ca44d3fbc9301ee17f30f4d474e6ae4b05252/library/core/src/ops/function.rs:250:5
[INFO] [stdout]   22:     0x59ad06a24d8b - core::ops::function::FnOnce::call_once::h22c3ba5715e93f05
[INFO] [stdout]                                at /rustc/df4ca44d3fbc9301ee17f30f4d474e6ae4b05252/library/core/src/ops/function.rs:250:5
[INFO] [stdout]   23:     0x59ad06a24d8b - test::__rust_begin_short_backtrace::h8e82d8113d0da17f
[INFO] [stdout]                                at /rustc/df4ca44d3fbc9301ee17f30f4d474e6ae4b05252/library/test/src/lib.rs:621:18
[INFO] [stdout]   24:     0x59ad06a24707 - test::run_test_in_process::{{closure}}::h33235f4f20b7b7c7
[INFO] [stdout]                                at /rustc/df4ca44d3fbc9301ee17f30f4d474e6ae4b05252/library/test/src/lib.rs:644:60
[INFO] [stdout]   25:     0x59ad06a24707 - <core::panic::unwind_safe::AssertUnwindSafe<F> as core::ops::function::FnOnce<()>>::call_once::hb5043206310c586f
[INFO] [stdout]                                at /rustc/df4ca44d3fbc9301ee17f30f4d474e6ae4b05252/library/core/src/panic/unwind_safe.rs:272:9
[INFO] [stdout]   26:     0x59ad06a24707 - std::panicking::try::do_call::h9ad4731a60ab23e2
[INFO] [stdout]                                at /rustc/df4ca44d3fbc9301ee17f30f4d474e6ae4b05252/library/std/src/panicking.rs:557:40
[INFO] [stdout]   27:     0x59ad06a24707 - std::panicking::try::h3824d23db772a716
[INFO] [stdout]                                at /rustc/df4ca44d3fbc9301ee17f30f4d474e6ae4b05252/library/std/src/panicking.rs:520:19
[INFO] [stdout]   28:     0x59ad06a24707 - std::panic::catch_unwind::h5afd514605fde46b
[INFO] [stdout]                                at /rustc/df4ca44d3fbc9301ee17f30f4d474e6ae4b05252/library/std/src/panic.rs:358:14
[INFO] [stdout]   29:     0x59ad06a24707 - test::run_test_in_process::h0d5cbfa7067d1720
[INFO] [stdout]                                at /rustc/df4ca44d3fbc9301ee17f30f4d474e6ae4b05252/library/test/src/lib.rs:644:27
[INFO] [stdout]   30:     0x59ad06a24707 - test::run_test::{{closure}}::h708eb8872708115d
[INFO] [stdout]                                at /rustc/df4ca44d3fbc9301ee17f30f4d474e6ae4b05252/library/test/src/lib.rs:565:43
[INFO] [stdout]   31:     0x59ad069e7e24 - test::run_test::{{closure}}::h392c51cee94713ab
[INFO] [stdout]                                at /rustc/df4ca44d3fbc9301ee17f30f4d474e6ae4b05252/library/test/src/lib.rs:595:41
[INFO] [stdout]   32:     0x59ad069e7e24 - std::sys::backtrace::__rust_begin_short_backtrace::h2f40290710935a8b
[INFO] [stdout]                                at /rustc/df4ca44d3fbc9301ee17f30f4d474e6ae4b05252/library/std/src/sys/backtrace.rs:154:18
[INFO] [stdout]   33:     0x59ad069eb5ce - std::thread::Builder::spawn_unchecked_::{{closure}}::{{closure}}::h3fd968d89053a903
[INFO] [stdout]                                at /rustc/df4ca44d3fbc9301ee17f30f4d474e6ae4b05252/library/std/src/thread/mod.rs:541:17
[INFO] [stdout]   34:     0x59ad069eb5ce - <core::panic::unwind_safe::AssertUnwindSafe<F> as core::ops::function::FnOnce<()>>::call_once::h743f637ba4229880
[INFO] [stdout]                                at /rustc/df4ca44d3fbc9301ee17f30f4d474e6ae4b05252/library/core/src/panic/unwind_safe.rs:272:9
[INFO] [stdout]   35:     0x59ad069eb5ce - std::panicking::try::do_call::h07440897322525a6
[INFO] [stdout]                                at /rustc/df4ca44d3fbc9301ee17f30f4d474e6ae4b05252/library/std/src/panicking.rs:557:40
[INFO] [stdout]   36:     0x59ad069eb5ce - std::panicking::try::he5a2e00188156637
[INFO] [stdout]                                at /rustc/df4ca44d3fbc9301ee17f30f4d474e6ae4b05252/library/std/src/panicking.rs:520:19
[INFO] [stdout]   37:     0x59ad069eb5ce - std::panic::catch_unwind::hbaf3cae49b3c6433
[INFO] [stdout]                                at /rustc/df4ca44d3fbc9301ee17f30f4d474e6ae4b05252/library/std/src/panic.rs:358:14
[INFO] [stdout]   38:     0x59ad069eb5ce - std::thread::Builder::spawn_unchecked_::{{closure}}::h8e141ea224820bce
[INFO] [stdout]                                at /rustc/df4ca44d3fbc9301ee17f30f4d474e6ae4b05252/library/std/src/thread/mod.rs:540:30
[INFO] [stdout]   39:     0x59ad069eb5ce - core::ops::function::FnOnce::call_once{{vtable.shim}}::h90d312fedd7b8ea8
[INFO] [stdout]                                at /rustc/df4ca44d3fbc9301ee17f30f4d474e6ae4b05252/library/core/src/ops/function.rs:250:5
[INFO] [stdout]   40:     0x59ad06b96e5b - <alloc::boxed::Box<F,A> as core::ops::function::FnOnce<Args>>::call_once::h69aa08ddb6adb8b6
[INFO] [stdout]                                at /rustc/df4ca44d3fbc9301ee17f30f4d474e6ae4b05252/library/alloc/src/boxed.rs:2454:9
[INFO] [stdout]   41:     0x59ad06b96e5b - <alloc::boxed::Box<F,A> as core::ops::function::FnOnce<Args>>::call_once::h5aa36efdb79c806f
[INFO] [stdout]                                at /rustc/df4ca44d3fbc9301ee17f30f4d474e6ae4b05252/library/alloc/src/boxed.rs:2454:9
[INFO] [stdout]   42:     0x59ad06b96e5b - std::sys::pal::unix::thread::Thread::new::thread_start::h6cd80a1b4be5158d
[INFO] [stdout]                                at /rustc/df4ca44d3fbc9301ee17f30f4d474e6ae4b05252/library/std/src/sys/pal/unix/thread.rs:105:17
[INFO] [stdout]   43:     0x7fc581f1fac3 - <unknown>
[INFO] [stdout]   44:     0x7fc581fb0a04 - clone
[INFO] [stdout]   45:                0x0 - <unknown>
[INFO] [stdout] 
[INFO] [stdout] ---- map::bst::tests::find_is_del stdout ----
[INFO] [stdout] thread 'map::bst::tests::find_is_del' panicked at /opt/rustwide/cargo-home/registry/src/index.crates.io-6f17d22bba15001f/quickcheck-0.6.2/src/tester.rs:179:28:
[INFO] [stdout] [quickcheck] TEST FAILED. Arguments: (N(9, 73, E, N(92, 35, N(16, 7, E, N(51, 42, E, E)), E)), 0)
[INFO] [stdout] stack backtrace:
[INFO] [stdout]    0:     0x59ad06b914ca - std::backtrace_rs::backtrace::libunwind::trace::h207520d6e9873551
[INFO] [stdout]                                at /rustc/df4ca44d3fbc9301ee17f30f4d474e6ae4b05252/library/std/src/../../backtrace/src/backtrace/libunwind.rs:116:5
[INFO] [stdout]    1:     0x59ad06b914ca - std::backtrace_rs::backtrace::trace_unsynchronized::h2ed7433f370e3eca
[INFO] [stdout]                                at /rustc/df4ca44d3fbc9301ee17f30f4d474e6ae4b05252/library/std/src/../../backtrace/src/backtrace/mod.rs:66:5
[INFO] [stdout]    2:     0x59ad06b914ca - std::sys::backtrace::_print_fmt::h916fac51166b18d7
[INFO] [stdout]                                at /rustc/df4ca44d3fbc9301ee17f30f4d474e6ae4b05252/library/std/src/sys/backtrace.rs:66:9
[INFO] [stdout]    3:     0x59ad06b914ca - <std::sys::backtrace::BacktraceLock::print::DisplayBacktrace as core::fmt::Display>::fmt::ha0a4c9b8ce3802e6
[INFO] [stdout]                                at /rustc/df4ca44d3fbc9301ee17f30f4d474e6ae4b05252/library/std/src/sys/backtrace.rs:39:26
[INFO] [stdout]    4:     0x59ad06bb8173 - core::fmt::rt::Argument::fmt::h4cfc8587d52b3eb5
[INFO] [stdout]                                at /rustc/df4ca44d3fbc9301ee17f30f4d474e6ae4b05252/library/core/src/fmt/rt.rs:177:76
[INFO] [stdout]    5:     0x59ad06bb8173 - core::fmt::write::h522cc39e5b36ae9f
[INFO] [stdout]                                at /rustc/df4ca44d3fbc9301ee17f30f4d474e6ae4b05252/library/core/src/fmt/mod.rs:1190:21
[INFO] [stdout]    6:     0x59ad06b8e133 - std::io::Write::write_fmt::h7d3c26752da97734
[INFO] [stdout]                                at /rustc/df4ca44d3fbc9301ee17f30f4d474e6ae4b05252/library/std/src/io/mod.rs:1839:15
[INFO] [stdout]    7:     0x59ad06b91312 - std::sys::backtrace::BacktraceLock::print::h4b9e00b29e9c0942
[INFO] [stdout]                                at /rustc/df4ca44d3fbc9301ee17f30f4d474e6ae4b05252/library/std/src/sys/backtrace.rs:42:9
[INFO] [stdout]    8:     0x59ad06b9295a - std::panicking::default_hook::{{closure}}::hb59b88280d0324d9
[INFO] [stdout]                                at /rustc/df4ca44d3fbc9301ee17f30f4d474e6ae4b05252/library/std/src/panicking.rs:268:22
[INFO] [stdout]    9:     0x59ad06b92764 - std::panicking::default_hook::he1dd496665be4a29
[INFO] [stdout]                                at /rustc/df4ca44d3fbc9301ee17f30f4d474e6ae4b05252/library/std/src/panicking.rs:292:9
[INFO] [stdout]   10:     0x59ad06a204b9 - <alloc::boxed::Box<F,A> as core::ops::function::Fn<Args>>::call::h4ff71de18744e1dc
[INFO] [stdout]                                at /rustc/df4ca44d3fbc9301ee17f30f4d474e6ae4b05252/library/alloc/src/boxed.rs:2468:9
[INFO] [stdout]   11:     0x59ad06a204b9 - test::test_main::{{closure}}::hcf7c055ce117aa81
[INFO] [stdout]                                at /rustc/df4ca44d3fbc9301ee17f30f4d474e6ae4b05252/library/test/src/lib.rs:133:21
[INFO] [stdout]   12:     0x59ad06b93058 - <alloc::boxed::Box<F,A> as core::ops::function::Fn<Args>>::call::h1d66c6bbd60c9692
[INFO] [stdout]                                at /rustc/df4ca44d3fbc9301ee17f30f4d474e6ae4b05252/library/alloc/src/boxed.rs:2468:9
[INFO] [stdout]   13:     0x59ad06b93058 - std::panicking::rust_panic_with_hook::h2ff17fe8f26dfcf8
[INFO] [stdout]                                at /rustc/df4ca44d3fbc9301ee17f30f4d474e6ae4b05252/library/std/src/panicking.rs:809:13
[INFO] [stdout]   14:     0x59ad069cd58b - std::panicking::begin_panic::{{closure}}::h56f9e1e121c8af77
[INFO] [stdout]                                at /rustc/df4ca44d3fbc9301ee17f30f4d474e6ae4b05252/library/std/src/panicking.rs:738:9
[INFO] [stdout]   15:     0x59ad069d2d56 - std::sys::backtrace::__rust_end_short_backtrace::he7c6a676eabc277e
[INFO] [stdout]                                at /rustc/df4ca44d3fbc9301ee17f30f4d474e6ae4b05252/library/std/src/sys/backtrace.rs:170:18
[INFO] [stdout]   16:     0x59ad069cd527 - std::panicking::begin_panic::h169b12c6db0c771d
[INFO] [stdout]                                at /rustc/df4ca44d3fbc9301ee17f30f4d474e6ae4b05252/library/std/src/panicking.rs:737:5
[INFO] [stdout]   17:     0x59ad069a4d5e - quickcheck::tester::QuickCheck<G>::quickcheck::h7efadf2b5f1b9ed3
[INFO] [stdout]                                at /opt/rustwide/cargo-home/registry/src/index.crates.io-6f17d22bba15001f/quickcheck-0.6.2/src/tester.rs:179:28
[INFO] [stdout]   18:     0x59ad069a3415 - quickcheck::tester::quickcheck::he8f710eb3a2ea2ab
[INFO] [stdout]                                at /opt/rustwide/cargo-home/registry/src/index.crates.io-6f17d22bba15001f/quickcheck-0.6.2/src/tester.rs:196:40
[INFO] [stdout]   19:     0x59ad069d236d - aisd::map::bst::tests::find_is_del::hb03099c4acf09f46
[INFO] [stdout]                                at /opt/rustwide/cargo-home/registry/src/index.crates.io-6f17d22bba15001f/quickcheck-0.6.2/src/lib.rs:66:21
[INFO] [stdout]   20:     0x59ad069d2347 - aisd::map::bst::tests::find_is_del::{{closure}}::h942a4d9f041fd700
[INFO] [stdout]                                at /opt/rustwide/cargo-home/registry/src/index.crates.io-6f17d22bba15001f/quickcheck-0.6.2/src/lib.rs:62:30
[INFO] [stdout]   21:     0x59ad069da266 - core::ops::function::FnOnce::call_once::hf882c9263fc9564d
[INFO] [stdout]                                at /rustc/df4ca44d3fbc9301ee17f30f4d474e6ae4b05252/library/core/src/ops/function.rs:250:5
[INFO] [stdout]   22:     0x59ad06a24d8b - core::ops::function::FnOnce::call_once::h22c3ba5715e93f05
[INFO] [stdout]                                at /rustc/df4ca44d3fbc9301ee17f30f4d474e6ae4b05252/library/core/src/ops/function.rs:250:5
[INFO] [stdout]   23:     0x59ad06a24d8b - test::__rust_begin_short_backtrace::h8e82d8113d0da17f
[INFO] [stdout]                                at /rustc/df4ca44d3fbc9301ee17f30f4d474e6ae4b05252/library/test/src/lib.rs:621:18
[INFO] [stdout]   24:     0x59ad06a24707 - test::run_test_in_process::{{closure}}::h33235f4f20b7b7c7
[INFO] [stdout]                                at /rustc/df4ca44d3fbc9301ee17f30f4d474e6ae4b05252/library/test/src/lib.rs:644:60
[INFO] [stdout]   25:     0x59ad06a24707 - <core::panic::unwind_safe::AssertUnwindSafe<F> as core::ops::function::FnOnce<()>>::call_once::hb5043206310c586f
[INFO] [stdout]                                at /rustc/df4ca44d3fbc9301ee17f30f4d474e6ae4b05252/library/core/src/panic/unwind_safe.rs:272:9
[INFO] [stdout]   26:     0x59ad06a24707 - std::panicking::try::do_call::h9ad4731a60ab23e2
[INFO] [stdout]                                at /rustc/df4ca44d3fbc9301ee17f30f4d474e6ae4b05252/library/std/src/panicking.rs:557:40
[INFO] [stdout]   27:     0x59ad06a24707 - std::panicking::try::h3824d23db772a716
[INFO] [stdout]                                at /rustc/df4ca44d3fbc9301ee17f30f4d474e6ae4b05252/library/std/src/panicking.rs:520:19
[INFO] [stdout]   28:     0x59ad06a24707 - std::panic::catch_unwind::h5afd514605fde46b
[INFO] [stdout]                                at /rustc/df4ca44d3fbc9301ee17f30f4d474e6ae4b05252/library/std/src/panic.rs:358:14
[INFO] [stdout]   29:     0x59ad06a24707 - test::run_test_in_process::h0d5cbfa7067d1720
[INFO] [stdout]                                at /rustc/df4ca44d3fbc9301ee17f30f4d474e6ae4b05252/library/test/src/lib.rs:644:27
[INFO] [stdout]   30:     0x59ad06a24707 - test::run_test::{{closure}}::h708eb8872708115d
[INFO] [stdout]                                at /rustc/df4ca44d3fbc9301ee17f30f4d474e6ae4b05252/library/test/src/lib.rs:565:43
[INFO] [stdout]   31:     0x59ad069e7e24 - test::run_test::{{closure}}::h392c51cee94713ab
[INFO] [stdout]                                at /rustc/df4ca44d3fbc9301ee17f30f4d474e6ae4b05252/library/test/src/lib.rs:595:41
[INFO] [stdout]   32:     0x59ad069e7e24 - std::sys::backtrace::__rust_begin_short_backtrace::h2f40290710935a8b
[INFO] [stdout]                                at /rustc/df4ca44d3fbc9301ee17f30f4d474e6ae4b05252/library/std/src/sys/backtrace.rs:154:18
[INFO] [stdout]   33:     0x59ad069eb5ce - std::thread::Builder::spawn_unchecked_::{{closure}}::{{closure}}::h3fd968d89053a903
[INFO] [stdout]                                at /rustc/df4ca44d3fbc9301ee17f30f4d474e6ae4b05252/library/std/src/thread/mod.rs:541:17
[INFO] [stdout]   34:     0x59ad069eb5ce - <core::panic::unwind_safe::AssertUnwindSafe<F> as core::ops::function::FnOnce<()>>::call_once::h743f637ba4229880
[INFO] [stdout]                                at /rustc/df4ca44d3fbc9301ee17f30f4d474e6ae4b05252/library/core/src/panic/unwind_safe.rs:272:9
[INFO] [stdout]   35:     0x59ad069eb5ce - std::panicking::try::do_call::h07440897322525a6
[INFO] [stdout]                                at /rustc/df4ca44d3fbc9301ee17f30f4d474e6ae4b05252/library/std/src/panicking.rs:557:40
[INFO] [stdout]   36:     0x59ad069eb5ce - std::panicking::try::he5a2e00188156637
[INFO] [stdout]                                at /rustc/df4ca44d3fbc9301ee17f30f4d474e6ae4b05252/library/std/src/panicking.rs:520:19
[INFO] [stdout]   37:     0x59ad069eb5ce - std::panic::catch_unwind::hbaf3cae49b3c6433
[INFO] [stdout]                                at /rustc/df4ca44d3fbc9301ee17f30f4d474e6ae4b05252/library/std/src/panic.rs:358:14
[INFO] [stdout]   38:     0x59ad069eb5ce - std::thread::Builder::spawn_unchecked_::{{closure}}::h8e141ea224820bce
[INFO] [stdout]                                at /rustc/df4ca44d3fbc9301ee17f30f4d474e6ae4b05252/library/std/src/thread/mod.rs:540:30
[INFO] [stdout]   39:     0x59ad069eb5ce - core::ops::function::FnOnce::call_once{{vtable.shim}}::h90d312fedd7b8ea8
[INFO] [stdout]                                at /rustc/df4ca44d3fbc9301ee17f30f4d474e6ae4b05252/library/core/src/ops/function.rs:250:5
[INFO] [stdout]   40:     0x59ad06b96e5b - <alloc::boxed::Box<F,A> as core::ops::function::FnOnce<Args>>::call_once::h69aa08ddb6adb8b6
[INFO] [stdout]                                at /rustc/df4ca44d3fbc9301ee17f30f4d474e6ae4b05252/library/alloc/src/boxed.rs:2454:9
[INFO] [stdout]   41:     0x59ad06b96e5b - <alloc::boxed::Box<F,A> as core::ops::function::FnOnce<Args>>::call_once::h5aa36efdb79c806f
[INFO] [stdout]                                at /rustc/df4ca44d3fbc9301ee17f30f4d474e6ae4b05252/library/alloc/src/boxed.rs:2454:9
[INFO] [stdout]   42:     0x59ad06b96e5b - std::sys::pal::unix::thread::Thread::new::thread_start::h6cd80a1b4be5158d
[INFO] [stdout]                                at /rustc/df4ca44d3fbc9301ee17f30f4d474e6ae4b05252/library/std/src/sys/pal/unix/thread.rs:105:17
[INFO] [stdout]   43:     0x7fc581f1fac3 - <unknown>
[INFO] [stdout]   44:     0x7fc581fb0a04 - clone
[INFO] [stdout]   45:                0x0 - <unknown>
[INFO] [stdout] 
[INFO] [stdout] ---- map::bst::tests::find_del stdout ----
[INFO] [stdout] thread 'map::bst::tests::find_del' panicked at /opt/rustwide/cargo-home/registry/src/index.crates.io-6f17d22bba15001f/quickcheck-0.6.2/src/tester.rs:179:28:
[INFO] [stdout] [quickcheck] TEST FAILED. Arguments: (N(41, 62, N(38, 38, N(23, 7, N(22, 68, N(11, 38, N(3, 7, N(1, 24, E, N(2, 20, E, E)), N(8, 73, N(5, 18, N(4, 73, E, E), E), E)), N(20, 13, N(13, 83, N(12, 30, E, E), N(15, 37, E, E)), E)), E), N(29, 20, N(25, 61, N(24, 29, E, E), N(26, 38, E, E)), N(30, 81, E, N(37, 27, N(35, 68, N(31, 62, E, E), E), E)))), E), N(78, 19, N(54, 47, N(46, 58, N(43, 24, E, N(44, 61, E, E)), N(49, 31, E, N(50, 25, E, E))), N(63, 68, N(56, 21, N(55, 33, E, E), N(59, 80, E, N(62, 32, N(60, 68, E, N(61, 40, E, E)), E))), N(65, 63, N(64, 47, E, E), N(76, 9, N(75, 68, N(73, 51, N(67, 28, E, N(69, 54, N(68, 46, E, E), N(72, 33, N(70, 85, E, E), E))), N(74, 5, E, E)), E), E)))), N(93, 32, N(90, 29, N(85, 79, N(81, 26, E, N(82, 74, E, N(84, 59, E, E))), N(89, 58, N(87, 73, N(86, 63, E, E), N(88, 40, E, E)), E)), N(91, 49, E, N(92, 90, E, E))), N(94, 51, E, N(96, 7, N(95, 17, E, E), N(99, 89, E, E)))))), 11)
[INFO] [stdout] stack backtrace:
[INFO] [stdout]    0:     0x59ad06b914ca - std::backtrace_rs::backtrace::libunwind::trace::h207520d6e9873551
[INFO] [stdout]                                at /rustc/df4ca44d3fbc9301ee17f30f4d474e6ae4b05252/library/std/src/../../backtrace/src/backtrace/libunwind.rs:116:5
[INFO] [stdout]    1:     0x59ad06b914ca - std::backtrace_rs::backtrace::trace_unsynchronized::h2ed7433f370e3eca
[INFO] [stdout]                                at /rustc/df4ca44d3fbc9301ee17f30f4d474e6ae4b05252/library/std/src/../../backtrace/src/backtrace/mod.rs:66:5
[INFO] [stdout]    2:     0x59ad06b914ca - std::sys::backtrace::_print_fmt::h916fac51166b18d7
[INFO] [stdout]                                at /rustc/df4ca44d3fbc9301ee17f30f4d474e6ae4b05252/library/std/src/sys/backtrace.rs:66:9
[INFO] [stdout]    3:     0x59ad06b914ca - <std::sys::backtrace::BacktraceLock::print::DisplayBacktrace as core::fmt::Display>::fmt::ha0a4c9b8ce3802e6
[INFO] [stdout]                                at /rustc/df4ca44d3fbc9301ee17f30f4d474e6ae4b05252/library/std/src/sys/backtrace.rs:39:26
[INFO] [stdout]    4:     0x59ad06bb8173 - core::fmt::rt::Argument::fmt::h4cfc8587d52b3eb5
[INFO] [stdout]                                at /rustc/df4ca44d3fbc9301ee17f30f4d474e6ae4b05252/library/core/src/fmt/rt.rs:177:76
[INFO] [stdout]    5:     0x59ad06bb8173 - core::fmt::write::h522cc39e5b36ae9f
[INFO] [stdout]                                at /rustc/df4ca44d3fbc9301ee17f30f4d474e6ae4b05252/library/core/src/fmt/mod.rs:1190:21
[INFO] [stdout]    6:     0x59ad06b8e133 - std::io::Write::write_fmt::h7d3c26752da97734
[INFO] [stdout]                                at /rustc/df4ca44d3fbc9301ee17f30f4d474e6ae4b05252/library/std/src/io/mod.rs:1839:15
[INFO] [stdout]    7:     0x59ad06b91312 - std::sys::backtrace::BacktraceLock::print::h4b9e00b29e9c0942
[INFO] [stdout]                                at /rustc/df4ca44d3fbc9301ee17f30f4d474e6ae4b05252/library/std/src/sys/backtrace.rs:42:9
[INFO] [stdout]    8:     0x59ad06b9295a - std::panicking::default_hook::{{closure}}::hb59b88280d0324d9
[INFO] [stdout]                                at /rustc/df4ca44d3fbc9301ee17f30f4d474e6ae4b05252/library/std/src/panicking.rs:268:22
[INFO] [stdout]    9:     0x59ad06b92764 - std::panicking::default_hook::he1dd496665be4a29
[INFO] [stdout]                                at /rustc/df4ca44d3fbc9301ee17f30f4d474e6ae4b05252/library/std/src/panicking.rs:292:9
[INFO] [stdout]   10:     0x59ad06a204b9 - <alloc::boxed::Box<F,A> as core::ops::function::Fn<Args>>::call::h4ff71de18744e1dc
[INFO] [stdout]                                at /rustc/df4ca44d3fbc9301ee17f30f4d474e6ae4b05252/library/alloc/src/boxed.rs:2468:9
[INFO] [stdout]   11:     0x59ad06a204b9 - test::test_main::{{closure}}::hcf7c055ce117aa81
[INFO] [stdout]                                at /rustc/df4ca44d3fbc9301ee17f30f4d474e6ae4b05252/library/test/src/lib.rs:133:21
[INFO] [stdout]   12:     0x59ad06b93058 - <alloc::boxed::Box<F,A> as core::ops::function::Fn<Args>>::call::h1d66c6bbd60c9692
[INFO] [stdout]                                at /rustc/df4ca44d3fbc9301ee17f30f4d474e6ae4b05252/library/alloc/src/boxed.rs:2468:9
[INFO] [stdout]   13:     0x59ad06b93058 - std::panicking::rust_panic_with_hook::h2ff17fe8f26dfcf8
[INFO] [stdout]                                at /rustc/df4ca44d3fbc9301ee17f30f4d474e6ae4b05252/library/std/src/panicking.rs:809:13
[INFO] [stdout]   14:     0x59ad069cd58b - std::panicking::begin_panic::{{closure}}::h56f9e1e121c8af77
[INFO] [stdout]                                at /rustc/df4ca44d3fbc9301ee17f30f4d474e6ae4b05252/library/std/src/panicking.rs:738:9
[INFO] [stdout]   15:     0x59ad069d2d56 - std::sys::backtrace::__rust_end_short_backtrace::he7c6a676eabc277e
[INFO] [stdout]                                at /rustc/df4ca44d3fbc9301ee17f30f4d474e6ae4b05252/library/std/src/sys/backtrace.rs:170:18
[INFO] [stdout]   16:     0x59ad069cd527 - std::panicking::begin_panic::h169b12c6db0c771d
[INFO] [stdout]                                at /rustc/df4ca44d3fbc9301ee17f30f4d474e6ae4b05252/library/std/src/panicking.rs:737:5
[INFO] [stdout]   17:     0x59ad069a4d5e - quickcheck::tester::QuickCheck<G>::quickcheck::h7efadf2b5f1b9ed3
[INFO] [stdout]                                at /opt/rustwide/cargo-home/registry/src/index.crates.io-6f17d22bba15001f/quickcheck-0.6.2/src/tester.rs:179:28
[INFO] [stdout]   18:     0x59ad069a3415 - quickcheck::tester::quickcheck::he8f710eb3a2ea2ab
[INFO] [stdout]                                at /opt/rustwide/cargo-home/registry/src/index.crates.io-6f17d22bba15001f/quickcheck-0.6.2/src/tester.rs:196:40
[INFO] [stdout]   19:     0x59ad069d255d - aisd::map::bst::tests::find_del::h40d8d06e1f893bb6
[INFO] [stdout]                                at /opt/rustwide/cargo-home/registry/src/index.crates.io-6f17d22bba15001f/quickcheck-0.6.2/src/lib.rs:66:21
[INFO] [stdout]   20:     0x59ad069d2537 - aisd::map::bst::tests::find_del::{{closure}}::hd555dd322b7baf64
[INFO] [stdout]                                at /opt/rustwide/cargo-home/registry/src/index.crates.io-6f17d22bba15001f/quickcheck-0.6.2/src/lib.rs:62:30
[INFO] [stdout]   21:     0x59ad069da036 - core::ops::function::FnOnce::call_once::hde9e0d0804a34e69
[INFO] [stdout]                                at /rustc/df4ca44d3fbc9301ee17f30f4d474e6ae4b05252/library/core/src/ops/function.rs:250:5
[INFO] [stdout]   22:     0x59ad06a24d8b - core::ops::function::FnOnce::call_once::h22c3ba5715e93f05
[INFO] [stdout]                                at /rustc/df4ca44d3fbc9301ee17f30f4d474e6ae4b05252/library/core/src/ops/function.rs:250:5
[INFO] [stdout]   23:     0x59ad06a24d8b - test::__rust_begin_short_backtrace::h8e82d8113d0da17f
[INFO] [stdout]                                at /rustc/df4ca44d3fbc9301ee17f30f4d474e6ae4b05252/library/test/src/lib.rs:621:18
[INFO] [stdout]   24:     0x59ad06a24707 - test::run_test_in_process::{{closure}}::h33235f4f20b7b7c7
[INFO] [stdout]                                at /rustc/df4ca44d3fbc9301ee17f30f4d474e6ae4b05252/library/test/src/lib.rs:644:60
[INFO] [stdout]   25:     0x59ad06a24707 - <core::panic::unwind_safe::AssertUnwindSafe<F> as core::ops::function::FnOnce<()>>::call_once::hb5043206310c586f
[INFO] [stdout]                                at /rustc/df4ca44d3fbc9301ee17f30f4d474e6ae4b05252/library/core/src/panic/unwind_safe.rs:272:9
[INFO] [stdout]   26:     0x59ad06a24707 - std::panicking::try::do_call::h9ad4731a60ab23e2
[INFO] [stdout]                                at /rustc/df4ca44d3fbc9301ee17f30f4d474e6ae4b05252/library/std/src/panicking.rs:557:40
[INFO] [stdout]   27:     0x59ad06a24707 - std::panicking::try::h3824d23db772a716
[INFO] [stdout]                                at /rustc/df4ca44d3fbc9301ee17f30f4d474e6ae4b05252/library/std/src/panicking.rs:520:19
[INFO] [stdout]   28:     0x59ad06a24707 - std::panic::catch_unwind::h5afd514605fde46b
[INFO] [stdout]                                at /rustc/df4ca44d3fbc9301ee17f30f4d474e6ae4b05252/library/std/src/panic.rs:358:14
[INFO] [stdout]   29:     0x59ad06a24707 - test::run_test_in_process::h0d5cbfa7067d1720
[INFO] [stdout]                                at /rustc/df4ca44d3fbc9301ee17f30f4d474e6ae4b05252/library/test/src/lib.rs:644:27
[INFO] [stdout]   30:     0x59ad06a24707 - test::run_test::{{closure}}::h708eb8872708115d
[INFO] [stdout]                                at /rustc/df4ca44d3fbc9301ee17f30f4d474e6ae4b05252/library/test/src/lib.rs:565:43
[INFO] [stdout]   31:     0x59ad069e7e24 - test::run_test::{{closure}}::h392c51cee94713ab
[INFO] [stdout]                                at /rustc/df4ca44d3fbc9301ee17f30f4d474e6ae4b05252/library/test/src/lib.rs:595:41
[INFO] [stdout]   32:     0x59ad069e7e24 - std::sys::backtrace::__rust_begin_short_backtrace::h2f40290710935a8b
[INFO] [stdout]                                at /rustc/df4ca44d3fbc9301ee17f30f4d474e6ae4b05252/library/std/src/sys/backtrace.rs:154:18
[INFO] [stdout]   33:     0x59ad069eb5ce - std::thread::Builder::spawn_unchecked_::{{closure}}::{{closure}}::h3fd968d89053a903
[INFO] [stdout]                                at /rustc/df4ca44d3fbc9301ee17f30f4d474e6ae4b05252/library/std/src/thread/mod.rs:541:17
[INFO] [stdout]   34:     0x59ad069eb5ce - <core::panic::unwind_safe::AssertUnwindSafe<F> as core::ops::function::FnOnce<()>>::call_once::h743f637ba4229880
[INFO] [stdout]                                at /rustc/df4ca44d3fbc9301ee17f30f4d474e6ae4b05252/library/core/src/panic/unwind_safe.rs:272:9
[INFO] [stdout]   35:     0x59ad069eb5ce - std::panicking::try::do_call::h07440897322525a6
[INFO] [stdout]                                at /rustc/df4ca44d3fbc9301ee17f30f4d474e6ae4b05252/library/std/src/panicking.rs:557:40
[INFO] [stdout]   36:     0x59ad069eb5ce - std::panicking::try::he5a2e00188156637
[INFO] [stdout]                                at /rustc/df4ca44d3fbc9301ee17f30f4d474e6ae4b05252/library/std/src/panicking.rs:520:19
[INFO] [stdout]   37:     0x59ad069eb5ce - std::panic::catch_unwind::hbaf3cae49b3c6433
[INFO] [stdout]                                at /rustc/df4ca44d3fbc9301ee17f30f4d474e6ae4b05252/library/std/src/panic.rs:358:14
[INFO] [stdout]   38:     0x59ad069eb5ce - std::thread::Builder::spawn_unchecked_::{{closure}}::h8e141ea224820bce
[INFO] [stdout]                                at /rustc/df4ca44d3fbc9301ee17f30f4d474e6ae4b05252/library/std/src/thread/mod.rs:540:30
[INFO] [stdout]   39:     0x59ad069eb5ce - core::ops::function::FnOnce::call_once{{vtable.shim}}::h90d312fedd7b8ea8
[INFO] [stdout]                                at /rustc/df4ca44d3fbc9301ee17f30f4d474e6ae4b05252/library/core/src/ops/function.rs:250:5
[INFO] [stdout]   40:     0x59ad06b96e5b - <alloc::boxed::Box<F,A> as core::ops::function::FnOnce<Args>>::call_once::h69aa08ddb6adb8b6
[INFO] [stdout]                                at /rustc/df4ca44d3fbc9301ee17f30f4d474e6ae4b05252/library/alloc/src/boxed.rs:2454:9
[INFO] [stdout]   41:     0x59ad06b96e5b - <alloc::boxed::Box<F,A> as core::ops::function::FnOnce<Args>>::call_once::h5aa36efdb79c806f
[INFO] [stdout]                                at /rustc/df4ca44d3fbc9301ee17f30f4d474e6ae4b05252/library/alloc/src/boxed.rs:2454:9
[INFO] [stdout]   42:     0x59ad06b96e5b - std::sys::pal::unix::thread::Thread::new::thread_start::h6cd80a1b4be5158d
[INFO] [stdout]                                at /rustc/df4ca44d3fbc9301ee17f30f4d474e6ae4b05252/library/std/src/sys/pal/unix/thread.rs:105:17
[INFO] [stdout]   43:     0x7fc581f1fac3 - <unknown>
[INFO] [stdout]   44:     0x7fc581fb0a04 - clone
[INFO] [stdout]   45:                0x0 - <unknown>
[INFO] [stdout] 
[INFO] [stdout] 
[INFO] [stdout] failures:
[INFO] [stdout]     map::bst::tests::del_ins
[INFO] [stdout]     map::bst::tests::find_del
[INFO] [stdout]     map::bst::tests::find_is_del
[INFO] [stdout] 
[INFO] [stdout] test result: FAILED. 74 passed; 3 failed; 0 ignored; 0 measured; 0 filtered out; finished in 0.05s
[INFO] [stdout] 
[INFO] [stderr] error: test failed, to rerun pass `--lib`
[INFO] running `Command { std: "docker" "inspect" "60cb3551e35882e856dc4b5fbfd6083b936a5d948dfe75340af8554c1b48a8ca", kill_on_drop: false }`
[INFO] running `Command { std: "docker" "rm" "-f" "60cb3551e35882e856dc4b5fbfd6083b936a5d948dfe75340af8554c1b48a8ca", kill_on_drop: false }`
[INFO] [stdout] 60cb3551e35882e856dc4b5fbfd6083b936a5d948dfe75340af8554c1b48a8ca
