[INFO] cloning repository https://github.com/Xiao-VoV/MyLeetCode
[INFO] running `Command { std: "git" "-c" "credential.helper=" "-c" "credential.helper=/workspace/cargo-home/bin/git-credential-null" "clone" "--bare" "https://github.com/Xiao-VoV/MyLeetCode" "/workspace/cache/git-repos/https%3A%2F%2Fgithub.com%2FXiao-VoV%2FMyLeetCode", kill_on_drop: false }`
[INFO] [stderr] Cloning into bare repository '/workspace/cache/git-repos/https%3A%2F%2Fgithub.com%2FXiao-VoV%2FMyLeetCode'...
[INFO] running `Command { std: "git" "rev-parse" "HEAD", kill_on_drop: false }`
[INFO] [stdout] af54ed8db4cd05afee0e8569766b395345fa692f
[INFO] testing Xiao-VoV/MyLeetCode/af54ed8db4cd05afee0e8569766b395345fa692f against nightly-2024-10-28 for randomize-layout
[INFO] running `Command { std: "git" "clone" "/workspace/cache/git-repos/https%3A%2F%2Fgithub.com%2FXiao-VoV%2FMyLeetCode" "/workspace/builds/worker-2-tc1/source", kill_on_drop: false }`
[INFO] [stderr] Cloning into '/workspace/builds/worker-2-tc1/source'...
[INFO] [stderr] done.
[INFO] validating manifest of git repo https://github.com/Xiao-VoV/MyLeetCode on toolchain nightly-2024-10-28
[INFO] running `Command { std: CARGO_HOME="/workspace/cargo-home" RUSTUP_HOME="/workspace/rustup-home" "/workspace/cargo-home/bin/cargo" "+nightly-2024-10-28" "metadata" "--manifest-path" "Cargo.toml" "--no-deps", kill_on_drop: false }`
[INFO] started tweaking git repo https://github.com/Xiao-VoV/MyLeetCode
[INFO] finished tweaking git repo https://github.com/Xiao-VoV/MyLeetCode
[INFO] tweaked toml for git repo https://github.com/Xiao-VoV/MyLeetCode written to /workspace/builds/worker-2-tc1/source/Cargo.toml
[INFO] crate git repo https://github.com/Xiao-VoV/MyLeetCode already has a lockfile, it will not be regenerated
[INFO] running `Command { std: CARGO_HOME="/workspace/cargo-home" RUSTUP_HOME="/workspace/rustup-home" "/workspace/cargo-home/bin/cargo" "+nightly-2024-10-28" "fetch" "--manifest-path" "Cargo.toml", kill_on_drop: false }`
[INFO] running `Command { std: "docker" "create" "-v" "/var/lib/crater-agent-workspace/builds/worker-2-tc1/target:/opt/rustwide/target:rw,Z" "-v" "/var/lib/crater-agent-workspace/builds/worker-2-tc1/source:/opt/rustwide/workdir:ro,Z" "-v" "/var/lib/crater-agent-workspace/cargo-home:/opt/rustwide/cargo-home:ro,Z" "-v" "/var/lib/crater-agent-workspace/rustup-home:/opt/rustwide/rustup-home:ro,Z" "-e" "SOURCE_DIR=/opt/rustwide/workdir" "-e" "CARGO_TARGET_DIR=/opt/rustwide/target" "-e" "CARGO_HOME=/opt/rustwide/cargo-home" "-e" "RUSTUP_HOME=/opt/rustwide/rustup-home" "-w" "/opt/rustwide/workdir" "-m" "1610612736" "--user" "0:0" "--network" "none" "ghcr.io/rust-lang/crates-build-env/linux@sha256:4a844ea9eb2546a2d2c7022eacef16ef2e8229c7fbb2c7d4d55a9ceca922f72d" "/opt/rustwide/cargo-home/bin/cargo" "+nightly-2024-10-28" "metadata" "--no-deps" "--format-version=1", kill_on_drop: false }`
[INFO] [stdout] ca713c1f1cef2fb4c3dcd57ca6211655923cd1ab588c5e0cf23e42adba9074c0
[INFO] running `Command { std: "docker" "start" "-a" "ca713c1f1cef2fb4c3dcd57ca6211655923cd1ab588c5e0cf23e42adba9074c0", kill_on_drop: false }`
[INFO] running `Command { std: "docker" "inspect" "ca713c1f1cef2fb4c3dcd57ca6211655923cd1ab588c5e0cf23e42adba9074c0", kill_on_drop: false }`
[INFO] running `Command { std: "docker" "rm" "-f" "ca713c1f1cef2fb4c3dcd57ca6211655923cd1ab588c5e0cf23e42adba9074c0", kill_on_drop: false }`
[INFO] [stdout] ca713c1f1cef2fb4c3dcd57ca6211655923cd1ab588c5e0cf23e42adba9074c0
[INFO] running `Command { std: "docker" "create" "-v" "/var/lib/crater-agent-workspace/builds/worker-2-tc1/target:/opt/rustwide/target:rw,Z" "-v" "/var/lib/crater-agent-workspace/builds/worker-2-tc1/source:/opt/rustwide/workdir:ro,Z" "-v" "/var/lib/crater-agent-workspace/cargo-home:/opt/rustwide/cargo-home:ro,Z" "-v" "/var/lib/crater-agent-workspace/rustup-home:/opt/rustwide/rustup-home:ro,Z" "-e" "SOURCE_DIR=/opt/rustwide/workdir" "-e" "CARGO_TARGET_DIR=/opt/rustwide/target" "-e" "CARGO_INCREMENTAL=0" "-e" "RUST_BACKTRACE=full" "-e" "RUSTFLAGS=--cap-lints=forbid" "-e" "RUSTDOCFLAGS=--cap-lints=forbid" "-e" "CARGO_HOME=/opt/rustwide/cargo-home" "-e" "RUSTUP_HOME=/opt/rustwide/rustup-home" "-w" "/opt/rustwide/workdir" "-m" "1610612736" "--user" "0:0" "--network" "none" "ghcr.io/rust-lang/crates-build-env/linux@sha256:4a844ea9eb2546a2d2c7022eacef16ef2e8229c7fbb2c7d4d55a9ceca922f72d" "/opt/rustwide/cargo-home/bin/cargo" "+nightly-2024-10-28" "build" "--frozen" "--message-format=json", kill_on_drop: false }`
[INFO] [stdout] 00e84d070039bf04d161eb3d0ca668bfdacd745d08c1563351a5d8e411c987c4
[INFO] running `Command { std: "docker" "start" "-a" "00e84d070039bf04d161eb3d0ca668bfdacd745d08c1563351a5d8e411c987c4", kill_on_drop: false }`
[INFO] [stderr]    Compiling leetcode v0.1.0 (/opt/rustwide/workdir)
[INFO] [stdout] warning: unused import: `core::num`
[INFO] [stdout]  --> src/binary_search/mod.rs:1:5
[INFO] [stdout]   |
[INFO] [stdout] 1 | use core::num;
[INFO] [stdout]   |     ^^^^^^^^^
[INFO] [stdout]   |
[INFO] [stdout]   = note: `#[warn(unused_imports)]` on by default
[INFO] [stdout] 
[INFO] [stdout] 
[INFO] [stdout] warning: unnecessary parentheses around `for` iterator expression
[INFO] [stdout]   --> src/double_pointer/double_pointer_02.rs:47:14
[INFO] [stdout]    |
[INFO] [stdout] 47 |     for i in (0..nums.len() - 2) {
[INFO] [stdout]    |              ^                 ^
[INFO] [stdout]    |
[INFO] [stdout]    = note: `#[warn(unused_parens)]` on by default
[INFO] [stdout] help: remove these parentheses
[INFO] [stdout]    |
[INFO] [stdout] 47 -     for i in (0..nums.len() - 2) {
[INFO] [stdout] 47 +     for i in 0..nums.len() - 2 {
[INFO] [stdout]    |
[INFO] [stdout] 
[INFO] [stdout] 
[INFO] [stdout] warning: unused import: `std::collections::BTreeMap`
[INFO] [stdout]   --> src/sliding_window/mod.rs:57:5
[INFO] [stdout]    |
[INFO] [stdout] 57 | use std::collections::BTreeMap;
[INFO] [stdout]    |     ^^^^^^^^^^^^^^^^^^^^^^^^^^
[INFO] [stdout] 
[INFO] [stdout] 
[INFO] [stdout] warning: unused import: `std::borrow::Borrow`
[INFO] [stdout]   --> src/main.rs:17:9
[INFO] [stdout]    |
[INFO] [stdout] 17 |     use std::borrow::Borrow;
[INFO] [stdout]    |         ^^^^^^^^^^^^^^^^^^^
[INFO] [stdout] 
[INFO] [stdout] 
[INFO] [stdout] warning: unused variable: `risht_value`
[INFO] [stdout]    --> src/binary_search/mod.rs:147:13
[INFO] [stdout]     |
[INFO] [stdout] 147 |         let risht_value = nums[nums.len() - 1];
[INFO] [stdout]     |             ^^^^^^^^^^^ help: if this is intentional, prefix it with an underscore: `_risht_value`
[INFO] [stdout]     |
[INFO] [stdout]     = note: `#[warn(unused_variables)]` on by default
[INFO] [stdout] 
[INFO] [stdout] 
[INFO] [stdout] warning: variable does not need to be mutable
[INFO] [stdout]    --> src/binary_search/mod.rs:146:21
[INFO] [stdout]     |
[INFO] [stdout] 146 |     pub fn find_min(mut nums: Vec<i32>) -> i32 {
[INFO] [stdout]     |                     ----^^^^
[INFO] [stdout]     |                     |
[INFO] [stdout]     |                     help: remove this `mut`
[INFO] [stdout]     |
[INFO] [stdout]     = note: `#[warn(unused_mut)]` on by default
[INFO] [stdout] 
[INFO] [stdout] 
[INFO] [stdout] warning: unused variable: `first_pair`
[INFO] [stdout]   --> src/sliding_window/mod.rs:34:17
[INFO] [stdout]    |
[INFO] [stdout] 34 |         let mut first_pair = 0;
[INFO] [stdout]    |                 ^^^^^^^^^^ help: if this is intentional, prefix it with an underscore: `_first_pair`
[INFO] [stdout] 
[INFO] [stdout] 
[INFO] [stdout] warning: variable does not need to be mutable
[INFO] [stdout]   --> src/sliding_window/mod.rs:34:13
[INFO] [stdout]    |
[INFO] [stdout] 34 |         let mut first_pair = 0;
[INFO] [stdout]    |             ----^^^^^^^^^^
[INFO] [stdout]    |             |
[INFO] [stdout]    |             help: remove this `mut`
[INFO] [stdout] 
[INFO] [stdout] 
[INFO] [stdout] warning: unused variable: `nums`
[INFO] [stdout]   --> src/sliding_window/mod.rs:59:28
[INFO] [stdout]    |
[INFO] [stdout] 59 |     pub fn count_subarrays(nums: Vec<i32>, k: i32) -> i64 {
[INFO] [stdout]    |                            ^^^^ help: if this is intentional, prefix it with an underscore: `_nums`
[INFO] [stdout] 
[INFO] [stdout] 
[INFO] [stdout] warning: unused variable: `k`
[INFO] [stdout]   --> src/sliding_window/mod.rs:59:44
[INFO] [stdout]    |
[INFO] [stdout] 59 |     pub fn count_subarrays(nums: Vec<i32>, k: i32) -> i64 {
[INFO] [stdout]    |                                            ^ help: if this is intentional, prefix it with an underscore: `_k`
[INFO] [stdout] 
[INFO] [stdout] 
[INFO] [stdout] warning: function `maximum_count` is never used
[INFO] [stdout]  --> src/binary_search/mod.rs:4:8
[INFO] [stdout]   |
[INFO] [stdout] 4 | pub fn maximum_count(nums: Vec<i32>) -> i32 {
[INFO] [stdout]   |        ^^^^^^^^^^^^^
[INFO] [stdout]   |
[INFO] [stdout]   = note: `#[warn(dead_code)]` on by default
[INFO] [stdout] 
[INFO] [stdout] 
[INFO] [stdout] warning: struct `Solution` is never constructed
[INFO] [stdout]   --> src/binary_search/mod.rs:22:8
[INFO] [stdout]    |
[INFO] [stdout] 22 | struct Solution;
[INFO] [stdout]    |        ^^^^^^^^
[INFO] [stdout] 
[INFO] [stdout] 
[INFO] [stdout] warning: associated functions `bineary_search` and `successful_pairs` are never used
[INFO] [stdout]   --> src/binary_search/mod.rs:26:12
[INFO] [stdout]    |
[INFO] [stdout] 24 | impl Solution {
[INFO] [stdout]    | ------------- associated functions in this implementation
[INFO] [stdout] 25 |     //闭区间写法
[INFO] [stdout] 26 |     pub fn bineary_search(vec: &Vec<i32>, target: i64) -> Result<usize, usize> {
[INFO] [stdout]    |            ^^^^^^^^^^^^^^
[INFO] [stdout] ...
[INFO] [stdout] 44 |     pub fn successful_pairs(spells: Vec<i32>, mut potions: Vec<i32>, success: i64) -> Vec<i32> {
[INFO] [stdout]    |            ^^^^^^^^^^^^^^^^
[INFO] [stdout] 
[INFO] [stdout] 
[INFO] [stdout] warning: associated function `h_index` is never used
[INFO] [stdout]   --> src/binary_search/mod.rs:70:12
[INFO] [stdout]    |
[INFO] [stdout] 69 | impl Solution {
[INFO] [stdout]    | ------------- associated function in this implementation
[INFO] [stdout] 70 |     pub fn h_index(citations: Vec<i32>) -> i32 {
[INFO] [stdout]    |            ^^^^^^^
[INFO] [stdout] 
[INFO] [stdout] 
[INFO] [stdout] warning: associated functions `get_time`, `min_eating_speed`, `find_peak_element`, and `find_min` are never used
[INFO] [stdout]    --> src/binary_search/mod.rs:87:8
[INFO] [stdout]     |
[INFO] [stdout] 86  | impl Solution {
[INFO] [stdout]     | ------------- associated functions in this implementation
[INFO] [stdout] 87  |     fn get_time(piles: &Vec<i32>, speed: i32, limit: i32) -> bool {
[INFO] [stdout]     |        ^^^^^^^^
[INFO] [stdout] ...
[INFO] [stdout] 97  |     pub fn min_eating_speed(mut piles: Vec<i32>, h: i32) -> i32 {
[INFO] [stdout]     |            ^^^^^^^^^^^^^^^^
[INFO] [stdout] ...
[INFO] [stdout] 132 |     pub fn find_peak_element(nums: Vec<i32>) -> i32 {
[INFO] [stdout]     |            ^^^^^^^^^^^^^^^^^
[INFO] [stdout] ...
[INFO] [stdout] 146 |     pub fn find_min(mut nums: Vec<i32>) -> i32 {
[INFO] [stdout]     |            ^^^^^^^^
[INFO] [stdout] 
[INFO] [stdout] 
[INFO] [stdout] warning: function `count_pairs` is never used
[INFO] [stdout]  --> src/double_pointer/double_pointer_02.rs:2:8
[INFO] [stdout]   |
[INFO] [stdout] 2 | pub fn count_pairs(mut nums: Vec<i32>, target: i32) -> i32 {
[INFO] [stdout]   |        ^^^^^^^^^^^
[INFO] [stdout] 
[INFO] [stdout] 
[INFO] [stdout] warning: function `max_subarray_length` is never used
[INFO] [stdout]   --> src/double_pointer/double_pointer_02.rs:21:8
[INFO] [stdout]    |
[INFO] [stdout] 21 | pub fn max_subarray_length(nums: Vec<i32>, k: i32) -> i32 {
[INFO] [stdout]    |        ^^^^^^^^^^^^^^^^^^^
[INFO] [stdout] 
[INFO] [stdout] 
[INFO] [stdout] warning: function `three_sum_closest` is never used
[INFO] [stdout]   --> src/double_pointer/double_pointer_02.rs:42:8
[INFO] [stdout]    |
[INFO] [stdout] 42 | pub fn three_sum_closest(mut nums: Vec<i32>, target: i32) -> i32 {
[INFO] [stdout]    |        ^^^^^^^^^^^^^^^^^
[INFO] [stdout] 
[INFO] [stdout] 
[INFO] [stdout] warning: struct `Solution` is never constructed
[INFO] [stdout]  --> src/sliding_window/mod.rs:1:8
[INFO] [stdout]   |
[INFO] [stdout] 1 | struct Solution {}
[INFO] [stdout]   |        ^^^^^^^^
[INFO] [stdout] 
[INFO] [stdout] 
[INFO] [stdout] warning: function `max_subarray_length` is never used
[INFO] [stdout]  --> src/sliding_window/mod.rs:6:8
[INFO] [stdout]   |
[INFO] [stdout] 6 | pub fn max_subarray_length(nums: Vec<i32>, k: i32) -> i32 {
[INFO] [stdout]   |        ^^^^^^^^^^^^^^^^^^^
[INFO] [stdout] 
[INFO] [stdout] 
[INFO] [stdout] warning: associated function `longest_semi_repetitive_substring` is never used
[INFO] [stdout]   --> src/sliding_window/mod.rs:30:12
[INFO] [stdout]    |
[INFO] [stdout] 29 | impl Solution {
[INFO] [stdout]    | ------------- associated function in this implementation
[INFO] [stdout] 30 |     pub fn longest_semi_repetitive_substring(s: String) -> i32 {
[INFO] [stdout]    |            ^^^^^^^^^^^^^^^^^^^^^^^^^^^^^^^^^
[INFO] [stdout] 
[INFO] [stdout] 
[INFO] [stdout] warning: associated function `count_subarrays` is never used
[INFO] [stdout]   --> src/sliding_window/mod.rs:59:12
[INFO] [stdout]    |
[INFO] [stdout] 58 | impl Solution {
[INFO] [stdout]    | ------------- associated function in this implementation
[INFO] [stdout] 59 |     pub fn count_subarrays(nums: Vec<i32>, k: i32) -> i64 {
[INFO] [stdout]    |            ^^^^^^^^^^^^^^^
[INFO] [stdout] 
[INFO] [stdout] 
[INFO] [stdout] warning: function `min_sub_array_len` is never used
[INFO] [stdout]   --> src/sliding_window/mod.rs:68:8
[INFO] [stdout]    |
[INFO] [stdout] 68 | pub fn min_sub_array_len(target: i32, nums: Vec<i32>) -> i32 {
[INFO] [stdout]    |        ^^^^^^^^^^^^^^^^^
[INFO] [stdout] 
[INFO] [stdout] 
[INFO] [stdout] warning: associated function `new` is never used
[INFO] [stdout]   --> src/main.rs:27:12
[INFO] [stdout]    |
[INFO] [stdout] 25 |     impl ListNode {
[INFO] [stdout]    |     ------------- associated function in this implementation
[INFO] [stdout] 26 |         #[inline]
[INFO] [stdout] 27 |         fn new(val: i32) -> Self {
[INFO] [stdout]    |            ^^^
[INFO] [stdout] 
[INFO] [stdout] 
[INFO] [stdout] warning: function `insert_greatest_common_divisors` is never used
[INFO] [stdout]   --> src/main.rs:31:12
[INFO] [stdout]    |
[INFO] [stdout] 31 |     pub fn insert_greatest_common_divisors(
[INFO] [stdout]    |            ^^^^^^^^^^^^^^^^^^^^^^^^^^^^^^^
[INFO] [stdout] 
[INFO] [stdout] 
[INFO] [stdout] warning: function `get_common_divisors` is never used
[INFO] [stdout]   --> src/main.rs:46:8
[INFO] [stdout]    |
[INFO] [stdout] 46 |     fn get_common_divisors(x: i32, y: i32) -> i32 {
[INFO] [stdout]    |        ^^^^^^^^^^^^^^^^^^^
[INFO] [stdout] 
[INFO] [stdout] 
[INFO] [stderr]     Finished `dev` profile [unoptimized + debuginfo] target(s) in 0.14s
[INFO] running `Command { std: "docker" "inspect" "00e84d070039bf04d161eb3d0ca668bfdacd745d08c1563351a5d8e411c987c4", kill_on_drop: false }`
[INFO] running `Command { std: "docker" "rm" "-f" "00e84d070039bf04d161eb3d0ca668bfdacd745d08c1563351a5d8e411c987c4", kill_on_drop: false }`
[INFO] [stdout] 00e84d070039bf04d161eb3d0ca668bfdacd745d08c1563351a5d8e411c987c4
[INFO] running `Command { std: "docker" "create" "-v" "/var/lib/crater-agent-workspace/builds/worker-2-tc1/target:/opt/rustwide/target:rw,Z" "-v" "/var/lib/crater-agent-workspace/builds/worker-2-tc1/source:/opt/rustwide/workdir:ro,Z" "-v" "/var/lib/crater-agent-workspace/cargo-home:/opt/rustwide/cargo-home:ro,Z" "-v" "/var/lib/crater-agent-workspace/rustup-home:/opt/rustwide/rustup-home:ro,Z" "-e" "SOURCE_DIR=/opt/rustwide/workdir" "-e" "CARGO_TARGET_DIR=/opt/rustwide/target" "-e" "CARGO_INCREMENTAL=0" "-e" "RUST_BACKTRACE=full" "-e" "RUSTFLAGS=--cap-lints=forbid" "-e" "RUSTDOCFLAGS=--cap-lints=forbid" "-e" "CARGO_HOME=/opt/rustwide/cargo-home" "-e" "RUSTUP_HOME=/opt/rustwide/rustup-home" "-w" "/opt/rustwide/workdir" "-m" "1610612736" "--user" "0:0" "--network" "none" "ghcr.io/rust-lang/crates-build-env/linux@sha256:4a844ea9eb2546a2d2c7022eacef16ef2e8229c7fbb2c7d4d55a9ceca922f72d" "/opt/rustwide/cargo-home/bin/cargo" "+nightly-2024-10-28" "test" "--frozen" "--no-run" "--message-format=json", kill_on_drop: false }`
[INFO] [stdout] d0deedb42a97830e5fb05868a5825cc2f09e4d1dbc742a27efebda4c54645828
[INFO] running `Command { std: "docker" "start" "-a" "d0deedb42a97830e5fb05868a5825cc2f09e4d1dbc742a27efebda4c54645828", kill_on_drop: false }`
[INFO] [stderr]    Compiling leetcode v0.1.0 (/opt/rustwide/workdir)
[INFO] [stdout] warning: unused import: `core::num`
[INFO] [stdout]  --> src/binary_search/mod.rs:1:5
[INFO] [stdout]   |
[INFO] [stdout] 1 | use core::num;
[INFO] [stdout]   |     ^^^^^^^^^
[INFO] [stdout]   |
[INFO] [stdout]   = note: `#[warn(unused_imports)]` on by default
[INFO] [stdout] 
[INFO] [stdout] 
[INFO] [stdout] warning: unnecessary parentheses around `for` iterator expression
[INFO] [stdout]   --> src/double_pointer/double_pointer_02.rs:47:14
[INFO] [stdout]    |
[INFO] [stdout] 47 |     for i in (0..nums.len() - 2) {
[INFO] [stdout]    |              ^                 ^
[INFO] [stdout]    |
[INFO] [stdout]    = note: `#[warn(unused_parens)]` on by default
[INFO] [stdout] help: remove these parentheses
[INFO] [stdout]    |
[INFO] [stdout] 47 -     for i in (0..nums.len() - 2) {
[INFO] [stdout] 47 +     for i in 0..nums.len() - 2 {
[INFO] [stdout]    |
[INFO] [stdout] 
[INFO] [stdout] 
[INFO] [stdout] warning: unused import: `std::collections::BTreeMap`
[INFO] [stdout]   --> src/sliding_window/mod.rs:57:5
[INFO] [stdout]    |
[INFO] [stdout] 57 | use std::collections::BTreeMap;
[INFO] [stdout]    |     ^^^^^^^^^^^^^^^^^^^^^^^^^^
[INFO] [stdout] 
[INFO] [stdout] 
[INFO] [stdout] warning: unused import: `std::borrow::Borrow`
[INFO] [stdout]   --> src/main.rs:17:9
[INFO] [stdout]    |
[INFO] [stdout] 17 |     use std::borrow::Borrow;
[INFO] [stdout]    |         ^^^^^^^^^^^^^^^^^^^
[INFO] [stdout] 
[INFO] [stdout] 
[INFO] [stdout] warning: unused variable: `risht_value`
[INFO] [stdout]    --> src/binary_search/mod.rs:147:13
[INFO] [stdout]     |
[INFO] [stdout] 147 |         let risht_value = nums[nums.len() - 1];
[INFO] [stdout]     |             ^^^^^^^^^^^ help: if this is intentional, prefix it with an underscore: `_risht_value`
[INFO] [stdout]     |
[INFO] [stdout]     = note: `#[warn(unused_variables)]` on by default
[INFO] [stdout] 
[INFO] [stdout] 
[INFO] [stdout] warning: variable does not need to be mutable
[INFO] [stdout]    --> src/binary_search/mod.rs:146:21
[INFO] [stdout]     |
[INFO] [stdout] 146 |     pub fn find_min(mut nums: Vec<i32>) -> i32 {
[INFO] [stdout]     |                     ----^^^^
[INFO] [stdout]     |                     |
[INFO] [stdout]     |                     help: remove this `mut`
[INFO] [stdout]     |
[INFO] [stdout]     = note: `#[warn(unused_mut)]` on by default
[INFO] [stdout] 
[INFO] [stdout] 
[INFO] [stdout] warning: variable does not need to be mutable
[INFO] [stdout]    --> src/binary_search/mod.rs:220:13
[INFO] [stdout]     |
[INFO] [stdout] 220 |         let mut spell = vec![3, 1, 2];
[INFO] [stdout]     |             ----^^^^^
[INFO] [stdout]     |             |
[INFO] [stdout]     |             help: remove this `mut`
[INFO] [stdout] 
[INFO] [stdout] 
[INFO] [stdout] warning: variable does not need to be mutable
[INFO] [stdout]    --> src/binary_search/mod.rs:221:13
[INFO] [stdout]     |
[INFO] [stdout] 221 |         let mut position = vec![8, 5, 8];
[INFO] [stdout]     |             ----^^^^^^^^
[INFO] [stdout]     |             |
[INFO] [stdout]     |             help: remove this `mut`
[INFO] [stdout] 
[INFO] [stdout] 
[INFO] [stdout] warning: variable does not need to be mutable
[INFO] [stdout]    --> src/binary_search/mod.rs:228:13
[INFO] [stdout]     |
[INFO] [stdout] 228 |         let mut position = vec![0];
[INFO] [stdout]     |             ----^^^^^^^^
[INFO] [stdout]     |             |
[INFO] [stdout]     |             help: remove this `mut`
[INFO] [stdout] 
[INFO] [stdout] 
[INFO] [stdout] warning: variable does not need to be mutable
[INFO] [stdout]    --> src/binary_search/mod.rs:235:13
[INFO] [stdout]     |
[INFO] [stdout] 235 |         let mut position = vec![805306368, 805306368, 805306368];
[INFO] [stdout]     |             ----^^^^^^^^
[INFO] [stdout]     |             |
[INFO] [stdout]     |             help: remove this `mut`
[INFO] [stdout] 
[INFO] [stdout] 
[INFO] [stdout] warning: unused variable: `first_pair`
[INFO] [stdout]   --> src/sliding_window/mod.rs:34:17
[INFO] [stdout]    |
[INFO] [stdout] 34 |         let mut first_pair = 0;
[INFO] [stdout]    |                 ^^^^^^^^^^ help: if this is intentional, prefix it with an underscore: `_first_pair`
[INFO] [stdout] 
[INFO] [stdout] 
[INFO] [stdout] warning: variable does not need to be mutable
[INFO] [stdout]   --> src/sliding_window/mod.rs:34:13
[INFO] [stdout]    |
[INFO] [stdout] 34 |         let mut first_pair = 0;
[INFO] [stdout]    |             ----^^^^^^^^^^
[INFO] [stdout]    |             |
[INFO] [stdout]    |             help: remove this `mut`
[INFO] [stdout] 
[INFO] [stdout] 
[INFO] [stdout] warning: unused variable: `nums`
[INFO] [stdout]   --> src/sliding_window/mod.rs:59:28
[INFO] [stdout]    |
[INFO] [stdout] 59 |     pub fn count_subarrays(nums: Vec<i32>, k: i32) -> i64 {
[INFO] [stdout]    |                            ^^^^ help: if this is intentional, prefix it with an underscore: `_nums`
[INFO] [stdout] 
[INFO] [stdout] 
[INFO] [stdout] warning: unused variable: `k`
[INFO] [stdout]   --> src/sliding_window/mod.rs:59:44
[INFO] [stdout]    |
[INFO] [stdout] 59 |     pub fn count_subarrays(nums: Vec<i32>, k: i32) -> i64 {
[INFO] [stdout]    |                                            ^ help: if this is intentional, prefix it with an underscore: `_k`
[INFO] [stdout] 
[INFO] [stdout] 
[INFO] [stdout] warning: associated function `bineary_search` is never used
[INFO] [stdout]   --> src/binary_search/mod.rs:26:12
[INFO] [stdout]    |
[INFO] [stdout] 24 | impl Solution {
[INFO] [stdout]    | ------------- associated function in this implementation
[INFO] [stdout] 25 |     //闭区间写法
[INFO] [stdout] 26 |     pub fn bineary_search(vec: &Vec<i32>, target: i64) -> Result<usize, usize> {
[INFO] [stdout]    |            ^^^^^^^^^^^^^^
[INFO] [stdout]    |
[INFO] [stdout]    = note: `#[warn(dead_code)]` on by default
[INFO] [stdout] 
[INFO] [stdout] 
[INFO] [stdout] warning: associated functions `find_peak_element` and `find_min` are never used
[INFO] [stdout]    --> src/binary_search/mod.rs:132:12
[INFO] [stdout]     |
[INFO] [stdout] 86  | impl Solution {
[INFO] [stdout]     | ------------- associated functions in this implementation
[INFO] [stdout] ...
[INFO] [stdout] 132 |     pub fn find_peak_element(nums: Vec<i32>) -> i32 {
[INFO] [stdout]     |            ^^^^^^^^^^^^^^^^^
[INFO] [stdout] ...
[INFO] [stdout] 146 |     pub fn find_min(mut nums: Vec<i32>) -> i32 {
[INFO] [stdout]     |            ^^^^^^^^
[INFO] [stdout] 
[INFO] [stdout] 
[INFO] [stdout] warning: function `max_subarray_length` is never used
[INFO] [stdout]   --> src/double_pointer/double_pointer_02.rs:21:8
[INFO] [stdout]    |
[INFO] [stdout] 21 | pub fn max_subarray_length(nums: Vec<i32>, k: i32) -> i32 {
[INFO] [stdout]    |        ^^^^^^^^^^^^^^^^^^^
[INFO] [stdout] 
[INFO] [stdout] 
[INFO] [stdout] warning: function `min_sub_array_len` is never used
[INFO] [stdout]   --> src/sliding_window/mod.rs:68:8
[INFO] [stdout]    |
[INFO] [stdout] 68 | pub fn min_sub_array_len(target: i32, nums: Vec<i32>) -> i32 {
[INFO] [stdout]    |        ^^^^^^^^^^^^^^^^^
[INFO] [stdout] 
[INFO] [stdout] 
[INFO] [stdout] warning: associated function `new` is never used
[INFO] [stdout]   --> src/main.rs:27:12
[INFO] [stdout]    |
[INFO] [stdout] 25 |     impl ListNode {
[INFO] [stdout]    |     ------------- associated function in this implementation
[INFO] [stdout] 26 |         #[inline]
[INFO] [stdout] 27 |         fn new(val: i32) -> Self {
[INFO] [stdout]    |            ^^^
[INFO] [stdout] 
[INFO] [stdout] 
[INFO] [stdout] warning: function `insert_greatest_common_divisors` is never used
[INFO] [stdout]   --> src/main.rs:31:12
[INFO] [stdout]    |
[INFO] [stdout] 31 |     pub fn insert_greatest_common_divisors(
[INFO] [stdout]    |            ^^^^^^^^^^^^^^^^^^^^^^^^^^^^^^^
[INFO] [stdout] 
[INFO] [stdout] 
[INFO] [stdout] warning: function `get_common_divisors` is never used
[INFO] [stdout]   --> src/main.rs:46:8
[INFO] [stdout]    |
[INFO] [stdout] 46 |     fn get_common_divisors(x: i32, y: i32) -> i32 {
[INFO] [stdout]    |        ^^^^^^^^^^^^^^^^^^^
[INFO] [stdout] 
[INFO] [stdout] 
[INFO] [stderr]     Finished `test` profile [unoptimized + debuginfo] target(s) in 0.22s
[INFO] running `Command { std: "docker" "inspect" "d0deedb42a97830e5fb05868a5825cc2f09e4d1dbc742a27efebda4c54645828", kill_on_drop: false }`
[INFO] running `Command { std: "docker" "rm" "-f" "d0deedb42a97830e5fb05868a5825cc2f09e4d1dbc742a27efebda4c54645828", kill_on_drop: false }`
[INFO] [stdout] d0deedb42a97830e5fb05868a5825cc2f09e4d1dbc742a27efebda4c54645828
[INFO] running `Command { std: "docker" "create" "-v" "/var/lib/crater-agent-workspace/builds/worker-2-tc1/target:/opt/rustwide/target:rw,Z" "-v" "/var/lib/crater-agent-workspace/builds/worker-2-tc1/source:/opt/rustwide/workdir:ro,Z" "-v" "/var/lib/crater-agent-workspace/cargo-home:/opt/rustwide/cargo-home:ro,Z" "-v" "/var/lib/crater-agent-workspace/rustup-home:/opt/rustwide/rustup-home:ro,Z" "-e" "SOURCE_DIR=/opt/rustwide/workdir" "-e" "CARGO_TARGET_DIR=/opt/rustwide/target" "-e" "CARGO_INCREMENTAL=0" "-e" "RUST_BACKTRACE=full" "-e" "RUSTFLAGS=--cap-lints=forbid" "-e" "RUSTDOCFLAGS=--cap-lints=forbid" "-e" "CARGO_HOME=/opt/rustwide/cargo-home" "-e" "RUSTUP_HOME=/opt/rustwide/rustup-home" "-w" "/opt/rustwide/workdir" "-m" "1610612736" "--user" "0:0" "--network" "none" "ghcr.io/rust-lang/crates-build-env/linux@sha256:4a844ea9eb2546a2d2c7022eacef16ef2e8229c7fbb2c7d4d55a9ceca922f72d" "/opt/rustwide/cargo-home/bin/cargo" "+nightly-2024-10-28" "test" "--frozen", kill_on_drop: false }`
[INFO] [stdout] 36528489b85ef6d62ef88b380d51b517238989f864d443daf5035f2ee0fe9987
[INFO] running `Command { std: "docker" "start" "-a" "36528489b85ef6d62ef88b380d51b517238989f864d443daf5035f2ee0fe9987", kill_on_drop: false }`
[INFO] [stderr] warning: unused import: `core::num`
[INFO] [stderr]  --> src/binary_search/mod.rs:1:5
[INFO] [stderr]   |
[INFO] [stderr] 1 | use core::num;
[INFO] [stderr]   |     ^^^^^^^^^
[INFO] [stderr]   |
[INFO] [stderr]   = note: `#[warn(unused_imports)]` on by default
[INFO] [stderr] 
[INFO] [stderr] warning: unnecessary parentheses around `for` iterator expression
[INFO] [stderr]   --> src/double_pointer/double_pointer_02.rs:47:14
[INFO] [stderr]    |
[INFO] [stderr] 47 |     for i in (0..nums.len() - 2) {
[INFO] [stderr]    |              ^                 ^
[INFO] [stderr]    |
[INFO] [stderr]    = note: `#[warn(unused_parens)]` on by default
[INFO] [stderr] help: remove these parentheses
[INFO] [stderr]    |
[INFO] [stderr] 47 -     for i in (0..nums.len() - 2) {
[INFO] [stderr] 47 +     for i in 0..nums.len() - 2 {
[INFO] [stderr]    |
[INFO] [stderr] 
[INFO] [stderr] warning: unused import: `std::collections::BTreeMap`
[INFO] [stderr]   --> src/sliding_window/mod.rs:57:5
[INFO] [stderr]    |
[INFO] [stderr] 57 | use std::collections::BTreeMap;
[INFO] [stderr]    |     ^^^^^^^^^^^^^^^^^^^^^^^^^^
[INFO] [stderr] 
[INFO] [stderr] warning: unused import: `std::borrow::Borrow`
[INFO] [stderr]   --> src/main.rs:17:9
[INFO] [stderr]    |
[INFO] [stderr] 17 |     use std::borrow::Borrow;
[INFO] [stderr]    |         ^^^^^^^^^^^^^^^^^^^
[INFO] [stderr] 
[INFO] [stderr] warning: unused variable: `risht_value`
[INFO] [stderr]    --> src/binary_search/mod.rs:147:13
[INFO] [stderr]     |
[INFO] [stderr] 147 |         let risht_value = nums[nums.len() - 1];
[INFO] [stderr]     |             ^^^^^^^^^^^ help: if this is intentional, prefix it with an underscore: `_risht_value`
[INFO] [stderr]     |
[INFO] [stderr]     = note: `#[warn(unused_variables)]` on by default
[INFO] [stderr] 
[INFO] [stderr] warning: variable does not need to be mutable
[INFO] [stderr]    --> src/binary_search/mod.rs:146:21
[INFO] [stderr]     |
[INFO] [stderr] 146 |     pub fn find_min(mut nums: Vec<i32>) -> i32 {
[INFO] [stderr]     |                     ----^^^^
[INFO] [stderr]     |                     |
[INFO] [stderr]     |                     help: remove this `mut`
[INFO] [stderr]     |
[INFO] [stderr]     = note: `#[warn(unused_mut)]` on by default
[INFO] [stderr] 
[INFO] [stderr] warning: variable does not need to be mutable
[INFO] [stderr]    --> src/binary_search/mod.rs:220:13
[INFO] [stderr]     |
[INFO] [stderr] 220 |         let mut spell = vec![3, 1, 2];
[INFO] [stderr]     |             ----^^^^^
[INFO] [stderr]     |             |
[INFO] [stderr]     |             help: remove this `mut`
[INFO] [stderr] 
[INFO] [stderr] warning: variable does not need to be mutable
[INFO] [stderr]    --> src/binary_search/mod.rs:221:13
[INFO] [stderr]     |
[INFO] [stderr] 221 |         let mut position = vec![8, 5, 8];
[INFO] [stderr]     |             ----^^^^^^^^
[INFO] [stderr]     |             |
[INFO] [stderr]     |             help: remove this `mut`
[INFO] [stderr] 
[INFO] [stderr] warning: variable does not need to be mutable
[INFO] [stderr]    --> src/binary_search/mod.rs:228:13
[INFO] [stderr]     |
[INFO] [stderr] 228 |         let mut position = vec![0];
[INFO] [stderr]     |             ----^^^^^^^^
[INFO] [stderr]     |             |
[INFO] [stderr]     |             help: remove this `mut`
[INFO] [stderr] 
[INFO] [stderr] warning: variable does not need to be mutable
[INFO] [stderr]    --> src/binary_search/mod.rs:235:13
[INFO] [stderr]     |
[INFO] [stderr] 235 |         let mut position = vec![805306368, 805306368, 805306368];
[INFO] [stderr]     |             ----^^^^^^^^
[INFO] [stderr]     |             |
[INFO] [stderr]     |             help: remove this `mut`
[INFO] [stderr] 
[INFO] [stderr] warning: unused variable: `first_pair`
[INFO] [stderr]   --> src/sliding_window/mod.rs:34:17
[INFO] [stderr]    |
[INFO] [stderr] 34 |         let mut first_pair = 0;
[INFO] [stderr]    |                 ^^^^^^^^^^ help: if this is intentional, prefix it with an underscore: `_first_pair`
[INFO] [stderr] 
[INFO] [stderr] warning: variable does not need to be mutable
[INFO] [stderr]   --> src/sliding_window/mod.rs:34:13
[INFO] [stderr]    |
[INFO] [stderr] 34 |         let mut first_pair = 0;
[INFO] [stderr]    |             ----^^^^^^^^^^
[INFO] [stderr]    |             |
[INFO] [stderr]    |             help: remove this `mut`
[INFO] [stderr] 
[INFO] [stderr] warning: unused variable: `nums`
[INFO] [stderr]   --> src/sliding_window/mod.rs:59:28
[INFO] [stderr]    |
[INFO] [stderr] 59 |     pub fn count_subarrays(nums: Vec<i32>, k: i32) -> i64 {
[INFO] [stderr]    |                            ^^^^ help: if this is intentional, prefix it with an underscore: `_nums`
[INFO] [stderr] 
[INFO] [stderr] warning: unused variable: `k`
[INFO] [stderr]   --> src/sliding_window/mod.rs:59:44
[INFO] [stderr]    |
[INFO] [stderr] 59 |     pub fn count_subarrays(nums: Vec<i32>, k: i32) -> i64 {
[INFO] [stderr]    |                                            ^ help: if this is intentional, prefix it with an underscore: `_k`
[INFO] [stderr] 
[INFO] [stderr] warning: associated function `bineary_search` is never used
[INFO] [stderr]   --> src/binary_search/mod.rs:26:12
[INFO] [stderr]    |
[INFO] [stderr] 24 | impl Solution {
[INFO] [stderr]    | ------------- associated function in this implementation
[INFO] [stderr] 25 |     //闭区间写法
[INFO] [stderr] 26 |     pub fn bineary_search(vec: &Vec<i32>, target: i64) -> Result<usize, usize> {
[INFO] [stderr]    |            ^^^^^^^^^^^^^^
[INFO] [stderr]    |
[INFO] [stderr]    = note: `#[warn(dead_code)]` on by default
[INFO] [stderr] 
[INFO] [stderr] warning: associated functions `find_peak_element` and `find_min` are never used
[INFO] [stderr]    --> src/binary_search/mod.rs:132:12
[INFO] [stderr]     |
[INFO] [stderr] 86  | impl Solution {
[INFO] [stderr]     | ------------- associated functions in this implementation
[INFO] [stderr] ...
[INFO] [stderr] 132 |     pub fn find_peak_element(nums: Vec<i32>) -> i32 {
[INFO] [stderr]     |            ^^^^^^^^^^^^^^^^^
[INFO] [stderr] ...
[INFO] [stderr] 146 |     pub fn find_min(mut nums: Vec<i32>) -> i32 {
[INFO] [stderr]     |            ^^^^^^^^
[INFO] [stderr] 
[INFO] [stderr] warning: function `max_subarray_length` is never used
[INFO] [stderr]   --> src/double_pointer/double_pointer_02.rs:21:8
[INFO] [stderr]    |
[INFO] [stderr] 21 | pub fn max_subarray_length(nums: Vec<i32>, k: i32) -> i32 {
[INFO] [stderr]    |        ^^^^^^^^^^^^^^^^^^^
[INFO] [stderr] 
[INFO] [stderr] warning: function `min_sub_array_len` is never used
[INFO] [stderr]   --> src/sliding_window/mod.rs:68:8
[INFO] [stderr]    |
[INFO] [stderr] 68 | pub fn min_sub_array_len(target: i32, nums: Vec<i32>) -> i32 {
[INFO] [stderr]    |        ^^^^^^^^^^^^^^^^^
[INFO] [stderr] 
[INFO] [stderr] warning: associated function `new` is never used
[INFO] [stderr]   --> src/main.rs:27:12
[INFO] [stderr]    |
[INFO] [stderr] 25 |     impl ListNode {
[INFO] [stderr]    |     ------------- associated function in this implementation
[INFO] [stderr] 26 |         #[inline]
[INFO] [stderr] 27 |         fn new(val: i32) -> Self {
[INFO] [stderr]    |            ^^^
[INFO] [stderr] 
[INFO] [stderr] warning: function `insert_greatest_common_divisors` is never used
[INFO] [stderr]   --> src/main.rs:31:12
[INFO] [stderr]    |
[INFO] [stderr] 31 |     pub fn insert_greatest_common_divisors(
[INFO] [stderr]    |            ^^^^^^^^^^^^^^^^^^^^^^^^^^^^^^^
[INFO] [stderr] 
[INFO] [stderr] warning: function `get_common_divisors` is never used
[INFO] [stderr]   --> src/main.rs:46:8
[INFO] [stderr]    |
[INFO] [stderr] 46 |     fn get_common_divisors(x: i32, y: i32) -> i32 {
[INFO] [stderr]    |        ^^^^^^^^^^^^^^^^^^^
[INFO] [stderr] 
[INFO] [stderr] warning: `leetcode` (bin "leetcode" test) generated 21 warnings (run `cargo fix --bin "leetcode" --tests` to apply 10 suggestions)
[INFO] [stderr]     Finished `test` profile [unoptimized + debuginfo] target(s) in 0.00s
[INFO] [stderr]      Running unittests src/main.rs (/opt/rustwide/target/debug/deps/leetcode-5b7128be0034ef03)
[INFO] [stdout] 
[INFO] [stdout] running 14 tests
[INFO] [stdout] test binary_search::test::leetcode_2529 ... ok
[INFO] [stdout] test binary_search::test::test_2300 ... ok
[INFO] [stdout] test binary_search::test::test_875 ... ok
[INFO] [stdout] test binary_search::test::test_275 ... ok
[INFO] [stdout] test double_pointer::double_pointer_02::test::test_leetcode_16 ... ok
[INFO] [stdout] test double_pointer::double_pointer_02::test::test_leetcode_2824 ... ok
[INFO] [stdout] test leetcode_167_test ... ok
[INFO] [stdout] test sliding_window::test::test_leetcode_1958 ... ok
[INFO] [stdout] test sliding_window::test::test_leetcode_2962 ... ok
[INFO] [stdout] test leetcode_42_test ... ok
[INFO] [stdout] test sliding_window::test::test_leetcode_2730 ... ok
[INFO] [stdout] test leetcode_713_test ... ok
[INFO] [stdout] test leetcode_25_test ... ok
[INFO] [stdout] test leetcode_209_test ... FAILED
[INFO] [stdout] 
[INFO] [stdout] failures:
[INFO] [stdout] 
[INFO] [stdout] ---- leetcode_209_test stdout ----
[INFO] [stdout] thread 'leetcode_209_test' panicked at src/main.rs:202:5:
[INFO] [stdout] assertion `left == right` failed
[INFO] [stdout]   left: 3
[INFO] [stdout]  right: 5
[INFO] [stdout] stack backtrace:
[INFO] [stdout]    0:     0x5611f1212e3a - std::backtrace_rs::backtrace::libunwind::trace::h207520d6e9873551
[INFO] [stdout]                                at /rustc/df4ca44d3fbc9301ee17f30f4d474e6ae4b05252/library/std/src/../../backtrace/src/backtrace/libunwind.rs:116:5
[INFO] [stdout]    1:     0x5611f1212e3a - std::backtrace_rs::backtrace::trace_unsynchronized::h2ed7433f370e3eca
[INFO] [stdout]                                at /rustc/df4ca44d3fbc9301ee17f30f4d474e6ae4b05252/library/std/src/../../backtrace/src/backtrace/mod.rs:66:5
[INFO] [stdout]    2:     0x5611f1212e3a - std::sys::backtrace::_print_fmt::h916fac51166b18d7
[INFO] [stdout]                                at /rustc/df4ca44d3fbc9301ee17f30f4d474e6ae4b05252/library/std/src/sys/backtrace.rs:66:9
[INFO] [stdout]    3:     0x5611f1212e3a - <std::sys::backtrace::BacktraceLock::print::DisplayBacktrace as core::fmt::Display>::fmt::ha0a4c9b8ce3802e6
[INFO] [stdout]                                at /rustc/df4ca44d3fbc9301ee17f30f4d474e6ae4b05252/library/std/src/sys/backtrace.rs:39:26
[INFO] [stdout]    4:     0x5611f12392b3 - core::fmt::rt::Argument::fmt::h4cfc8587d52b3eb5
[INFO] [stdout]                                at /rustc/df4ca44d3fbc9301ee17f30f4d474e6ae4b05252/library/core/src/fmt/rt.rs:177:76
[INFO] [stdout]    5:     0x5611f12392b3 - core::fmt::write::h522cc39e5b36ae9f
[INFO] [stdout]                                at /rustc/df4ca44d3fbc9301ee17f30f4d474e6ae4b05252/library/core/src/fmt/mod.rs:1190:21
[INFO] [stdout]    6:     0x5611f120faa3 - std::io::Write::write_fmt::h7d3c26752da97734
[INFO] [stdout]                                at /rustc/df4ca44d3fbc9301ee17f30f4d474e6ae4b05252/library/std/src/io/mod.rs:1839:15
[INFO] [stdout]    7:     0x5611f1212c82 - std::sys::backtrace::BacktraceLock::print::h4b9e00b29e9c0942
[INFO] [stdout]                                at /rustc/df4ca44d3fbc9301ee17f30f4d474e6ae4b05252/library/std/src/sys/backtrace.rs:42:9
[INFO] [stdout]    8:     0x5611f12142ca - std::panicking::default_hook::{{closure}}::hb59b88280d0324d9
[INFO] [stdout]                                at /rustc/df4ca44d3fbc9301ee17f30f4d474e6ae4b05252/library/std/src/panicking.rs:268:22
[INFO] [stdout]    9:     0x5611f12140d4 - std::panicking::default_hook::he1dd496665be4a29
[INFO] [stdout]                                at /rustc/df4ca44d3fbc9301ee17f30f4d474e6ae4b05252/library/std/src/panicking.rs:292:9
[INFO] [stdout]   10:     0x5611f11ddec9 - <alloc::boxed::Box<F,A> as core::ops::function::Fn<Args>>::call::h4ff71de18744e1dc
[INFO] [stdout]                                at /rustc/df4ca44d3fbc9301ee17f30f4d474e6ae4b05252/library/alloc/src/boxed.rs:2468:9
[INFO] [stdout]   11:     0x5611f11ddec9 - test::test_main::{{closure}}::hcf7c055ce117aa81
[INFO] [stdout]                                at /rustc/df4ca44d3fbc9301ee17f30f4d474e6ae4b05252/library/test/src/lib.rs:133:21
[INFO] [stdout]   12:     0x5611f12149c8 - <alloc::boxed::Box<F,A> as core::ops::function::Fn<Args>>::call::h1d66c6bbd60c9692
[INFO] [stdout]                                at /rustc/df4ca44d3fbc9301ee17f30f4d474e6ae4b05252/library/alloc/src/boxed.rs:2468:9
[INFO] [stdout]   13:     0x5611f12149c8 - std::panicking::rust_panic_with_hook::h2ff17fe8f26dfcf8
[INFO] [stdout]                                at /rustc/df4ca44d3fbc9301ee17f30f4d474e6ae4b05252/library/std/src/panicking.rs:809:13
[INFO] [stdout]   14:     0x5611f121478a - std::panicking::begin_panic_handler::{{closure}}::h4fad77951c07e101
[INFO] [stdout]                                at /rustc/df4ca44d3fbc9301ee17f30f4d474e6ae4b05252/library/std/src/panicking.rs:674:13
[INFO] [stdout]   15:     0x5611f1213319 - std::sys::backtrace::__rust_end_short_backtrace::hb1a25b3da5d0ea08
[INFO] [stdout]                                at /rustc/df4ca44d3fbc9301ee17f30f4d474e6ae4b05252/library/std/src/sys/backtrace.rs:170:18
[INFO] [stdout]   16:     0x5611f121441c - rust_begin_unwind
[INFO] [stdout]                                at /rustc/df4ca44d3fbc9301ee17f30f4d474e6ae4b05252/library/std/src/panicking.rs:665:5
[INFO] [stdout]   17:     0x5611f1237cb0 - core::panicking::panic_fmt::ha9db07b529f9b256
[INFO] [stdout]                                at /rustc/df4ca44d3fbc9301ee17f30f4d474e6ae4b05252/library/core/src/panicking.rs:75:14
[INFO] [stdout]   18:     0x5611f123807b - core::panicking::assert_failed_inner::h04f38944d74a80a8
[INFO] [stdout]   19:     0x5611f119d9ef - core::panicking::assert_failed::h45f7d2294068a41f
[INFO] [stdout]                                at /rustc/df4ca44d3fbc9301ee17f30f4d474e6ae4b05252/library/core/src/panicking.rs:377:5
[INFO] [stdout]   20:     0x5611f119b609 - leetcode::leetcode_209_test::h1ec0cc4ab29b5b09
[INFO] [stdout]                                at /opt/rustwide/workdir/src/main.rs:202:5
[INFO] [stdout]   21:     0x5611f119b517 - leetcode::leetcode_209_test::{{closure}}::h5dad7961cb46b091
[INFO] [stdout]                                at /opt/rustwide/workdir/src/main.rs:197:27
[INFO] [stdout]   22:     0x5611f1188286 - core::ops::function::FnOnce::call_once::h6ec4be27d3070e9e
[INFO] [stdout]                                at /rustc/df4ca44d3fbc9301ee17f30f4d474e6ae4b05252/library/core/src/ops/function.rs:250:5
[INFO] [stdout]   23:     0x5611f11e279b - core::ops::function::FnOnce::call_once::h22c3ba5715e93f05
[INFO] [stdout]                                at /rustc/df4ca44d3fbc9301ee17f30f4d474e6ae4b05252/library/core/src/ops/function.rs:250:5
[INFO] [stdout]   24:     0x5611f11e279b - test::__rust_begin_short_backtrace::h8e82d8113d0da17f
[INFO] [stdout]                                at /rustc/df4ca44d3fbc9301ee17f30f4d474e6ae4b05252/library/test/src/lib.rs:621:18
[INFO] [stdout]   25:     0x5611f11e2117 - test::run_test_in_process::{{closure}}::h33235f4f20b7b7c7
[INFO] [stdout]                                at /rustc/df4ca44d3fbc9301ee17f30f4d474e6ae4b05252/library/test/src/lib.rs:644:60
[INFO] [stdout]   26:     0x5611f11e2117 - <core::panic::unwind_safe::AssertUnwindSafe<F> as core::ops::function::FnOnce<()>>::call_once::hb5043206310c586f
[INFO] [stdout]                                at /rustc/df4ca44d3fbc9301ee17f30f4d474e6ae4b05252/library/core/src/panic/unwind_safe.rs:272:9
[INFO] [stdout]   27:     0x5611f11e2117 - std::panicking::try::do_call::h9ad4731a60ab23e2
[INFO] [stdout]                                at /rustc/df4ca44d3fbc9301ee17f30f4d474e6ae4b05252/library/std/src/panicking.rs:557:40
[INFO] [stdout]   28:     0x5611f11e2117 - std::panicking::try::h3824d23db772a716
[INFO] [stdout]                                at /rustc/df4ca44d3fbc9301ee17f30f4d474e6ae4b05252/library/std/src/panicking.rs:520:19
[INFO] [stdout]   29:     0x5611f11e2117 - std::panic::catch_unwind::h5afd514605fde46b
[INFO] [stdout]                                at /rustc/df4ca44d3fbc9301ee17f30f4d474e6ae4b05252/library/std/src/panic.rs:358:14
[INFO] [stdout]   30:     0x5611f11e2117 - test::run_test_in_process::h0d5cbfa7067d1720
[INFO] [stdout]                                at /rustc/df4ca44d3fbc9301ee17f30f4d474e6ae4b05252/library/test/src/lib.rs:644:27
[INFO] [stdout]   31:     0x5611f11e2117 - test::run_test::{{closure}}::h708eb8872708115d
[INFO] [stdout]                                at /rustc/df4ca44d3fbc9301ee17f30f4d474e6ae4b05252/library/test/src/lib.rs:565:43
[INFO] [stdout]   32:     0x5611f11a5834 - test::run_test::{{closure}}::h392c51cee94713ab
[INFO] [stdout]                                at /rustc/df4ca44d3fbc9301ee17f30f4d474e6ae4b05252/library/test/src/lib.rs:595:41
[INFO] [stdout]   33:     0x5611f11a5834 - std::sys::backtrace::__rust_begin_short_backtrace::h2f40290710935a8b
[INFO] [stdout]                                at /rustc/df4ca44d3fbc9301ee17f30f4d474e6ae4b05252/library/std/src/sys/backtrace.rs:154:18
[INFO] [stdout]   34:     0x5611f11a8fde - std::thread::Builder::spawn_unchecked_::{{closure}}::{{closure}}::h3fd968d89053a903
[INFO] [stdout]                                at /rustc/df4ca44d3fbc9301ee17f30f4d474e6ae4b05252/library/std/src/thread/mod.rs:541:17
[INFO] [stdout]   35:     0x5611f11a8fde - <core::panic::unwind_safe::AssertUnwindSafe<F> as core::ops::function::FnOnce<()>>::call_once::h743f637ba4229880
[INFO] [stdout]                                at /rustc/df4ca44d3fbc9301ee17f30f4d474e6ae4b05252/library/core/src/panic/unwind_safe.rs:272:9
[INFO] [stdout]   36:     0x5611f11a8fde - std::panicking::try::do_call::h07440897322525a6
[INFO] [stdout]                                at /rustc/df4ca44d3fbc9301ee17f30f4d474e6ae4b05252/library/std/src/panicking.rs:557:40
[INFO] [stdout]   37:     0x5611f11a8fde - std::panicking::try::he5a2e00188156637
[INFO] [stdout]                                at /rustc/df4ca44d3fbc9301ee17f30f4d474e6ae4b05252/library/std/src/panicking.rs:520:19
[INFO] [stdout]   38:     0x5611f11a8fde - std::panic::catch_unwind::hbaf3cae49b3c6433
[INFO] [stdout]                                at /rustc/df4ca44d3fbc9301ee17f30f4d474e6ae4b05252/library/std/src/panic.rs:358:14
[INFO] [stdout]   39:     0x5611f11a8fde - std::thread::Builder::spawn_unchecked_::{{closure}}::h8e141ea224820bce
[INFO] [stdout]                                at /rustc/df4ca44d3fbc9301ee17f30f4d474e6ae4b05252/library/std/src/thread/mod.rs:540:30
[INFO] [stdout]   40:     0x5611f11a8fde - core::ops::function::FnOnce::call_once{{vtable.shim}}::h90d312fedd7b8ea8
[INFO] [stdout]                                at /rustc/df4ca44d3fbc9301ee17f30f4d474e6ae4b05252/library/core/src/ops/function.rs:250:5
[INFO] [stdout]   41:     0x5611f12187bb - <alloc::boxed::Box<F,A> as core::ops::function::FnOnce<Args>>::call_once::h69aa08ddb6adb8b6
[INFO] [stdout]                                at /rustc/df4ca44d3fbc9301ee17f30f4d474e6ae4b05252/library/alloc/src/boxed.rs:2454:9
[INFO] [stdout]   42:     0x5611f12187bb - <alloc::boxed::Box<F,A> as core::ops::function::FnOnce<Args>>::call_once::h5aa36efdb79c806f
[INFO] [stdout]                                at /rustc/df4ca44d3fbc9301ee17f30f4d474e6ae4b05252/library/alloc/src/boxed.rs:2454:9
[INFO] [stdout]   43:     0x5611f12187bb - std::sys::pal::unix::thread::Thread::new::thread_start::h6cd80a1b4be5158d
[INFO] [stdout]                                at /rustc/df4ca44d3fbc9301ee17f30f4d474e6ae4b05252/library/std/src/sys/pal/unix/thread.rs:105:17
[INFO] [stdout]   44:     0x78e34dedeac3 - <unknown>
[INFO] [stdout]   45:     0x78e34df6fa04 - clone
[INFO] [stdout]   46:                0x0 - <unknown>
[INFO] [stdout] 
[INFO] [stdout] 
[INFO] [stdout] failures:
[INFO] [stdout]     leetcode_209_test
[INFO] [stdout] 
[INFO] [stdout] test result: FAILED. 13 passed; 1 failed; 0 ignored; 0 measured; 0 filtered out; finished in 0.01s
[INFO] [stdout] 
[INFO] [stderr] error: test failed, to rerun pass `--bin leetcode`
[INFO] running `Command { std: "docker" "inspect" "36528489b85ef6d62ef88b380d51b517238989f864d443daf5035f2ee0fe9987", kill_on_drop: false }`
[INFO] running `Command { std: "docker" "rm" "-f" "36528489b85ef6d62ef88b380d51b517238989f864d443daf5035f2ee0fe9987", kill_on_drop: false }`
[INFO] [stdout] 36528489b85ef6d62ef88b380d51b517238989f864d443daf5035f2ee0fe9987
