[INFO] cloning repository https://github.com/WiseMrMusa/fea-sd
[INFO] running `Command { std: "git" "-c" "credential.helper=" "-c" "credential.helper=/workspace/cargo-home/bin/git-credential-null" "clone" "--bare" "https://github.com/WiseMrMusa/fea-sd" "/workspace/cache/git-repos/https%3A%2F%2Fgithub.com%2FWiseMrMusa%2Ffea-sd", kill_on_drop: false }`
[INFO] [stderr] Cloning into bare repository '/workspace/cache/git-repos/https%3A%2F%2Fgithub.com%2FWiseMrMusa%2Ffea-sd'...
[INFO] running `Command { std: "git" "rev-parse" "HEAD", kill_on_drop: false }`
[INFO] [stdout] 6c02bdb4bbdc5a27db0a3434f21a8be9c13ec493
[INFO] testing WiseMrMusa/fea-sd/6c02bdb4bbdc5a27db0a3434f21a8be9c13ec493 against nightly-2024-10-28 for randomize-layout
[INFO] running `Command { std: "git" "clone" "/workspace/cache/git-repos/https%3A%2F%2Fgithub.com%2FWiseMrMusa%2Ffea-sd" "/workspace/builds/worker-1-tc1/source", kill_on_drop: false }`
[INFO] [stderr] Cloning into '/workspace/builds/worker-1-tc1/source'...
[INFO] [stderr] done.
[INFO] validating manifest of git repo https://github.com/WiseMrMusa/fea-sd on toolchain nightly-2024-10-28
[INFO] running `Command { std: CARGO_HOME="/workspace/cargo-home" RUSTUP_HOME="/workspace/rustup-home" "/workspace/cargo-home/bin/cargo" "+nightly-2024-10-28" "metadata" "--manifest-path" "Cargo.toml" "--no-deps", kill_on_drop: false }`
[INFO] started tweaking git repo https://github.com/WiseMrMusa/fea-sd
[INFO] finished tweaking git repo https://github.com/WiseMrMusa/fea-sd
[INFO] tweaked toml for git repo https://github.com/WiseMrMusa/fea-sd written to /workspace/builds/worker-1-tc1/source/Cargo.toml
[INFO] crate git repo https://github.com/WiseMrMusa/fea-sd already has a lockfile, it will not be regenerated
[INFO] running `Command { std: CARGO_HOME="/workspace/cargo-home" RUSTUP_HOME="/workspace/rustup-home" "/workspace/cargo-home/bin/cargo" "+nightly-2024-10-28" "fetch" "--manifest-path" "Cargo.toml", kill_on_drop: false }`
[INFO] running `Command { std: "docker" "create" "-v" "/var/lib/crater-agent-workspace/builds/worker-1-tc1/target:/opt/rustwide/target:rw,Z" "-v" "/var/lib/crater-agent-workspace/builds/worker-1-tc1/source:/opt/rustwide/workdir:ro,Z" "-v" "/var/lib/crater-agent-workspace/cargo-home:/opt/rustwide/cargo-home:ro,Z" "-v" "/var/lib/crater-agent-workspace/rustup-home:/opt/rustwide/rustup-home:ro,Z" "-e" "SOURCE_DIR=/opt/rustwide/workdir" "-e" "CARGO_TARGET_DIR=/opt/rustwide/target" "-e" "CARGO_HOME=/opt/rustwide/cargo-home" "-e" "RUSTUP_HOME=/opt/rustwide/rustup-home" "-w" "/opt/rustwide/workdir" "-m" "1610612736" "--user" "0:0" "--network" "none" "ghcr.io/rust-lang/crates-build-env/linux@sha256:4a844ea9eb2546a2d2c7022eacef16ef2e8229c7fbb2c7d4d55a9ceca922f72d" "/opt/rustwide/cargo-home/bin/cargo" "+nightly-2024-10-28" "metadata" "--no-deps" "--format-version=1", kill_on_drop: false }`
[INFO] [stdout] 0de9f0580af77ddb7cbdb23d5fe65e1c897f45ce40976747071b7e0ef74ef192
[INFO] running `Command { std: "docker" "start" "-a" "0de9f0580af77ddb7cbdb23d5fe65e1c897f45ce40976747071b7e0ef74ef192", kill_on_drop: false }`
[INFO] running `Command { std: "docker" "inspect" "0de9f0580af77ddb7cbdb23d5fe65e1c897f45ce40976747071b7e0ef74ef192", kill_on_drop: false }`
[INFO] running `Command { std: "docker" "rm" "-f" "0de9f0580af77ddb7cbdb23d5fe65e1c897f45ce40976747071b7e0ef74ef192", kill_on_drop: false }`
[INFO] [stdout] 0de9f0580af77ddb7cbdb23d5fe65e1c897f45ce40976747071b7e0ef74ef192
[INFO] running `Command { std: "docker" "create" "-v" "/var/lib/crater-agent-workspace/builds/worker-1-tc1/target:/opt/rustwide/target:rw,Z" "-v" "/var/lib/crater-agent-workspace/builds/worker-1-tc1/source:/opt/rustwide/workdir:ro,Z" "-v" "/var/lib/crater-agent-workspace/cargo-home:/opt/rustwide/cargo-home:ro,Z" "-v" "/var/lib/crater-agent-workspace/rustup-home:/opt/rustwide/rustup-home:ro,Z" "-e" "SOURCE_DIR=/opt/rustwide/workdir" "-e" "CARGO_TARGET_DIR=/opt/rustwide/target" "-e" "CARGO_INCREMENTAL=0" "-e" "RUST_BACKTRACE=full" "-e" "RUSTFLAGS=--cap-lints=forbid" "-e" "RUSTDOCFLAGS=--cap-lints=forbid" "-e" "CARGO_HOME=/opt/rustwide/cargo-home" "-e" "RUSTUP_HOME=/opt/rustwide/rustup-home" "-w" "/opt/rustwide/workdir" "-m" "1610612736" "--user" "0:0" "--network" "none" "ghcr.io/rust-lang/crates-build-env/linux@sha256:4a844ea9eb2546a2d2c7022eacef16ef2e8229c7fbb2c7d4d55a9ceca922f72d" "/opt/rustwide/cargo-home/bin/cargo" "+nightly-2024-10-28" "build" "--frozen" "--message-format=json", kill_on_drop: false }`
[INFO] [stdout] 77f4bd3931ba74726142cd98e9d72c7db9caac3926f18f1a6ad084bb13f394ba
[INFO] running `Command { std: "docker" "start" "-a" "77f4bd3931ba74726142cd98e9d72c7db9caac3926f18f1a6ad084bb13f394ba", kill_on_drop: false }`
[INFO] [stderr]    Compiling fea-sd v0.1.0 (/opt/rustwide/workdir)
[INFO] [stdout] warning: unused variable: `matrix`
[INFO] [stdout]    --> src/frames/frame.rs:127:25
[INFO] [stdout]     |
[INFO] [stdout] 127 | fn gaussian_elimination(matrix: &Vec<Vec<f64>>, rhs: &Vec<f64>) -> Vec<f64> {
[INFO] [stdout]     |                         ^^^^^^ help: if this is intentional, prefix it with an underscore: `_matrix`
[INFO] [stdout]     |
[INFO] [stdout]     = note: `#[warn(unused_variables)]` on by default
[INFO] [stdout] 
[INFO] [stdout] 
[INFO] [stdout] warning: struct `Element` is never constructed
[INFO] [stdout]  --> src/frames/frame.rs:3:8
[INFO] [stdout]   |
[INFO] [stdout] 3 | struct Element {
[INFO] [stdout]   |        ^^^^^^^
[INFO] [stdout]   |
[INFO] [stdout]   = note: `#[warn(dead_code)]` on by default
[INFO] [stdout] 
[INFO] [stdout] 
[INFO] [stdout] warning: struct `Frame` is never constructed
[INFO] [stdout]  --> src/frames/frame.rs:9:8
[INFO] [stdout]   |
[INFO] [stdout] 9 | struct Frame {
[INFO] [stdout]   |        ^^^^^
[INFO] [stdout] 
[INFO] [stdout] 
[INFO] [stdout] warning: struct `MaterialProperties` is never constructed
[INFO] [stdout]   --> src/frames/frame.rs:17:8
[INFO] [stdout]    |
[INFO] [stdout] 17 | struct MaterialProperties {
[INFO] [stdout]    |        ^^^^^^^^^^^^^^^^^^
[INFO] [stdout] 
[INFO] [stdout] 
[INFO] [stdout] warning: associated items `transpose` and `calculate_internal_forces` are never used
[INFO] [stdout]   --> src/frames/frame.rs:23:8
[INFO] [stdout]    |
[INFO] [stdout] 22 | impl Frame {
[INFO] [stdout]    | ---------- associated items in this implementation
[INFO] [stdout] 23 |     fn transpose(matrix: [[f64; 4]; 4]) -> [[f64; 4]; 4] {
[INFO] [stdout]    |        ^^^^^^^^^
[INFO] [stdout] ...
[INFO] [stdout] 33 |     fn calculate_internal_forces(&self) -> Vec<(f64, f64)> {
[INFO] [stdout]    |        ^^^^^^^^^^^^^^^^^^^^^^^^^
[INFO] [stdout] 
[INFO] [stdout] 
[INFO] [stdout] warning: function `gaussian_elimination` is never used
[INFO] [stdout]    --> src/frames/frame.rs:127:4
[INFO] [stdout]     |
[INFO] [stdout] 127 | fn gaussian_elimination(matrix: &Vec<Vec<f64>>, rhs: &Vec<f64>) -> Vec<f64> {
[INFO] [stdout]     |    ^^^^^^^^^^^^^^^^^^^^
[INFO] [stdout] 
[INFO] [stdout] 
[INFO] [stdout] warning: function `multiply_matrices` is never used
[INFO] [stdout]    --> src/frames/frame.rs:132:4
[INFO] [stdout]     |
[INFO] [stdout] 132 | fn multiply_matrices(a: &[[f64; 4]; 4], b: &[f64; 4]) -> [f64; 4] {
[INFO] [stdout]     |    ^^^^^^^^^^^^^^^^^
[INFO] [stdout] 
[INFO] [stdout] 
[INFO] [stderr]     Finished `dev` profile [unoptimized + debuginfo] target(s) in 0.17s
[INFO] running `Command { std: "docker" "inspect" "77f4bd3931ba74726142cd98e9d72c7db9caac3926f18f1a6ad084bb13f394ba", kill_on_drop: false }`
[INFO] running `Command { std: "docker" "rm" "-f" "77f4bd3931ba74726142cd98e9d72c7db9caac3926f18f1a6ad084bb13f394ba", kill_on_drop: false }`
[INFO] [stdout] 77f4bd3931ba74726142cd98e9d72c7db9caac3926f18f1a6ad084bb13f394ba
[INFO] running `Command { std: "docker" "create" "-v" "/var/lib/crater-agent-workspace/builds/worker-1-tc1/target:/opt/rustwide/target:rw,Z" "-v" "/var/lib/crater-agent-workspace/builds/worker-1-tc1/source:/opt/rustwide/workdir:ro,Z" "-v" "/var/lib/crater-agent-workspace/cargo-home:/opt/rustwide/cargo-home:ro,Z" "-v" "/var/lib/crater-agent-workspace/rustup-home:/opt/rustwide/rustup-home:ro,Z" "-e" "SOURCE_DIR=/opt/rustwide/workdir" "-e" "CARGO_TARGET_DIR=/opt/rustwide/target" "-e" "CARGO_INCREMENTAL=0" "-e" "RUST_BACKTRACE=full" "-e" "RUSTFLAGS=--cap-lints=forbid" "-e" "RUSTDOCFLAGS=--cap-lints=forbid" "-e" "CARGO_HOME=/opt/rustwide/cargo-home" "-e" "RUSTUP_HOME=/opt/rustwide/rustup-home" "-w" "/opt/rustwide/workdir" "-m" "1610612736" "--user" "0:0" "--network" "none" "ghcr.io/rust-lang/crates-build-env/linux@sha256:4a844ea9eb2546a2d2c7022eacef16ef2e8229c7fbb2c7d4d55a9ceca922f72d" "/opt/rustwide/cargo-home/bin/cargo" "+nightly-2024-10-28" "test" "--frozen" "--no-run" "--message-format=json", kill_on_drop: false }`
[INFO] [stdout] 6cd6fc844158972a2e2eb4f1eb1d52476525dd9faf035395d4e04da5aedf940d
[INFO] running `Command { std: "docker" "start" "-a" "6cd6fc844158972a2e2eb4f1eb1d52476525dd9faf035395d4e04da5aedf940d", kill_on_drop: false }`
[INFO] [stdout] warning: unused variable: `matrix`
[INFO] [stdout]    --> src/frames/frame.rs:127:25
[INFO] [stdout]     |
[INFO] [stdout] 127 | fn gaussian_elimination(matrix: &Vec<Vec<f64>>, rhs: &Vec<f64>) -> Vec<f64> {
[INFO] [stdout]     |                         ^^^^^^ help: if this is intentional, prefix it with an underscore: `_matrix`
[INFO] [stdout]     |
[INFO] [stdout]     = note: `#[warn(unused_variables)]` on by default
[INFO] [stdout] 
[INFO] [stdout] 
[INFO] [stdout] warning: struct `Element` is never constructed
[INFO] [stdout]  --> src/frames/frame.rs:3:8
[INFO] [stdout]   |
[INFO] [stdout] 3 | struct Element {
[INFO] [stdout]   |        ^^^^^^^
[INFO] [stdout]   |
[INFO] [stdout]   = note: `#[warn(dead_code)]` on by default
[INFO] [stdout] 
[INFO] [stdout] 
[INFO] [stdout] warning: struct `Frame` is never constructed
[INFO] [stdout]  --> src/frames/frame.rs:9:8
[INFO] [stdout]   |
[INFO] [stdout] 9 | struct Frame {
[INFO] [stdout]   |        ^^^^^
[INFO] [stdout] 
[INFO] [stdout] 
[INFO] [stdout] warning: struct `MaterialProperties` is never constructed
[INFO] [stdout]   --> src/frames/frame.rs:17:8
[INFO] [stdout]    |
[INFO] [stdout] 17 | struct MaterialProperties {
[INFO] [stdout]    |        ^^^^^^^^^^^^^^^^^^
[INFO] [stdout] 
[INFO] [stdout] 
[INFO] [stderr]    Compiling fea-sd v0.1.0 (/opt/rustwide/workdir)
[INFO] [stdout] warning: associated items `transpose` and `calculate_internal_forces` are never used
[INFO] [stdout]   --> src/frames/frame.rs:23:8
[INFO] [stdout]    |
[INFO] [stdout] 22 | impl Frame {
[INFO] [stdout]    | ---------- associated items in this implementation
[INFO] [stdout] 23 |     fn transpose(matrix: [[f64; 4]; 4]) -> [[f64; 4]; 4] {
[INFO] [stdout]    |        ^^^^^^^^^
[INFO] [stdout] ...
[INFO] [stdout] 33 |     fn calculate_internal_forces(&self) -> Vec<(f64, f64)> {
[INFO] [stdout]    |        ^^^^^^^^^^^^^^^^^^^^^^^^^
[INFO] [stdout] 
[INFO] [stdout] 
[INFO] [stdout] warning: function `gaussian_elimination` is never used
[INFO] [stdout]    --> src/frames/frame.rs:127:4
[INFO] [stdout]     |
[INFO] [stdout] 127 | fn gaussian_elimination(matrix: &Vec<Vec<f64>>, rhs: &Vec<f64>) -> Vec<f64> {
[INFO] [stdout]     |    ^^^^^^^^^^^^^^^^^^^^
[INFO] [stdout] 
[INFO] [stdout] 
[INFO] [stdout] warning: function `multiply_matrices` is never used
[INFO] [stdout]    --> src/frames/frame.rs:132:4
[INFO] [stdout]     |
[INFO] [stdout] 132 | fn multiply_matrices(a: &[[f64; 4]; 4], b: &[f64; 4]) -> [f64; 4] {
[INFO] [stdout]     |    ^^^^^^^^^^^^^^^^^
[INFO] [stdout] 
[INFO] [stdout] 
[INFO] [stdout] warning: unused variable: `matrix`
[INFO] [stdout]    --> src/frames/frame.rs:127:25
[INFO] [stdout]     |
[INFO] [stdout] 127 | fn gaussian_elimination(matrix: &Vec<Vec<f64>>, rhs: &Vec<f64>) -> Vec<f64> {
[INFO] [stdout]     |                         ^^^^^^ help: if this is intentional, prefix it with an underscore: `_matrix`
[INFO] [stdout]     |
[INFO] [stdout]     = note: `#[warn(unused_variables)]` on by default
[INFO] [stdout] 
[INFO] [stdout] 
[INFO] [stdout] warning: field `material_properties` is never read
[INFO] [stdout]   --> src/frames/frame.rs:14:5
[INFO] [stdout]    |
[INFO] [stdout] 9  | struct Frame {
[INFO] [stdout]    |        ----- field in this struct
[INFO] [stdout] ...
[INFO] [stdout] 14 |     material_properties: MaterialProperties,
[INFO] [stdout]    |     ^^^^^^^^^^^^^^^^^^^
[INFO] [stdout]    |
[INFO] [stdout]    = note: `#[warn(dead_code)]` on by default
[INFO] [stdout] 
[INFO] [stdout] 
[INFO] [stderr]     Finished `test` profile [unoptimized + debuginfo] target(s) in 0.20s
[INFO] running `Command { std: "docker" "inspect" "6cd6fc844158972a2e2eb4f1eb1d52476525dd9faf035395d4e04da5aedf940d", kill_on_drop: false }`
[INFO] running `Command { std: "docker" "rm" "-f" "6cd6fc844158972a2e2eb4f1eb1d52476525dd9faf035395d4e04da5aedf940d", kill_on_drop: false }`
[INFO] [stdout] 6cd6fc844158972a2e2eb4f1eb1d52476525dd9faf035395d4e04da5aedf940d
[INFO] running `Command { std: "docker" "create" "-v" "/var/lib/crater-agent-workspace/builds/worker-1-tc1/target:/opt/rustwide/target:rw,Z" "-v" "/var/lib/crater-agent-workspace/builds/worker-1-tc1/source:/opt/rustwide/workdir:ro,Z" "-v" "/var/lib/crater-agent-workspace/cargo-home:/opt/rustwide/cargo-home:ro,Z" "-v" "/var/lib/crater-agent-workspace/rustup-home:/opt/rustwide/rustup-home:ro,Z" "-e" "SOURCE_DIR=/opt/rustwide/workdir" "-e" "CARGO_TARGET_DIR=/opt/rustwide/target" "-e" "CARGO_INCREMENTAL=0" "-e" "RUST_BACKTRACE=full" "-e" "RUSTFLAGS=--cap-lints=forbid" "-e" "RUSTDOCFLAGS=--cap-lints=forbid" "-e" "CARGO_HOME=/opt/rustwide/cargo-home" "-e" "RUSTUP_HOME=/opt/rustwide/rustup-home" "-w" "/opt/rustwide/workdir" "-m" "1610612736" "--user" "0:0" "--network" "none" "ghcr.io/rust-lang/crates-build-env/linux@sha256:4a844ea9eb2546a2d2c7022eacef16ef2e8229c7fbb2c7d4d55a9ceca922f72d" "/opt/rustwide/cargo-home/bin/cargo" "+nightly-2024-10-28" "test" "--frozen", kill_on_drop: false }`
[INFO] [stdout] 964a4ffc22a046e945739c6c6d743b0b6454ecc0337104d78acdfe636e6241c0
[INFO] running `Command { std: "docker" "start" "-a" "964a4ffc22a046e945739c6c6d743b0b6454ecc0337104d78acdfe636e6241c0", kill_on_drop: false }`
[INFO] [stderr] warning: unused variable: `matrix`
[INFO] [stderr]    --> src/frames/frame.rs:127:25
[INFO] [stderr]     |
[INFO] [stderr] 127 | fn gaussian_elimination(matrix: &Vec<Vec<f64>>, rhs: &Vec<f64>) -> Vec<f64> {
[INFO] [stderr]     |                         ^^^^^^ help: if this is intentional, prefix it with an underscore: `_matrix`
[INFO] [stderr]     |
[INFO] [stderr]     = note: `#[warn(unused_variables)]` on by default
[INFO] [stderr] 
[INFO] [stderr] warning: struct `Element` is never constructed
[INFO] [stderr]  --> src/frames/frame.rs:3:8
[INFO] [stderr]   |
[INFO] [stderr] 3 | struct Element {
[INFO] [stderr]   |        ^^^^^^^
[INFO] [stderr]   |
[INFO] [stderr]   = note: `#[warn(dead_code)]` on by default
[INFO] [stderr] 
[INFO] [stderr] warning: struct `Frame` is never constructed
[INFO] [stderr]  --> src/frames/frame.rs:9:8
[INFO] [stderr]   |
[INFO] [stderr] 9 | struct Frame {
[INFO] [stderr]   |        ^^^^^
[INFO] [stderr] 
[INFO] [stderr] warning: struct `MaterialProperties` is never constructed
[INFO] [stderr]   --> src/frames/frame.rs:17:8
[INFO] [stderr]    |
[INFO] [stderr] 17 | struct MaterialProperties {
[INFO] [stderr]    |        ^^^^^^^^^^^^^^^^^^
[INFO] [stderr] 
[INFO] [stderr] warning: associated items `transpose` and `calculate_internal_forces` are never used
[INFO] [stderr]   --> src/frames/frame.rs:23:8
[INFO] [stderr]    |
[INFO] [stderr] 22 | impl Frame {
[INFO] [stderr]    | ---------- associated items in this implementation
[INFO] [stderr] 23 |     fn transpose(matrix: [[f64; 4]; 4]) -> [[f64; 4]; 4] {
[INFO] [stderr]    |        ^^^^^^^^^
[INFO] [stderr] ...
[INFO] [stderr] 33 |     fn calculate_internal_forces(&self) -> Vec<(f64, f64)> {
[INFO] [stderr]    |        ^^^^^^^^^^^^^^^^^^^^^^^^^
[INFO] [stderr] 
[INFO] [stderr] warning: function `gaussian_elimination` is never used
[INFO] [stderr]    --> src/frames/frame.rs:127:4
[INFO] [stderr]     |
[INFO] [stderr] 127 | fn gaussian_elimination(matrix: &Vec<Vec<f64>>, rhs: &Vec<f64>) -> Vec<f64> {
[INFO] [stderr]     |    ^^^^^^^^^^^^^^^^^^^^
[INFO] [stderr] 
[INFO] [stderr] warning: function `multiply_matrices` is never used
[INFO] [stderr]    --> src/frames/frame.rs:132:4
[INFO] [stderr]     |
[INFO] [stderr] 132 | fn multiply_matrices(a: &[[f64; 4]; 4], b: &[f64; 4]) -> [f64; 4] {
[INFO] [stderr]     |    ^^^^^^^^^^^^^^^^^
[INFO] [stderr] 
[INFO] [stderr] warning: `fea-sd` (lib) generated 7 warnings
[INFO] [stderr] warning: field `material_properties` is never read
[INFO] [stderr]   --> src/frames/frame.rs:14:5
[INFO] [stderr]    |
[INFO] [stderr] 9  | struct Frame {
[INFO] [stderr]    |        ----- field in this struct
[INFO] [stderr] ...
[INFO] [stderr] 14 |     material_properties: MaterialProperties,
[INFO] [stderr]    |     ^^^^^^^^^^^^^^^^^^^
[INFO] [stderr]    |
[INFO] [stderr]    = note: `#[warn(dead_code)]` on by default
[INFO] [stderr] 
[INFO] [stderr] warning: `fea-sd` (lib test) generated 2 warnings (1 duplicate)
[INFO] [stderr]     Finished `test` profile [unoptimized + debuginfo] target(s) in 0.00s
[INFO] [stderr]      Running unittests src/lib.rs (/opt/rustwide/target/debug/deps/fea_sd-d7c886552af77b5a)
[INFO] [stdout] 
[INFO] [stdout] running 8 tests
[INFO] [stdout] test loads::distributed_load::distributed_load_tests::test_distributed_load_with_fixed_supports ... ok
[INFO] [stdout] test loads::point_load::punctual_load_test::test2_point_load_with_fixed_ends ... ok
[INFO] [stdout] test loads::point_load::punctual_load_test::test_point_load_with_fixed_end_and_free_end ... ok
[INFO] [stdout] test loads::point_load::punctual_load_test::test_point_load_with_fixed_ends ... ok
[INFO] [stdout] test loads::point_load::punctual_load_test::test_point_load_with_free_end_and_fixed_end ... ok
[INFO] [stdout] test spans::span::punctual_load_test::test2_point_load_with_fixed_ends ... ok
[INFO] [stdout] test spans::span::punctual_load_test::test_point_load_with_fixed_ends ... ok
[INFO] [stdout] test frames::frame::frame_tests::test_frame_analysis ... FAILED
[INFO] [stdout] 
[INFO] [stdout] failures:
[INFO] [stdout] 
[INFO] [stdout] ---- frames::frame::frame_tests::test_frame_analysis stdout ----
[INFO] [stdout] thread 'frames::frame::frame_tests::test_frame_analysis' panicked at src/frames/frame.rs:195:9:
[INFO] [stdout] assertion failed: (internal_forces[0].0 - 7.5).abs() < 1e-6
[INFO] [stdout] stack backtrace:
[INFO] [stdout]    0:     0x637f20f219da - std::backtrace_rs::backtrace::libunwind::trace::h207520d6e9873551
[INFO] [stdout]                                at /rustc/df4ca44d3fbc9301ee17f30f4d474e6ae4b05252/library/std/src/../../backtrace/src/backtrace/libunwind.rs:116:5
[INFO] [stdout]    1:     0x637f20f219da - std::backtrace_rs::backtrace::trace_unsynchronized::h2ed7433f370e3eca
[INFO] [stdout]                                at /rustc/df4ca44d3fbc9301ee17f30f4d474e6ae4b05252/library/std/src/../../backtrace/src/backtrace/mod.rs:66:5
[INFO] [stdout]    2:     0x637f20f219da - std::sys::backtrace::_print_fmt::h916fac51166b18d7
[INFO] [stdout]                                at /rustc/df4ca44d3fbc9301ee17f30f4d474e6ae4b05252/library/std/src/sys/backtrace.rs:66:9
[INFO] [stdout]    3:     0x637f20f219da - <std::sys::backtrace::BacktraceLock::print::DisplayBacktrace as core::fmt::Display>::fmt::ha0a4c9b8ce3802e6
[INFO] [stdout]                                at /rustc/df4ca44d3fbc9301ee17f30f4d474e6ae4b05252/library/std/src/sys/backtrace.rs:39:26
[INFO] [stdout]    4:     0x637f20f48243 - core::fmt::rt::Argument::fmt::h4cfc8587d52b3eb5
[INFO] [stdout]                                at /rustc/df4ca44d3fbc9301ee17f30f4d474e6ae4b05252/library/core/src/fmt/rt.rs:177:76
[INFO] [stdout]    5:     0x637f20f48243 - core::fmt::write::h522cc39e5b36ae9f
[INFO] [stdout]                                at /rustc/df4ca44d3fbc9301ee17f30f4d474e6ae4b05252/library/core/src/fmt/mod.rs:1190:21
[INFO] [stdout]    6:     0x637f20f1e643 - std::io::Write::write_fmt::h7d3c26752da97734
[INFO] [stdout]                                at /rustc/df4ca44d3fbc9301ee17f30f4d474e6ae4b05252/library/std/src/io/mod.rs:1839:15
[INFO] [stdout]    7:     0x637f20f21822 - std::sys::backtrace::BacktraceLock::print::h4b9e00b29e9c0942
[INFO] [stdout]                                at /rustc/df4ca44d3fbc9301ee17f30f4d474e6ae4b05252/library/std/src/sys/backtrace.rs:42:9
[INFO] [stdout]    8:     0x637f20f22e6a - std::panicking::default_hook::{{closure}}::hb59b88280d0324d9
[INFO] [stdout]                                at /rustc/df4ca44d3fbc9301ee17f30f4d474e6ae4b05252/library/std/src/panicking.rs:268:22
[INFO] [stdout]    9:     0x637f20f22c74 - std::panicking::default_hook::he1dd496665be4a29
[INFO] [stdout]                                at /rustc/df4ca44d3fbc9301ee17f30f4d474e6ae4b05252/library/std/src/panicking.rs:292:9
[INFO] [stdout]   10:     0x637f20eeca69 - <alloc::boxed::Box<F,A> as core::ops::function::Fn<Args>>::call::h4ff71de18744e1dc
[INFO] [stdout]                                at /rustc/df4ca44d3fbc9301ee17f30f4d474e6ae4b05252/library/alloc/src/boxed.rs:2468:9
[INFO] [stdout]   11:     0x637f20eeca69 - test::test_main::{{closure}}::hcf7c055ce117aa81
[INFO] [stdout]                                at /rustc/df4ca44d3fbc9301ee17f30f4d474e6ae4b05252/library/test/src/lib.rs:133:21
[INFO] [stdout]   12:     0x637f20f23568 - <alloc::boxed::Box<F,A> as core::ops::function::Fn<Args>>::call::h1d66c6bbd60c9692
[INFO] [stdout]                                at /rustc/df4ca44d3fbc9301ee17f30f4d474e6ae4b05252/library/alloc/src/boxed.rs:2468:9
[INFO] [stdout]   13:     0x637f20f23568 - std::panicking::rust_panic_with_hook::h2ff17fe8f26dfcf8
[INFO] [stdout]                                at /rustc/df4ca44d3fbc9301ee17f30f4d474e6ae4b05252/library/std/src/panicking.rs:809:13
[INFO] [stdout]   14:     0x637f20f232f6 - std::panicking::begin_panic_handler::{{closure}}::h4fad77951c07e101
[INFO] [stdout]                                at /rustc/df4ca44d3fbc9301ee17f30f4d474e6ae4b05252/library/std/src/panicking.rs:667:13
[INFO] [stdout]   15:     0x637f20f21eb9 - std::sys::backtrace::__rust_end_short_backtrace::hb1a25b3da5d0ea08
[INFO] [stdout]                                at /rustc/df4ca44d3fbc9301ee17f30f4d474e6ae4b05252/library/std/src/sys/backtrace.rs:170:18
[INFO] [stdout]   16:     0x637f20f22fbc - rust_begin_unwind
[INFO] [stdout]                                at /rustc/df4ca44d3fbc9301ee17f30f4d474e6ae4b05252/library/std/src/panicking.rs:665:5
[INFO] [stdout]   17:     0x637f20f46980 - core::panicking::panic_fmt::ha9db07b529f9b256
[INFO] [stdout]                                at /rustc/df4ca44d3fbc9301ee17f30f4d474e6ae4b05252/library/core/src/panicking.rs:75:14
[INFO] [stdout]   18:     0x637f20f46a0c - core::panicking::panic::h993086813d94accc
[INFO] [stdout]                                at /rustc/df4ca44d3fbc9301ee17f30f4d474e6ae4b05252/library/core/src/panicking.rs:152:5
[INFO] [stdout]   19:     0x637f20eaf8dd - fea_sd::frames::frame::frame_tests::test_frame_analysis::h038f4f2e69b5d580
[INFO] [stdout]                                at /opt/rustwide/workdir/src/frames/frame.rs:195:9
[INFO] [stdout]   20:     0x637f20eaf287 - fea_sd::frames::frame::frame_tests::test_frame_analysis::{{closure}}::hceda546c5acba49c
[INFO] [stdout]                                at /opt/rustwide/workdir/src/frames/frame.rs:148:29
[INFO] [stdout]   21:     0x637f20ea8ce6 - core::ops::function::FnOnce::call_once::he76e66f5d94085fc
[INFO] [stdout]                                at /rustc/df4ca44d3fbc9301ee17f30f4d474e6ae4b05252/library/core/src/ops/function.rs:250:5
[INFO] [stdout]   22:     0x637f20ef133b - core::ops::function::FnOnce::call_once::h22c3ba5715e93f05
[INFO] [stdout]                                at /rustc/df4ca44d3fbc9301ee17f30f4d474e6ae4b05252/library/core/src/ops/function.rs:250:5
[INFO] [stdout]   23:     0x637f20ef133b - test::__rust_begin_short_backtrace::h8e82d8113d0da17f
[INFO] [stdout]                                at /rustc/df4ca44d3fbc9301ee17f30f4d474e6ae4b05252/library/test/src/lib.rs:621:18
[INFO] [stdout]   24:     0x637f20ef0cb7 - test::run_test_in_process::{{closure}}::h33235f4f20b7b7c7
[INFO] [stdout]                                at /rustc/df4ca44d3fbc9301ee17f30f4d474e6ae4b05252/library/test/src/lib.rs:644:60
[INFO] [stdout]   25:     0x637f20ef0cb7 - <core::panic::unwind_safe::AssertUnwindSafe<F> as core::ops::function::FnOnce<()>>::call_once::hb5043206310c586f
[INFO] [stdout]                                at /rustc/df4ca44d3fbc9301ee17f30f4d474e6ae4b05252/library/core/src/panic/unwind_safe.rs:272:9
[INFO] [stdout]   26:     0x637f20ef0cb7 - std::panicking::try::do_call::h9ad4731a60ab23e2
[INFO] [stdout]                                at /rustc/df4ca44d3fbc9301ee17f30f4d474e6ae4b05252/library/std/src/panicking.rs:557:40
[INFO] [stdout]   27:     0x637f20ef0cb7 - std::panicking::try::h3824d23db772a716
[INFO] [stdout]                                at /rustc/df4ca44d3fbc9301ee17f30f4d474e6ae4b05252/library/std/src/panicking.rs:520:19
[INFO] [stdout]   28:     0x637f20ef0cb7 - std::panic::catch_unwind::h5afd514605fde46b
[INFO] [stdout]                                at /rustc/df4ca44d3fbc9301ee17f30f4d474e6ae4b05252/library/std/src/panic.rs:358:14
[INFO] [stdout]   29:     0x637f20ef0cb7 - test::run_test_in_process::h0d5cbfa7067d1720
[INFO] [stdout]                                at /rustc/df4ca44d3fbc9301ee17f30f4d474e6ae4b05252/library/test/src/lib.rs:644:27
[INFO] [stdout]   30:     0x637f20ef0cb7 - test::run_test::{{closure}}::h708eb8872708115d
[INFO] [stdout]                                at /rustc/df4ca44d3fbc9301ee17f30f4d474e6ae4b05252/library/test/src/lib.rs:565:43
[INFO] [stdout]   31:     0x637f20eb43d4 - test::run_test::{{closure}}::h392c51cee94713ab
[INFO] [stdout]                                at /rustc/df4ca44d3fbc9301ee17f30f4d474e6ae4b05252/library/test/src/lib.rs:595:41
[INFO] [stdout]   32:     0x637f20eb43d4 - std::sys::backtrace::__rust_begin_short_backtrace::h2f40290710935a8b
[INFO] [stdout]                                at /rustc/df4ca44d3fbc9301ee17f30f4d474e6ae4b05252/library/std/src/sys/backtrace.rs:154:18
[INFO] [stdout]   33:     0x637f20eb7b7e - std::thread::Builder::spawn_unchecked_::{{closure}}::{{closure}}::h3fd968d89053a903
[INFO] [stdout]                                at /rustc/df4ca44d3fbc9301ee17f30f4d474e6ae4b05252/library/std/src/thread/mod.rs:541:17
[INFO] [stdout]   34:     0x637f20eb7b7e - <core::panic::unwind_safe::AssertUnwindSafe<F> as core::ops::function::FnOnce<()>>::call_once::h743f637ba4229880
[INFO] [stdout]                                at /rustc/df4ca44d3fbc9301ee17f30f4d474e6ae4b05252/library/core/src/panic/unwind_safe.rs:272:9
[INFO] [stdout]   35:     0x637f20eb7b7e - std::panicking::try::do_call::h07440897322525a6
[INFO] [stdout]                                at /rustc/df4ca44d3fbc9301ee17f30f4d474e6ae4b05252/library/std/src/panicking.rs:557:40
[INFO] [stdout]   36:     0x637f20eb7b7e - std::panicking::try::he5a2e00188156637
[INFO] [stdout]                                at /rustc/df4ca44d3fbc9301ee17f30f4d474e6ae4b05252/library/std/src/panicking.rs:520:19
[INFO] [stdout]   37:     0x637f20eb7b7e - std::panic::catch_unwind::hbaf3cae49b3c6433
[INFO] [stdout]                                at /rustc/df4ca44d3fbc9301ee17f30f4d474e6ae4b05252/library/std/src/panic.rs:358:14
[INFO] [stdout]   38:     0x637f20eb7b7e - std::thread::Builder::spawn_unchecked_::{{closure}}::h8e141ea224820bce
[INFO] [stdout]                                at /rustc/df4ca44d3fbc9301ee17f30f4d474e6ae4b05252/library/std/src/thread/mod.rs:540:30
[INFO] [stdout]   39:     0x637f20eb7b7e - core::ops::function::FnOnce::call_once{{vtable.shim}}::h90d312fedd7b8ea8
[INFO] [stdout]                                at /rustc/df4ca44d3fbc9301ee17f30f4d474e6ae4b05252/library/core/src/ops/function.rs:250:5
[INFO] [stdout]   40:     0x637f20f2735b - <alloc::boxed::Box<F,A> as core::ops::function::FnOnce<Args>>::call_once::h69aa08ddb6adb8b6
[INFO] [stdout]                                at /rustc/df4ca44d3fbc9301ee17f30f4d474e6ae4b05252/library/alloc/src/boxed.rs:2454:9
[INFO] [stdout]   41:     0x637f20f2735b - <alloc::boxed::Box<F,A> as core::ops::function::FnOnce<Args>>::call_once::h5aa36efdb79c806f
[INFO] [stdout]                                at /rustc/df4ca44d3fbc9301ee17f30f4d474e6ae4b05252/library/alloc/src/boxed.rs:2454:9
[INFO] [stdout]   42:     0x637f20f2735b - std::sys::pal::unix::thread::Thread::new::thread_start::h6cd80a1b4be5158d
[INFO] [stdout]                                at /rustc/df4ca44d3fbc9301ee17f30f4d474e6ae4b05252/library/std/src/sys/pal/unix/thread.rs:105:17
[INFO] [stdout]   43:     0x71d5f9878ac3 - <unknown>
[INFO] [stdout]   44:     0x71d5f9909a04 - clone
[INFO] [stdout]   45:                0x0 - <unknown>
[INFO] [stdout] 
[INFO] [stdout] 
[INFO] [stdout] failures:
[INFO] [stdout]     frames::frame::frame_tests::test_frame_analysis
[INFO] [stdout] 
[INFO] [stdout] test result: FAILED. 7 passed; 1 failed; 0 ignored; 0 measured; 0 filtered out; finished in 0.01s
[INFO] [stdout] 
[INFO] [stderr] error: test failed, to rerun pass `--lib`
[INFO] running `Command { std: "docker" "inspect" "964a4ffc22a046e945739c6c6d743b0b6454ecc0337104d78acdfe636e6241c0", kill_on_drop: false }`
[INFO] running `Command { std: "docker" "rm" "-f" "964a4ffc22a046e945739c6c6d743b0b6454ecc0337104d78acdfe636e6241c0", kill_on_drop: false }`
[INFO] [stdout] 964a4ffc22a046e945739c6c6d743b0b6454ecc0337104d78acdfe636e6241c0
