[INFO] cloning repository https://github.com/WindSoilder/kvs
[INFO] running `Command { std: "git" "-c" "credential.helper=" "-c" "credential.helper=/workspace/cargo-home/bin/git-credential-null" "clone" "--bare" "https://github.com/WindSoilder/kvs" "/workspace/cache/git-repos/https%3A%2F%2Fgithub.com%2FWindSoilder%2Fkvs", kill_on_drop: false }`
[INFO] [stderr] Cloning into bare repository '/workspace/cache/git-repos/https%3A%2F%2Fgithub.com%2FWindSoilder%2Fkvs'...
[INFO] running `Command { std: "git" "rev-parse" "HEAD", kill_on_drop: false }`
[INFO] [stdout] 4f88e74bbe8e22eb5d0f3a3891cf77c380d39ec2
[INFO] testing WindSoilder/kvs/4f88e74bbe8e22eb5d0f3a3891cf77c380d39ec2 against nightly-2024-10-28+rustflags=-Zrandomize-layout for randomize-layout
[INFO] running `Command { std: "git" "clone" "/workspace/cache/git-repos/https%3A%2F%2Fgithub.com%2FWindSoilder%2Fkvs" "/workspace/builds/worker-0-tc2/source", kill_on_drop: false }`
[INFO] [stderr] Cloning into '/workspace/builds/worker-0-tc2/source'...
[INFO] [stderr] done.
[INFO] validating manifest of git repo https://github.com/WindSoilder/kvs on toolchain nightly-2024-10-28
[INFO] running `Command { std: CARGO_HOME="/workspace/cargo-home" RUSTUP_HOME="/workspace/rustup-home" "/workspace/cargo-home/bin/cargo" "+nightly-2024-10-28" "metadata" "--manifest-path" "Cargo.toml" "--no-deps", kill_on_drop: false }`
[INFO] started tweaking git repo https://github.com/WindSoilder/kvs
[INFO] finished tweaking git repo https://github.com/WindSoilder/kvs
[INFO] tweaked toml for git repo https://github.com/WindSoilder/kvs written to /workspace/builds/worker-0-tc2/source/Cargo.toml
[INFO] crate git repo https://github.com/WindSoilder/kvs already has a lockfile, it will not be regenerated
[INFO] running `Command { std: CARGO_HOME="/workspace/cargo-home" RUSTUP_HOME="/workspace/rustup-home" "/workspace/cargo-home/bin/cargo" "+nightly-2024-10-28" "fetch" "--manifest-path" "Cargo.toml", kill_on_drop: false }`
[INFO] running `Command { std: "docker" "create" "-v" "/var/lib/crater-agent-workspace/builds/worker-0-tc2/target:/opt/rustwide/target:rw,Z" "-v" "/var/lib/crater-agent-workspace/builds/worker-0-tc2/source:/opt/rustwide/workdir:ro,Z" "-v" "/var/lib/crater-agent-workspace/cargo-home:/opt/rustwide/cargo-home:ro,Z" "-v" "/var/lib/crater-agent-workspace/rustup-home:/opt/rustwide/rustup-home:ro,Z" "-e" "SOURCE_DIR=/opt/rustwide/workdir" "-e" "CARGO_TARGET_DIR=/opt/rustwide/target" "-e" "CARGO_HOME=/opt/rustwide/cargo-home" "-e" "RUSTUP_HOME=/opt/rustwide/rustup-home" "-w" "/opt/rustwide/workdir" "-m" "1610612736" "--user" "0:0" "--network" "none" "ghcr.io/rust-lang/crates-build-env/linux@sha256:4a844ea9eb2546a2d2c7022eacef16ef2e8229c7fbb2c7d4d55a9ceca922f72d" "/opt/rustwide/cargo-home/bin/cargo" "+nightly-2024-10-28" "metadata" "--no-deps" "--format-version=1", kill_on_drop: false }`
[INFO] [stdout] 7deaf74fd635cb4d9a406f6854fc6c6caa6cfc8519145a302e5ab725f619f5ad
[INFO] running `Command { std: "docker" "start" "-a" "7deaf74fd635cb4d9a406f6854fc6c6caa6cfc8519145a302e5ab725f619f5ad", kill_on_drop: false }`
[INFO] running `Command { std: "docker" "inspect" "7deaf74fd635cb4d9a406f6854fc6c6caa6cfc8519145a302e5ab725f619f5ad", kill_on_drop: false }`
[INFO] running `Command { std: "docker" "rm" "-f" "7deaf74fd635cb4d9a406f6854fc6c6caa6cfc8519145a302e5ab725f619f5ad", kill_on_drop: false }`
[INFO] [stdout] 7deaf74fd635cb4d9a406f6854fc6c6caa6cfc8519145a302e5ab725f619f5ad
[INFO] running `Command { std: "docker" "create" "-v" "/var/lib/crater-agent-workspace/builds/worker-0-tc2/target:/opt/rustwide/target:rw,Z" "-v" "/var/lib/crater-agent-workspace/builds/worker-0-tc2/source:/opt/rustwide/workdir:ro,Z" "-v" "/var/lib/crater-agent-workspace/cargo-home:/opt/rustwide/cargo-home:ro,Z" "-v" "/var/lib/crater-agent-workspace/rustup-home:/opt/rustwide/rustup-home:ro,Z" "-e" "SOURCE_DIR=/opt/rustwide/workdir" "-e" "CARGO_TARGET_DIR=/opt/rustwide/target" "-e" "CARGO_INCREMENTAL=0" "-e" "RUST_BACKTRACE=full" "-e" "RUSTFLAGS=--cap-lints=forbid -Zrandomize-layout" "-e" "RUSTDOCFLAGS=--cap-lints=forbid" "-e" "CARGO_HOME=/opt/rustwide/cargo-home" "-e" "RUSTUP_HOME=/opt/rustwide/rustup-home" "-w" "/opt/rustwide/workdir" "-m" "1610612736" "--user" "0:0" "--network" "none" "ghcr.io/rust-lang/crates-build-env/linux@sha256:4a844ea9eb2546a2d2c7022eacef16ef2e8229c7fbb2c7d4d55a9ceca922f72d" "/opt/rustwide/cargo-home/bin/cargo" "+nightly-2024-10-28" "build" "--frozen" "--message-format=json", kill_on_drop: false }`
[INFO] [stdout] 5d59658faf1353cb65d5b60569de1a839ce02c4644a97d4a5fc657848af2f514
[INFO] running `Command { std: "docker" "start" "-a" "5d59658faf1353cb65d5b60569de1a839ce02c4644a97d4a5fc657848af2f514", kill_on_drop: false }`
[INFO] [stderr]    Compiling semver-parser v0.7.0
[INFO] [stderr]    Compiling libc v0.2.62
[INFO] [stderr]    Compiling cfg-if v0.1.9
[INFO] [stderr]    Compiling autocfg v0.1.6
[INFO] [stderr]    Compiling lazy_static v1.4.0
[INFO] [stderr]    Compiling proc-macro2 v1.0.2
[INFO] [stderr]    Compiling unicode-xid v0.2.0
[INFO] [stderr]    Compiling scopeguard v1.0.0
[INFO] [stderr]    Compiling syn v1.0.5
[INFO] [stderr]    Compiling crossbeam-utils v0.6.6
[INFO] [stderr]    Compiling maybe-uninit v2.0.0
[INFO] [stderr]    Compiling serde v1.0.100
[INFO] [stderr]    Compiling semver v0.9.0
[INFO] [stderr]    Compiling crossbeam-utils v0.7.0
[INFO] [stderr]    Compiling crossbeam-epoch v0.8.0
[INFO] [stderr]    Compiling memchr v2.2.1
[INFO] [stderr]    Compiling byteorder v1.3.2
[INFO] [stderr]    Compiling rustc_version v0.2.3
[INFO] [stderr]    Compiling arrayvec v0.4.12
[INFO] [stderr]    Compiling log v0.4.8
[INFO] [stderr]    Compiling smallvec v0.6.13
[INFO] [stderr]    Compiling memoffset v0.5.3
[INFO] [stderr]    Compiling quote v1.0.2
[INFO] [stderr]    Compiling parking_lot_core v0.6.2
[INFO] [stderr]    Compiling parking_lot v0.9.0
[INFO] [stderr]    Compiling bincode v1.1.4
[INFO] [stderr]    Compiling rayon-core v1.6.0
[INFO] [stderr]    Compiling crc32fast v1.2.0
[INFO] [stderr]    Compiling nodrop v0.1.14
[INFO] [stderr]    Compiling bitflags v1.1.0
[INFO] [stderr]    Compiling ryu v1.0.0
[INFO] [stderr]    Compiling crossbeam-deque v0.7.2
[INFO] [stderr]    Compiling aho-corasick v0.7.6
[INFO] [stderr]    Compiling atty v0.2.13
[INFO] [stderr]    Compiling num_cpus v1.11.0
[INFO] [stderr]    Compiling crossbeam-queue v0.1.2
[INFO] [stderr]    Compiling lock_api v0.3.1
[INFO] [stderr]    Compiling thread_local v0.3.6
[INFO] [stderr]    Compiling quick-error v1.2.2
[INFO] [stderr]    Compiling regex-syntax v0.6.12
[INFO] [stderr]    Compiling unicode-width v0.1.6
[INFO] [stderr]    Compiling humantime v1.3.0
[INFO] [stderr]    Compiling textwrap v0.11.0
[INFO] [stderr]    Compiling crossbeam-epoch v0.7.2
[INFO] [stderr]    Compiling fxhash v0.2.1
[INFO] [stderr]    Compiling fs2 v0.4.3
[INFO] [stderr]    Compiling crossbeam-channel v0.3.9
[INFO] [stderr]    Compiling either v1.5.3
[INFO] [stderr]    Compiling termcolor v1.0.5
[INFO] [stderr]    Compiling strsim v0.8.0
[INFO] [stderr]    Compiling vec_map v0.8.1
[INFO] [stderr]    Compiling itoa v0.4.4
[INFO] [stderr]    Compiling ansi_term v0.11.0
[INFO] [stderr]    Compiling rayon v1.2.0
[INFO] [stderr]    Compiling clap v2.33.0
[INFO] [stderr]    Compiling serde_derive v1.0.99
[INFO] [stderr]    Compiling regex v1.3.1
[INFO] [stderr]    Compiling env_logger v0.7.1
[INFO] [stderr]    Compiling serde_bytes v0.11.2
[INFO] [stderr]    Compiling serde_json v1.0.40
[INFO] [stderr]    Compiling sled v0.29.1
[INFO] [stderr]    Compiling kvs v0.1.0 (/opt/rustwide/workdir)
[INFO] [stdout] warning: non-local `impl` definition, `impl` blocks should be written at the same level as their item
[INFO] [stdout]  --> src/command.rs:5:17
[INFO] [stdout]   |
[INFO] [stdout] 5 | #[derive(Debug, Serialize, Deserialize)]
[INFO] [stdout]   |                 ^--------
[INFO] [stdout]   |                 |
[INFO] [stdout]   |                 `Serialize` is not local
[INFO] [stdout]   |                 move the `impl` block outside of this constant `_IMPL_SERIALIZE_FOR_Instruction`
[INFO] [stdout] 6 | pub enum Instruction {
[INFO] [stdout]   |          ----------- `Instruction` is not local
[INFO] [stdout]   |
[INFO] [stdout]   = note: the derive macro `Serialize` defines the non-local `impl`, and may need to be changed
[INFO] [stdout]   = note: the derive macro `Serialize` may come from an old version of the `serde_derive` crate, try updating your dependency with `cargo update -p serde_derive`
[INFO] [stdout]   = note: an `impl` is never scoped, even when it is nested inside an item, as it may impact type checking outside of that item, which can be the case if neither the trait or the self type are at the same nesting level as the `impl`
[INFO] [stdout]   = note: items in an anonymous const item (`const _: () = { ... }`) are treated as in the same scope as the anonymous const's declaration for the purpose of this lint
[INFO] [stdout]   = note: `#[warn(non_local_definitions)]` on by default
[INFO] [stdout]   = note: this warning originates in the derive macro `Serialize` (in Nightly builds, run with -Z macro-backtrace for more info)
[INFO] [stdout] 
[INFO] [stdout] 
[INFO] [stdout] warning: non-local `impl` definition, `impl` blocks should be written at the same level as their item
[INFO] [stdout]  --> src/command.rs:5:28
[INFO] [stdout]   |
[INFO] [stdout] 5 | #[derive(Debug, Serialize, Deserialize)]
[INFO] [stdout]   |                            ^----------
[INFO] [stdout]   |                            |
[INFO] [stdout]   |                            `Deserialize` is not local
[INFO] [stdout]   |                            move the `impl` block outside of this constant `_IMPL_DESERIALIZE_FOR_Instruction`
[INFO] [stdout] 6 | pub enum Instruction {
[INFO] [stdout]   |          ----------- `Instruction` is not local
[INFO] [stdout]   |
[INFO] [stdout]   = note: the derive macro `Deserialize` defines the non-local `impl`, and may need to be changed
[INFO] [stdout]   = note: the derive macro `Deserialize` may come from an old version of the `serde_derive` crate, try updating your dependency with `cargo update -p serde_derive`
[INFO] [stdout]   = note: an `impl` is never scoped, even when it is nested inside an item, as it may impact type checking outside of that item, which can be the case if neither the trait or the self type are at the same nesting level as the `impl`
[INFO] [stdout]   = note: items in an anonymous const item (`const _: () = { ... }`) are treated as in the same scope as the anonymous const's declaration for the purpose of this lint
[INFO] [stdout]   = note: this warning originates in the derive macro `Deserialize` (in Nightly builds, run with -Z macro-backtrace for more info)
[INFO] [stdout] 
[INFO] [stdout] 
[INFO] [stdout] warning: non-local `impl` definition, `impl` blocks should be written at the same level as their item
[INFO] [stdout]  --> src/network/response.rs:3:17
[INFO] [stdout]   |
[INFO] [stdout] 3 | #[derive(Debug, Serialize, Deserialize)]
[INFO] [stdout]   |                 ^--------
[INFO] [stdout]   |                 |
[INFO] [stdout]   |                 `Serialize` is not local
[INFO] [stdout]   |                 move the `impl` block outside of this constant `_IMPL_SERIALIZE_FOR_Response`
[INFO] [stdout] 4 | /// Kvs server response.
[INFO] [stdout] 5 | pub struct Response {
[INFO] [stdout]   |            -------- `Response` is not local
[INFO] [stdout]   |
[INFO] [stdout]   = note: the derive macro `Serialize` defines the non-local `impl`, and may need to be changed
[INFO] [stdout]   = note: the derive macro `Serialize` may come from an old version of the `serde_derive` crate, try updating your dependency with `cargo update -p serde_derive`
[INFO] [stdout]   = note: an `impl` is never scoped, even when it is nested inside an item, as it may impact type checking outside of that item, which can be the case if neither the trait or the self type are at the same nesting level as the `impl`
[INFO] [stdout]   = note: items in an anonymous const item (`const _: () = { ... }`) are treated as in the same scope as the anonymous const's declaration for the purpose of this lint
[INFO] [stdout]   = note: this warning originates in the derive macro `Serialize` (in Nightly builds, run with -Z macro-backtrace for more info)
[INFO] [stdout] 
[INFO] [stdout] 
[INFO] [stdout] warning: non-local `impl` definition, `impl` blocks should be written at the same level as their item
[INFO] [stdout]  --> src/network/response.rs:3:28
[INFO] [stdout]   |
[INFO] [stdout] 3 | #[derive(Debug, Serialize, Deserialize)]
[INFO] [stdout]   |                            ^----------
[INFO] [stdout]   |                            |
[INFO] [stdout]   |                            `Deserialize` is not local
[INFO] [stdout]   |                            move the `impl` block outside of this constant `_IMPL_DESERIALIZE_FOR_Response`
[INFO] [stdout] 4 | /// Kvs server response.
[INFO] [stdout] 5 | pub struct Response {
[INFO] [stdout]   |            -------- `Response` is not local
[INFO] [stdout]   |
[INFO] [stdout]   = note: the derive macro `Deserialize` defines the non-local `impl`, and may need to be changed
[INFO] [stdout]   = note: the derive macro `Deserialize` may come from an old version of the `serde_derive` crate, try updating your dependency with `cargo update -p serde_derive`
[INFO] [stdout]   = note: an `impl` is never scoped, even when it is nested inside an item, as it may impact type checking outside of that item, which can be the case if neither the trait or the self type are at the same nesting level as the `impl`
[INFO] [stdout]   = note: items in an anonymous const item (`const _: () = { ... }`) are treated as in the same scope as the anonymous const's declaration for the purpose of this lint
[INFO] [stdout]   = note: this warning originates in the derive macro `Deserialize` (in Nightly builds, run with -Z macro-backtrace for more info)
[INFO] [stdout] 
[INFO] [stdout] 
[INFO] [stdout] warning: non-local `impl` definition, `impl` blocks should be written at the same level as their item
[INFO] [stdout]   --> src/network/response.rs:14:17
[INFO] [stdout]    |
[INFO] [stdout] 14 | #[derive(Debug, Serialize, Deserialize)]
[INFO] [stdout]    |                 ^--------
[INFO] [stdout]    |                 |
[INFO] [stdout]    |                 `Serialize` is not local
[INFO] [stdout]    |                 move the `impl` block outside of this constant `_IMPL_SERIALIZE_FOR_Status`
[INFO] [stdout] 15 | pub enum Status {
[INFO] [stdout]    |          ------ `Status` is not local
[INFO] [stdout]    |
[INFO] [stdout]    = note: the derive macro `Serialize` defines the non-local `impl`, and may need to be changed
[INFO] [stdout]    = note: the derive macro `Serialize` may come from an old version of the `serde_derive` crate, try updating your dependency with `cargo update -p serde_derive`
[INFO] [stdout]    = note: an `impl` is never scoped, even when it is nested inside an item, as it may impact type checking outside of that item, which can be the case if neither the trait or the self type are at the same nesting level as the `impl`
[INFO] [stdout]    = note: items in an anonymous const item (`const _: () = { ... }`) are treated as in the same scope as the anonymous const's declaration for the purpose of this lint
[INFO] [stdout]    = note: this warning originates in the derive macro `Serialize` (in Nightly builds, run with -Z macro-backtrace for more info)
[INFO] [stdout] 
[INFO] [stdout] 
[INFO] [stdout] warning: non-local `impl` definition, `impl` blocks should be written at the same level as their item
[INFO] [stdout]   --> src/network/response.rs:14:28
[INFO] [stdout]    |
[INFO] [stdout] 14 | #[derive(Debug, Serialize, Deserialize)]
[INFO] [stdout]    |                            ^----------
[INFO] [stdout]    |                            |
[INFO] [stdout]    |                            `Deserialize` is not local
[INFO] [stdout]    |                            move the `impl` block outside of this constant `_IMPL_DESERIALIZE_FOR_Status`
[INFO] [stdout] 15 | pub enum Status {
[INFO] [stdout]    |          ------ `Status` is not local
[INFO] [stdout]    |
[INFO] [stdout]    = note: the derive macro `Deserialize` defines the non-local `impl`, and may need to be changed
[INFO] [stdout]    = note: the derive macro `Deserialize` may come from an old version of the `serde_derive` crate, try updating your dependency with `cargo update -p serde_derive`
[INFO] [stdout]    = note: an `impl` is never scoped, even when it is nested inside an item, as it may impact type checking outside of that item, which can be the case if neither the trait or the self type are at the same nesting level as the `impl`
[INFO] [stdout]    = note: items in an anonymous const item (`const _: () = { ... }`) are treated as in the same scope as the anonymous const's declaration for the purpose of this lint
[INFO] [stdout]    = note: this warning originates in the derive macro `Deserialize` (in Nightly builds, run with -Z macro-backtrace for more info)
[INFO] [stdout] 
[INFO] [stdout] 
[INFO] [stderr]     Finished `dev` profile [unoptimized + debuginfo] target(s) in 9.75s
[INFO] running `Command { std: "docker" "inspect" "5d59658faf1353cb65d5b60569de1a839ce02c4644a97d4a5fc657848af2f514", kill_on_drop: false }`
[INFO] running `Command { std: "docker" "rm" "-f" "5d59658faf1353cb65d5b60569de1a839ce02c4644a97d4a5fc657848af2f514", kill_on_drop: false }`
[INFO] [stdout] 5d59658faf1353cb65d5b60569de1a839ce02c4644a97d4a5fc657848af2f514
[INFO] running `Command { std: "docker" "create" "-v" "/var/lib/crater-agent-workspace/builds/worker-0-tc2/target:/opt/rustwide/target:rw,Z" "-v" "/var/lib/crater-agent-workspace/builds/worker-0-tc2/source:/opt/rustwide/workdir:ro,Z" "-v" "/var/lib/crater-agent-workspace/cargo-home:/opt/rustwide/cargo-home:ro,Z" "-v" "/var/lib/crater-agent-workspace/rustup-home:/opt/rustwide/rustup-home:ro,Z" "-e" "SOURCE_DIR=/opt/rustwide/workdir" "-e" "CARGO_TARGET_DIR=/opt/rustwide/target" "-e" "CARGO_INCREMENTAL=0" "-e" "RUST_BACKTRACE=full" "-e" "RUSTFLAGS=--cap-lints=forbid -Zrandomize-layout" "-e" "RUSTDOCFLAGS=--cap-lints=forbid" "-e" "CARGO_HOME=/opt/rustwide/cargo-home" "-e" "RUSTUP_HOME=/opt/rustwide/rustup-home" "-w" "/opt/rustwide/workdir" "-m" "1610612736" "--user" "0:0" "--network" "none" "ghcr.io/rust-lang/crates-build-env/linux@sha256:4a844ea9eb2546a2d2c7022eacef16ef2e8229c7fbb2c7d4d55a9ceca922f72d" "/opt/rustwide/cargo-home/bin/cargo" "+nightly-2024-10-28" "test" "--frozen" "--no-run" "--message-format=json", kill_on_drop: false }`
[INFO] [stdout] 112b35153b25be2b020ab3eb0bc0ba8446c0f2b6f1838adb375b577bdee361aa
[INFO] running `Command { std: "docker" "start" "-a" "112b35153b25be2b020ab3eb0bc0ba8446c0f2b6f1838adb375b577bdee361aa", kill_on_drop: false }`
[INFO] [stderr]    Compiling rand_core v0.4.2
[INFO] [stderr]    Compiling num-traits v0.2.8
[INFO] [stderr]    Compiling getrandom v0.1.12
[INFO] [stderr]    Compiling ppv-lite86 v0.2.5
[INFO] [stderr]    Compiling regex-automata v0.1.8
[INFO] [stderr]    Compiling rand_pcg v0.1.2
[INFO] [stderr]    Compiling rand_chacha v0.1.1
[INFO] [stderr]    Compiling predicates-core v1.0.0
[INFO] [stderr]    Compiling escargot v0.4.0
[INFO] [stderr]    Compiling rand_core v0.3.1
[INFO] [stderr]    Compiling rand_os v0.1.3
[INFO] [stdout] warning: non-local `impl` definition, `impl` blocks should be written at the same level as their item
[INFO] [stdout]  --> src/command.rs:5:17
[INFO] [stdout]   |
[INFO] [stdout] 5 | #[derive(Debug, Serialize, Deserialize)]
[INFO] [stdout]   |                 ^--------
[INFO] [stdout]   |                 |
[INFO] [stdout]   |                 `Serialize` is not local
[INFO] [stdout]   |                 move the `impl` block outside of this constant `_IMPL_SERIALIZE_FOR_Instruction`
[INFO] [stdout] 6 | pub enum Instruction {
[INFO] [stdout]   |          ----------- `Instruction` is not local
[INFO] [stdout]   |
[INFO] [stdout]   = note: the derive macro `Serialize` defines the non-local `impl`, and may need to be changed
[INFO] [stdout]   = note: the derive macro `Serialize` may come from an old version of the `serde_derive` crate, try updating your dependency with `cargo update -p serde_derive`
[INFO] [stdout]   = note: an `impl` is never scoped, even when it is nested inside an item, as it may impact type checking outside of that item, which can be the case if neither the trait or the self type are at the same nesting level as the `impl`
[INFO] [stdout]   = note: items in an anonymous const item (`const _: () = { ... }`) are treated as in the same scope as the anonymous const's declaration for the purpose of this lint
[INFO] [stdout]   = note: `#[warn(non_local_definitions)]` on by default
[INFO] [stdout]   = note: this warning originates in the derive macro `Serialize` (in Nightly builds, run with -Z macro-backtrace for more info)
[INFO] [stdout] 
[INFO] [stdout] 
[INFO] [stderr]    Compiling bstr v0.2.8
[INFO] [stdout] warning: non-local `impl` definition, `impl` blocks should be written at the same level as their item
[INFO] [stdout]  --> src/command.rs:5:28
[INFO] [stdout]   |
[INFO] [stdout] 5 | #[derive(Debug, Serialize, Deserialize)]
[INFO] [stdout]   |                            ^----------
[INFO] [stdout]   |                            |
[INFO] [stdout]   |                            `Deserialize` is not local
[INFO] [stdout]   |                            move the `impl` block outside of this constant `_IMPL_DESERIALIZE_FOR_Instruction`
[INFO] [stdout] 6 | pub enum Instruction {
[INFO] [stdout]   |          ----------- `Instruction` is not local
[INFO] [stdout]   |
[INFO] [stdout]   = note: the derive macro `Deserialize` defines the non-local `impl`, and may need to be changed
[INFO] [stdout]   = note: the derive macro `Deserialize` may come from an old version of the `serde_derive` crate, try updating your dependency with `cargo update -p serde_derive`
[INFO] [stdout]   = note: an `impl` is never scoped, even when it is nested inside an item, as it may impact type checking outside of that item, which can be the case if neither the trait or the self type are at the same nesting level as the `impl`
[INFO] [stdout]   = note: items in an anonymous const item (`const _: () = { ... }`) are treated as in the same scope as the anonymous const's declaration for the purpose of this lint
[INFO] [stdout]   = note: this warning originates in the derive macro `Deserialize` (in Nightly builds, run with -Z macro-backtrace for more info)
[INFO] [stdout] 
[INFO] [stdout] 
[INFO] [stdout] warning: non-local `impl` definition, `impl` blocks should be written at the same level as their item
[INFO] [stdout]  --> src/network/response.rs:3:17
[INFO] [stdout]   |
[INFO] [stdout] 3 | #[derive(Debug, Serialize, Deserialize)]
[INFO] [stdout]   |                 ^--------
[INFO] [stdout]   |                 |
[INFO] [stdout]   |                 `Serialize` is not local
[INFO] [stdout]   |                 move the `impl` block outside of this constant `_IMPL_SERIALIZE_FOR_Response`
[INFO] [stdout] 4 | /// Kvs server response.
[INFO] [stdout] 5 | pub struct Response {
[INFO] [stdout]   |            -------- `Response` is not local
[INFO] [stdout]   |
[INFO] [stdout]   = note: the derive macro `Serialize` defines the non-local `impl`, and may need to be changed
[INFO] [stdout]   = note: the derive macro `Serialize` may come from an old version of the `serde_derive` crate, try updating your dependency with `cargo update -p serde_derive`
[INFO] [stdout]   = note: an `impl` is never scoped, even when it is nested inside an item, as it may impact type checking outside of that item, which can be the case if neither the trait or the self type are at the same nesting level as the `impl`
[INFO] [stdout]   = note: items in an anonymous const item (`const _: () = { ... }`) are treated as in the same scope as the anonymous const's declaration for the purpose of this lint
[INFO] [stdout]   = note: this warning originates in the derive macro `Serialize` (in Nightly builds, run with -Z macro-backtrace for more info)
[INFO] [stdout] 
[INFO] [stdout] 
[INFO] [stdout] warning: non-local `impl` definition, `impl` blocks should be written at the same level as their item
[INFO] [stdout]  --> src/network/response.rs:3:28
[INFO] [stdout]   |
[INFO] [stdout] 3 | #[derive(Debug, Serialize, Deserialize)]
[INFO] [stdout]   |                            ^----------
[INFO] [stdout]   |                            |
[INFO] [stdout]   |                            `Deserialize` is not local
[INFO] [stdout]   |                            move the `impl` block outside of this constant `_IMPL_DESERIALIZE_FOR_Response`
[INFO] [stdout] 4 | /// Kvs server response.
[INFO] [stdout] 5 | pub struct Response {
[INFO] [stdout]   |            -------- `Response` is not local
[INFO] [stdout]   |
[INFO] [stdout]   = note: the derive macro `Deserialize` defines the non-local `impl`, and may need to be changed
[INFO] [stdout]   = note: the derive macro `Deserialize` may come from an old version of the `serde_derive` crate, try updating your dependency with `cargo update -p serde_derive`
[INFO] [stdout]   = note: an `impl` is never scoped, even when it is nested inside an item, as it may impact type checking outside of that item, which can be the case if neither the trait or the self type are at the same nesting level as the `impl`
[INFO] [stdout]   = note: items in an anonymous const item (`const _: () = { ... }`) are treated as in the same scope as the anonymous const's declaration for the purpose of this lint
[INFO] [stdout]   = note: this warning originates in the derive macro `Deserialize` (in Nightly builds, run with -Z macro-backtrace for more info)
[INFO] [stdout] 
[INFO] [stdout] 
[INFO] [stdout] warning: non-local `impl` definition, `impl` blocks should be written at the same level as their item
[INFO] [stdout]   --> src/network/response.rs:14:17
[INFO] [stdout]    |
[INFO] [stdout] 14 | #[derive(Debug, Serialize, Deserialize)]
[INFO] [stdout]    |                 ^--------
[INFO] [stdout]    |                 |
[INFO] [stdout]    |                 `Serialize` is not local
[INFO] [stdout]    |                 move the `impl` block outside of this constant `_IMPL_SERIALIZE_FOR_Status`
[INFO] [stdout] 15 | pub enum Status {
[INFO] [stdout]    |          ------ `Status` is not local
[INFO] [stdout]    |
[INFO] [stdout]    = note: the derive macro `Serialize` defines the non-local `impl`, and may need to be changed
[INFO] [stdout]    = note: the derive macro `Serialize` may come from an old version of the `serde_derive` crate, try updating your dependency with `cargo update -p serde_derive`
[INFO] [stdout]    = note: an `impl` is never scoped, even when it is nested inside an item, as it may impact type checking outside of that item, which can be the case if neither the trait or the self type are at the same nesting level as the `impl`
[INFO] [stdout]    = note: items in an anonymous const item (`const _: () = { ... }`) are treated as in the same scope as the anonymous const's declaration for the purpose of this lint
[INFO] [stdout]    = note: this warning originates in the derive macro `Serialize` (in Nightly builds, run with -Z macro-backtrace for more info)
[INFO] [stdout] 
[INFO] [stdout] 
[INFO] [stdout] warning: non-local `impl` definition, `impl` blocks should be written at the same level as their item
[INFO] [stdout]   --> src/network/response.rs:14:28
[INFO] [stdout]    |
[INFO] [stdout] 14 | #[derive(Debug, Serialize, Deserialize)]
[INFO] [stdout]    |                            ^----------
[INFO] [stdout]    |                            |
[INFO] [stdout]    |                            `Deserialize` is not local
[INFO] [stdout]    |                            move the `impl` block outside of this constant `_IMPL_DESERIALIZE_FOR_Status`
[INFO] [stdout] 15 | pub enum Status {
[INFO] [stdout]    |          ------ `Status` is not local
[INFO] [stdout]    |
[INFO] [stdout]    = note: the derive macro `Deserialize` defines the non-local `impl`, and may need to be changed
[INFO] [stdout]    = note: the derive macro `Deserialize` may come from an old version of the `serde_derive` crate, try updating your dependency with `cargo update -p serde_derive`
[INFO] [stdout]    = note: an `impl` is never scoped, even when it is nested inside an item, as it may impact type checking outside of that item, which can be the case if neither the trait or the self type are at the same nesting level as the `impl`
[INFO] [stdout]    = note: items in an anonymous const item (`const _: () = { ... }`) are treated as in the same scope as the anonymous const's declaration for the purpose of this lint
[INFO] [stdout]    = note: this warning originates in the derive macro `Deserialize` (in Nightly builds, run with -Z macro-backtrace for more info)
[INFO] [stdout] 
[INFO] [stdout] 
[INFO] [stderr]    Compiling itertools v0.8.1
[INFO] [stderr]    Compiling csv-core v0.1.6
[INFO] [stderr]    Compiling rand v0.6.5
[INFO] [stderr]    Compiling c2-chacha v0.2.2
[INFO] [stderr]    Compiling rand_core v0.5.1
[INFO] [stderr]    Compiling normalize-line-endings v0.2.2
[INFO] [stderr]    Compiling treeline v0.1.0
[INFO] [stderr]    Compiling difference v2.0.0
[INFO] [stderr]    Compiling cast v0.2.2
[INFO] [stderr]    Compiling same-file v1.0.5
[INFO] [stderr]    Compiling rand_chacha v0.2.1
[INFO] [stderr]    Compiling walkdir v2.2.9
[INFO] [stderr]    Compiling predicates-tree v1.0.0
[INFO] [stderr]    Compiling rand v0.7.1
[INFO] [stderr]    Compiling csv v1.1.1
[INFO] [stderr]    Compiling float-cmp v0.4.0
[INFO] [stderr]    Compiling criterion-plot v0.3.1
[INFO] [stderr]    Compiling rand_hc v0.1.0
[INFO] [stderr]    Compiling predicates v1.0.1
[INFO] [stderr]    Compiling rand_xorshift v0.1.1
[INFO] [stderr]    Compiling rand_isaac v0.1.1
[INFO] [stderr]    Compiling rand_xoshiro v0.1.0
[INFO] [stderr]    Compiling rand_jitter v0.1.4
[INFO] [stderr]    Compiling tinytemplate v1.0.2
[INFO] [stderr]    Compiling remove_dir_all v0.5.2
[INFO] [stderr]    Compiling panic-control v0.1.4
[INFO] [stderr]    Compiling assert_cmd v0.11.1
[INFO] [stderr]    Compiling tempfile v3.1.0
[INFO] [stderr]    Compiling criterion v0.2.11
[INFO] [stderr]    Compiling kvs v0.1.0 (/opt/rustwide/workdir)
[INFO] [stdout] warning: non-local `impl` definition, `impl` blocks should be written at the same level as their item
[INFO] [stdout]  --> src/command.rs:5:17
[INFO] [stdout]   |
[INFO] [stdout] 5 | #[derive(Debug, Serialize, Deserialize)]
[INFO] [stdout]   |                 ^--------
[INFO] [stdout]   |                 |
[INFO] [stdout]   |                 `Serialize` is not local
[INFO] [stdout]   |                 move the `impl` block outside of this constant `_IMPL_SERIALIZE_FOR_Instruction`
[INFO] [stdout] 6 | pub enum Instruction {
[INFO] [stdout]   |          ----------- `Instruction` is not local
[INFO] [stdout]   |
[INFO] [stdout]   = note: the derive macro `Serialize` defines the non-local `impl`, and may need to be changed
[INFO] [stdout]   = note: the derive macro `Serialize` may come from an old version of the `serde_derive` crate, try updating your dependency with `cargo update -p serde_derive`
[INFO] [stdout]   = note: an `impl` is never scoped, even when it is nested inside an item, as it may impact type checking outside of that item, which can be the case if neither the trait or the self type are at the same nesting level as the `impl`
[INFO] [stdout]   = note: items in an anonymous const item (`const _: () = { ... }`) are treated as in the same scope as the anonymous const's declaration for the purpose of this lint
[INFO] [stdout]   = note: `#[warn(non_local_definitions)]` on by default
[INFO] [stdout]   = note: this warning originates in the derive macro `Serialize` (in Nightly builds, run with -Z macro-backtrace for more info)
[INFO] [stdout] 
[INFO] [stdout] 
[INFO] [stdout] warning: non-local `impl` definition, `impl` blocks should be written at the same level as their item
[INFO] [stdout]  --> src/command.rs:5:28
[INFO] [stdout]   |
[INFO] [stdout] 5 | #[derive(Debug, Serialize, Deserialize)]
[INFO] [stdout]   |                            ^----------
[INFO] [stdout]   |                            |
[INFO] [stdout]   |                            `Deserialize` is not local
[INFO] [stdout]   |                            move the `impl` block outside of this constant `_IMPL_DESERIALIZE_FOR_Instruction`
[INFO] [stdout] 6 | pub enum Instruction {
[INFO] [stdout]   |          ----------- `Instruction` is not local
[INFO] [stdout]   |
[INFO] [stdout]   = note: the derive macro `Deserialize` defines the non-local `impl`, and may need to be changed
[INFO] [stdout]   = note: the derive macro `Deserialize` may come from an old version of the `serde_derive` crate, try updating your dependency with `cargo update -p serde_derive`
[INFO] [stdout]   = note: an `impl` is never scoped, even when it is nested inside an item, as it may impact type checking outside of that item, which can be the case if neither the trait or the self type are at the same nesting level as the `impl`
[INFO] [stdout]   = note: items in an anonymous const item (`const _: () = { ... }`) are treated as in the same scope as the anonymous const's declaration for the purpose of this lint
[INFO] [stdout]   = note: this warning originates in the derive macro `Deserialize` (in Nightly builds, run with -Z macro-backtrace for more info)
[INFO] [stdout] 
[INFO] [stdout] 
[INFO] [stdout] warning: non-local `impl` definition, `impl` blocks should be written at the same level as their item
[INFO] [stdout]  --> src/network/response.rs:3:17
[INFO] [stdout]   |
[INFO] [stdout] 3 | #[derive(Debug, Serialize, Deserialize)]
[INFO] [stdout]   |                 ^--------
[INFO] [stdout]   |                 |
[INFO] [stdout]   |                 `Serialize` is not local
[INFO] [stdout]   |                 move the `impl` block outside of this constant `_IMPL_SERIALIZE_FOR_Response`
[INFO] [stdout] 4 | /// Kvs server response.
[INFO] [stdout] 5 | pub struct Response {
[INFO] [stdout]   |            -------- `Response` is not local
[INFO] [stdout]   |
[INFO] [stdout]   = note: the derive macro `Serialize` defines the non-local `impl`, and may need to be changed
[INFO] [stdout]   = note: the derive macro `Serialize` may come from an old version of the `serde_derive` crate, try updating your dependency with `cargo update -p serde_derive`
[INFO] [stdout]   = note: an `impl` is never scoped, even when it is nested inside an item, as it may impact type checking outside of that item, which can be the case if neither the trait or the self type are at the same nesting level as the `impl`
[INFO] [stdout]   = note: items in an anonymous const item (`const _: () = { ... }`) are treated as in the same scope as the anonymous const's declaration for the purpose of this lint
[INFO] [stdout]   = note: this warning originates in the derive macro `Serialize` (in Nightly builds, run with -Z macro-backtrace for more info)
[INFO] [stdout] 
[INFO] [stdout] 
[INFO] [stdout] warning: non-local `impl` definition, `impl` blocks should be written at the same level as their item
[INFO] [stdout]  --> src/network/response.rs:3:28
[INFO] [stdout]   |
[INFO] [stdout] 3 | #[derive(Debug, Serialize, Deserialize)]
[INFO] [stdout]   |                            ^----------
[INFO] [stdout]   |                            |
[INFO] [stdout]   |                            `Deserialize` is not local
[INFO] [stdout]   |                            move the `impl` block outside of this constant `_IMPL_DESERIALIZE_FOR_Response`
[INFO] [stdout] 4 | /// Kvs server response.
[INFO] [stdout] 5 | pub struct Response {
[INFO] [stdout]   |            -------- `Response` is not local
[INFO] [stdout]   |
[INFO] [stdout]   = note: the derive macro `Deserialize` defines the non-local `impl`, and may need to be changed
[INFO] [stdout]   = note: the derive macro `Deserialize` may come from an old version of the `serde_derive` crate, try updating your dependency with `cargo update -p serde_derive`
[INFO] [stdout]   = note: an `impl` is never scoped, even when it is nested inside an item, as it may impact type checking outside of that item, which can be the case if neither the trait or the self type are at the same nesting level as the `impl`
[INFO] [stdout]   = note: items in an anonymous const item (`const _: () = { ... }`) are treated as in the same scope as the anonymous const's declaration for the purpose of this lint
[INFO] [stdout]   = note: this warning originates in the derive macro `Deserialize` (in Nightly builds, run with -Z macro-backtrace for more info)
[INFO] [stdout] 
[INFO] [stdout] 
[INFO] [stdout] warning: non-local `impl` definition, `impl` blocks should be written at the same level as their item
[INFO] [stdout]   --> src/network/response.rs:14:17
[INFO] [stdout]    |
[INFO] [stdout] 14 | #[derive(Debug, Serialize, Deserialize)]
[INFO] [stdout]    |                 ^--------
[INFO] [stdout]    |                 |
[INFO] [stdout]    |                 `Serialize` is not local
[INFO] [stdout]    |                 move the `impl` block outside of this constant `_IMPL_SERIALIZE_FOR_Status`
[INFO] [stdout] 15 | pub enum Status {
[INFO] [stdout]    |          ------ `Status` is not local
[INFO] [stdout]    |
[INFO] [stdout]    = note: the derive macro `Serialize` defines the non-local `impl`, and may need to be changed
[INFO] [stdout]    = note: the derive macro `Serialize` may come from an old version of the `serde_derive` crate, try updating your dependency with `cargo update -p serde_derive`
[INFO] [stdout]    = note: an `impl` is never scoped, even when it is nested inside an item, as it may impact type checking outside of that item, which can be the case if neither the trait or the self type are at the same nesting level as the `impl`
[INFO] [stdout]    = note: items in an anonymous const item (`const _: () = { ... }`) are treated as in the same scope as the anonymous const's declaration for the purpose of this lint
[INFO] [stdout]    = note: this warning originates in the derive macro `Serialize` (in Nightly builds, run with -Z macro-backtrace for more info)
[INFO] [stdout] 
[INFO] [stdout] 
[INFO] [stdout] warning: non-local `impl` definition, `impl` blocks should be written at the same level as their item
[INFO] [stdout]   --> src/network/response.rs:14:28
[INFO] [stdout]    |
[INFO] [stdout] 14 | #[derive(Debug, Serialize, Deserialize)]
[INFO] [stdout]    |                            ^----------
[INFO] [stdout]    |                            |
[INFO] [stdout]    |                            `Deserialize` is not local
[INFO] [stdout]    |                            move the `impl` block outside of this constant `_IMPL_DESERIALIZE_FOR_Status`
[INFO] [stdout] 15 | pub enum Status {
[INFO] [stdout]    |          ------ `Status` is not local
[INFO] [stdout]    |
[INFO] [stdout]    = note: the derive macro `Deserialize` defines the non-local `impl`, and may need to be changed
[INFO] [stdout]    = note: the derive macro `Deserialize` may come from an old version of the `serde_derive` crate, try updating your dependency with `cargo update -p serde_derive`
[INFO] [stdout]    = note: an `impl` is never scoped, even when it is nested inside an item, as it may impact type checking outside of that item, which can be the case if neither the trait or the self type are at the same nesting level as the `impl`
[INFO] [stdout]    = note: items in an anonymous const item (`const _: () = { ... }`) are treated as in the same scope as the anonymous const's declaration for the purpose of this lint
[INFO] [stdout]    = note: this warning originates in the derive macro `Deserialize` (in Nightly builds, run with -Z macro-backtrace for more info)
[INFO] [stdout] 
[INFO] [stdout] 
[INFO] [stderr]     Finished `test` profile [unoptimized + debuginfo] target(s) in 3.39s
[INFO] [stderr] warning: the following packages contain code that will be rejected by a future version of Rust: criterion v0.2.11
[INFO] [stderr] note: to see what the problems were, use the option `--future-incompat-report`, or run `cargo report future-incompatibilities --id 1`
[INFO] running `Command { std: "docker" "inspect" "112b35153b25be2b020ab3eb0bc0ba8446c0f2b6f1838adb375b577bdee361aa", kill_on_drop: false }`
[INFO] running `Command { std: "docker" "rm" "-f" "112b35153b25be2b020ab3eb0bc0ba8446c0f2b6f1838adb375b577bdee361aa", kill_on_drop: false }`
[INFO] [stdout] 112b35153b25be2b020ab3eb0bc0ba8446c0f2b6f1838adb375b577bdee361aa
[INFO] running `Command { std: "docker" "create" "-v" "/var/lib/crater-agent-workspace/builds/worker-0-tc2/target:/opt/rustwide/target:rw,Z" "-v" "/var/lib/crater-agent-workspace/builds/worker-0-tc2/source:/opt/rustwide/workdir:ro,Z" "-v" "/var/lib/crater-agent-workspace/cargo-home:/opt/rustwide/cargo-home:ro,Z" "-v" "/var/lib/crater-agent-workspace/rustup-home:/opt/rustwide/rustup-home:ro,Z" "-e" "SOURCE_DIR=/opt/rustwide/workdir" "-e" "CARGO_TARGET_DIR=/opt/rustwide/target" "-e" "CARGO_INCREMENTAL=0" "-e" "RUST_BACKTRACE=full" "-e" "RUSTFLAGS=--cap-lints=forbid -Zrandomize-layout" "-e" "RUSTDOCFLAGS=--cap-lints=forbid" "-e" "CARGO_HOME=/opt/rustwide/cargo-home" "-e" "RUSTUP_HOME=/opt/rustwide/rustup-home" "-w" "/opt/rustwide/workdir" "-m" "1610612736" "--user" "0:0" "--network" "none" "ghcr.io/rust-lang/crates-build-env/linux@sha256:4a844ea9eb2546a2d2c7022eacef16ef2e8229c7fbb2c7d4d55a9ceca922f72d" "/opt/rustwide/cargo-home/bin/cargo" "+nightly-2024-10-28" "test" "--frozen", kill_on_drop: false }`
[INFO] [stdout] 9e96cc4f0784a0dc131a18bed380fcf13ad684e68aebee574ab8e38c8d29017d
[INFO] running `Command { std: "docker" "start" "-a" "9e96cc4f0784a0dc131a18bed380fcf13ad684e68aebee574ab8e38c8d29017d", kill_on_drop: false }`
[INFO] [stderr] warning: non-local `impl` definition, `impl` blocks should be written at the same level as their item
[INFO] [stderr]  --> src/command.rs:5:17
[INFO] [stderr]   |
[INFO] [stderr] 5 | #[derive(Debug, Serialize, Deserialize)]
[INFO] [stderr]   |                 ^--------
[INFO] [stderr]   |                 |
[INFO] [stderr]   |                 `Serialize` is not local
[INFO] [stderr]   |                 move the `impl` block outside of this constant `_IMPL_SERIALIZE_FOR_Instruction`
[INFO] [stderr] 6 | pub enum Instruction {
[INFO] [stderr]   |          ----------- `Instruction` is not local
[INFO] [stderr]   |
[INFO] [stderr]   = note: the derive macro `Serialize` defines the non-local `impl`, and may need to be changed
[INFO] [stderr]   = note: the derive macro `Serialize` may come from an old version of the `serde_derive` crate, try updating your dependency with `cargo update -p serde_derive`
[INFO] [stderr]   = note: an `impl` is never scoped, even when it is nested inside an item, as it may impact type checking outside of that item, which can be the case if neither the trait or the self type are at the same nesting level as the `impl`
[INFO] [stderr]   = note: items in an anonymous const item (`const _: () = { ... }`) are treated as in the same scope as the anonymous const's declaration for the purpose of this lint
[INFO] [stderr]   = note: `#[warn(non_local_definitions)]` on by default
[INFO] [stderr]   = note: this warning originates in the derive macro `Serialize` (in Nightly builds, run with -Z macro-backtrace for more info)
[INFO] [stderr] 
[INFO] [stderr] warning: non-local `impl` definition, `impl` blocks should be written at the same level as their item
[INFO] [stderr]  --> src/command.rs:5:28
[INFO] [stderr]   |
[INFO] [stderr] 5 | #[derive(Debug, Serialize, Deserialize)]
[INFO] [stderr]   |                            ^----------
[INFO] [stderr]   |                            |
[INFO] [stderr]   |                            `Deserialize` is not local
[INFO] [stderr]   |                            move the `impl` block outside of this constant `_IMPL_DESERIALIZE_FOR_Instruction`
[INFO] [stderr] 6 | pub enum Instruction {
[INFO] [stderr]   |          ----------- `Instruction` is not local
[INFO] [stderr]   |
[INFO] [stderr]   = note: the derive macro `Deserialize` defines the non-local `impl`, and may need to be changed
[INFO] [stderr]   = note: the derive macro `Deserialize` may come from an old version of the `serde_derive` crate, try updating your dependency with `cargo update -p serde_derive`
[INFO] [stderr]   = note: an `impl` is never scoped, even when it is nested inside an item, as it may impact type checking outside of that item, which can be the case if neither the trait or the self type are at the same nesting level as the `impl`
[INFO] [stderr]   = note: items in an anonymous const item (`const _: () = { ... }`) are treated as in the same scope as the anonymous const's declaration for the purpose of this lint
[INFO] [stderr]   = note: this warning originates in the derive macro `Deserialize` (in Nightly builds, run with -Z macro-backtrace for more info)
[INFO] [stderr] 
[INFO] [stderr] warning: non-local `impl` definition, `impl` blocks should be written at the same level as their item
[INFO] [stderr]  --> src/network/response.rs:3:17
[INFO] [stderr]   |
[INFO] [stderr] 3 | #[derive(Debug, Serialize, Deserialize)]
[INFO] [stderr]   |                 ^--------
[INFO] [stderr]   |                 |
[INFO] [stderr]   |                 `Serialize` is not local
[INFO] [stderr]   |                 move the `impl` block outside of this constant `_IMPL_SERIALIZE_FOR_Response`
[INFO] [stderr] 4 | /// Kvs server response.
[INFO] [stderr] 5 | pub struct Response {
[INFO] [stderr]   |            -------- `Response` is not local
[INFO] [stderr]   |
[INFO] [stderr]   = note: the derive macro `Serialize` defines the non-local `impl`, and may need to be changed
[INFO] [stderr]   = note: the derive macro `Serialize` may come from an old version of the `serde_derive` crate, try updating your dependency with `cargo update -p serde_derive`
[INFO] [stderr]   = note: an `impl` is never scoped, even when it is nested inside an item, as it may impact type checking outside of that item, which can be the case if neither the trait or the self type are at the same nesting level as the `impl`
[INFO] [stderr]   = note: items in an anonymous const item (`const _: () = { ... }`) are treated as in the same scope as the anonymous const's declaration for the purpose of this lint
[INFO] [stderr]   = note: this warning originates in the derive macro `Serialize` (in Nightly builds, run with -Z macro-backtrace for more info)
[INFO] [stderr] 
[INFO] [stderr] warning: non-local `impl` definition, `impl` blocks should be written at the same level as their item
[INFO] [stderr]  --> src/network/response.rs:3:28
[INFO] [stderr]   |
[INFO] [stderr] 3 | #[derive(Debug, Serialize, Deserialize)]
[INFO] [stderr]   |                            ^----------
[INFO] [stderr]   |                            |
[INFO] [stderr]   |                            `Deserialize` is not local
[INFO] [stderr]   |                            move the `impl` block outside of this constant `_IMPL_DESERIALIZE_FOR_Response`
[INFO] [stderr] 4 | /// Kvs server response.
[INFO] [stderr] 5 | pub struct Response {
[INFO] [stderr]   |            -------- `Response` is not local
[INFO] [stderr]   |
[INFO] [stderr]   = note: the derive macro `Deserialize` defines the non-local `impl`, and may need to be changed
[INFO] [stderr]   = note: the derive macro `Deserialize` may come from an old version of the `serde_derive` crate, try updating your dependency with `cargo update -p serde_derive`
[INFO] [stderr]   = note: an `impl` is never scoped, even when it is nested inside an item, as it may impact type checking outside of that item, which can be the case if neither the trait or the self type are at the same nesting level as the `impl`
[INFO] [stderr]   = note: items in an anonymous const item (`const _: () = { ... }`) are treated as in the same scope as the anonymous const's declaration for the purpose of this lint
[INFO] [stderr]   = note: this warning originates in the derive macro `Deserialize` (in Nightly builds, run with -Z macro-backtrace for more info)
[INFO] [stderr] 
[INFO] [stderr] warning: non-local `impl` definition, `impl` blocks should be written at the same level as their item
[INFO] [stderr]   --> src/network/response.rs:14:17
[INFO] [stderr]    |
[INFO] [stderr] 14 | #[derive(Debug, Serialize, Deserialize)]
[INFO] [stderr]    |                 ^--------
[INFO] [stderr]    |                 |
[INFO] [stderr]    |                 `Serialize` is not local
[INFO] [stderr]    |                 move the `impl` block outside of this constant `_IMPL_SERIALIZE_FOR_Status`
[INFO] [stderr] 15 | pub enum Status {
[INFO] [stderr]    |          ------ `Status` is not local
[INFO] [stderr]    |
[INFO] [stderr]    = note: the derive macro `Serialize` defines the non-local `impl`, and may need to be changed
[INFO] [stderr]    = note: the derive macro `Serialize` may come from an old version of the `serde_derive` crate, try updating your dependency with `cargo update -p serde_derive`
[INFO] [stderr]    = note: an `impl` is never scoped, even when it is nested inside an item, as it may impact type checking outside of that item, which can be the case if neither the trait or the self type are at the same nesting level as the `impl`
[INFO] [stderr]    = note: items in an anonymous const item (`const _: () = { ... }`) are treated as in the same scope as the anonymous const's declaration for the purpose of this lint
[INFO] [stderr]    = note: this warning originates in the derive macro `Serialize` (in Nightly builds, run with -Z macro-backtrace for more info)
[INFO] [stderr] 
[INFO] [stderr] warning: non-local `impl` definition, `impl` blocks should be written at the same level as their item
[INFO] [stderr]   --> src/network/response.rs:14:28
[INFO] [stderr]    |
[INFO] [stderr] 14 | #[derive(Debug, Serialize, Deserialize)]
[INFO] [stderr]    |                            ^----------
[INFO] [stderr]    |                            |
[INFO] [stderr]    |                            `Deserialize` is not local
[INFO] [stderr]    |                            move the `impl` block outside of this constant `_IMPL_DESERIALIZE_FOR_Status`
[INFO] [stderr] 15 | pub enum Status {
[INFO] [stderr]    |          ------ `Status` is not local
[INFO] [stderr]    |
[INFO] [stderr]    = note: the derive macro `Deserialize` defines the non-local `impl`, and may need to be changed
[INFO] [stderr]    = note: the derive macro `Deserialize` may come from an old version of the `serde_derive` crate, try updating your dependency with `cargo update -p serde_derive`
[INFO] [stderr]    = note: an `impl` is never scoped, even when it is nested inside an item, as it may impact type checking outside of that item, which can be the case if neither the trait or the self type are at the same nesting level as the `impl`
[INFO] [stderr]    = note: items in an anonymous const item (`const _: () = { ... }`) are treated as in the same scope as the anonymous const's declaration for the purpose of this lint
[INFO] [stderr]    = note: this warning originates in the derive macro `Deserialize` (in Nightly builds, run with -Z macro-backtrace for more info)
[INFO] [stderr] 
[INFO] [stderr] warning: `kvs` (lib) generated 6 warnings
[INFO] [stderr] warning: `kvs` (lib test) generated 6 warnings (6 duplicates)
[INFO] [stderr]     Finished `test` profile [unoptimized + debuginfo] target(s) in 0.06s
[INFO] [stderr] warning: the following packages contain code that will be rejected by a future version of Rust: criterion v0.2.11
[INFO] [stderr] note: to see what the problems were, use the option `--future-incompat-report`, or run `cargo report future-incompatibilities --id 1`
[INFO] [stderr]      Running unittests src/lib.rs (/opt/rustwide/target/debug/deps/kvs-f99186afe01e7e29)
[INFO] [stdout] 
[INFO] [stdout] running 0 tests
[INFO] [stdout] 
[INFO] [stdout] test result: ok. 0 passed; 0 failed; 0 ignored; 0 measured; 0 filtered out; finished in 0.00s
[INFO] [stdout] 
[INFO] [stderr]      Running unittests src/bin/kvs.rs (/opt/rustwide/target/debug/deps/kvs-a99c7dec6dd9a2a3)
[INFO] [stdout] 
[INFO] [stdout] running 0 tests
[INFO] [stdout] 
[INFO] [stdout] test result: ok. 0 passed; 0 failed; 0 ignored; 0 measured; 0 filtered out; finished in 0.00s
[INFO] [stdout] 
[INFO] [stderr]      Running unittests src/bin/kvs_client.rs (/opt/rustwide/target/debug/deps/kvs_client-3e3ff8c8c94ff5b9)
[INFO] [stdout] 
[INFO] [stdout] running 0 tests
[INFO] [stdout] 
[INFO] [stdout] test result: ok. 0 passed; 0 failed; 0 ignored; 0 measured; 0 filtered out; finished in 0.00s
[INFO] [stdout] 
[INFO] [stderr]      Running unittests src/bin/kvs_server.rs (/opt/rustwide/target/debug/deps/kvs_server-3b54c285125d9d98)
[INFO] [stdout] 
[INFO] [stdout] running 0 tests
[INFO] [stdout] 
[INFO] [stdout] test result: ok. 0 passed; 0 failed; 0 ignored; 0 measured; 0 filtered out; finished in 0.00s
[INFO] [stdout] 
[INFO] [stderr]      Running tests/cli.rs (/opt/rustwide/target/debug/deps/cli-4ccb0df4eab68dcb)
[INFO] [stdout] 
[INFO] [stdout] running 11 tests
[INFO] [stderr] [2024-11-02T22:16:46Z INFO  kvs_server] Kvs server start up, version is: 0.1.0
[INFO] [stderr] [2024-11-02T22:16:46Z INFO  kvs_server] Kvs server start up, version is: 0.1.0
[INFO] [stdout] test client_cli_invalid_subcommand ... ok
[INFO] [stderr] [2024-11-02T22:16:46Z INFO  kvs_server] Kvs server start up, version is: 0.1.0
[INFO] [stderr] [2024-11-02T22:16:46Z INFO  kvs_server] Listening on 127.0.0.1:4004
[INFO] [stderr] [2024-11-02T22:16:46Z INFO  kvs_server] Listening on 127.0.0.1:4002
[INFO] [stderr] [2024-11-02T22:16:46Z INFO  kvs_server] Using engine Sled
[INFO] [stderr] [2024-11-02T22:16:46Z INFO  kvs_server] Using engine Kvs
[INFO] [stderr] [2024-11-02T22:16:46Z INFO  kvs_server] Listening on 127.0.0.1:4005
[INFO] [stderr] [2024-11-02T22:16:46Z INFO  kvs_server] Using engine Sled
[INFO] [stderr] [2024-11-02T22:16:46Z DEBUG kvs::network::server] Waiting for connections...
[INFO] [stdout] test client_cli_no_args ... ok
[INFO] [stdout] test client_cli_version ... ok
[INFO] [stdout] test client_cli_invalid_get ... ok
[INFO] [stdout] test client_cli_invalid_rm ... ok
[INFO] [stdout] test server_cli_version ... ok
[INFO] [stdout] test client_cli_invalid_set ... ok
[INFO] [stderr] [2024-11-02T22:16:46Z DEBUG sled::pagecache::snapshot] no previous snapshot found
[INFO] [stderr] [2024-11-02T22:16:46Z DEBUG sled::pagecache::iterator] ordering before clearing tears: {}, max_header_stable_lsn: 0
[INFO] [stderr] [2024-11-02T22:16:46Z DEBUG sled::pagecache::iterator] in clean_tail_tears, found missing item in tail: None and we'll scan segments [] above lowest lsn 0
[INFO] [stderr] [2024-11-02T22:16:46Z DEBUG sled::pagecache::iterator] filtering out segments after detected tear at lsn 0 lid 0
[INFO] [stderr] [2024-11-02T22:16:46Z DEBUG sled::pagecache::snapshot] no previous snapshot found
[INFO] [stderr] [2024-11-02T22:16:46Z DEBUG sled::pagecache::iterator] ordering before clearing tears: {}, max_header_stable_lsn: 0
[INFO] [stderr] [2024-11-02T22:16:46Z DEBUG sled::pagecache::iterator] in clean_tail_tears, found missing item in tail: None and we'll scan segments [] above lowest lsn 0
[INFO] [stderr] [2024-11-02T22:16:46Z DEBUG sled::pagecache::iterator] filtering out segments after detected tear at lsn 0 lid 0
[INFO] [stderr] [2024-11-02T22:16:46Z DEBUG sled::pagecache::segment] segment accountant returning offset: 0 paused: false on deck: VecSet { inner: [] } lid_slack: 0
[INFO] [stderr] [2024-11-02T22:16:46Z DEBUG sled::pagecache::iobuf] storing lsn 0 in beginning of buffer
[INFO] [stderr] [2024-11-02T22:16:46Z DEBUG sled::pagecache::segment] segment accountant returning offset: 0 paused: false on deck: VecSet { inner: [] } lid_slack: 0
[INFO] [stderr] [2024-11-02T22:16:46Z DEBUG sled::pagecache::iobuf] storing lsn 0 in beginning of buffer
[INFO] [stderr] [2024-11-02T22:16:46Z DEBUG sled::pagecache::iobuf] starting log at clean offset 0, recovered lsn 0
[INFO] [stderr] [2024-11-02T22:16:46Z DEBUG sled::pagecache::iobuf] starting log at clean offset 0, recovered lsn 0
[INFO] [stderr] [2024-11-02T22:16:46Z DEBUG sled::pagecache::blob_io] gc_blobs removing any blob with an lsn above -1
[INFO] [stderr] [2024-11-02T22:16:46Z DEBUG sled::pagecache::blob_io] gc_blobs removing any blob with an lsn above -1
[INFO] [stderr] [2024-11-02T22:16:46Z DEBUG sled::pagecache] load_snapshot loading pages from 0..0
[INFO] [stderr] [2024-11-02T22:16:46Z DEBUG sled::pagecache] load_snapshot loading pages from 0..0
[INFO] [stderr] [2024-11-02T22:16:46Z DEBUG sled::meta] allocated pid 4 for root of new_tree [95, 95, 115, 108, 101, 100, 95, 95, 100, 101, 102, 97, 117, 108, 116]
[INFO] [stderr] [2024-11-02T22:16:46Z DEBUG sled::pagecache::iobuf] advancing offset within the current segment from 0 to 274
[INFO] [stderr] [2024-11-02T22:16:46Z DEBUG sled::pagecache::iobuf] advancing offset within the current segment from 0 to 274
[INFO] [stderr] [2024-11-02T22:16:46Z DEBUG sled::pagecache::iobuf] advancing offset within the current segment from 274 to 338
[INFO] [stderr] [2024-11-02T22:16:46Z DEBUG sled::meta] allocated pid 4 for root of new_tree [95, 95, 115, 108, 101, 100, 95, 95, 100, 101, 102, 97, 117, 108, 116]
[INFO] [stderr] [2024-11-02T22:16:46Z DEBUG sled::pagecache::iobuf] advancing offset within the current segment from 274 to 338
[INFO] [stderr] [2024-11-02T22:16:46Z DEBUG sled::pagecache::iobuf] wrote lsns 274-337 to disk at offsets 274-337, maxed false complete_len 64
[INFO] [stderr] [2024-11-02T22:16:46Z DEBUG sled::pagecache::iobuf] wrote lsns 0-273 to disk at offsets 0-273, maxed false complete_len 274
[INFO] [stderr] [2024-11-02T22:16:46Z DEBUG sled::pagecache::iobuf] mark_interval(274, 64)
[INFO] [stderr] [2024-11-02T22:16:46Z DEBUG sled::pagecache::iobuf] mark_interval(0, 274)
[INFO] [stderr] [2024-11-02T22:16:46Z DEBUG sled::pagecache::iobuf] new highest interval: 0 - 273
[INFO] [stderr] [2024-11-02T22:16:46Z DEBUG sled::pagecache::iobuf] new highest interval: 274 - 337
[INFO] [stderr] [2024-11-02T22:16:46Z DEBUG kvs::network::server] Waiting for connections...
[INFO] [stderr] [2024-11-02T22:16:46Z DEBUG sled::pagecache::iobuf] wrote lsns 274-337 to disk at offsets 274-337, maxed false complete_len 64
[INFO] [stderr] [2024-11-02T22:16:46Z DEBUG sled::pagecache::iobuf] mark_interval(274, 64)
[INFO] [stderr] [2024-11-02T22:16:46Z DEBUG sled::pagecache::iobuf] wrote lsns 0-273 to disk at offsets 0-273, maxed false complete_len 274
[INFO] [stderr] [2024-11-02T22:16:46Z DEBUG sled::pagecache::iobuf] mark_interval(0, 274)
[INFO] [stderr] [2024-11-02T22:16:46Z DEBUG sled::pagecache::iobuf] new highest interval: 0 - 273
[INFO] [stderr] [2024-11-02T22:16:46Z DEBUG sled::pagecache::iobuf] new highest interval: 274 - 337
[INFO] [stderr] [2024-11-02T22:16:46Z DEBUG kvs::network::server] Waiting for connections...
[INFO] [stdout] test cli_log_configuration ... ok
[INFO] [stderr] [2024-11-02T22:16:47Z DEBUG kvs::network::server] New connection established from 127.0.0.1:41432
[INFO] [stderr] [2024-11-02T22:16:47Z DEBUG kvs::network::server] Waiting data from 127.0.0.1:41432
[INFO] [stderr] [2024-11-02T22:16:47Z DEBUG kvs::network::server] Receive data from peer: 127.0.0.1:41432
[INFO] [stderr] [2024-11-02T22:16:47Z DEBUG kvs::network::server] Peer: 127.0.0.1:41432, Instruction: Set { key: "key1", value: "value1" }
[INFO] [stderr] [2024-11-02T22:16:47Z DEBUG sled::pagecache::iobuf] advancing offset within the current segment from 338 to 393
[INFO] [stderr] [2024-11-02T22:16:47Z DEBUG kvs::network::server] New connection established from 127.0.0.1:35082
[INFO] [stderr] [2024-11-02T22:16:47Z DEBUG kvs::network::server] Waiting data from 127.0.0.1:35082
[INFO] [stderr] [2024-11-02T22:16:47Z DEBUG kvs::network::server] Receive data from peer: 127.0.0.1:35082
[INFO] [stderr] [2024-11-02T22:16:47Z DEBUG kvs::network::server] Peer: 127.0.0.1:35082, Instruction: Set { key: "key1", value: "value1" }
[INFO] [stderr] [2024-11-02T22:16:47Z DEBUG kvs::network::server] Solve complete for peer: 127.0.0.1:35082
[INFO] [stderr] [2024-11-02T22:16:47Z DEBUG kvs::network::server] Connection closed by peer 127.0.0.1:35082, so this connection is closed.
[INFO] [stderr] [2024-11-02T22:16:47Z DEBUG sled::pagecache::iobuf] wrote lsns 338-392 to disk at offsets 338-392, maxed false complete_len 55
[INFO] [stderr] [2024-11-02T22:16:47Z DEBUG sled::pagecache::iobuf] mark_interval(338, 55)
[INFO] [stderr] [2024-11-02T22:16:47Z DEBUG sled::pagecache::iobuf] new highest interval: 338 - 392
[INFO] [stderr] [2024-11-02T22:16:47Z DEBUG kvs::network::server] Solve complete for peer: 127.0.0.1:41432
[INFO] [stderr] [2024-11-02T22:16:47Z DEBUG kvs::network::server] Connection closed by peer 127.0.0.1:41432, so this connection is closed.
[INFO] [stderr] [2024-11-02T22:16:47Z DEBUG kvs::network::server] New connection established from 127.0.0.1:35084
[INFO] [stderr] [2024-11-02T22:16:47Z DEBUG kvs::network::server] Waiting data from 127.0.0.1:35084
[INFO] [stderr] [2024-11-02T22:16:47Z DEBUG kvs::network::server] Receive data from peer: 127.0.0.1:35084
[INFO] [stderr] [2024-11-02T22:16:47Z DEBUG kvs::network::server] Peer: 127.0.0.1:35084, Instruction: Get { key: "key1" }
[INFO] [stderr] [2024-11-02T22:16:47Z DEBUG kvs::network::server] Solve complete for peer: 127.0.0.1:35084
[INFO] [stderr] [2024-11-02T22:16:47Z DEBUG kvs::network::server] Connection closed by peer 127.0.0.1:35084, so this connection is closed.
[INFO] [stderr] [2024-11-02T22:16:47Z INFO  kvs_server] Kvs server start up, version is: 0.1.0
[INFO] [stderr] [2024-11-02T22:16:47Z INFO  kvs_server] Listening on 127.0.0.1:4002
[INFO] [stderr] [2024-11-02T22:16:47Z INFO  kvs_server] Using engine Kvs
[INFO] [stderr] [2024-11-02T22:16:47Z DEBUG kvs::network::server] Waiting for connections...
[INFO] [stderr] [2024-11-02T22:16:47Z DEBUG kvs::network::server] New connection established from 127.0.0.1:41436
[INFO] [stderr] [2024-11-02T22:16:47Z DEBUG kvs::network::server] Waiting data from 127.0.0.1:41436
[INFO] [stderr] [2024-11-02T22:16:47Z DEBUG kvs::network::server] Receive data from peer: 127.0.0.1:41436
[INFO] [stderr] [2024-11-02T22:16:47Z DEBUG kvs::network::server] Peer: 127.0.0.1:41436, Instruction: Get { key: "key1" }
[INFO] [stderr] [2024-11-02T22:16:47Z DEBUG kvs::network::server] Solve complete for peer: 127.0.0.1:41436
[INFO] [stderr] [2024-11-02T22:16:47Z DEBUG kvs::network::server] Connection closed by peer 127.0.0.1:41436, so this connection is closed.
[INFO] [stderr] [2024-11-02T22:16:47Z DEBUG kvs::network::server] New connection established from 127.0.0.1:35088
[INFO] [stderr] [2024-11-02T22:16:47Z DEBUG kvs::network::server] Waiting data from 127.0.0.1:35088
[INFO] [stderr] [2024-11-02T22:16:47Z DEBUG kvs::network::server] Receive data from peer: 127.0.0.1:35088
[INFO] [stderr] [2024-11-02T22:16:47Z DEBUG kvs::network::server] Peer: 127.0.0.1:35088, Instruction: Set { key: "key1", value: "value2" }
[INFO] [stderr] [2024-11-02T22:16:47Z DEBUG kvs::network::server] Solve complete for peer: 127.0.0.1:35088
[INFO] [stderr] [2024-11-02T22:16:47Z DEBUG kvs::network::server] Connection closed by peer 127.0.0.1:35088, so this connection is closed.
[INFO] [stderr] [2024-11-02T22:16:47Z DEBUG kvs::network::server] New connection established from 127.0.0.1:41446
[INFO] [stderr] [2024-11-02T22:16:47Z DEBUG kvs::network::server] Waiting data from 127.0.0.1:41446
[INFO] [stderr] [2024-11-02T22:16:47Z DEBUG kvs::network::server] Receive data from peer: 127.0.0.1:41446
[INFO] [stderr] [2024-11-02T22:16:47Z DEBUG kvs::network::server] Peer: 127.0.0.1:41446, Instruction: Set { key: "key1", value: "value2" }
[INFO] [stderr] [2024-11-02T22:16:47Z DEBUG sled::pagecache::iobuf] advancing offset within the current segment from 393 to 448
[INFO] [stderr] [2024-11-02T22:16:47Z DEBUG kvs::network::server] New connection established from 127.0.0.1:35102
[INFO] [stderr] [2024-11-02T22:16:47Z DEBUG kvs::network::server] Waiting data from 127.0.0.1:35102
[INFO] [stderr] [2024-11-02T22:16:47Z DEBUG kvs::network::server] Receive data from peer: 127.0.0.1:35102
[INFO] [stderr] [2024-11-02T22:16:47Z DEBUG kvs::network::server] Peer: 127.0.0.1:35102, Instruction: Get { key: "key1" }
[INFO] [stderr] [2024-11-02T22:16:47Z DEBUG kvs::network::server] Solve complete for peer: 127.0.0.1:35102
[INFO] [stderr] [2024-11-02T22:16:47Z DEBUG kvs::network::server] Connection closed by peer 127.0.0.1:35102, so this connection is closed.
[INFO] [stderr] [2024-11-02T22:16:47Z DEBUG sled::pagecache::iobuf] wrote lsns 393-447 to disk at offsets 393-447, maxed false complete_len 55
[INFO] [stderr] [2024-11-02T22:16:47Z DEBUG sled::pagecache::iobuf] mark_interval(393, 55)
[INFO] [stderr] [2024-11-02T22:16:47Z DEBUG sled::pagecache::iobuf] new highest interval: 393 - 447
[INFO] [stderr] [2024-11-02T22:16:47Z DEBUG kvs::network::server] Solve complete for peer: 127.0.0.1:41446
[INFO] [stderr] [2024-11-02T22:16:47Z DEBUG kvs::network::server] Connection closed by peer 127.0.0.1:41446, so this connection is closed.
[INFO] [stderr] [2024-11-02T22:16:47Z DEBUG kvs::network::server] New connection established from 127.0.0.1:35114
[INFO] [stderr] [2024-11-02T22:16:47Z DEBUG kvs::network::server] Waiting data from 127.0.0.1:35114
[INFO] [stderr] [2024-11-02T22:16:47Z DEBUG kvs::network::server] Receive data from peer: 127.0.0.1:35114
[INFO] [stderr] [2024-11-02T22:16:47Z DEBUG kvs::network::server] Peer: 127.0.0.1:35114, Instruction: Get { key: "key2" }
[INFO] [stderr] [2024-11-02T22:16:47Z DEBUG kvs::network::server] Solve complete for peer: 127.0.0.1:35114
[INFO] [stderr] [2024-11-02T22:16:47Z DEBUG kvs::network::server] Connection closed by peer 127.0.0.1:35114, so this connection is closed.
[INFO] [stderr] [2024-11-02T22:16:47Z DEBUG kvs::network::server] New connection established from 127.0.0.1:41462
[INFO] [stderr] [2024-11-02T22:16:47Z DEBUG kvs::network::server] Waiting data from 127.0.0.1:41462
[INFO] [stderr] [2024-11-02T22:16:47Z DEBUG kvs::network::server] Receive data from peer: 127.0.0.1:41462
[INFO] [stderr] [2024-11-02T22:16:47Z DEBUG kvs::network::server] Peer: 127.0.0.1:41462, Instruction: Get { key: "key1" }
[INFO] [stderr] [2024-11-02T22:16:47Z DEBUG kvs::network::server] Solve complete for peer: 127.0.0.1:41462
[INFO] [stderr] [2024-11-02T22:16:47Z DEBUG kvs::network::server] Connection closed by peer 127.0.0.1:41462, so this connection is closed.
[INFO] [stderr] [2024-11-02T22:16:47Z DEBUG kvs::network::server] New connection established from 127.0.0.1:35118
[INFO] [stderr] [2024-11-02T22:16:47Z DEBUG kvs::network::server] Waiting data from 127.0.0.1:35118
[INFO] [stderr] [2024-11-02T22:16:47Z DEBUG kvs::network::server] Receive data from peer: 127.0.0.1:35118
[INFO] [stderr] [2024-11-02T22:16:47Z DEBUG kvs::network::server] Peer: 127.0.0.1:35118, Instruction: Rm { key: "key2" }
[INFO] [stderr] [2024-11-02T22:16:47Z DEBUG kvs::network::server] Solve complete for peer: 127.0.0.1:35118
[INFO] [stderr] [2024-11-02T22:16:47Z DEBUG kvs::network::server] Connection closed by peer 127.0.0.1:35118, so this connection is closed.
[INFO] [stderr] [2024-11-02T22:16:47Z DEBUG kvs::network::server] New connection established from 127.0.0.1:41478
[INFO] [stderr] [2024-11-02T22:16:47Z DEBUG kvs::network::server] Waiting data from 127.0.0.1:41478
[INFO] [stderr] [2024-11-02T22:16:47Z DEBUG kvs::network::server] Receive data from peer: 127.0.0.1:41478
[INFO] [stderr] [2024-11-02T22:16:47Z DEBUG kvs::network::server] Peer: 127.0.0.1:41478, Instruction: Get { key: "key2" }
[INFO] [stderr] [2024-11-02T22:16:47Z DEBUG kvs::network::server] Solve complete for peer: 127.0.0.1:41478
[INFO] [stderr] [2024-11-02T22:16:47Z DEBUG kvs::network::server] Connection closed by peer 127.0.0.1:41478, so this connection is closed.
[INFO] [stderr] [2024-11-02T22:16:47Z DEBUG kvs::network::server] New connection established from 127.0.0.1:35128
[INFO] [stderr] [2024-11-02T22:16:47Z DEBUG kvs::network::server] Waiting data from 127.0.0.1:35128
[INFO] [stderr] [2024-11-02T22:16:47Z DEBUG kvs::network::server] Receive data from peer: 127.0.0.1:35128
[INFO] [stderr] [2024-11-02T22:16:47Z DEBUG kvs::network::server] Peer: 127.0.0.1:35128, Instruction: Set { key: "key2", value: "value3" }
[INFO] [stderr] [2024-11-02T22:16:47Z DEBUG kvs::network::server] Solve complete for peer: 127.0.0.1:35128
[INFO] [stderr] [2024-11-02T22:16:47Z DEBUG kvs::network::server] Connection closed by peer 127.0.0.1:35128, so this connection is closed.
[INFO] [stderr] [2024-11-02T22:16:47Z DEBUG kvs::network::server] New connection established from 127.0.0.1:41486
[INFO] [stderr] [2024-11-02T22:16:47Z DEBUG kvs::network::server] Waiting data from 127.0.0.1:41486
[INFO] [stderr] [2024-11-02T22:16:47Z DEBUG kvs::network::server] Receive data from peer: 127.0.0.1:41486
[INFO] [stderr] [2024-11-02T22:16:47Z DEBUG kvs::network::server] Peer: 127.0.0.1:41486, Instruction: Rm { key: "key2" }
[INFO] [stderr] [2024-11-02T22:16:47Z DEBUG sled::pagecache::iobuf] advancing offset within the current segment from 448 to 489
[INFO] [stderr] [2024-11-02T22:16:47Z DEBUG kvs::network::server] New connection established from 127.0.0.1:35142
[INFO] [stderr] [2024-11-02T22:16:47Z DEBUG kvs::network::server] Waiting data from 127.0.0.1:35142
[INFO] [stderr] [2024-11-02T22:16:47Z DEBUG kvs::network::server] Receive data from peer: 127.0.0.1:35142
[INFO] [stderr] [2024-11-02T22:16:47Z DEBUG kvs::network::server] Peer: 127.0.0.1:35142, Instruction: Rm { key: "key1" }
[INFO] [stderr] [2024-11-02T22:16:47Z DEBUG kvs::network::server] Solve complete for peer: 127.0.0.1:35142
[INFO] [stderr] [2024-11-02T22:16:47Z DEBUG kvs::network::server] Connection closed by peer 127.0.0.1:35142, so this connection is closed.
[INFO] [stderr] [2024-11-02T22:16:47Z DEBUG sled::pagecache::iobuf] wrote lsns 448-488 to disk at offsets 448-488, maxed false complete_len 41
[INFO] [stderr] [2024-11-02T22:16:47Z DEBUG sled::pagecache::iobuf] mark_interval(448, 41)
[INFO] [stderr] [2024-11-02T22:16:47Z DEBUG sled::pagecache::iobuf] new highest interval: 448 - 488
[INFO] [stderr] [2024-11-02T22:16:47Z DEBUG kvs::network::server] Solve complete for peer: 127.0.0.1:41486
[INFO] [stderr] [2024-11-02T22:16:47Z DEBUG kvs::network::server] Connection closed by peer 127.0.0.1:41486, so this connection is closed.
[INFO] [stderr] [2024-11-02T22:16:47Z INFO  kvs_server] Kvs server start up, version is: 0.1.0
[INFO] [stderr] [2024-11-02T22:16:47Z INFO  kvs_server] Listening on 127.0.0.1:4004
[INFO] [stderr] [2024-11-02T22:16:47Z INFO  kvs_server] Using engine Kvs
[INFO] [stderr] [2024-11-02T22:16:47Z DEBUG kvs::network::server] New connection established from 127.0.0.1:41498
[INFO] [stderr] [2024-11-02T22:16:47Z DEBUG kvs::network::server] Waiting data from 127.0.0.1:41498
[INFO] [stderr] [2024-11-02T22:16:47Z DEBUG kvs::network::server] Receive data from peer: 127.0.0.1:41498
[INFO] [stderr] [2024-11-02T22:16:47Z DEBUG kvs::network::server] Waiting for connections...
[INFO] [stderr] [2024-11-02T22:16:47Z DEBUG kvs::network::server] Peer: 127.0.0.1:41498, Instruction: Set { key: "key2", value: "value3" }
[INFO] [stderr] [2024-11-02T22:16:47Z DEBUG sled::pagecache::iobuf] advancing offset within the current segment from 489 to 544
[INFO] [stderr] [2024-11-02T22:16:47Z DEBUG sled::pagecache::iobuf] wrote lsns 489-543 to disk at offsets 489-543, maxed false complete_len 55
[INFO] [stderr] [2024-11-02T22:16:47Z DEBUG sled::pagecache::iobuf] mark_interval(489, 55)
[INFO] [stderr] [2024-11-02T22:16:47Z DEBUG sled::pagecache::iobuf] new highest interval: 489 - 543
[INFO] [stderr] [2024-11-02T22:16:47Z DEBUG kvs::network::server] Solve complete for peer: 127.0.0.1:41498
[INFO] [stderr] [2024-11-02T22:16:47Z DEBUG kvs::network::server] Connection closed by peer 127.0.0.1:41498, so this connection is closed.
[INFO] [stderr] [2024-11-02T22:16:47Z DEBUG kvs::network::server] New connection established from 127.0.0.1:41506
[INFO] [stderr] [2024-11-02T22:16:47Z DEBUG kvs::network::server] Waiting data from 127.0.0.1:41506
[INFO] [stderr] [2024-11-02T22:16:47Z DEBUG kvs::network::server] Receive data from peer: 127.0.0.1:41506
[INFO] [stderr] [2024-11-02T22:16:47Z DEBUG kvs::network::server] Peer: 127.0.0.1:41506, Instruction: Rm { key: "key1" }
[INFO] [stderr] [2024-11-02T22:16:47Z DEBUG sled::pagecache::iobuf] advancing offset within the current segment from 544 to 585
[INFO] [stderr] [2024-11-02T22:16:47Z DEBUG sled::pagecache::iobuf] wrote lsns 544-584 to disk at offsets 544-584, maxed false complete_len 41
[INFO] [stderr] [2024-11-02T22:16:47Z DEBUG sled::pagecache::iobuf] mark_interval(544, 41)
[INFO] [stderr] [2024-11-02T22:16:47Z DEBUG sled::pagecache::iobuf] new highest interval: 544 - 584
[INFO] [stderr] [2024-11-02T22:16:47Z DEBUG kvs::network::server] Solve complete for peer: 127.0.0.1:41506
[INFO] [stderr] [2024-11-02T22:16:47Z DEBUG kvs::network::server] Connection closed by peer 127.0.0.1:41506, so this connection is closed.
[INFO] [stderr] [2024-11-02T22:16:47Z INFO  kvs_server] Kvs server start up, version is: 0.1.0
[INFO] [stderr] [2024-11-02T22:16:47Z INFO  kvs_server] Listening on 127.0.0.1:4005
[INFO] [stderr] [2024-11-02T22:16:47Z INFO  kvs_server] Using engine Sled
[INFO] [stderr] Error: KvsError { repr: SledError(Io(Custom { kind: Other, error: "could not acquire lock on \"./db\": Os { code: 11, kind: WouldBlock, message: \"Resource temporarily unavailable\" }" })) }
[INFO] [stdout] test cli_wrong_engine ... ok
[INFO] [stderr] [2024-11-02T22:16:48Z DEBUG kvs::network::server] New connection established from 127.0.0.1:57448
[INFO] [stderr] [2024-11-02T22:16:48Z DEBUG kvs::network::server] Waiting data from 127.0.0.1:57448
[INFO] [stderr] [2024-11-02T22:16:48Z DEBUG kvs::network::server] Receive data from peer: 127.0.0.1:57448
[INFO] [stderr] [2024-11-02T22:16:48Z DEBUG kvs::network::server] Peer: 127.0.0.1:57448, Instruction: Get { key: "key2" }
[INFO] [stderr] [2024-11-02T22:16:48Z DEBUG kvs::network::server] Solve complete for peer: 127.0.0.1:57448
[INFO] [stderr] [2024-11-02T22:16:48Z DEBUG kvs::network::server] Connection closed by peer 127.0.0.1:57448, so this connection is closed.
[INFO] [stderr] [2024-11-02T22:16:48Z DEBUG kvs::network::server] New connection established from 127.0.0.1:57454
[INFO] [stderr] [2024-11-02T22:16:48Z DEBUG kvs::network::server] Waiting data from 127.0.0.1:57454
[INFO] [stderr] [2024-11-02T22:16:48Z DEBUG kvs::network::server] Receive data from peer: 127.0.0.1:57454
[INFO] [stderr] [2024-11-02T22:16:48Z DEBUG kvs::network::server] Peer: 127.0.0.1:57454, Instruction: Get { key: "key1" }
[INFO] [stderr] [2024-11-02T22:16:48Z DEBUG kvs::network::server] Solve complete for peer: 127.0.0.1:57454
[INFO] [stderr] [2024-11-02T22:16:48Z DEBUG kvs::network::server] Connection closed by peer 127.0.0.1:57454, so this connection is closed.
[INFO] [stdout] test cli_access_server_kvs_engine ... ok
[INFO] [stdout] test cli_access_server_sled_engine ... FAILED
[INFO] [stdout] 
[INFO] [stdout] failures:
[INFO] [stdout] 
[INFO] [stdout] ---- cli_access_server_sled_engine stdout ----
[INFO] [stdout] thread 'cli_access_server_sled_engine' panicked at /opt/rustwide/cargo-home/registry/src/index.crates.io-6f17d22bba15001f/assert_cmd-0.11.1/src/assert.rs:154:13:
[INFO] [stdout] Unexpected failure.
[INFO] [stdout] code-1
[INFO] [stdout] stderr=```Error: KvsError { repr: IOError(Os { code: 111, kind: ConnectionRefused, message: "Connection refused" }) }
[INFO] [stdout] ```
[INFO] [stdout] command=`cd "/tmp/.tmpMy4bcX" && "/opt/rustwide/target/debug/kvs-client" "get" "key2" "--addr" "127.0.0.1:4005"`
[INFO] [stdout] code=1
[INFO] [stdout] stdout=``````
[INFO] [stdout] stderr=```Error: KvsError { repr: IOError(Os { code: 111, kind: ConnectionRefused, message: "Connection refused" }) }
[INFO] [stdout] ```
[INFO] [stdout] 
[INFO] [stdout] stack backtrace:
[INFO] [stdout]    0:     0x5dc6295ebe0a - std::backtrace_rs::backtrace::libunwind::trace::h207520d6e9873551
[INFO] [stdout]                                at /rustc/df4ca44d3fbc9301ee17f30f4d474e6ae4b05252/library/std/src/../../backtrace/src/backtrace/libunwind.rs:116:5
[INFO] [stdout]    1:     0x5dc6295ebe0a - std::backtrace_rs::backtrace::trace_unsynchronized::h2ed7433f370e3eca
[INFO] [stdout]                                at /rustc/df4ca44d3fbc9301ee17f30f4d474e6ae4b05252/library/std/src/../../backtrace/src/backtrace/mod.rs:66:5
[INFO] [stdout]    2:     0x5dc6295ebe0a - std::sys::backtrace::_print_fmt::h916fac51166b18d7
[INFO] [stdout]                                at /rustc/df4ca44d3fbc9301ee17f30f4d474e6ae4b05252/library/std/src/sys/backtrace.rs:66:9
[INFO] [stdout]    3:     0x5dc6295ebe0a - <std::sys::backtrace::BacktraceLock::print::DisplayBacktrace as core::fmt::Display>::fmt::ha0a4c9b8ce3802e6
[INFO] [stdout]                                at /rustc/df4ca44d3fbc9301ee17f30f4d474e6ae4b05252/library/std/src/sys/backtrace.rs:39:26
[INFO] [stdout]    4:     0x5dc629614403 - core::fmt::rt::Argument::fmt::h4cfc8587d52b3eb5
[INFO] [stdout]                                at /rustc/df4ca44d3fbc9301ee17f30f4d474e6ae4b05252/library/core/src/fmt/rt.rs:177:76
[INFO] [stdout]    5:     0x5dc629614403 - core::fmt::write::h522cc39e5b36ae9f
[INFO] [stdout]                                at /rustc/df4ca44d3fbc9301ee17f30f4d474e6ae4b05252/library/core/src/fmt/mod.rs:1190:21
[INFO] [stdout]    6:     0x5dc6295e8513 - std::io::Write::write_fmt::h7d3c26752da97734
[INFO] [stdout]                                at /rustc/df4ca44d3fbc9301ee17f30f4d474e6ae4b05252/library/std/src/io/mod.rs:1839:15
[INFO] [stdout]    7:     0x5dc6295ebc52 - std::sys::backtrace::BacktraceLock::print::h4b9e00b29e9c0942
[INFO] [stdout]                                at /rustc/df4ca44d3fbc9301ee17f30f4d474e6ae4b05252/library/std/src/sys/backtrace.rs:42:9
[INFO] [stdout]    8:     0x5dc6295ed31a - std::panicking::default_hook::{{closure}}::hb59b88280d0324d9
[INFO] [stdout]                                at /rustc/df4ca44d3fbc9301ee17f30f4d474e6ae4b05252/library/std/src/panicking.rs:268:22
[INFO] [stdout]    9:     0x5dc6295ed124 - std::panicking::default_hook::he1dd496665be4a29
[INFO] [stdout]                                at /rustc/df4ca44d3fbc9301ee17f30f4d474e6ae4b05252/library/std/src/panicking.rs:292:9
[INFO] [stdout]   10:     0x5dc629552c49 - <alloc::boxed::Box<F,A> as core::ops::function::Fn<Args>>::call::h4ff71de18744e1dc
[INFO] [stdout]                                at /rustc/df4ca44d3fbc9301ee17f30f4d474e6ae4b05252/library/alloc/src/boxed.rs:2468:9
[INFO] [stdout]   11:     0x5dc629552c49 - test::test_main::{{closure}}::hcf7c055ce117aa81
[INFO] [stdout]                                at /rustc/df4ca44d3fbc9301ee17f30f4d474e6ae4b05252/library/test/src/lib.rs:133:21
[INFO] [stdout]   12:     0x5dc6295eda18 - <alloc::boxed::Box<F,A> as core::ops::function::Fn<Args>>::call::h1d66c6bbd60c9692
[INFO] [stdout]                                at /rustc/df4ca44d3fbc9301ee17f30f4d474e6ae4b05252/library/alloc/src/boxed.rs:2468:9
[INFO] [stdout]   13:     0x5dc6295eda18 - std::panicking::rust_panic_with_hook::h2ff17fe8f26dfcf8
[INFO] [stdout]                                at /rustc/df4ca44d3fbc9301ee17f30f4d474e6ae4b05252/library/std/src/panicking.rs:809:13
[INFO] [stdout]   14:     0x5dc6295ed7da - std::panicking::begin_panic_handler::{{closure}}::h4fad77951c07e101
[INFO] [stdout]                                at /rustc/df4ca44d3fbc9301ee17f30f4d474e6ae4b05252/library/std/src/panicking.rs:674:13
[INFO] [stdout]   15:     0x5dc6295ec2e9 - std::sys::backtrace::__rust_end_short_backtrace::hb1a25b3da5d0ea08
[INFO] [stdout]                                at /rustc/df4ca44d3fbc9301ee17f30f4d474e6ae4b05252/library/std/src/sys/backtrace.rs:170:18
[INFO] [stdout]   16:     0x5dc6295ed46c - rust_begin_unwind
[INFO] [stdout]                                at /rustc/df4ca44d3fbc9301ee17f30f4d474e6ae4b05252/library/std/src/panicking.rs:665:5
[INFO] [stdout]   17:     0x5dc629612ab0 - core::panicking::panic_fmt::ha9db07b529f9b256
[INFO] [stdout]                                at /rustc/df4ca44d3fbc9301ee17f30f4d474e6ae4b05252/library/core/src/panicking.rs:75:14
[INFO] [stdout]   18:     0x5dc629599a07 - assert_cmd::assert::Assert::success::h8af3575ad072d4c3
[INFO] [stdout]                                at /opt/rustwide/cargo-home/registry/src/index.crates.io-6f17d22bba15001f/assert_cmd-0.11.1/src/assert.rs:154:13
[INFO] [stdout]   19:     0x5dc62950b509 - cli::cli_access_server::ha3a227c4326b72a2
[INFO] [stdout]                                at /opt/rustwide/workdir/tests/cli.rs:311:5
[INFO] [stdout]   20:     0x5dc62950fa7e - cli::cli_access_server_sled_engine::h759e53a33c72bdfe
[INFO] [stdout]                                at /opt/rustwide/workdir/tests/cli.rs:336:5
[INFO] [stdout]   21:     0x5dc62950fa47 - cli::cli_access_server_sled_engine::{{closure}}::hd6ba1aa4a79efa30
[INFO] [stdout]                                at /opt/rustwide/workdir/tests/cli.rs:335:35
[INFO] [stdout]   22:     0x5dc629515e96 - core::ops::function::FnOnce::call_once::hc9509eb98d45f2f7
[INFO] [stdout]                                at /rustc/df4ca44d3fbc9301ee17f30f4d474e6ae4b05252/library/core/src/ops/function.rs:250:5
[INFO] [stdout]   23:     0x5dc62955751b - core::ops::function::FnOnce::call_once::h22c3ba5715e93f05
[INFO] [stdout]                                at /rustc/df4ca44d3fbc9301ee17f30f4d474e6ae4b05252/library/core/src/ops/function.rs:250:5
[INFO] [stdout]   24:     0x5dc62955751b - test::__rust_begin_short_backtrace::h8e82d8113d0da17f
[INFO] [stdout]                                at /rustc/df4ca44d3fbc9301ee17f30f4d474e6ae4b05252/library/test/src/lib.rs:621:18
[INFO] [stdout]   25:     0x5dc629556e97 - test::run_test_in_process::{{closure}}::h33235f4f20b7b7c7
[INFO] [stdout]                                at /rustc/df4ca44d3fbc9301ee17f30f4d474e6ae4b05252/library/test/src/lib.rs:644:60
[INFO] [stdout]   26:     0x5dc629556e97 - <core::panic::unwind_safe::AssertUnwindSafe<F> as core::ops::function::FnOnce<()>>::call_once::hb5043206310c586f
[INFO] [stdout]                                at /rustc/df4ca44d3fbc9301ee17f30f4d474e6ae4b05252/library/core/src/panic/unwind_safe.rs:272:9
[INFO] [stdout]   27:     0x5dc629556e97 - std::panicking::try::do_call::h9ad4731a60ab23e2
[INFO] [stdout]                                at /rustc/df4ca44d3fbc9301ee17f30f4d474e6ae4b05252/library/std/src/panicking.rs:557:40
[INFO] [stdout]   28:     0x5dc629556e97 - std::panicking::try::h3824d23db772a716
[INFO] [stdout]                                at /rustc/df4ca44d3fbc9301ee17f30f4d474e6ae4b05252/library/std/src/panicking.rs:520:19
[INFO] [stdout]   29:     0x5dc629556e97 - std::panic::catch_unwind::h5afd514605fde46b
[INFO] [stdout]                                at /rustc/df4ca44d3fbc9301ee17f30f4d474e6ae4b05252/library/std/src/panic.rs:358:14
[INFO] [stdout]   30:     0x5dc629556e97 - test::run_test_in_process::h0d5cbfa7067d1720
[INFO] [stdout]                                at /rustc/df4ca44d3fbc9301ee17f30f4d474e6ae4b05252/library/test/src/lib.rs:644:27
[INFO] [stdout]   31:     0x5dc629556e97 - test::run_test::{{closure}}::h708eb8872708115d
[INFO] [stdout]                                at /rustc/df4ca44d3fbc9301ee17f30f4d474e6ae4b05252/library/test/src/lib.rs:565:43
[INFO] [stdout]   32:     0x5dc62951a5b4 - test::run_test::{{closure}}::h392c51cee94713ab
[INFO] [stdout]                                at /rustc/df4ca44d3fbc9301ee17f30f4d474e6ae4b05252/library/test/src/lib.rs:595:41
[INFO] [stdout]   33:     0x5dc62951a5b4 - std::sys::backtrace::__rust_begin_short_backtrace::h2f40290710935a8b
[INFO] [stdout]                                at /rustc/df4ca44d3fbc9301ee17f30f4d474e6ae4b05252/library/std/src/sys/backtrace.rs:154:18
[INFO] [stdout]   34:     0x5dc62951dd5e - std::thread::Builder::spawn_unchecked_::{{closure}}::{{closure}}::h3fd968d89053a903
[INFO] [stdout]                                at /rustc/df4ca44d3fbc9301ee17f30f4d474e6ae4b05252/library/std/src/thread/mod.rs:541:17
[INFO] [stdout]   35:     0x5dc62951dd5e - <core::panic::unwind_safe::AssertUnwindSafe<F> as core::ops::function::FnOnce<()>>::call_once::h743f637ba4229880
[INFO] [stdout]                                at /rustc/df4ca44d3fbc9301ee17f30f4d474e6ae4b05252/library/core/src/panic/unwind_safe.rs:272:9
[INFO] [stdout]   36:     0x5dc62951dd5e - std::panicking::try::do_call::h07440897322525a6
[INFO] [stdout]                                at /rustc/df4ca44d3fbc9301ee17f30f4d474e6ae4b05252/library/std/src/panicking.rs:557:40
[INFO] [stdout]   37:     0x5dc62951dd5e - std::panicking::try::he5a2e00188156637
[INFO] [stdout]                                at /rustc/df4ca44d3fbc9301ee17f30f4d474e6ae4b05252/library/std/src/panicking.rs:520:19
[INFO] [stdout]   38:     0x5dc62951dd5e - std::panic::catch_unwind::hbaf3cae49b3c6433
[INFO] [stdout]                                at /rustc/df4ca44d3fbc9301ee17f30f4d474e6ae4b05252/library/std/src/panic.rs:358:14
[INFO] [stdout]   39:     0x5dc62951dd5e - std::thread::Builder::spawn_unchecked_::{{closure}}::h8e141ea224820bce
[INFO] [stdout]                                at /rustc/df4ca44d3fbc9301ee17f30f4d474e6ae4b05252/library/std/src/thread/mod.rs:540:30
[INFO] [stdout]   40:     0x5dc62951dd5e - core::ops::function::FnOnce::call_once{{vtable.shim}}::h90d312fedd7b8ea8
[INFO] [stdout]                                at /rustc/df4ca44d3fbc9301ee17f30f4d474e6ae4b05252/library/core/src/ops/function.rs:250:5
[INFO] [stdout]   41:     0x5dc6295f2c6b - <alloc::boxed::Box<F,A> as core::ops::function::FnOnce<Args>>::call_once::h69aa08ddb6adb8b6
[INFO] [stdout]                                at /rustc/df4ca44d3fbc9301ee17f30f4d474e6ae4b05252/library/alloc/src/boxed.rs:2454:9
[INFO] [stdout]   42:     0x5dc6295f2c6b - <alloc::boxed::Box<F,A> as core::ops::function::FnOnce<Args>>::call_once::h5aa36efdb79c806f
[INFO] [stdout]                                at /rustc/df4ca44d3fbc9301ee17f30f4d474e6ae4b05252/library/alloc/src/boxed.rs:2454:9
[INFO] [stdout]   43:     0x5dc6295f2c6b - std::sys::pal::unix::thread::Thread::new::thread_start::h6cd80a1b4be5158d
[INFO] [stdout]                                at /rustc/df4ca44d3fbc9301ee17f30f4d474e6ae4b05252/library/std/src/sys/pal/unix/thread.rs:105:17
[INFO] [stdout]   44:     0x7e3ea94e0ac3 - <unknown>
[INFO] [stdout]   45:     0x7e3ea9571a04 - clone
[INFO] [stdout]   46:                0x0 - <unknown>
[INFO] [stdout] 
[INFO] [stdout] 
[INFO] [stdout] failures:
[INFO] [stdout]     cli_access_server_sled_engine
[INFO] [stdout] 
[INFO] [stdout] test result: FAILED. 10 passed; 1 failed; 0 ignored; 0 measured; 0 filtered out; finished in 2.05s
[INFO] [stdout] 
[INFO] [stderr] error: test failed, to rerun pass `--test cli`
[INFO] running `Command { std: "docker" "inspect" "9e96cc4f0784a0dc131a18bed380fcf13ad684e68aebee574ab8e38c8d29017d", kill_on_drop: false }`
[INFO] running `Command { std: "docker" "rm" "-f" "9e96cc4f0784a0dc131a18bed380fcf13ad684e68aebee574ab8e38c8d29017d", kill_on_drop: false }`
[INFO] [stdout] 9e96cc4f0784a0dc131a18bed380fcf13ad684e68aebee574ab8e38c8d29017d
