[INFO] cloning repository https://github.com/WilliamVenner/fn_abi
[INFO] running `Command { std: "git" "-c" "credential.helper=" "-c" "credential.helper=/workspace/cargo-home/bin/git-credential-null" "clone" "--bare" "https://github.com/WilliamVenner/fn_abi" "/workspace/cache/git-repos/https%3A%2F%2Fgithub.com%2FWilliamVenner%2Ffn_abi", kill_on_drop: false }`
[INFO] [stderr] Cloning into bare repository '/workspace/cache/git-repos/https%3A%2F%2Fgithub.com%2FWilliamVenner%2Ffn_abi'...
[INFO] running `Command { std: "git" "rev-parse" "HEAD", kill_on_drop: false }`
[INFO] [stdout] 62855d85cfd16005d2c07939b45802b2d835ae80
[INFO] testing WilliamVenner/fn_abi/62855d85cfd16005d2c07939b45802b2d835ae80 against nightly-2024-10-28+rustflags=-Zrandomize-layout for randomize-layout
[INFO] running `Command { std: "git" "clone" "/workspace/cache/git-repos/https%3A%2F%2Fgithub.com%2FWilliamVenner%2Ffn_abi" "/workspace/builds/worker-0-tc2/source", kill_on_drop: false }`
[INFO] [stderr] Cloning into '/workspace/builds/worker-0-tc2/source'...
[INFO] [stderr] done.
[INFO] validating manifest of git repo https://github.com/WilliamVenner/fn_abi on toolchain nightly-2024-10-28
[INFO] running `Command { std: CARGO_HOME="/workspace/cargo-home" RUSTUP_HOME="/workspace/rustup-home" "/workspace/cargo-home/bin/cargo" "+nightly-2024-10-28" "metadata" "--manifest-path" "Cargo.toml" "--no-deps", kill_on_drop: false }`
[INFO] started tweaking git repo https://github.com/WilliamVenner/fn_abi
[INFO] finished tweaking git repo https://github.com/WilliamVenner/fn_abi
[INFO] tweaked toml for git repo https://github.com/WilliamVenner/fn_abi written to /workspace/builds/worker-0-tc2/source/Cargo.toml
[INFO] crate git repo https://github.com/WilliamVenner/fn_abi already has a lockfile, it will not be regenerated
[INFO] running `Command { std: CARGO_HOME="/workspace/cargo-home" RUSTUP_HOME="/workspace/rustup-home" "/workspace/cargo-home/bin/cargo" "+nightly-2024-10-28" "fetch" "--manifest-path" "Cargo.toml", kill_on_drop: false }`
[INFO] [stderr] warning: /workspace/builds/worker-0-tc2/source/tests/Cargo.toml: no edition set: defaulting to the 2015 edition while the latest is 2021
[INFO] running `Command { std: "docker" "create" "-v" "/var/lib/crater-agent-workspace/builds/worker-0-tc2/target:/opt/rustwide/target:rw,Z" "-v" "/var/lib/crater-agent-workspace/builds/worker-0-tc2/source:/opt/rustwide/workdir:ro,Z" "-v" "/var/lib/crater-agent-workspace/cargo-home:/opt/rustwide/cargo-home:ro,Z" "-v" "/var/lib/crater-agent-workspace/rustup-home:/opt/rustwide/rustup-home:ro,Z" "-e" "SOURCE_DIR=/opt/rustwide/workdir" "-e" "CARGO_TARGET_DIR=/opt/rustwide/target" "-e" "CARGO_HOME=/opt/rustwide/cargo-home" "-e" "RUSTUP_HOME=/opt/rustwide/rustup-home" "-w" "/opt/rustwide/workdir" "-m" "1610612736" "--user" "0:0" "--network" "none" "ghcr.io/rust-lang/crates-build-env/linux@sha256:4a844ea9eb2546a2d2c7022eacef16ef2e8229c7fbb2c7d4d55a9ceca922f72d" "/opt/rustwide/cargo-home/bin/cargo" "+nightly-2024-10-28" "metadata" "--no-deps" "--format-version=1", kill_on_drop: false }`
[INFO] [stdout] cf4a72756f56229bf2905994b84b731d4d1d6e482abe31a0231fb1beb459ae1c
[INFO] running `Command { std: "docker" "start" "-a" "cf4a72756f56229bf2905994b84b731d4d1d6e482abe31a0231fb1beb459ae1c", kill_on_drop: false }`
[INFO] running `Command { std: "docker" "inspect" "cf4a72756f56229bf2905994b84b731d4d1d6e482abe31a0231fb1beb459ae1c", kill_on_drop: false }`
[INFO] running `Command { std: "docker" "rm" "-f" "cf4a72756f56229bf2905994b84b731d4d1d6e482abe31a0231fb1beb459ae1c", kill_on_drop: false }`
[INFO] [stdout] cf4a72756f56229bf2905994b84b731d4d1d6e482abe31a0231fb1beb459ae1c
[INFO] running `Command { std: "docker" "create" "-v" "/var/lib/crater-agent-workspace/builds/worker-0-tc2/target:/opt/rustwide/target:rw,Z" "-v" "/var/lib/crater-agent-workspace/builds/worker-0-tc2/source:/opt/rustwide/workdir:ro,Z" "-v" "/var/lib/crater-agent-workspace/cargo-home:/opt/rustwide/cargo-home:ro,Z" "-v" "/var/lib/crater-agent-workspace/rustup-home:/opt/rustwide/rustup-home:ro,Z" "-e" "SOURCE_DIR=/opt/rustwide/workdir" "-e" "CARGO_TARGET_DIR=/opt/rustwide/target" "-e" "CARGO_INCREMENTAL=0" "-e" "RUST_BACKTRACE=full" "-e" "RUSTFLAGS=--cap-lints=forbid -Zrandomize-layout" "-e" "RUSTDOCFLAGS=--cap-lints=forbid" "-e" "CARGO_HOME=/opt/rustwide/cargo-home" "-e" "RUSTUP_HOME=/opt/rustwide/rustup-home" "-w" "/opt/rustwide/workdir" "-m" "1610612736" "--user" "0:0" "--network" "none" "ghcr.io/rust-lang/crates-build-env/linux@sha256:4a844ea9eb2546a2d2c7022eacef16ef2e8229c7fbb2c7d4d55a9ceca922f72d" "/opt/rustwide/cargo-home/bin/cargo" "+nightly-2024-10-28" "build" "--frozen" "--message-format=json", kill_on_drop: false }`
[INFO] [stdout] 1945c3cc78a1002c22b36e0eb30cc96facfe41cb59b51ee01d2cd5def3db8ad9
[INFO] running `Command { std: "docker" "start" "-a" "1945c3cc78a1002c22b36e0eb30cc96facfe41cb59b51ee01d2cd5def3db8ad9", kill_on_drop: false }`
[INFO] [stderr] warning: /opt/rustwide/workdir/tests/Cargo.toml: no edition set: defaulting to the 2015 edition while the latest is 2021
[INFO] [stderr]    Compiling proc-macro2 v1.0.29
[INFO] [stderr]    Compiling unicode-xid v0.2.2
[INFO] [stderr]    Compiling syn v1.0.76
[INFO] [stderr]    Compiling syn_squash v0.1.0
[INFO] [stderr]    Compiling quote v1.0.9
[INFO] [stderr]    Compiling fn_abi v3.0.0 (/opt/rustwide/workdir)
[INFO] [stderr]     Finished `dev` profile [unoptimized + debuginfo] target(s) in 2.29s
[INFO] running `Command { std: "docker" "inspect" "1945c3cc78a1002c22b36e0eb30cc96facfe41cb59b51ee01d2cd5def3db8ad9", kill_on_drop: false }`
[INFO] running `Command { std: "docker" "rm" "-f" "1945c3cc78a1002c22b36e0eb30cc96facfe41cb59b51ee01d2cd5def3db8ad9", kill_on_drop: false }`
[INFO] [stdout] 1945c3cc78a1002c22b36e0eb30cc96facfe41cb59b51ee01d2cd5def3db8ad9
[INFO] running `Command { std: "docker" "create" "-v" "/var/lib/crater-agent-workspace/builds/worker-0-tc2/target:/opt/rustwide/target:rw,Z" "-v" "/var/lib/crater-agent-workspace/builds/worker-0-tc2/source:/opt/rustwide/workdir:ro,Z" "-v" "/var/lib/crater-agent-workspace/cargo-home:/opt/rustwide/cargo-home:ro,Z" "-v" "/var/lib/crater-agent-workspace/rustup-home:/opt/rustwide/rustup-home:ro,Z" "-e" "SOURCE_DIR=/opt/rustwide/workdir" "-e" "CARGO_TARGET_DIR=/opt/rustwide/target" "-e" "CARGO_INCREMENTAL=0" "-e" "RUST_BACKTRACE=full" "-e" "RUSTFLAGS=--cap-lints=forbid -Zrandomize-layout" "-e" "RUSTDOCFLAGS=--cap-lints=forbid" "-e" "CARGO_HOME=/opt/rustwide/cargo-home" "-e" "RUSTUP_HOME=/opt/rustwide/rustup-home" "-w" "/opt/rustwide/workdir" "-m" "1610612736" "--user" "0:0" "--network" "none" "ghcr.io/rust-lang/crates-build-env/linux@sha256:4a844ea9eb2546a2d2c7022eacef16ef2e8229c7fbb2c7d4d55a9ceca922f72d" "/opt/rustwide/cargo-home/bin/cargo" "+nightly-2024-10-28" "test" "--frozen" "--no-run" "--message-format=json", kill_on_drop: false }`
[INFO] [stdout] eec7756962db7ead8eb611264eb7c5beee85a44d0b92209149923f5efb3ef6eb
[INFO] running `Command { std: "docker" "start" "-a" "eec7756962db7ead8eb611264eb7c5beee85a44d0b92209149923f5efb3ef6eb", kill_on_drop: false }`
[INFO] [stderr] warning: /opt/rustwide/workdir/tests/Cargo.toml: no edition set: defaulting to the 2015 edition while the latest is 2021
[INFO] [stderr]    Compiling fn_abi v3.0.0 (/opt/rustwide/workdir)
[INFO] [stderr]     Finished `test` profile [unoptimized + debuginfo] target(s) in 0.16s
[INFO] running `Command { std: "docker" "inspect" "eec7756962db7ead8eb611264eb7c5beee85a44d0b92209149923f5efb3ef6eb", kill_on_drop: false }`
[INFO] running `Command { std: "docker" "rm" "-f" "eec7756962db7ead8eb611264eb7c5beee85a44d0b92209149923f5efb3ef6eb", kill_on_drop: false }`
[INFO] [stdout] eec7756962db7ead8eb611264eb7c5beee85a44d0b92209149923f5efb3ef6eb
[INFO] running `Command { std: "docker" "create" "-v" "/var/lib/crater-agent-workspace/builds/worker-0-tc2/target:/opt/rustwide/target:rw,Z" "-v" "/var/lib/crater-agent-workspace/builds/worker-0-tc2/source:/opt/rustwide/workdir:ro,Z" "-v" "/var/lib/crater-agent-workspace/cargo-home:/opt/rustwide/cargo-home:ro,Z" "-v" "/var/lib/crater-agent-workspace/rustup-home:/opt/rustwide/rustup-home:ro,Z" "-e" "SOURCE_DIR=/opt/rustwide/workdir" "-e" "CARGO_TARGET_DIR=/opt/rustwide/target" "-e" "CARGO_INCREMENTAL=0" "-e" "RUST_BACKTRACE=full" "-e" "RUSTFLAGS=--cap-lints=forbid -Zrandomize-layout" "-e" "RUSTDOCFLAGS=--cap-lints=forbid" "-e" "CARGO_HOME=/opt/rustwide/cargo-home" "-e" "RUSTUP_HOME=/opt/rustwide/rustup-home" "-w" "/opt/rustwide/workdir" "-m" "1610612736" "--user" "0:0" "--network" "none" "ghcr.io/rust-lang/crates-build-env/linux@sha256:4a844ea9eb2546a2d2c7022eacef16ef2e8229c7fbb2c7d4d55a9ceca922f72d" "/opt/rustwide/cargo-home/bin/cargo" "+nightly-2024-10-28" "test" "--frozen", kill_on_drop: false }`
[INFO] [stdout] 8e01a0894285569f88392fab385dbd45acb2e3d2b11cdf9aafd52dd37548a632
[INFO] running `Command { std: "docker" "start" "-a" "8e01a0894285569f88392fab385dbd45acb2e3d2b11cdf9aafd52dd37548a632", kill_on_drop: false }`
[INFO] [stderr] warning: /opt/rustwide/workdir/tests/Cargo.toml: no edition set: defaulting to the 2015 edition while the latest is 2021
[INFO] [stderr]     Finished `test` profile [unoptimized + debuginfo] target(s) in 0.01s
[INFO] [stderr]      Running unittests src/lib.rs (/opt/rustwide/target/debug/deps/fn_abi-a903c1a53af4b858)
[INFO] [stdout] 
[INFO] [stdout] running 0 tests
[INFO] [stdout] 
[INFO] [stdout] test result: ok. 0 passed; 0 failed; 0 ignored; 0 measured; 0 filtered out; finished in 0.00s
[INFO] [stdout] 
[INFO] [stderr]    Doc-tests fn_abi
[INFO] [stdout] 
[INFO] [stdout] running 2 tests
[INFO] [stdout] test src/lib.rs - abi (line 102) ... FAILED
[INFO] [stdout] test src/lib.rs - (line 7) ... FAILED
[INFO] [stdout] 
[INFO] [stdout] failures:
[INFO] [stdout] 
[INFO] [stdout] ---- src/lib.rs - abi (line 102) stdout ----
[INFO] [stdout] error[E0570]: `"fastcall"` is not a supported ABI for the current target
[INFO] [stdout]  --> src/lib.rs:105:1
[INFO] [stdout]   |
[INFO] [stdout] 5 | #[abi("fastcall")]
[INFO] [stdout]   | ^^^^^^^^^^^^^^^^^^
[INFO] [stdout]   |
[INFO] [stdout]   = note: this error originates in the attribute macro `abi` (in Nightly builds, run with -Z macro-backtrace for more info)
[INFO] [stdout] 
[INFO] [stdout] error: aborting due to 1 previous error
[INFO] [stdout] 
[INFO] [stdout] For more information about this error, try `rustc --explain E0570`.
[INFO] [stdout] Couldn't compile the test.
[INFO] [stdout] ---- src/lib.rs - (line 7) stdout ----
[INFO] [stdout] error[E0570]: `"fastcall"` is not a supported ABI for the current target
[INFO] [stdout]  --> src/lib.rs:10:1
[INFO] [stdout]   |
[INFO] [stdout] 5 | #[abi("fastcall")]
[INFO] [stdout]   | ^^^^^^^^^^^^^^^^^^
[INFO] [stdout]   |
[INFO] [stdout]   = note: this error originates in the attribute macro `abi` (in Nightly builds, run with -Z macro-backtrace for more info)
[INFO] [stdout] 
[INFO] [stdout] error: aborting due to 1 previous error
[INFO] [stdout] 
[INFO] [stdout] For more information about this error, try `rustc --explain E0570`.
[INFO] [stdout] Couldn't compile the test.
[INFO] [stdout] 
[INFO] [stdout] failures:
[INFO] [stdout]     src/lib.rs - (line 7)
[INFO] [stdout]     src/lib.rs - abi (line 102)
[INFO] [stdout] 
[INFO] [stdout] test result: FAILED. 0 passed; 2 failed; 0 ignored; 0 measured; 0 filtered out; finished in 0.03s
[INFO] [stdout] 
[INFO] [stderr] error: doctest failed, to rerun pass `--doc`
[INFO] running `Command { std: "docker" "inspect" "8e01a0894285569f88392fab385dbd45acb2e3d2b11cdf9aafd52dd37548a632", kill_on_drop: false }`
[INFO] running `Command { std: "docker" "rm" "-f" "8e01a0894285569f88392fab385dbd45acb2e3d2b11cdf9aafd52dd37548a632", kill_on_drop: false }`
[INFO] [stdout] 8e01a0894285569f88392fab385dbd45acb2e3d2b11cdf9aafd52dd37548a632
