[INFO] updating cached repository https://github.com/What42Pizza/rust-smart-read
[INFO] running `Command { std: "git" "-c" "credential.helper=" "-c" "credential.helper=/workspace/cargo-home/bin/git-credential-null" "-c" "remote.origin.fetch=refs/heads/*:refs/heads/*" "fetch" "origin" "--force" "--prune", kill_on_drop: false }`
[INFO] running `Command { std: "git" "rev-parse" "HEAD", kill_on_drop: false }`
[INFO] [stdout] 276c105ee888f5e042f6a19da17ec705437b5562
[INFO] testing What42Pizza/rust-smart-read/276c105ee888f5e042f6a19da17ec705437b5562 against nightly-2024-10-28 for randomize-layout
[INFO] running `Command { std: "git" "clone" "/workspace/cache/git-repos/https%3A%2F%2Fgithub.com%2FWhat42Pizza%2Frust-smart-read" "/workspace/builds/worker-1-tc1/source", kill_on_drop: false }`
[INFO] [stderr] Cloning into '/workspace/builds/worker-1-tc1/source'...
[INFO] [stderr] done.
[INFO] validating manifest of git repo https://github.com/What42Pizza/rust-smart-read on toolchain nightly-2024-10-28
[INFO] running `Command { std: CARGO_HOME="/workspace/cargo-home" RUSTUP_HOME="/workspace/rustup-home" "/workspace/cargo-home/bin/cargo" "+nightly-2024-10-28" "metadata" "--manifest-path" "Cargo.toml" "--no-deps", kill_on_drop: false }`
[INFO] started tweaking git repo https://github.com/What42Pizza/rust-smart-read
[INFO] finished tweaking git repo https://github.com/What42Pizza/rust-smart-read
[INFO] tweaked toml for git repo https://github.com/What42Pizza/rust-smart-read written to /workspace/builds/worker-1-tc1/source/Cargo.toml
[INFO] crate git repo https://github.com/What42Pizza/rust-smart-read already has a lockfile, it will not be regenerated
[INFO] running `Command { std: CARGO_HOME="/workspace/cargo-home" RUSTUP_HOME="/workspace/rustup-home" "/workspace/cargo-home/bin/cargo" "+nightly-2024-10-28" "fetch" "--manifest-path" "Cargo.toml", kill_on_drop: false }`
[INFO] running `Command { std: "docker" "create" "-v" "/var/lib/crater-agent-workspace/builds/worker-1-tc1/target:/opt/rustwide/target:rw,Z" "-v" "/var/lib/crater-agent-workspace/builds/worker-1-tc1/source:/opt/rustwide/workdir:ro,Z" "-v" "/var/lib/crater-agent-workspace/cargo-home:/opt/rustwide/cargo-home:ro,Z" "-v" "/var/lib/crater-agent-workspace/rustup-home:/opt/rustwide/rustup-home:ro,Z" "-e" "SOURCE_DIR=/opt/rustwide/workdir" "-e" "CARGO_TARGET_DIR=/opt/rustwide/target" "-e" "CARGO_HOME=/opt/rustwide/cargo-home" "-e" "RUSTUP_HOME=/opt/rustwide/rustup-home" "-w" "/opt/rustwide/workdir" "-m" "1610612736" "--user" "0:0" "--network" "none" "ghcr.io/rust-lang/crates-build-env/linux@sha256:4a844ea9eb2546a2d2c7022eacef16ef2e8229c7fbb2c7d4d55a9ceca922f72d" "/opt/rustwide/cargo-home/bin/cargo" "+nightly-2024-10-28" "metadata" "--no-deps" "--format-version=1", kill_on_drop: false }`
[INFO] [stdout] 00e99bd66c12b089d67af6c4c2e298960fde89d9ab1501f020b0b175adc665ec
[INFO] running `Command { std: "docker" "start" "-a" "00e99bd66c12b089d67af6c4c2e298960fde89d9ab1501f020b0b175adc665ec", kill_on_drop: false }`
[INFO] running `Command { std: "docker" "inspect" "00e99bd66c12b089d67af6c4c2e298960fde89d9ab1501f020b0b175adc665ec", kill_on_drop: false }`
[INFO] running `Command { std: "docker" "rm" "-f" "00e99bd66c12b089d67af6c4c2e298960fde89d9ab1501f020b0b175adc665ec", kill_on_drop: false }`
[INFO] [stdout] 00e99bd66c12b089d67af6c4c2e298960fde89d9ab1501f020b0b175adc665ec
[INFO] running `Command { std: "docker" "create" "-v" "/var/lib/crater-agent-workspace/builds/worker-1-tc1/target:/opt/rustwide/target:rw,Z" "-v" "/var/lib/crater-agent-workspace/builds/worker-1-tc1/source:/opt/rustwide/workdir:ro,Z" "-v" "/var/lib/crater-agent-workspace/cargo-home:/opt/rustwide/cargo-home:ro,Z" "-v" "/var/lib/crater-agent-workspace/rustup-home:/opt/rustwide/rustup-home:ro,Z" "-e" "SOURCE_DIR=/opt/rustwide/workdir" "-e" "CARGO_TARGET_DIR=/opt/rustwide/target" "-e" "CARGO_INCREMENTAL=0" "-e" "RUST_BACKTRACE=full" "-e" "RUSTFLAGS=--cap-lints=forbid" "-e" "RUSTDOCFLAGS=--cap-lints=forbid" "-e" "CARGO_HOME=/opt/rustwide/cargo-home" "-e" "RUSTUP_HOME=/opt/rustwide/rustup-home" "-w" "/opt/rustwide/workdir" "-m" "1610612736" "--user" "0:0" "--network" "none" "ghcr.io/rust-lang/crates-build-env/linux@sha256:4a844ea9eb2546a2d2c7022eacef16ef2e8229c7fbb2c7d4d55a9ceca922f72d" "/opt/rustwide/cargo-home/bin/cargo" "+nightly-2024-10-28" "build" "--frozen" "--message-format=json", kill_on_drop: false }`
[INFO] [stdout] 2e5822fa7a89870f05069c55817dddad3342e903813f28a8281f562036c2614e
[INFO] running `Command { std: "docker" "start" "-a" "2e5822fa7a89870f05069c55817dddad3342e903813f28a8281f562036c2614e", kill_on_drop: false }`
[INFO] [stderr]    Compiling smart-read v0.7.0 (/opt/rustwide/workdir)
[INFO] [stderr]     Finished `dev` profile [unoptimized + debuginfo] target(s) in 0.27s
[INFO] running `Command { std: "docker" "inspect" "2e5822fa7a89870f05069c55817dddad3342e903813f28a8281f562036c2614e", kill_on_drop: false }`
[INFO] running `Command { std: "docker" "rm" "-f" "2e5822fa7a89870f05069c55817dddad3342e903813f28a8281f562036c2614e", kill_on_drop: false }`
[INFO] [stdout] 2e5822fa7a89870f05069c55817dddad3342e903813f28a8281f562036c2614e
[INFO] running `Command { std: "docker" "create" "-v" "/var/lib/crater-agent-workspace/builds/worker-1-tc1/target:/opt/rustwide/target:rw,Z" "-v" "/var/lib/crater-agent-workspace/builds/worker-1-tc1/source:/opt/rustwide/workdir:ro,Z" "-v" "/var/lib/crater-agent-workspace/cargo-home:/opt/rustwide/cargo-home:ro,Z" "-v" "/var/lib/crater-agent-workspace/rustup-home:/opt/rustwide/rustup-home:ro,Z" "-e" "SOURCE_DIR=/opt/rustwide/workdir" "-e" "CARGO_TARGET_DIR=/opt/rustwide/target" "-e" "CARGO_INCREMENTAL=0" "-e" "RUST_BACKTRACE=full" "-e" "RUSTFLAGS=--cap-lints=forbid" "-e" "RUSTDOCFLAGS=--cap-lints=forbid" "-e" "CARGO_HOME=/opt/rustwide/cargo-home" "-e" "RUSTUP_HOME=/opt/rustwide/rustup-home" "-w" "/opt/rustwide/workdir" "-m" "1610612736" "--user" "0:0" "--network" "none" "ghcr.io/rust-lang/crates-build-env/linux@sha256:4a844ea9eb2546a2d2c7022eacef16ef2e8229c7fbb2c7d4d55a9ceca922f72d" "/opt/rustwide/cargo-home/bin/cargo" "+nightly-2024-10-28" "test" "--frozen" "--no-run" "--message-format=json", kill_on_drop: false }`
[INFO] [stdout] 70fda4fbf237ef1010133f4780d98074f469b7734988c8312d9d7376e890f194
[INFO] running `Command { std: "docker" "start" "-a" "70fda4fbf237ef1010133f4780d98074f469b7734988c8312d9d7376e890f194", kill_on_drop: false }`
[INFO] [stderr]    Compiling smart-read v0.7.0 (/opt/rustwide/workdir)
[INFO] [stderr]     Finished `test` profile [unoptimized + debuginfo] target(s) in 0.26s
[INFO] running `Command { std: "docker" "inspect" "70fda4fbf237ef1010133f4780d98074f469b7734988c8312d9d7376e890f194", kill_on_drop: false }`
[INFO] running `Command { std: "docker" "rm" "-f" "70fda4fbf237ef1010133f4780d98074f469b7734988c8312d9d7376e890f194", kill_on_drop: false }`
[INFO] [stdout] 70fda4fbf237ef1010133f4780d98074f469b7734988c8312d9d7376e890f194
[INFO] running `Command { std: "docker" "create" "-v" "/var/lib/crater-agent-workspace/builds/worker-1-tc1/target:/opt/rustwide/target:rw,Z" "-v" "/var/lib/crater-agent-workspace/builds/worker-1-tc1/source:/opt/rustwide/workdir:ro,Z" "-v" "/var/lib/crater-agent-workspace/cargo-home:/opt/rustwide/cargo-home:ro,Z" "-v" "/var/lib/crater-agent-workspace/rustup-home:/opt/rustwide/rustup-home:ro,Z" "-e" "SOURCE_DIR=/opt/rustwide/workdir" "-e" "CARGO_TARGET_DIR=/opt/rustwide/target" "-e" "CARGO_INCREMENTAL=0" "-e" "RUST_BACKTRACE=full" "-e" "RUSTFLAGS=--cap-lints=forbid" "-e" "RUSTDOCFLAGS=--cap-lints=forbid" "-e" "CARGO_HOME=/opt/rustwide/cargo-home" "-e" "RUSTUP_HOME=/opt/rustwide/rustup-home" "-w" "/opt/rustwide/workdir" "-m" "1610612736" "--user" "0:0" "--network" "none" "ghcr.io/rust-lang/crates-build-env/linux@sha256:4a844ea9eb2546a2d2c7022eacef16ef2e8229c7fbb2c7d4d55a9ceca922f72d" "/opt/rustwide/cargo-home/bin/cargo" "+nightly-2024-10-28" "test" "--frozen", kill_on_drop: false }`
[INFO] [stdout] df045b25e94ab456d488d8400f75d92e979c6553d013305ee860ff5e7450fad5
[INFO] running `Command { std: "docker" "start" "-a" "df045b25e94ab456d488d8400f75d92e979c6553d013305ee860ff5e7450fad5", kill_on_drop: false }`
[INFO] [stderr]     Finished `test` profile [unoptimized + debuginfo] target(s) in 0.00s
[INFO] [stderr]      Running unittests src/lib.rs (/opt/rustwide/target/debug/deps/smart_read-7510f24cbe2b76e5)
[INFO] [stdout] 
[INFO] [stdout] running 0 tests
[INFO] [stdout] 
[INFO] [stdout] test result: ok. 0 passed; 0 failed; 0 ignored; 0 measured; 0 filtered out; finished in 0.00s
[INFO] [stdout] 
[INFO] [stderr]    Doc-tests smart_read
[INFO] [stdout] 
[INFO] [stdout] running 5 tests
[INFO] [stdout] test src/lib.rs - (line 49) ... FAILED
[INFO] [stdout] test src/lib.rs - (line 16) ... FAILED
[INFO] [stdout] test src/lib.rs - (line 35) ... FAILED
[INFO] [stdout] test src/lib.rs - (line 66) ... FAILED
[INFO] [stdout] test src/list_constraints.rs - list_constraints::InputOption (line 183) ... FAILED
[INFO] [stdout] 
[INFO] [stdout] failures:
[INFO] [stdout] 
[INFO] [stdout] ---- src/lib.rs - (line 49) stdout ----
[INFO] [stdout] error: expected one of `where` or `{`, found keyword `impl`
[INFO] [stdout]  --> src/lib.rs:51:1
[INFO] [stdout]   |
[INFO] [stdout] 3 | impl<Data> TryRead for &[InputOption<Data>]
[INFO] [stdout]   |                                            - expected one of `where` or `{`
[INFO] [stdout] 4 | impl<Data> TryRead for [InputOption<Data>; _]
[INFO] [stdout]   | ^^^^ unexpected token
[INFO] [stdout] 
[INFO] [stdout] error: aborting due to 1 previous error
[INFO] [stdout] 
[INFO] [stdout] Couldn't compile the test.
[INFO] [stdout] ---- src/lib.rs - (line 16) stdout ----
[INFO] [stdout] error: expected one of `where` or `{`, found keyword `impl`
[INFO] [stdout]  --> src/lib.rs:18:1
[INFO] [stdout]   |
[INFO] [stdout] 3 | impl TryRead for ()
[INFO] [stdout]   |                    - expected one of `where` or `{`
[INFO] [stdout] 4 | impl TryRead for NonEmptyInput
[INFO] [stdout]   | ^^^^ unexpected token
[INFO] [stdout] 
[INFO] [stdout] error: aborting due to 1 previous error
[INFO] [stdout] 
[INFO] [stdout] Couldn't compile the test.
[INFO] [stdout] ---- src/lib.rs - (line 35) stdout ----
[INFO] [stdout] error: expected one of `!`, `+`, `::`, `where`, or `{`, found keyword `impl`
[INFO] [stdout]  --> src/lib.rs:37:1
[INFO] [stdout]   |
[INFO] [stdout] 3 | impl<F: Fn(&str) -> Result<(), String>> TryRead for SimpleValidate<F>
[INFO] [stdout]   |                                                                      - expected one of `!`, `+`, `::`, `where`, or `{`
[INFO] [stdout] 4 | impl<F: Fn(String) -> Result<O, String>, O: Display> TryRead for TransformValidate<F, O>
[INFO] [stdout]   | ^^^^ unexpected token
[INFO] [stdout] 
[INFO] [stdout] error: aborting due to 1 previous error
[INFO] [stdout] 
[INFO] [stdout] Couldn't compile the test.
[INFO] [stdout] ---- src/lib.rs - (line 66) stdout ----
[INFO] [stdout] error: expected identifier, found `<`
[INFO] [stdout]  --> src/lib.rs:68:5
[INFO] [stdout]   |
[INFO] [stdout] 4 | impl<T> TryRead for RangeInclusive<T>   where T: Display + FromStr + PartialOrd<T>, <T as FromStr>::Err: Display,
[INFO] [stdout]   |     ^ expected identifier
[INFO] [stdout] 
[INFO] [stdout] error: aborting due to 1 previous error
[INFO] [stdout] 
[INFO] [stdout] Couldn't compile the test.
[INFO] [stdout] ---- src/list_constraints.rs - list_constraints::InputOption (line 183) stdout ----
[INFO] [stdout] error: cannot find macro `prompt` in this scope
[INFO] [stdout]   --> src/list_constraints.rs:199:50
[INFO] [stdout]    |
[INFO] [stdout] 18 | let OptionWithData {data: index_to_remove, ..} = prompt!("Choose a color to remove: "; choosable_colors);
[INFO] [stdout]    |                                                  ^^^^^^
[INFO] [stdout]    |
[INFO] [stdout] help: consider importing this macro
[INFO] [stdout]    |
[INFO] [stdout] 3  + use smart_read::prompt;
[INFO] [stdout]    |
[INFO] [stdout] 
[INFO] [stdout] error[E0422]: cannot find struct, variant or union type `OptionWithData` in this scope
[INFO] [stdout]   --> src/list_constraints.rs:199:5
[INFO] [stdout]    |
[INFO] [stdout] 18 | let OptionWithData {data: index_to_remove, ..} = prompt!("Choose a color to remove: "; choosable_colors);
[INFO] [stdout]    |     ^^^^^^^^^^^^^^ not found in this scope
[INFO] [stdout] 
[INFO] [stdout] error[E0433]: failed to resolve: use of undeclared type `OptionWithData`
[INFO] [stdout]   --> src/list_constraints.rs:194:8
[INFO] [stdout]    |
[INFO] [stdout] 13 |         Some(OptionWithData::new(option_number, color_name, vec!(), i))
[INFO] [stdout]    |              ^^^^^^^^^^^^^^ use of undeclared type `OptionWithData`
[INFO] [stdout] 
[INFO] [stdout] error: aborting due to 3 previous errors
[INFO] [stdout] 
[INFO] [stdout] Some errors have detailed explanations: E0422, E0433.
[INFO] [stdout] For more information about an error, try `rustc --explain E0422`.
[INFO] [stdout] Couldn't compile the test.
[INFO] [stdout] 
[INFO] [stdout] failures:
[INFO] [stdout]     src/lib.rs - (line 16)
[INFO] [stdout]     src/lib.rs - (line 35)
[INFO] [stdout]     src/lib.rs - (line 49)
[INFO] [stdout]     src/lib.rs - (line 66)
[INFO] [stdout]     src/list_constraints.rs - list_constraints::InputOption (line 183)
[INFO] [stdout] 
[INFO] [stdout] test result: FAILED. 0 passed; 5 failed; 0 ignored; 0 measured; 0 filtered out; finished in 0.06s
[INFO] [stdout] 
[INFO] [stderr] error: doctest failed, to rerun pass `--doc`
[INFO] running `Command { std: "docker" "inspect" "df045b25e94ab456d488d8400f75d92e979c6553d013305ee860ff5e7450fad5", kill_on_drop: false }`
[INFO] running `Command { std: "docker" "rm" "-f" "df045b25e94ab456d488d8400f75d92e979c6553d013305ee860ff5e7450fad5", kill_on_drop: false }`
[INFO] [stdout] df045b25e94ab456d488d8400f75d92e979c6553d013305ee860ff5e7450fad5
