[INFO] cloning repository https://github.com/Webtoon-Studio/webtoon
[INFO] running `Command { std: "git" "-c" "credential.helper=" "-c" "credential.helper=/workspace/cargo-home/bin/git-credential-null" "clone" "--bare" "https://github.com/Webtoon-Studio/webtoon" "/workspace/cache/git-repos/https%3A%2F%2Fgithub.com%2FWebtoon-Studio%2Fwebtoon", kill_on_drop: false }`
[INFO] [stderr] Cloning into bare repository '/workspace/cache/git-repos/https%3A%2F%2Fgithub.com%2FWebtoon-Studio%2Fwebtoon'...
[INFO] running `Command { std: "git" "rev-parse" "HEAD", kill_on_drop: false }`
[INFO] [stdout] f562e9e3e2b02357d3b7deb5c6ebe80ec0f72510
[INFO] testing Webtoon-Studio/webtoon/f562e9e3e2b02357d3b7deb5c6ebe80ec0f72510 against nightly-2024-10-28 for randomize-layout
[INFO] running `Command { std: "git" "clone" "/workspace/cache/git-repos/https%3A%2F%2Fgithub.com%2FWebtoon-Studio%2Fwebtoon" "/workspace/builds/worker-6-tc1/source", kill_on_drop: false }`
[INFO] [stderr] Cloning into '/workspace/builds/worker-6-tc1/source'...
[INFO] [stderr] done.
[INFO] validating manifest of git repo https://github.com/Webtoon-Studio/webtoon on toolchain nightly-2024-10-28
[INFO] running `Command { std: CARGO_HOME="/workspace/cargo-home" RUSTUP_HOME="/workspace/rustup-home" "/workspace/cargo-home/bin/cargo" "+nightly-2024-10-28" "metadata" "--manifest-path" "Cargo.toml" "--no-deps", kill_on_drop: false }`
[INFO] started tweaking git repo https://github.com/Webtoon-Studio/webtoon
[INFO] removed 0 missing examples
[INFO] finished tweaking git repo https://github.com/Webtoon-Studio/webtoon
[INFO] tweaked toml for git repo https://github.com/Webtoon-Studio/webtoon written to /workspace/builds/worker-6-tc1/source/Cargo.toml
[INFO] running `Command { std: CARGO_HOME="/workspace/cargo-home" RUSTUP_HOME="/workspace/rustup-home" "/workspace/cargo-home/bin/cargo" "+nightly-2024-10-28" "generate-lockfile" "--manifest-path" "Cargo.toml", kill_on_drop: false }`
[INFO] [stderr]     Updating crates.io index
[INFO] [stderr]      Locking 222 packages to latest compatible versions
[INFO] [stderr]       Adding scraper v0.20.0 (available: v0.21.0)
[INFO] running `Command { std: CARGO_HOME="/workspace/cargo-home" RUSTUP_HOME="/workspace/rustup-home" "/workspace/cargo-home/bin/cargo" "+nightly-2024-10-28" "fetch" "--manifest-path" "Cargo.toml", kill_on_drop: false }`
[INFO] [stderr]  Downloading crates ...
[INFO] [stderr]   Downloaded atom_syndication v0.12.4
[INFO] [stderr]   Downloaded diligent-date-parser v0.1.4
[INFO] [stderr]   Downloaded async-compression v0.4.17
[INFO] [stderr]   Downloaded rss v2.0.9
[INFO] running `Command { std: "docker" "create" "-v" "/var/lib/crater-agent-workspace/builds/worker-6-tc1/target:/opt/rustwide/target:rw,Z" "-v" "/var/lib/crater-agent-workspace/builds/worker-6-tc1/source:/opt/rustwide/workdir:ro,Z" "-v" "/var/lib/crater-agent-workspace/cargo-home:/opt/rustwide/cargo-home:ro,Z" "-v" "/var/lib/crater-agent-workspace/rustup-home:/opt/rustwide/rustup-home:ro,Z" "-e" "SOURCE_DIR=/opt/rustwide/workdir" "-e" "CARGO_TARGET_DIR=/opt/rustwide/target" "-e" "CARGO_HOME=/opt/rustwide/cargo-home" "-e" "RUSTUP_HOME=/opt/rustwide/rustup-home" "-w" "/opt/rustwide/workdir" "-m" "1610612736" "--user" "0:0" "--network" "none" "ghcr.io/rust-lang/crates-build-env/linux@sha256:4a844ea9eb2546a2d2c7022eacef16ef2e8229c7fbb2c7d4d55a9ceca922f72d" "/opt/rustwide/cargo-home/bin/cargo" "+nightly-2024-10-28" "metadata" "--no-deps" "--format-version=1", kill_on_drop: false }`
[INFO] [stdout] df0521fc0fc7a72f7d62c6ee776ac3345273866f10f598e515723e0365f6463f
[INFO] running `Command { std: "docker" "start" "-a" "df0521fc0fc7a72f7d62c6ee776ac3345273866f10f598e515723e0365f6463f", kill_on_drop: false }`
[INFO] running `Command { std: "docker" "inspect" "df0521fc0fc7a72f7d62c6ee776ac3345273866f10f598e515723e0365f6463f", kill_on_drop: false }`
[INFO] running `Command { std: "docker" "rm" "-f" "df0521fc0fc7a72f7d62c6ee776ac3345273866f10f598e515723e0365f6463f", kill_on_drop: false }`
[INFO] [stdout] df0521fc0fc7a72f7d62c6ee776ac3345273866f10f598e515723e0365f6463f
[INFO] running `Command { std: "docker" "create" "-v" "/var/lib/crater-agent-workspace/builds/worker-6-tc1/target:/opt/rustwide/target:rw,Z" "-v" "/var/lib/crater-agent-workspace/builds/worker-6-tc1/source:/opt/rustwide/workdir:ro,Z" "-v" "/var/lib/crater-agent-workspace/cargo-home:/opt/rustwide/cargo-home:ro,Z" "-v" "/var/lib/crater-agent-workspace/rustup-home:/opt/rustwide/rustup-home:ro,Z" "-e" "SOURCE_DIR=/opt/rustwide/workdir" "-e" "CARGO_TARGET_DIR=/opt/rustwide/target" "-e" "CARGO_INCREMENTAL=0" "-e" "RUST_BACKTRACE=full" "-e" "RUSTFLAGS=--cap-lints=forbid" "-e" "RUSTDOCFLAGS=--cap-lints=forbid" "-e" "CARGO_HOME=/opt/rustwide/cargo-home" "-e" "RUSTUP_HOME=/opt/rustwide/rustup-home" "-w" "/opt/rustwide/workdir" "-m" "1610612736" "--user" "0:0" "--network" "none" "ghcr.io/rust-lang/crates-build-env/linux@sha256:4a844ea9eb2546a2d2c7022eacef16ef2e8229c7fbb2c7d4d55a9ceca922f72d" "/opt/rustwide/cargo-home/bin/cargo" "+nightly-2024-10-28" "build" "--frozen" "--message-format=json", kill_on_drop: false }`
[INFO] [stdout] ebc30e3528fc279bfba0065184fe69d4905f3b892e90919ae93734217182b6bf
[INFO] running `Command { std: "docker" "start" "-a" "ebc30e3528fc279bfba0065184fe69d4905f3b892e90919ae93734217182b6bf", kill_on_drop: false }`
[INFO] [stderr]    Compiling proc-macro2 v1.0.89
[INFO] [stderr]    Compiling unicode-ident v1.0.13
[INFO] [stderr]    Compiling libc v0.2.161
[INFO] [stderr]    Compiling siphasher v0.3.11
[INFO] [stderr]    Compiling byteorder v1.5.0
[INFO] [stderr]    Compiling autocfg v1.4.0
[INFO] [stderr]    Compiling itoa v1.0.11
[INFO] [stderr]    Compiling fnv v1.0.7
[INFO] [stderr]    Compiling once_cell v1.20.2
[INFO] [stderr]    Compiling smallvec v1.13.2
[INFO] [stderr]    Compiling serde v1.0.214
[INFO] [stderr]    Compiling bytes v1.8.0
[INFO] [stderr]    Compiling pin-project-lite v0.2.15
[INFO] [stderr]    Compiling futures-core v0.3.31
[INFO] [stderr]    Compiling shlex v1.3.0
[INFO] [stderr]    Compiling rustls-pki-types v1.10.0
[INFO] [stderr]    Compiling parking_lot_core v0.9.10
[INFO] [stderr]    Compiling new_debug_unreachable v1.0.6
[INFO] [stderr]    Compiling futures-task v0.3.31
[INFO] [stderr]    Compiling untrusted v0.9.0
[INFO] [stderr]    Compiling memchr v2.7.4
[INFO] [stderr]    Compiling phf_shared v0.10.0
[INFO] [stderr]    Compiling phf_shared v0.11.2
[INFO] [stderr]    Compiling cc v1.1.34
[INFO] [stderr]    Compiling spin v0.9.8
[INFO] [stderr]    Compiling httparse v1.9.5
[INFO] [stderr]    Compiling futures-util v0.3.31
[INFO] [stderr]    Compiling strsim v0.11.1
[INFO] [stderr]    Compiling log v0.4.22
[INFO] [stderr]    Compiling mac v0.1.1
[INFO] [stderr]    Compiling alloc-no-stdlib v2.0.4
[INFO] [stderr]    Compiling rustls v0.23.16
[INFO] [stderr]    Compiling ident_case v1.0.1
[INFO] [stderr]    Compiling precomputed-hash v0.1.1
[INFO] [stderr]    Compiling try-lock v0.2.5
[INFO] [stderr]    Compiling alloc-stdlib v0.2.2
[INFO] [stderr]    Compiling tinyvec v1.8.0
[INFO] [stderr]    Compiling want v0.3.1
[INFO] [stderr]    Compiling http v1.1.0
[INFO] [stderr]    Compiling lock_api v0.4.12
[INFO] [stderr]    Compiling futf v0.1.5
[INFO] [stderr]    Compiling tracing-core v0.1.32
[INFO] [stderr]    Compiling futures-channel v0.3.31
[INFO] [stderr]    Compiling dtoa v1.0.9
[INFO] [stderr]    Compiling percent-encoding v2.3.1
[INFO] [stderr]    Compiling version_check v0.9.5
[INFO] [stderr]    Compiling zeroize v1.8.1
[INFO] [stderr]    Compiling subtle v2.6.1
[INFO] [stderr]    Compiling utf-8 v0.7.6
[INFO] [stderr]    Compiling form_urlencoded v1.2.1
[INFO] [stderr]    Compiling quote v1.0.37
[INFO] [stderr]    Compiling dtoa-short v0.3.5
[INFO] [stderr]    Compiling tendril v0.4.3
[INFO] [stderr]    Compiling brotli-decompressor v4.0.1
[INFO] [stderr]    Compiling num-traits v0.2.19
[INFO] [stderr]    Compiling tracing v0.1.40
[INFO] [stderr]    Compiling stable_deref_trait v1.2.0
[INFO] [stderr]    Compiling getrandom v0.2.15
[INFO] [stderr]    Compiling ahash v0.8.11
[INFO] [stderr]    Compiling syn v2.0.87
[INFO] [stderr]    Compiling mio v1.0.2
[INFO] [stderr]    Compiling socket2 v0.5.7
[INFO] [stderr]    Compiling rand_core v0.6.4
[INFO] [stderr]    Compiling tower-service v0.3.3
[INFO] [stderr]    Compiling ryu v1.0.18
[INFO] [stderr]    Compiling unicode-bidi v0.3.17
[INFO] [stderr]    Compiling serde_json v1.0.132
[INFO] [stderr]    Compiling servo_arc v0.3.0
[INFO] [stderr]    Compiling parking_lot v0.12.3
[INFO] [stderr]    Compiling unicode-normalization v0.1.24
[INFO] [stderr]    Compiling fxhash v0.2.1
[INFO] [stderr]    Compiling http-body v1.0.1
[INFO] [stderr]    Compiling aho-corasick v1.1.3
[INFO] [stderr]    Compiling webpki-roots v0.26.6
[INFO] [stderr]    Compiling phf v0.10.1
[INFO] [stderr]    Compiling futures-sink v0.3.31
[INFO] [stderr]    Compiling anyhow v1.0.92
[INFO] [stderr]    Compiling tokio v1.41.0
[INFO] [stderr]    Compiling unicode-width v0.1.14
[INFO] [stderr]    Compiling bitflags v2.6.0
[INFO] [stderr]    Compiling zerocopy v0.7.35
[INFO] [stderr]    Compiling thiserror v1.0.66
[INFO] [stderr]    Compiling regex-syntax v0.8.5
[INFO] [stderr]    Compiling getopts v0.2.21
[INFO] [stderr]    Compiling http-body-util v0.1.2
[INFO] [stderr]    Compiling rustls-pemfile v2.2.0
[INFO] [stderr]    Compiling sync_wrapper v1.0.1
[INFO] [stderr]    Compiling brotli v7.0.0
[INFO] [stderr]    Compiling idna v0.5.0
[INFO] [stderr]    Compiling iana-time-zone v0.1.61
[INFO] [stderr]    Compiling ring v0.17.8
[INFO] [stderr]    Compiling mime v0.3.17
[INFO] [stderr]    Compiling utf8-width v0.1.7
[INFO] [stderr]    Compiling base64 v0.22.1
[INFO] [stderr]    Compiling ego-tree v0.6.3
[INFO] [stderr]    Compiling ipnet v2.10.1
[INFO] [stderr]    Compiling html-escape v0.2.13
[INFO] [stderr]    Compiling urlencoding v2.1.3
[INFO] [stderr]    Compiling url v2.5.2
[INFO] [stderr]    Compiling regex-automata v0.4.8
[INFO] [stderr]    Compiling darling_core v0.20.10
[INFO] [stderr]    Compiling hyper v1.5.0
[INFO] [stderr]    Compiling async-compression v0.4.17
[INFO] [stderr]    Compiling tokio-util v0.7.12
[INFO] [stderr]    Compiling zerocopy-derive v0.7.35
[INFO] [stderr]    Compiling serde_derive v1.0.214
[INFO] [stderr]    Compiling cssparser-macros v0.6.1
[INFO] [stderr]    Compiling html5ever v0.27.0
[INFO] [stderr]    Compiling derive_more v0.99.18
[INFO] [stderr]    Compiling thiserror-impl v1.0.66
[INFO] [stderr]    Compiling rustls-webpki v0.102.8
[INFO] [stderr]    Compiling regex v1.11.1
[INFO] [stderr]    Compiling hyper-util v0.1.10
[INFO] [stderr]    Compiling darling_macro v0.20.10
[INFO] [stderr]    Compiling ppv-lite86 v0.2.20
[INFO] [stderr]    Compiling darling v0.20.10
[INFO] [stderr]    Compiling serde_with_macros v3.11.0
[INFO] [stderr]    Compiling rand_chacha v0.3.1
[INFO] [stderr]    Compiling rand v0.8.5
[INFO] [stderr]    Compiling phf_generator v0.11.2
[INFO] [stderr]    Compiling phf_generator v0.10.0
[INFO] [stderr]    Compiling phf_codegen v0.11.2
[INFO] [stderr]    Compiling string_cache_codegen v0.5.2
[INFO] [stderr]    Compiling phf_codegen v0.10.0
[INFO] [stderr]    Compiling phf_macros v0.11.2
[INFO] [stderr]    Compiling selectors v0.25.0
[INFO] [stderr]    Compiling markup5ever v0.12.1
[INFO] [stderr]    Compiling phf v0.11.2
[INFO] [stderr]    Compiling cssparser v0.31.2
[INFO] [stderr]    Compiling tokio-rustls v0.26.0
[INFO] [stderr]    Compiling hyper-rustls v0.27.3
[INFO] [stderr]    Compiling string_cache v0.8.7
[INFO] [stderr]    Compiling serde_urlencoded v0.7.1
[INFO] [stderr]    Compiling chrono v0.4.38
[INFO] [stderr]    Compiling serde_with v3.11.0
[INFO] [stderr]    Compiling reqwest v0.12.9
[INFO] [stderr]    Compiling scraper v0.20.0
[INFO] [stderr]    Compiling webtoon v0.2.2 (/opt/rustwide/workdir)
[INFO] [stderr]     Finished `dev` profile [unoptimized + debuginfo] target(s) in 15.27s
[INFO] running `Command { std: "docker" "inspect" "ebc30e3528fc279bfba0065184fe69d4905f3b892e90919ae93734217182b6bf", kill_on_drop: false }`
[INFO] running `Command { std: "docker" "rm" "-f" "ebc30e3528fc279bfba0065184fe69d4905f3b892e90919ae93734217182b6bf", kill_on_drop: false }`
[INFO] [stdout] ebc30e3528fc279bfba0065184fe69d4905f3b892e90919ae93734217182b6bf
[INFO] running `Command { std: "docker" "create" "-v" "/var/lib/crater-agent-workspace/builds/worker-6-tc1/target:/opt/rustwide/target:rw,Z" "-v" "/var/lib/crater-agent-workspace/builds/worker-6-tc1/source:/opt/rustwide/workdir:ro,Z" "-v" "/var/lib/crater-agent-workspace/cargo-home:/opt/rustwide/cargo-home:ro,Z" "-v" "/var/lib/crater-agent-workspace/rustup-home:/opt/rustwide/rustup-home:ro,Z" "-e" "SOURCE_DIR=/opt/rustwide/workdir" "-e" "CARGO_TARGET_DIR=/opt/rustwide/target" "-e" "CARGO_INCREMENTAL=0" "-e" "RUST_BACKTRACE=full" "-e" "RUSTFLAGS=--cap-lints=forbid" "-e" "RUSTDOCFLAGS=--cap-lints=forbid" "-e" "CARGO_HOME=/opt/rustwide/cargo-home" "-e" "RUSTUP_HOME=/opt/rustwide/rustup-home" "-w" "/opt/rustwide/workdir" "-m" "1610612736" "--user" "0:0" "--network" "none" "ghcr.io/rust-lang/crates-build-env/linux@sha256:4a844ea9eb2546a2d2c7022eacef16ef2e8229c7fbb2c7d4d55a9ceca922f72d" "/opt/rustwide/cargo-home/bin/cargo" "+nightly-2024-10-28" "test" "--frozen" "--no-run" "--message-format=json", kill_on_drop: false }`
[INFO] [stdout] 2c6c5f4f33b21f27861484b5b950eba10b3111557913d059ff3c613f2eed82fb
[INFO] running `Command { std: "docker" "start" "-a" "2c6c5f4f33b21f27861484b5b950eba10b3111557913d059ff3c613f2eed82fb", kill_on_drop: false }`
[INFO] [stderr]    Compiling signal-hook-registry v1.4.2
[INFO] [stderr]    Compiling tokio-macros v2.4.0
[INFO] [stderr]    Compiling yansi v1.0.1
[INFO] [stderr]    Compiling diff v0.1.13
[INFO] [stderr]    Compiling pretty_assertions v1.4.1
[INFO] [stderr]    Compiling tokio v1.41.0
[INFO] [stderr]    Compiling hyper v1.5.0
[INFO] [stderr]    Compiling tokio-rustls v0.26.0
[INFO] [stderr]    Compiling tokio-util v0.7.12
[INFO] [stderr]    Compiling async-compression v0.4.17
[INFO] [stderr]    Compiling hyper-util v0.1.10
[INFO] [stderr]    Compiling hyper-rustls v0.27.3
[INFO] [stderr]    Compiling reqwest v0.12.9
[INFO] [stderr]    Compiling webtoon v0.2.2 (/opt/rustwide/workdir)
[INFO] [stderr]     Finished `test` profile [unoptimized + debuginfo] target(s) in 15.76s
[INFO] running `Command { std: "docker" "inspect" "2c6c5f4f33b21f27861484b5b950eba10b3111557913d059ff3c613f2eed82fb", kill_on_drop: false }`
[INFO] running `Command { std: "docker" "rm" "-f" "2c6c5f4f33b21f27861484b5b950eba10b3111557913d059ff3c613f2eed82fb", kill_on_drop: false }`
[INFO] [stdout] 2c6c5f4f33b21f27861484b5b950eba10b3111557913d059ff3c613f2eed82fb
[INFO] running `Command { std: "docker" "create" "-v" "/var/lib/crater-agent-workspace/builds/worker-6-tc1/target:/opt/rustwide/target:rw,Z" "-v" "/var/lib/crater-agent-workspace/builds/worker-6-tc1/source:/opt/rustwide/workdir:ro,Z" "-v" "/var/lib/crater-agent-workspace/cargo-home:/opt/rustwide/cargo-home:ro,Z" "-v" "/var/lib/crater-agent-workspace/rustup-home:/opt/rustwide/rustup-home:ro,Z" "-e" "SOURCE_DIR=/opt/rustwide/workdir" "-e" "CARGO_TARGET_DIR=/opt/rustwide/target" "-e" "CARGO_INCREMENTAL=0" "-e" "RUST_BACKTRACE=full" "-e" "RUSTFLAGS=--cap-lints=forbid" "-e" "RUSTDOCFLAGS=--cap-lints=forbid" "-e" "CARGO_HOME=/opt/rustwide/cargo-home" "-e" "RUSTUP_HOME=/opt/rustwide/rustup-home" "-w" "/opt/rustwide/workdir" "-m" "1610612736" "--user" "0:0" "--network" "none" "ghcr.io/rust-lang/crates-build-env/linux@sha256:4a844ea9eb2546a2d2c7022eacef16ef2e8229c7fbb2c7d4d55a9ceca922f72d" "/opt/rustwide/cargo-home/bin/cargo" "+nightly-2024-10-28" "test" "--frozen", kill_on_drop: false }`
[INFO] [stdout] ab7611f3416335e0bada3c923bb91849905eece129a10a5664337ee79a727519
[INFO] running `Command { std: "docker" "start" "-a" "ab7611f3416335e0bada3c923bb91849905eece129a10a5664337ee79a727519", kill_on_drop: false }`
[INFO] [stderr]     Finished `test` profile [unoptimized + debuginfo] target(s) in 0.13s
[INFO] [stderr]      Running unittests src/lib.rs (/opt/rustwide/target/debug/deps/webtoon-e66785c06f0f97df)
[INFO] [stdout] 
[INFO] [stdout] running 12 tests
[INFO] [stdout] test platform::webtoons::client::posts::id::test::should_be_equal_str ... ok
[INFO] [stdout] test platform::webtoons::client::posts::id::test::should_be_not_equal_str ... ok
[INFO] [stdout] test platform::webtoons::client::posts::id::test::should_parse_reply_id ... ok
[INFO] [stdout] test platform::webtoons::client::posts::id::test::should_parse_post_id ... ok
[INFO] [stdout] test platform::webtoons::client::posts::id::test::should_be_ordered ... ok
[INFO] [stdout] test platform::webtoons::client::posts::id::test::should_turn_post_id_to_string ... ok
[INFO] [stdout] test platform::webtoons::client::posts::id::test::should_turn_reply_id_to_string ... ok
[INFO] [stdout] test platform::webtoons::meta::test::should_parse_genres_from_str ... ok
[INFO] [stdout] test platform::webtoons::webtoon::page::zh::test::should_parse_chinese_datetime ... ok
[INFO] [stdout] test stdx::base36::test::should_format_u32_to_base_36 ... ok
[INFO] [stdout] test stdx::base36::test::should_parse_base_36_from_str ... ok
[INFO] [stdout] test platform::webtoons::webtoon::tests::should_make_webtoon_from_url ... ok
[INFO] [stdout] 
[INFO] [stdout] test result: ok. 12 passed; 0 failed; 0 ignored; 0 measured; 0 filtered out; finished in 0.00s
[INFO] [stdout] 
[INFO] [stderr]    Doc-tests webtoon
[INFO] [stdout] 
[INFO] [stdout] running 48 tests
[INFO] [stdout] test src/platform/webtoons/client.rs - platform::webtoons::client::Client::canvas (line 621) - compile ... ok
[INFO] [stdout] test src/platform/webtoons/client.rs - platform::webtoons::client::Client::originals (line 562) - compile ... ok
[INFO] [stdout] test src/platform/webtoons/client.rs - platform::webtoons::client::Client::webtoon (line 670) - compile ... ok
[INFO] [stdout] test src/platform/webtoons/client.rs - platform::webtoons::client::Client::search (line 357) - compile ... ok
[INFO] [stdout] test src/platform/webtoons/canvas.rs - platform::webtoons::canvas (line 4) - compile ... ok
[INFO] [stdout] test src/platform/webtoons/client.rs - platform::webtoons::client::Client::creator (line 302) - compile ... ok
[INFO] [stdout] test src/platform/webtoons/webtoon/episode.rs - platform::webtoons::webtoon::episode::Episode::evict_cache (line 1178) - compile ... ok
[INFO] [stdout] test src/platform/webtoons/webtoon/episode.rs - platform::webtoons::webtoon::episode::Episode::ad_status (line 950) - compile ... ok
[INFO] [stdout] test src/platform/webtoons/webtoon/episode.rs - platform::webtoons::webtoon::episode::Episode::like (line 990) - compile ... ok
[INFO] [stdout] test src/platform/webtoons/webtoon/episode.rs - platform::webtoons::webtoon::episode::Episode::panels (line 835) - compile ... ok
[INFO] [stdout] test src/platform/webtoons/webtoon/episode.rs - platform::webtoons::webtoon::episode::Episode::post (line 1057) - compile ... ok
[INFO] [stdout] test src/platform/webtoons/webtoon/episode.rs - platform::webtoons::webtoon::episode::Episode::posts (line 378) - compile ... ok
[INFO] [stdout] test src/platform/webtoons/webtoon/episode.rs - platform::webtoons::webtoon::episode::Episode::posts_till_date (line 737) - compile ... ok
[INFO] [stdout] test src/platform/webtoons/webtoon/episode.rs - platform::webtoons::webtoon::episode::Episode::published (line 246) - compile ... ok
[INFO] [stdout] test src/platform/webtoons/webtoon/episode.rs - platform::webtoons::webtoon::episode::Episode::posts_till_id (line 632) - compile ... ok
[INFO] [stdout] test src/platform/webtoons/webtoon/episode.rs - platform::webtoons::webtoon::episode::Episode::posts_for_each (line 509) - compile ... ok
[INFO] [stdout] test src/platform/webtoons/webtoon/episode.rs - platform::webtoons::webtoon::episode::Episode::views (line 288) - compile ... ok
[INFO] [stdout] test src/platform/webtoons/webtoon/episode.rs - platform::webtoons::webtoon::episode::Episode::season (line 160) - compile ... ok
[INFO] [stdout] test src/platform/webtoons/webtoon/episode.rs - platform::webtoons::webtoon::episode::Episode::published_status (line 905) - compile ... ok
[INFO] [stdout] test src/platform/webtoons/webtoon/episode.rs - platform::webtoons::webtoon::episode::Episode::unlike (line 1025) - compile ... ok
[INFO] [stdout] test src/platform/webtoons/webtoon/episode/posts.rs - platform::webtoons::webtoon::episode::posts::Post::body (line 317) - compile ... ok
[INFO] [stdout] test src/platform/webtoons/webtoon/episode/posts.rs - platform::webtoons::webtoon::episode::posts::Post::reply (line 618) - compile ... ok
[INFO] [stdout] test src/platform/webtoons/webtoon/episode/posts.rs - platform::webtoons::webtoon::episode::posts::Post::replies (line 585) - compile ... ok
[INFO] [stdout] test src/platform/webtoons/webtoon/episode/posts.rs - platform::webtoons::webtoon::episode::posts::Post::id (line 255) - compile ... ok
[INFO] [stdout] test src/platform/webtoons/webtoon/episode/posts.rs - platform::webtoons::webtoon::episode::posts::Post::parent_id (line 284) - compile ... ok
[INFO] [stdout] test src/platform/webtoons/webtoon/mod.rs - platform::webtoons::webtoon::Webtoon::banner (line 425) - compile ... ok
[INFO] [stdout] test src/platform/webtoons/webtoon/mod.rs - platform::webtoons::webtoon::Webtoon::is_subscribed (line 802) - compile ... ok
[INFO] [stdout] test src/platform/webtoons/webtoon/mod.rs - platform::webtoons::webtoon::Webtoon::evict_cache (line 961) - compile ... ok
[INFO] [stdout] test src/platform/webtoons/webtoon/mod.rs - platform::webtoons::webtoon::Webtoon::episode (line 578) - compile ... ok
[INFO] [stdout] test src/platform/webtoons/webtoon/mod.rs - platform::webtoons::webtoon::Webtoon::episodes (line 491) - compile ... ok
[INFO] [stdout] test src/platform/webtoons/webtoon/mod.rs - platform::webtoons::webtoon::Webtoon::likes (line 636) - compile ... ok
[INFO] [stdout] test src/platform/webtoons/webtoon/mod.rs - platform::webtoons::webtoon::Webtoon::posts (line 691) - compile ... ok
[INFO] [stdout] test src/platform/webtoons/webtoon/mod.rs - platform::webtoons::webtoon::Webtoon::release (line 368) - compile ... ok
[INFO] [stdout] test src/platform/webtoons/webtoon/mod.rs - platform::webtoons::webtoon::Webtoon::subscribe (line 851) - compile ... ok
[INFO] [stdout] test src/platform/webtoons/webtoon/mod.rs - platform::webtoons::webtoon::Webtoon::unsubscribe (line 911) - compile ... ok
[INFO] [stdout] test src/platform/webtoons/webtoon/mod.rs - platform::webtoons::webtoon::Webtoon::views (line 178) - compile ... ok
[INFO] [stdout] test src/platform/webtoons/client.rs - platform::webtoons::client::Client::with_session (line 246) ... ok
[INFO] [stdout] test src/platform/webtoons/client.rs - platform::webtoons::client::ClientBuilder::new (line 79) ... ok
[INFO] [stdout] test src/platform/webtoons/client.rs - platform::webtoons::client::ClientBuilder::with_session (line 108) ... ok
[INFO] [stdout] test src/platform/webtoons/client.rs - platform::webtoons::client::ClientBuilder (line 46) ... ok
[INFO] [stdout] test src/platform/webtoons/client.rs - platform::webtoons::client::ClientBuilder::build (line 162) ... ok
[INFO] [stdout] test src/platform/webtoons/client.rs - platform::webtoons::client::ClientBuilder::user_agent (line 134) ... ok
[INFO] [stdout] test src/platform/webtoons/client.rs - platform::webtoons::client::Client (line 195) ... ok
[INFO] [stdout] test src/platform/webtoons/client.rs - platform::webtoons::client::Client::new (line 220) ... ok
[INFO] [stdout] test src/platform/webtoons/client.rs - platform::webtoons::client::Client::builder (line 265) ... ok
[INFO] [stdout] test src/platform/webtoons/webtoon/mod.rs - platform::webtoons::webtoon::Webtoon::subscribers (line 263) ... FAILED
[INFO] [stdout] test src/platform/webtoons/client.rs - platform::webtoons::client::Client::webtoon_from_url (line 762) ... FAILED
[INFO] [stdout] test src/../README.md - (line 45) ... FAILED
[INFO] [stdout] 
[INFO] [stdout] failures:
[INFO] [stdout] 
[INFO] [stdout] ---- src/platform/webtoons/webtoon/mod.rs - platform::webtoons::webtoon::Webtoon::subscribers (line 263) stdout ----
[INFO] [stdout] Test executable failed (exit status: 1).
[INFO] [stdout] 
[INFO] [stdout] stderr:
[INFO] [stdout] Error: WebtoonError(ClientError(Unexpected(error sending request for url (https://www.webtoons.com/*/canvas/*/list?title_no=843910)
[INFO] [stdout] 
[INFO] [stdout] Caused by:
[INFO] [stdout]     0: client error (Connect)
[INFO] [stdout]     1: dns error: failed to lookup address information: Temporary failure in name resolution
[INFO] [stdout]     2: failed to lookup address information: Temporary failure in name resolution
[INFO] [stdout] 
[INFO] [stdout] Stack backtrace:
[INFO] [stdout]    0: anyhow::error::<impl core::convert::From<E> for anyhow::Error>::from
[INFO] [stdout]              at /opt/rustwide/cargo-home/registry/src/index.crates.io-6f17d22bba15001f/anyhow-1.0.92/src/backtrace.rs:27:14
[INFO] [stdout]    1: <webtoon::platform::webtoons::errors::WebtoonError as core::convert::From<reqwest::error::Error>>::from
[INFO] [stdout]              at ./src/platform/webtoons/errors.rs:72:51
[INFO] [stdout]    2: <core::result::Result<T,F> as core::ops::try_trait::FromResidual<core::result::Result<core::convert::Infallible,E>>>::from_residual
[INFO] [stdout]    3: webtoon::platform::webtoons::client::Client::webtoon::{{closure}}
[INFO] [stdout]    4: rust_out::main::{{closure}}
[INFO] [stdout]    5: tokio::runtime::park::CachedParkThread::block_on::{{closure}}
[INFO] [stdout]    6: tokio::runtime::park::CachedParkThread::block_on
[INFO] [stdout]    7: tokio::runtime::context::blocking::BlockingRegionGuard::block_on
[INFO] [stdout]    8: tokio::runtime::scheduler::multi_thread::MultiThread::block_on::{{closure}}
[INFO] [stdout]    9: tokio::runtime::context::runtime::enter_runtime
[INFO] [stdout]   10: tokio::runtime::scheduler::multi_thread::MultiThread::block_on
[INFO] [stdout]   11: tokio::runtime::runtime::Runtime::block_on_inner
[INFO] [stdout]   12: tokio::runtime::runtime::Runtime::block_on
[INFO] [stdout]   13: rust_out::main
[INFO] [stdout]   14: core::ops::function::FnOnce::call_once
[INFO] [stdout]   15: std::sys::backtrace::__rust_begin_short_backtrace
[INFO] [stdout]   16: std::rt::lang_start::{{closure}}
[INFO] [stdout]   17: core::ops::function::impls::<impl core::ops::function::FnOnce<A> for &F>::call_once
[INFO] [stdout]              at /rustc/df4ca44d3fbc9301ee17f30f4d474e6ae4b05252/library/core/src/ops/function.rs:284:13
[INFO] [stdout]   18: std::panicking::try::do_call
[INFO] [stdout]              at /rustc/df4ca44d3fbc9301ee17f30f4d474e6ae4b05252/library/std/src/panicking.rs:557:40
[INFO] [stdout]   19: std::panicking::try
[INFO] [stdout]              at /rustc/df4ca44d3fbc9301ee17f30f4d474e6ae4b05252/library/std/src/panicking.rs:520:19
[INFO] [stdout]   20: std::panic::catch_unwind
[INFO] [stdout]              at /rustc/df4ca44d3fbc9301ee17f30f4d474e6ae4b05252/library/std/src/panic.rs:358:14
[INFO] [stdout]   21: std::rt::lang_start_internal::{{closure}}
[INFO] [stdout]              at /rustc/df4ca44d3fbc9301ee17f30f4d474e6ae4b05252/library/std/src/rt.rs:174:48
[INFO] [stdout]   22: std::panicking::try::do_call
[INFO] [stdout]              at /rustc/df4ca44d3fbc9301ee17f30f4d474e6ae4b05252/library/std/src/panicking.rs:557:40
[INFO] [stdout]   23: std::panicking::try
[INFO] [stdout]              at /rustc/df4ca44d3fbc9301ee17f30f4d474e6ae4b05252/library/std/src/panicking.rs:520:19
[INFO] [stdout]   24: std::panic::catch_unwind
[INFO] [stdout]              at /rustc/df4ca44d3fbc9301ee17f30f4d474e6ae4b05252/library/std/src/panic.rs:358:14
[INFO] [stdout]   25: std::rt::lang_start_internal
[INFO] [stdout]              at /rustc/df4ca44d3fbc9301ee17f30f4d474e6ae4b05252/library/std/src/rt.rs:174:20
[INFO] [stdout]   26: std::rt::lang_start
[INFO] [stdout]   27: main
[INFO] [stdout]   28: <unknown>
[INFO] [stdout]   29: __libc_start_main
[INFO] [stdout]   30: _start)))
[INFO] [stdout] 
[INFO] [stdout] 
[INFO] [stdout] ---- src/platform/webtoons/client.rs - platform::webtoons::client::Client::webtoon_from_url (line 762) stdout ----
[INFO] [stdout] Test executable failed (exit status: 1).
[INFO] [stdout] 
[INFO] [stdout] stderr:
[INFO] [stdout] Error: WebtoonError(ClientError(Unexpected(error sending request for url (https://www.webtoons.com/en/action/omniscient-reader/list?title_no=2154)
[INFO] [stdout] 
[INFO] [stdout] Caused by:
[INFO] [stdout]     0: client error (Connect)
[INFO] [stdout]     1: dns error: failed to lookup address information: Temporary failure in name resolution
[INFO] [stdout]     2: failed to lookup address information: Temporary failure in name resolution
[INFO] [stdout] 
[INFO] [stdout] Stack backtrace:
[INFO] [stdout]    0: anyhow::error::<impl core::convert::From<E> for anyhow::Error>::from
[INFO] [stdout]              at /opt/rustwide/cargo-home/registry/src/index.crates.io-6f17d22bba15001f/anyhow-1.0.92/src/backtrace.rs:27:14
[INFO] [stdout]    1: <webtoon::platform::webtoons::errors::ClientError as core::convert::From<reqwest::error::Error>>::from
[INFO] [stdout]              at ./src/platform/webtoons/errors.rs:50:26
[INFO] [stdout]    2: <core::result::Result<T,F> as core::ops::try_trait::FromResidual<core::result::Result<core::convert::Infallible,E>>>::from_residual
[INFO] [stdout]    3: webtoon::platform::webtoons::client::Client::get_webtoon_page::{{closure}}
[INFO] [stdout]    4: webtoon::platform::webtoons::webtoon::page::scrape::{{closure}}
[INFO] [stdout]    5: webtoon::platform::webtoons::webtoon::Webtoon::title::{{closure}}
[INFO] [stdout]    6: rust_out::main::{{closure}}
[INFO] [stdout]    7: tokio::runtime::park::CachedParkThread::block_on::{{closure}}
[INFO] [stdout]    8: tokio::runtime::park::CachedParkThread::block_on
[INFO] [stdout]    9: tokio::runtime::context::blocking::BlockingRegionGuard::block_on
[INFO] [stdout]   10: tokio::runtime::scheduler::multi_thread::MultiThread::block_on::{{closure}}
[INFO] [stdout]   11: tokio::runtime::context::runtime::enter_runtime
[INFO] [stdout]   12: tokio::runtime::scheduler::multi_thread::MultiThread::block_on
[INFO] [stdout]   13: tokio::runtime::runtime::Runtime::block_on_inner
[INFO] [stdout]   14: tokio::runtime::runtime::Runtime::block_on
[INFO] [stdout]   15: rust_out::main
[INFO] [stdout]   16: core::ops::function::FnOnce::call_once
[INFO] [stdout]   17: std::sys::backtrace::__rust_begin_short_backtrace
[INFO] [stdout]   18: std::rt::lang_start::{{closure}}
[INFO] [stdout]   19: core::ops::function::impls::<impl core::ops::function::FnOnce<A> for &F>::call_once
[INFO] [stdout]              at /rustc/df4ca44d3fbc9301ee17f30f4d474e6ae4b05252/library/core/src/ops/function.rs:284:13
[INFO] [stdout]   20: std::panicking::try::do_call
[INFO] [stdout]              at /rustc/df4ca44d3fbc9301ee17f30f4d474e6ae4b05252/library/std/src/panicking.rs:557:40
[INFO] [stdout]   21: std::panicking::try
[INFO] [stdout]              at /rustc/df4ca44d3fbc9301ee17f30f4d474e6ae4b05252/library/std/src/panicking.rs:520:19
[INFO] [stdout]   22: std::panic::catch_unwind
[INFO] [stdout]              at /rustc/df4ca44d3fbc9301ee17f30f4d474e6ae4b05252/library/std/src/panic.rs:358:14
[INFO] [stdout]   23: std::rt::lang_start_internal::{{closure}}
[INFO] [stdout]              at /rustc/df4ca44d3fbc9301ee17f30f4d474e6ae4b05252/library/std/src/rt.rs:174:48
[INFO] [stdout]   24: std::panicking::try::do_call
[INFO] [stdout]              at /rustc/df4ca44d3fbc9301ee17f30f4d474e6ae4b05252/library/std/src/panicking.rs:557:40
[INFO] [stdout]   25: std::panicking::try
[INFO] [stdout]              at /rustc/df4ca44d3fbc9301ee17f30f4d474e6ae4b05252/library/std/src/panicking.rs:520:19
[INFO] [stdout]   26: std::panic::catch_unwind
[INFO] [stdout]              at /rustc/df4ca44d3fbc9301ee17f30f4d474e6ae4b05252/library/std/src/panic.rs:358:14
[INFO] [stdout]   27: std::rt::lang_start_internal
[INFO] [stdout]              at /rustc/df4ca44d3fbc9301ee17f30f4d474e6ae4b05252/library/std/src/rt.rs:174:20
[INFO] [stdout]   28: std::rt::lang_start
[INFO] [stdout]   29: main
[INFO] [stdout]   30: <unknown>
[INFO] [stdout]   31: __libc_start_main
[INFO] [stdout]   32: _start)))
[INFO] [stdout] 
[INFO] [stdout] 
[INFO] [stdout] ---- src/../README.md - (line 45) stdout ----
[INFO] [stdout] Test executable failed (exit status: 1).
[INFO] [stdout] 
[INFO] [stdout] stderr:
[INFO] [stdout] Error: WebtoonError(ClientError(Unexpected(error sending request for url (https://www.webtoons.com/*/*/*/list?title_no=95)
[INFO] [stdout] 
[INFO] [stdout] Caused by:
[INFO] [stdout]     0: client error (Connect)
[INFO] [stdout]     1: dns error: failed to lookup address information: Temporary failure in name resolution
[INFO] [stdout]     2: failed to lookup address information: Temporary failure in name resolution
[INFO] [stdout] 
[INFO] [stdout] Stack backtrace:
[INFO] [stdout]    0: anyhow::error::<impl core::convert::From<E> for anyhow::Error>::from
[INFO] [stdout]              at /opt/rustwide/cargo-home/registry/src/index.crates.io-6f17d22bba15001f/anyhow-1.0.92/src/backtrace.rs:27:14
[INFO] [stdout]    1: <webtoon::platform::webtoons::errors::WebtoonError as core::convert::From<reqwest::error::Error>>::from
[INFO] [stdout]              at ./src/platform/webtoons/errors.rs:72:51
[INFO] [stdout]    2: <core::result::Result<T,F> as core::ops::try_trait::FromResidual<core::result::Result<core::convert::Infallible,E>>>::from_residual
[INFO] [stdout]    3: webtoon::platform::webtoons::client::Client::webtoon::{{closure}}
[INFO] [stdout]    4: rust_out::main::{{closure}}
[INFO] [stdout]    5: tokio::runtime::park::CachedParkThread::block_on::{{closure}}
[INFO] [stdout]    6: tokio::runtime::park::CachedParkThread::block_on
[INFO] [stdout]    7: tokio::runtime::context::blocking::BlockingRegionGuard::block_on
[INFO] [stdout]    8: tokio::runtime::scheduler::multi_thread::MultiThread::block_on::{{closure}}
[INFO] [stdout]    9: tokio::runtime::context::runtime::enter_runtime
[INFO] [stdout]   10: tokio::runtime::scheduler::multi_thread::MultiThread::block_on
[INFO] [stdout]   11: tokio::runtime::runtime::Runtime::block_on_inner
[INFO] [stdout]   12: tokio::runtime::runtime::Runtime::block_on
[INFO] [stdout]   13: rust_out::main
[INFO] [stdout]   14: core::ops::function::FnOnce::call_once
[INFO] [stdout]   15: std::sys::backtrace::__rust_begin_short_backtrace
[INFO] [stdout]   16: std::rt::lang_start::{{closure}}
[INFO] [stdout]   17: core::ops::function::impls::<impl core::ops::function::FnOnce<A> for &F>::call_once
[INFO] [stdout]              at /rustc/df4ca44d3fbc9301ee17f30f4d474e6ae4b05252/library/core/src/ops/function.rs:284:13
[INFO] [stdout]   18: std::panicking::try::do_call
[INFO] [stdout]              at /rustc/df4ca44d3fbc9301ee17f30f4d474e6ae4b05252/library/std/src/panicking.rs:557:40
[INFO] [stdout]   19: std::panicking::try
[INFO] [stdout]              at /rustc/df4ca44d3fbc9301ee17f30f4d474e6ae4b05252/library/std/src/panicking.rs:520:19
[INFO] [stdout]   20: std::panic::catch_unwind
[INFO] [stdout]              at /rustc/df4ca44d3fbc9301ee17f30f4d474e6ae4b05252/library/std/src/panic.rs:358:14
[INFO] [stdout]   21: std::rt::lang_start_internal::{{closure}}
[INFO] [stdout]              at /rustc/df4ca44d3fbc9301ee17f30f4d474e6ae4b05252/library/std/src/rt.rs:174:48
[INFO] [stdout]   22: std::panicking::try::do_call
[INFO] [stdout]              at /rustc/df4ca44d3fbc9301ee17f30f4d474e6ae4b05252/library/std/src/panicking.rs:557:40
[INFO] [stdout]   23: std::panicking::try
[INFO] [stdout]              at /rustc/df4ca44d3fbc9301ee17f30f4d474e6ae4b05252/library/std/src/panicking.rs:520:19
[INFO] [stdout]   24: std::panic::catch_unwind
[INFO] [stdout]              at /rustc/df4ca44d3fbc9301ee17f30f4d474e6ae4b05252/library/std/src/panic.rs:358:14
[INFO] [stdout]   25: std::rt::lang_start_internal
[INFO] [stdout]              at /rustc/df4ca44d3fbc9301ee17f30f4d474e6ae4b05252/library/std/src/rt.rs:174:20
[INFO] [stdout]   26: std::rt::lang_start
[INFO] [stdout]   27: main
[INFO] [stdout]   28: <unknown>
[INFO] [stdout]   29: __libc_start_main
[INFO] [stdout]   30: _start)))
[INFO] [stdout] 
[INFO] [stdout] 
[INFO] [stdout] 
[INFO] [stdout] failures:
[INFO] [stdout]     src/../README.md - (line 45)
[INFO] [stdout]     src/platform/webtoons/client.rs - platform::webtoons::client::Client::webtoon_from_url (line 762)
[INFO] [stdout]     src/platform/webtoons/webtoon/mod.rs - platform::webtoons::webtoon::Webtoon::subscribers (line 263)
[INFO] [stdout] 
[INFO] [stdout] test result: FAILED. 45 passed; 3 failed; 0 ignored; 0 measured; 0 filtered out; finished in 9.39s
[INFO] [stdout] 
[INFO] [stderr] error: doctest failed, to rerun pass `--doc`
[INFO] running `Command { std: "docker" "inspect" "ab7611f3416335e0bada3c923bb91849905eece129a10a5664337ee79a727519", kill_on_drop: false }`
[INFO] running `Command { std: "docker" "rm" "-f" "ab7611f3416335e0bada3c923bb91849905eece129a10a5664337ee79a727519", kill_on_drop: false }`
[INFO] [stdout] ab7611f3416335e0bada3c923bb91849905eece129a10a5664337ee79a727519
