[INFO] cloning repository https://github.com/VimCommando/jsrmx
[INFO] running `Command { std: "git" "-c" "credential.helper=" "-c" "credential.helper=/workspace/cargo-home/bin/git-credential-null" "clone" "--bare" "https://github.com/VimCommando/jsrmx" "/workspace/cache/git-repos/https%3A%2F%2Fgithub.com%2FVimCommando%2Fjsrmx", kill_on_drop: false }`
[INFO] [stderr] Cloning into bare repository '/workspace/cache/git-repos/https%3A%2F%2Fgithub.com%2FVimCommando%2Fjsrmx'...
[INFO] running `Command { std: "git" "rev-parse" "HEAD", kill_on_drop: false }`
[INFO] [stdout] 6b1082b33468fbe9b3db8648716d86bd5a26d391
[INFO] testing VimCommando/jsrmx/6b1082b33468fbe9b3db8648716d86bd5a26d391 against nightly-2024-10-28+rustflags=-Zrandomize-layout for randomize-layout
[INFO] running `Command { std: "git" "clone" "/workspace/cache/git-repos/https%3A%2F%2Fgithub.com%2FVimCommando%2Fjsrmx" "/workspace/builds/worker-5-tc2/source", kill_on_drop: false }`
[INFO] [stderr] Cloning into '/workspace/builds/worker-5-tc2/source'...
[INFO] [stderr] done.
[INFO] validating manifest of git repo https://github.com/VimCommando/jsrmx on toolchain nightly-2024-10-28
[INFO] running `Command { std: CARGO_HOME="/workspace/cargo-home" RUSTUP_HOME="/workspace/rustup-home" "/workspace/cargo-home/bin/cargo" "+nightly-2024-10-28" "metadata" "--manifest-path" "Cargo.toml" "--no-deps", kill_on_drop: false }`
[INFO] started tweaking git repo https://github.com/VimCommando/jsrmx
[INFO] finished tweaking git repo https://github.com/VimCommando/jsrmx
[INFO] tweaked toml for git repo https://github.com/VimCommando/jsrmx written to /workspace/builds/worker-5-tc2/source/Cargo.toml
[INFO] crate git repo https://github.com/VimCommando/jsrmx already has a lockfile, it will not be regenerated
[INFO] running `Command { std: CARGO_HOME="/workspace/cargo-home" RUSTUP_HOME="/workspace/rustup-home" "/workspace/cargo-home/bin/cargo" "+nightly-2024-10-28" "fetch" "--manifest-path" "Cargo.toml", kill_on_drop: false }`
[INFO] running `Command { std: "docker" "create" "-v" "/var/lib/crater-agent-workspace/builds/worker-5-tc2/target:/opt/rustwide/target:rw,Z" "-v" "/var/lib/crater-agent-workspace/builds/worker-5-tc2/source:/opt/rustwide/workdir:ro,Z" "-v" "/var/lib/crater-agent-workspace/cargo-home:/opt/rustwide/cargo-home:ro,Z" "-v" "/var/lib/crater-agent-workspace/rustup-home:/opt/rustwide/rustup-home:ro,Z" "-e" "SOURCE_DIR=/opt/rustwide/workdir" "-e" "CARGO_TARGET_DIR=/opt/rustwide/target" "-e" "CARGO_HOME=/opt/rustwide/cargo-home" "-e" "RUSTUP_HOME=/opt/rustwide/rustup-home" "-w" "/opt/rustwide/workdir" "-m" "1610612736" "--user" "0:0" "--network" "none" "ghcr.io/rust-lang/crates-build-env/linux@sha256:4a844ea9eb2546a2d2c7022eacef16ef2e8229c7fbb2c7d4d55a9ceca922f72d" "/opt/rustwide/cargo-home/bin/cargo" "+nightly-2024-10-28" "metadata" "--no-deps" "--format-version=1", kill_on_drop: false }`
[INFO] [stdout] 339ae3f83a400e3c1775421a21848ad36ec99bc5d036a039e5ba868563313c11
[INFO] running `Command { std: "docker" "start" "-a" "339ae3f83a400e3c1775421a21848ad36ec99bc5d036a039e5ba868563313c11", kill_on_drop: false }`
[INFO] running `Command { std: "docker" "inspect" "339ae3f83a400e3c1775421a21848ad36ec99bc5d036a039e5ba868563313c11", kill_on_drop: false }`
[INFO] running `Command { std: "docker" "rm" "-f" "339ae3f83a400e3c1775421a21848ad36ec99bc5d036a039e5ba868563313c11", kill_on_drop: false }`
[INFO] [stdout] 339ae3f83a400e3c1775421a21848ad36ec99bc5d036a039e5ba868563313c11
[INFO] running `Command { std: "docker" "create" "-v" "/var/lib/crater-agent-workspace/builds/worker-5-tc2/target:/opt/rustwide/target:rw,Z" "-v" "/var/lib/crater-agent-workspace/builds/worker-5-tc2/source:/opt/rustwide/workdir:ro,Z" "-v" "/var/lib/crater-agent-workspace/cargo-home:/opt/rustwide/cargo-home:ro,Z" "-v" "/var/lib/crater-agent-workspace/rustup-home:/opt/rustwide/rustup-home:ro,Z" "-e" "SOURCE_DIR=/opt/rustwide/workdir" "-e" "CARGO_TARGET_DIR=/opt/rustwide/target" "-e" "CARGO_INCREMENTAL=0" "-e" "RUST_BACKTRACE=full" "-e" "RUSTFLAGS=--cap-lints=forbid -Zrandomize-layout" "-e" "RUSTDOCFLAGS=--cap-lints=forbid" "-e" "CARGO_HOME=/opt/rustwide/cargo-home" "-e" "RUSTUP_HOME=/opt/rustwide/rustup-home" "-w" "/opt/rustwide/workdir" "-m" "1610612736" "--user" "0:0" "--network" "none" "ghcr.io/rust-lang/crates-build-env/linux@sha256:4a844ea9eb2546a2d2c7022eacef16ef2e8229c7fbb2c7d4d55a9ceca922f72d" "/opt/rustwide/cargo-home/bin/cargo" "+nightly-2024-10-28" "build" "--frozen" "--message-format=json", kill_on_drop: false }`
[INFO] [stdout] 50504a7ab2b4c241f895adf10c8e46c6e02b47e8b52d7c7c370479479b7482a0
[INFO] running `Command { std: "docker" "start" "-a" "50504a7ab2b4c241f895adf10c8e46c6e02b47e8b52d7c7c370479479b7482a0", kill_on_drop: false }`
[INFO] [stderr]    Compiling proc-macro2 v1.0.84
[INFO] [stderr]    Compiling unicode-ident v1.0.12
[INFO] [stderr]    Compiling crossbeam-utils v0.8.20
[INFO] [stderr]    Compiling memchr v2.7.2
[INFO] [stderr]    Compiling utf8parse v0.2.1
[INFO] [stderr]    Compiling colorchoice v1.0.1
[INFO] [stderr]    Compiling anstyle v1.0.7
[INFO] [stderr]    Compiling regex-syntax v0.8.3
[INFO] [stderr]    Compiling is_terminal_polyfill v1.70.0
[INFO] [stderr]    Compiling anstyle-parse v0.2.4
[INFO] [stderr]    Compiling anstyle-query v1.0.3
[INFO] [stderr]    Compiling rayon-core v1.12.1
[INFO] [stderr]    Compiling serde v1.0.203
[INFO] [stderr]    Compiling anstream v0.6.14
[INFO] [stderr]    Compiling serde_json v1.0.117
[INFO] [stderr]    Compiling log v0.4.21
[INFO] [stderr]    Compiling heck v0.5.0
[INFO] [stderr]    Compiling clap_lex v0.7.0
[INFO] [stderr]    Compiling strsim v0.11.1
[INFO] [stderr]    Compiling aho-corasick v1.1.3
[INFO] [stderr]    Compiling crossbeam-epoch v0.9.18
[INFO] [stderr]    Compiling clap_builder v4.5.2
[INFO] [stderr]    Compiling quote v1.0.36
[INFO] [stderr]    Compiling crossbeam-deque v0.8.5
[INFO] [stderr]    Compiling itoa v1.0.11
[INFO] [stderr]    Compiling humantime v2.1.0
[INFO] [stderr]    Compiling syn v2.0.66
[INFO] [stderr]    Compiling ryu v1.0.18
[INFO] [stderr]    Compiling either v1.12.0
[INFO] [stderr]    Compiling rayon v1.10.0
[INFO] [stderr]    Compiling regex-automata v0.4.6
[INFO] [stderr]    Compiling serde_derive v1.0.203
[INFO] [stderr]    Compiling clap_derive v4.5.4
[INFO] [stderr]    Compiling regex v1.10.4
[INFO] [stderr]    Compiling env_filter v0.1.0
[INFO] [stderr]    Compiling env_logger v0.11.3
[INFO] [stderr]    Compiling clap v4.5.4
[INFO] [stderr]    Compiling jsrmx v0.1.0 (/opt/rustwide/workdir)
[INFO] [stderr]     Finished `dev` profile [unoptimized + debuginfo] target(s) in 12.70s
[INFO] running `Command { std: "docker" "inspect" "50504a7ab2b4c241f895adf10c8e46c6e02b47e8b52d7c7c370479479b7482a0", kill_on_drop: false }`
[INFO] running `Command { std: "docker" "rm" "-f" "50504a7ab2b4c241f895adf10c8e46c6e02b47e8b52d7c7c370479479b7482a0", kill_on_drop: false }`
[INFO] [stdout] 50504a7ab2b4c241f895adf10c8e46c6e02b47e8b52d7c7c370479479b7482a0
[INFO] running `Command { std: "docker" "create" "-v" "/var/lib/crater-agent-workspace/builds/worker-5-tc2/target:/opt/rustwide/target:rw,Z" "-v" "/var/lib/crater-agent-workspace/builds/worker-5-tc2/source:/opt/rustwide/workdir:ro,Z" "-v" "/var/lib/crater-agent-workspace/cargo-home:/opt/rustwide/cargo-home:ro,Z" "-v" "/var/lib/crater-agent-workspace/rustup-home:/opt/rustwide/rustup-home:ro,Z" "-e" "SOURCE_DIR=/opt/rustwide/workdir" "-e" "CARGO_TARGET_DIR=/opt/rustwide/target" "-e" "CARGO_INCREMENTAL=0" "-e" "RUST_BACKTRACE=full" "-e" "RUSTFLAGS=--cap-lints=forbid -Zrandomize-layout" "-e" "RUSTDOCFLAGS=--cap-lints=forbid" "-e" "CARGO_HOME=/opt/rustwide/cargo-home" "-e" "RUSTUP_HOME=/opt/rustwide/rustup-home" "-w" "/opt/rustwide/workdir" "-m" "1610612736" "--user" "0:0" "--network" "none" "ghcr.io/rust-lang/crates-build-env/linux@sha256:4a844ea9eb2546a2d2c7022eacef16ef2e8229c7fbb2c7d4d55a9ceca922f72d" "/opt/rustwide/cargo-home/bin/cargo" "+nightly-2024-10-28" "test" "--frozen" "--no-run" "--message-format=json", kill_on_drop: false }`
[INFO] [stdout] 0adb1e2fd02461f3487b6a6fb858e4675f3792bdbf8f7ee57a26c23b4113e0eb
[INFO] running `Command { std: "docker" "start" "-a" "0adb1e2fd02461f3487b6a6fb858e4675f3792bdbf8f7ee57a26c23b4113e0eb", kill_on_drop: false }`
[INFO] [stderr]    Compiling jsrmx v0.1.0 (/opt/rustwide/workdir)
[INFO] [stderr]     Finished `test` profile [unoptimized + debuginfo] target(s) in 0.59s
[INFO] running `Command { std: "docker" "inspect" "0adb1e2fd02461f3487b6a6fb858e4675f3792bdbf8f7ee57a26c23b4113e0eb", kill_on_drop: false }`
[INFO] running `Command { std: "docker" "rm" "-f" "0adb1e2fd02461f3487b6a6fb858e4675f3792bdbf8f7ee57a26c23b4113e0eb", kill_on_drop: false }`
[INFO] [stdout] 0adb1e2fd02461f3487b6a6fb858e4675f3792bdbf8f7ee57a26c23b4113e0eb
[INFO] running `Command { std: "docker" "create" "-v" "/var/lib/crater-agent-workspace/builds/worker-5-tc2/target:/opt/rustwide/target:rw,Z" "-v" "/var/lib/crater-agent-workspace/builds/worker-5-tc2/source:/opt/rustwide/workdir:ro,Z" "-v" "/var/lib/crater-agent-workspace/cargo-home:/opt/rustwide/cargo-home:ro,Z" "-v" "/var/lib/crater-agent-workspace/rustup-home:/opt/rustwide/rustup-home:ro,Z" "-e" "SOURCE_DIR=/opt/rustwide/workdir" "-e" "CARGO_TARGET_DIR=/opt/rustwide/target" "-e" "CARGO_INCREMENTAL=0" "-e" "RUST_BACKTRACE=full" "-e" "RUSTFLAGS=--cap-lints=forbid -Zrandomize-layout" "-e" "RUSTDOCFLAGS=--cap-lints=forbid" "-e" "CARGO_HOME=/opt/rustwide/cargo-home" "-e" "RUSTUP_HOME=/opt/rustwide/rustup-home" "-w" "/opt/rustwide/workdir" "-m" "1610612736" "--user" "0:0" "--network" "none" "ghcr.io/rust-lang/crates-build-env/linux@sha256:4a844ea9eb2546a2d2c7022eacef16ef2e8229c7fbb2c7d4d55a9ceca922f72d" "/opt/rustwide/cargo-home/bin/cargo" "+nightly-2024-10-28" "test" "--frozen", kill_on_drop: false }`
[INFO] [stdout] 588eb081029ec0aa91933845d10cd1ebd96207719d24a9cdef54aae3e105fa9d
[INFO] running `Command { std: "docker" "start" "-a" "588eb081029ec0aa91933845d10cd1ebd96207719d24a9cdef54aae3e105fa9d", kill_on_drop: false }`
[INFO] [stderr]     Finished `test` profile [unoptimized + debuginfo] target(s) in 0.03s
[INFO] [stderr]      Running unittests src/lib.rs (/opt/rustwide/target/debug/deps/jsrmx-6b4855531f13d584)
[INFO] [stdout] 
[INFO] [stdout] running 4 tests
[INFO] [stdout] test processor::json::tests::test_merge_unfiltered ... ok
[INFO] [stdout] test processor::json::tests::test_merge_filtered ... ok
[INFO] [stdout] test processor::json::tests::test_split_unfiltered ... ok
[INFO] [stdout] test processor::json::tests::test_split_filtered ... ok
[INFO] [stdout] 
[INFO] [stdout] test result: ok. 4 passed; 0 failed; 0 ignored; 0 measured; 0 filtered out; finished in 0.00s
[INFO] [stdout] 
[INFO] [stderr]      Running unittests src/main.rs (/opt/rustwide/target/debug/deps/jsrmx-104a342e7a79ed66)
[INFO] [stdout] 
[INFO] [stdout] running 0 tests
[INFO] [stdout] 
[INFO] [stdout] test result: ok. 0 passed; 0 failed; 0 ignored; 0 measured; 0 filtered out; finished in 0.00s
[INFO] [stdout] 
[INFO] [stderr]    Doc-tests jsrmx
[INFO] [stdout] 
[INFO] [stdout] running 3 tests
[INFO] [stdout] test src/input/file.rs - input::file::read_hashmap (line 46) ... FAILED
[INFO] [stdout] test src/input/file.rs - input::file::read_entries_from_directory (line 77) ... FAILED
[INFO] [stdout] test src/input/file.rs - input::file::read_object (line 17) ... FAILED
[INFO] [stdout] 
[INFO] [stdout] failures:
[INFO] [stdout] 
[INFO] [stdout] ---- src/input/file.rs - input::file::read_hashmap (line 46) stdout ----
[INFO] [stdout] error[E0433]: failed to resolve: use of undeclared type `PathBuf`
[INFO] [stdout]  --> src/input/file.rs:47:12
[INFO] [stdout]   |
[INFO] [stdout] 3 | let path = PathBuf::from("data.json");
[INFO] [stdout]   |            ^^^^^^^ use of undeclared type `PathBuf`
[INFO] [stdout]   |
[INFO] [stdout] help: consider importing this struct
[INFO] [stdout]   |
[INFO] [stdout] 2 + use std::path::PathBuf;
[INFO] [stdout]   |
[INFO] [stdout] 
[INFO] [stdout] error[E0425]: cannot find function `read_hashmap` in this scope
[INFO] [stdout]  --> src/input/file.rs:48:7
[INFO] [stdout]   |
[INFO] [stdout] 4 | match read_hashmap(&path) {
[INFO] [stdout]   |       ^^^^^^^^^^^^ not found in this scope
[INFO] [stdout] 
[INFO] [stdout] error: aborting due to 2 previous errors
[INFO] [stdout] 
[INFO] [stdout] Some errors have detailed explanations: E0425, E0433.
[INFO] [stdout] For more information about an error, try `rustc --explain E0425`.
[INFO] [stdout] Couldn't compile the test.
[INFO] [stdout] ---- src/input/file.rs - input::file::read_entries_from_directory (line 77) stdout ----
[INFO] [stdout] error[E0433]: failed to resolve: use of undeclared type `Input`
[INFO] [stdout]  --> src/input/file.rs:78:13
[INFO] [stdout]   |
[INFO] [stdout] 3 | let input = Input::Directory("path/to/directory".into());
[INFO] [stdout]   |             ^^^^^ use of undeclared type `Input`
[INFO] [stdout]   |
[INFO] [stdout] help: consider importing this enum
[INFO] [stdout]   |
[INFO] [stdout] 2 + use jsrmx::input::Input;
[INFO] [stdout]   |
[INFO] [stdout] 
[INFO] [stdout] error[E0425]: cannot find function `read_entries_from_directory` in this scope
[INFO] [stdout]  --> src/input/file.rs:79:7
[INFO] [stdout]   |
[INFO] [stdout] 4 | match read_entries_from_directory(&input, None, true) {
[INFO] [stdout]   |       ^^^^^^^^^^^^^^^^^^^^^^^^^^^ not found in this scope
[INFO] [stdout] 
[INFO] [stdout] error: aborting due to 2 previous errors
[INFO] [stdout] 
[INFO] [stdout] Some errors have detailed explanations: E0425, E0433.
[INFO] [stdout] For more information about an error, try `rustc --explain E0425`.
[INFO] [stdout] Couldn't compile the test.
[INFO] [stdout] ---- src/input/file.rs - input::file::read_object (line 17) stdout ----
[INFO] [stdout] error[E0433]: failed to resolve: use of undeclared type `PathBuf`
[INFO] [stdout]  --> src/input/file.rs:18:12
[INFO] [stdout]   |
[INFO] [stdout] 3 | let path = PathBuf::from("data.json");
[INFO] [stdout]   |            ^^^^^^^ use of undeclared type `PathBuf`
[INFO] [stdout]   |
[INFO] [stdout] help: consider importing this struct
[INFO] [stdout]   |
[INFO] [stdout] 2 + use std::path::PathBuf;
[INFO] [stdout]   |
[INFO] [stdout] 
[INFO] [stdout] error[E0425]: cannot find function `read_object` in this scope
[INFO] [stdout]  --> src/input/file.rs:19:7
[INFO] [stdout]   |
[INFO] [stdout] 4 | match read_object(&path) {
[INFO] [stdout]   |       ^^^^^^^^^^^ not found in this scope
[INFO] [stdout] 
[INFO] [stdout] error: aborting due to 2 previous errors
[INFO] [stdout] 
[INFO] [stdout] Some errors have detailed explanations: E0425, E0433.
[INFO] [stdout] For more information about an error, try `rustc --explain E0425`.
[INFO] [stdout] Couldn't compile the test.
[INFO] [stdout] 
[INFO] [stdout] failures:
[INFO] [stdout]     src/input/file.rs - input::file::read_entries_from_directory (line 77)
[INFO] [stdout]     src/input/file.rs - input::file::read_hashmap (line 46)
[INFO] [stdout]     src/input/file.rs - input::file::read_object (line 17)
[INFO] [stdout] 
[INFO] [stdout] test result: FAILED. 0 passed; 3 failed; 0 ignored; 0 measured; 0 filtered out; finished in 0.05s
[INFO] [stdout] 
[INFO] [stderr] error: doctest failed, to rerun pass `--doc`
[INFO] running `Command { std: "docker" "inspect" "588eb081029ec0aa91933845d10cd1ebd96207719d24a9cdef54aae3e105fa9d", kill_on_drop: false }`
[INFO] running `Command { std: "docker" "rm" "-f" "588eb081029ec0aa91933845d10cd1ebd96207719d24a9cdef54aae3e105fa9d", kill_on_drop: false }`
[INFO] [stdout] 588eb081029ec0aa91933845d10cd1ebd96207719d24a9cdef54aae3e105fa9d
