[INFO] cloning repository https://github.com/Tricked-dev/labels
[INFO] running `Command { std: "git" "-c" "credential.helper=" "-c" "credential.helper=/workspace/cargo-home/bin/git-credential-null" "clone" "--bare" "https://github.com/Tricked-dev/labels" "/workspace/cache/git-repos/https%3A%2F%2Fgithub.com%2FTricked-dev%2Flabels", kill_on_drop: false }`
[INFO] [stderr] Cloning into bare repository '/workspace/cache/git-repos/https%3A%2F%2Fgithub.com%2FTricked-dev%2Flabels'...
[INFO] running `Command { std: "git" "rev-parse" "HEAD", kill_on_drop: false }`
[INFO] [stdout] c3cc57b4f933dec2e4ebffe793b5facf6b99b9ee
[INFO] testing Tricked-dev/labels/c3cc57b4f933dec2e4ebffe793b5facf6b99b9ee against nightly-2024-10-28 for randomize-layout
[INFO] running `Command { std: "git" "clone" "/workspace/cache/git-repos/https%3A%2F%2Fgithub.com%2FTricked-dev%2Flabels" "/workspace/builds/worker-0-tc1/source", kill_on_drop: false }`
[INFO] [stderr] Cloning into '/workspace/builds/worker-0-tc1/source'...
[INFO] [stderr] done.
[INFO] validating manifest of git repo https://github.com/Tricked-dev/labels on toolchain nightly-2024-10-28
[INFO] running `Command { std: CARGO_HOME="/workspace/cargo-home" RUSTUP_HOME="/workspace/rustup-home" "/workspace/cargo-home/bin/cargo" "+nightly-2024-10-28" "metadata" "--manifest-path" "Cargo.toml" "--no-deps", kill_on_drop: false }`
[INFO] removed /workspace/builds/worker-0-tc1/source/rust-toolchain.toml
[INFO] started tweaking git repo https://github.com/Tricked-dev/labels
[INFO] finished tweaking git repo https://github.com/Tricked-dev/labels
[INFO] tweaked toml for git repo https://github.com/Tricked-dev/labels written to /workspace/builds/worker-0-tc1/source/Cargo.toml
[INFO] crate git repo https://github.com/Tricked-dev/labels already has a lockfile, it will not be regenerated
[INFO] running `Command { std: CARGO_HOME="/workspace/cargo-home" RUSTUP_HOME="/workspace/rustup-home" "/workspace/cargo-home/bin/cargo" "+nightly-2024-10-28" "fetch" "--manifest-path" "Cargo.toml", kill_on_drop: false }`
[INFO] [stderr]     Updating crates.io index
[INFO] [stderr]     Blocking waiting for file lock on package cache
[INFO] [stderr]  Downloading crates ...
[INFO] [stderr]   Downloaded resvg v0.44.0
[INFO] [stderr]   Downloaded unicode-bidi-mirroring v0.3.0
[INFO] [stderr]   Downloaded unicode-ccc v0.3.0
[INFO] [stderr]   Downloaded rustybuzz v0.18.0
[INFO] [stderr]   Downloaded core_maths v0.1.0
[INFO] [stderr]   Downloaded mimalloc v0.1.43
[INFO] [stderr]   Downloaded libmimalloc-sys v0.1.39
[INFO] [stderr]   Downloaded serialport v4.5.1
[INFO] [stderr]   Downloaded rusb v0.9.4
[INFO] [stderr]   Downloaded attohttpc v0.28.0
[INFO] [stderr]   Downloaded fontdb v0.22.0
[INFO] [stderr]   Downloaded imagesize v0.13.0
[INFO] [stderr]   Downloaded usvg v0.44.0
[INFO] [stderr]   Downloaded rustrict v0.7.31
[INFO] [stderr]   Downloaded libusb1-sys v0.7.0
[INFO] [stderr]   Downloaded tar-wasi v0.4.38
[INFO] running `Command { std: "docker" "create" "-v" "/var/lib/crater-agent-workspace/builds/worker-0-tc1/target:/opt/rustwide/target:rw,Z" "-v" "/var/lib/crater-agent-workspace/builds/worker-0-tc1/source:/opt/rustwide/workdir:ro,Z" "-v" "/var/lib/crater-agent-workspace/cargo-home:/opt/rustwide/cargo-home:ro,Z" "-v" "/var/lib/crater-agent-workspace/rustup-home:/opt/rustwide/rustup-home:ro,Z" "-e" "SOURCE_DIR=/opt/rustwide/workdir" "-e" "CARGO_TARGET_DIR=/opt/rustwide/target" "-e" "CARGO_HOME=/opt/rustwide/cargo-home" "-e" "RUSTUP_HOME=/opt/rustwide/rustup-home" "-w" "/opt/rustwide/workdir" "-m" "1610612736" "--user" "0:0" "--network" "none" "ghcr.io/rust-lang/crates-build-env/linux@sha256:4a844ea9eb2546a2d2c7022eacef16ef2e8229c7fbb2c7d4d55a9ceca922f72d" "/opt/rustwide/cargo-home/bin/cargo" "+nightly-2024-10-28" "metadata" "--no-deps" "--format-version=1", kill_on_drop: false }`
[INFO] [stdout] b9dc39170ba1d2dc7abe22bd682aba4fd81d46681b25a20fd629f85664c48f64
[INFO] running `Command { std: "docker" "start" "-a" "b9dc39170ba1d2dc7abe22bd682aba4fd81d46681b25a20fd629f85664c48f64", kill_on_drop: false }`
[INFO] running `Command { std: "docker" "inspect" "b9dc39170ba1d2dc7abe22bd682aba4fd81d46681b25a20fd629f85664c48f64", kill_on_drop: false }`
[INFO] running `Command { std: "docker" "rm" "-f" "b9dc39170ba1d2dc7abe22bd682aba4fd81d46681b25a20fd629f85664c48f64", kill_on_drop: false }`
[INFO] [stdout] b9dc39170ba1d2dc7abe22bd682aba4fd81d46681b25a20fd629f85664c48f64
[INFO] running `Command { std: "docker" "create" "-v" "/var/lib/crater-agent-workspace/builds/worker-0-tc1/target:/opt/rustwide/target:rw,Z" "-v" "/var/lib/crater-agent-workspace/builds/worker-0-tc1/source:/opt/rustwide/workdir:ro,Z" "-v" "/var/lib/crater-agent-workspace/cargo-home:/opt/rustwide/cargo-home:ro,Z" "-v" "/var/lib/crater-agent-workspace/rustup-home:/opt/rustwide/rustup-home:ro,Z" "-e" "SOURCE_DIR=/opt/rustwide/workdir" "-e" "CARGO_TARGET_DIR=/opt/rustwide/target" "-e" "CARGO_INCREMENTAL=0" "-e" "RUST_BACKTRACE=full" "-e" "RUSTFLAGS=--cap-lints=forbid" "-e" "RUSTDOCFLAGS=--cap-lints=forbid" "-e" "CARGO_HOME=/opt/rustwide/cargo-home" "-e" "RUSTUP_HOME=/opt/rustwide/rustup-home" "-w" "/opt/rustwide/workdir" "-m" "1610612736" "--user" "0:0" "--network" "none" "ghcr.io/rust-lang/crates-build-env/linux@sha256:4a844ea9eb2546a2d2c7022eacef16ef2e8229c7fbb2c7d4d55a9ceca922f72d" "/opt/rustwide/cargo-home/bin/cargo" "+nightly-2024-10-28" "build" "--frozen" "--message-format=json", kill_on_drop: false }`
[INFO] [stdout] a1254fb44f6aeb966898a22bdb912fdde4991ec53623a6fa2cacb14958fad44b
[INFO] running `Command { std: "docker" "start" "-a" "a1254fb44f6aeb966898a22bdb912fdde4991ec53623a6fa2cacb14958fad44b", kill_on_drop: false }`
[INFO] [stderr]    Compiling libc v0.2.159
[INFO] [stderr]    Compiling shlex v1.3.0
[INFO] [stderr]    Compiling cfg-if v1.0.0
[INFO] [stderr]    Compiling pkg-config v0.3.31
[INFO] [stderr]    Compiling dunce v1.0.5
[INFO] [stderr]    Compiling fs_extra v1.3.0
[INFO] [stderr]    Compiling memchr v2.7.4
[INFO] [stderr]    Compiling paste v1.0.15
[INFO] [stderr]    Compiling aws-lc-rs v1.10.0
[INFO] [stderr]    Compiling rustls-pki-types v1.9.0
[INFO] [stderr]    Compiling proc-macro2 v1.0.86
[INFO] [stderr]    Compiling unicode-ident v1.0.13
[INFO] [stderr]    Compiling log v0.4.22
[INFO] [stderr]    Compiling once_cell v1.20.1
[INFO] [stderr]    Compiling spin v0.9.8
[INFO] [stderr]    Compiling untrusted v0.9.0
[INFO] [stderr]    Compiling tinyvec_macros v0.1.1
[INFO] [stderr]    Compiling mirai-annotations v1.12.0
[INFO] [stderr]    Compiling zeroize v1.8.1
[INFO] [stderr]    Compiling tinyvec v1.8.0
[INFO] [stderr]    Compiling adler v1.0.2
[INFO] [stderr]    Compiling gimli v0.28.1
[INFO] [stderr]    Compiling eyre v0.6.12
[INFO] [stderr]    Compiling subtle v2.6.1
[INFO] [stderr]    Compiling indenter v0.3.3
[INFO] [stderr]    Compiling rustc-demangle v0.1.24
[INFO] [stderr]    Compiling miniz_oxide v0.7.4
[INFO] [stderr]    Compiling thiserror v1.0.64
[INFO] [stderr]    Compiling regex-syntax v0.8.5
[INFO] [stderr]    Compiling percent-encoding v2.3.1
[INFO] [stderr]    Compiling object v0.32.2
[INFO] [stderr]    Compiling aho-corasick v1.1.3
[INFO] [stderr]    Compiling libudev-sys v0.1.4
[INFO] [stderr]    Compiling bitflags v1.3.2
[INFO] [stderr]    Compiling unicode-bidi v0.3.17
[INFO] [stderr]    Compiling rustls v0.22.4
[INFO] [stderr]    Compiling owo-colors v3.5.0
[INFO] [stderr]    Compiling x11-dl v2.21.0
[INFO] [stderr]    Compiling form_urlencoded v1.2.1
[INFO] [stderr]    Compiling quote v1.0.37
[INFO] [stderr]    Compiling unicode-normalization v0.1.24
[INFO] [stderr]    Compiling fnv v1.0.7
[INFO] [stderr]    Compiling doc-comment v0.3.3
[INFO] [stderr]    Compiling syn v2.0.79
[INFO] [stderr]    Compiling itoa v1.0.11
[INFO] [stderr]    Compiling rusb v0.9.4
[INFO] [stderr]    Compiling jobserver v0.1.32
[INFO] [stderr]    Compiling rustls v0.23.14
[INFO] [stderr]    Compiling bytes v1.7.2
[INFO] [stderr]    Compiling utf8parse v0.2.2
[INFO] [stderr]    Compiling anstyle-parse v0.2.5
[INFO] [stderr]    Compiling webpki-roots v0.26.6
[INFO] [stderr]    Compiling rustls-pemfile v2.2.0
[INFO] [stderr]    Compiling colorchoice v1.0.2
[INFO] [stderr]    Compiling idna v0.5.0
[INFO] [stderr]    Compiling bitflags v2.6.0
[INFO] [stderr]    Compiling anstyle-query v1.1.1
[INFO] [stderr]    Compiling anstyle v1.0.8
[INFO] [stderr]    Compiling scopeguard v1.2.0
[INFO] [stderr]    Compiling cc v1.1.24
[INFO] [stderr]    Compiling either v1.13.0
[INFO] [stderr]    Compiling openssl-probe v0.1.5
[INFO] [stderr]    Compiling ttf-parser v0.25.0
[INFO] [stderr]    Compiling is_terminal_polyfill v1.70.1
[INFO] [stderr]    Compiling http v1.1.0
[INFO] [stderr]    Compiling itertools v0.10.5
[INFO] [stderr]    Compiling anstream v0.6.15
[INFO] [stderr]    Compiling rustls-native-certs v0.8.0
[INFO] [stderr]    Compiling regex-automata v0.4.8
[INFO] [stderr]    Compiling getrandom v0.2.15
[INFO] [stderr]    Compiling url v2.5.2
[INFO] [stderr]    Compiling libudev v0.3.0
[INFO] [stderr]    Compiling nix v0.26.4
[INFO] [stderr]    Compiling xattr v0.2.3
[INFO] [stderr]    Compiling cmake v0.1.51
[INFO] [stderr]    Compiling filetime v0.2.25
[INFO] [stderr]    Compiling rustc-hash v1.1.0
[INFO] [stderr]    Compiling ab_glyph_rasterizer v0.1.8
[INFO] [stderr]    Compiling raw-window-handle v0.6.2
[INFO] [stderr]    Compiling arrayvec v0.7.6
[INFO] [stderr]    Compiling finl_unicode v1.2.0
[INFO] [stderr]    Compiling byteorder-lite v0.1.0
[INFO] [stderr]    Compiling strsim v0.10.0
[INFO] [stderr]    Compiling quick-error v2.0.1
[INFO] [stderr]    Compiling lazy_static v1.5.0
[INFO] [stderr]    Compiling humantime v2.1.0
[INFO] [stderr]    Compiling addr2line v0.21.0
[INFO] [stderr]    Compiling rustrict v0.7.31
[INFO] [stderr]    Compiling image-webp v0.2.0
[INFO] [stderr]    Compiling tar-wasi v0.4.38
[INFO] [stderr]    Compiling tinyjson v2.5.1
[INFO] [stderr]    Compiling aws-lc-sys v0.22.0
[INFO] [stderr]    Compiling ring v0.17.8
[INFO] [stderr]    Compiling backtrace v0.3.71
[INFO] [stderr]    Compiling libusb1-sys v0.7.0
[INFO] [stderr]    Compiling minifb v0.27.0
[INFO] [stderr]    Compiling thiserror-impl v1.0.64
[INFO] [stderr]    Compiling regex v1.11.0
[INFO] [stderr]    Compiling owned_ttf_parser v0.25.0
[INFO] [stderr]    Compiling ab_glyph v0.2.29
[INFO] [stderr]    Compiling env_filter v0.1.2
[INFO] [stderr]    Compiling color-eyre v0.6.3
[INFO] [stderr]    Compiling env_logger v0.11.5
[INFO] [stderr]    Compiling unescaper v0.1.5
[INFO] [stderr]    Compiling serialport v4.5.1
[INFO] [stderr]    Compiling niimbot v0.1.0 (/opt/rustwide/workdir/crates/niimbot)
[INFO] [stderr]    Compiling rustls-webpki v0.102.8
[INFO] [stderr]    Compiling attohttpc v0.28.0
[INFO] [stderr]    Compiling ntfy v0.1.0 (/opt/rustwide/workdir/crates/ntfy)
[INFO] [stderr]    Compiling circe v0.1.0 (/opt/rustwide/workdir/crates/circe)
[INFO] [stderr]    Compiling labels v0.1.0 (/opt/rustwide/workdir)
[INFO] [stdout] warning: unused import: `UNIX_EPOCH`
[INFO] [stdout]  --> src/main.rs:6:48
[INFO] [stdout]   |
[INFO] [stdout] 6 | use std::time::{Duration, Instant, SystemTime, UNIX_EPOCH};
[INFO] [stdout]   |                                                ^^^^^^^^^^
[INFO] [stdout]   |
[INFO] [stdout]   = note: `#[warn(unused_imports)]` on by default
[INFO] [stdout] 
[INFO] [stdout] 
[INFO] [stdout] warning: methods `reload` and `set_shutdown_timer` are never used
[INFO] [stdout]    --> src/config.rs:40:20
[INFO] [stdout]     |
[INFO] [stdout] 22  |           impl Config {
[INFO] [stdout]     |           ----------- methods in this implementation
[INFO] [stdout] ...
[INFO] [stdout] 40  |               pub fn reload(&self) {
[INFO] [stdout]     |                      ^^^^^^
[INFO] [stdout] ...
[INFO] [stdout] 91  | / define_config! {
[INFO] [stdout] 92  | |     model: String = "gpt-4o-mini".to_string(),
[INFO] [stdout] 93  | |     prompt: String = "You extract the x y location and size from a text, the x and y can appear anywhere in the text and the size can be ...
[INFO] [stdout] ...   |
[INFO] [stdout] 111 | |     set_shutdown_timer: f64 = 0.0,
[INFO] [stdout]     | |     ^^^^^^^^^^^^^^^^^^
[INFO] [stdout] ...   |
[INFO] [stdout] 115 | |     font_file: String = "Roboto-Regular.ttf".to_string(),
[INFO] [stdout] 116 | | }
[INFO] [stdout]     | |_- in this macro invocation
[INFO] [stdout]     |
[INFO] [stdout]     = note: `#[warn(dead_code)]` on by default
[INFO] [stdout]     = note: this warning originates in the macro `define_config` (in Nightly builds, run with -Z macro-backtrace for more info)
[INFO] [stdout] 
[INFO] [stdout] 
[INFO] [stderr]     Finished `dev` profile [unoptimized + debuginfo] target(s) in 34.44s
[INFO] running `Command { std: "docker" "inspect" "a1254fb44f6aeb966898a22bdb912fdde4991ec53623a6fa2cacb14958fad44b", kill_on_drop: false }`
[INFO] running `Command { std: "docker" "rm" "-f" "a1254fb44f6aeb966898a22bdb912fdde4991ec53623a6fa2cacb14958fad44b", kill_on_drop: false }`
[INFO] [stdout] a1254fb44f6aeb966898a22bdb912fdde4991ec53623a6fa2cacb14958fad44b
[INFO] running `Command { std: "docker" "create" "-v" "/var/lib/crater-agent-workspace/builds/worker-0-tc1/target:/opt/rustwide/target:rw,Z" "-v" "/var/lib/crater-agent-workspace/builds/worker-0-tc1/source:/opt/rustwide/workdir:ro,Z" "-v" "/var/lib/crater-agent-workspace/cargo-home:/opt/rustwide/cargo-home:ro,Z" "-v" "/var/lib/crater-agent-workspace/rustup-home:/opt/rustwide/rustup-home:ro,Z" "-e" "SOURCE_DIR=/opt/rustwide/workdir" "-e" "CARGO_TARGET_DIR=/opt/rustwide/target" "-e" "CARGO_INCREMENTAL=0" "-e" "RUST_BACKTRACE=full" "-e" "RUSTFLAGS=--cap-lints=forbid" "-e" "RUSTDOCFLAGS=--cap-lints=forbid" "-e" "CARGO_HOME=/opt/rustwide/cargo-home" "-e" "RUSTUP_HOME=/opt/rustwide/rustup-home" "-w" "/opt/rustwide/workdir" "-m" "1610612736" "--user" "0:0" "--network" "none" "ghcr.io/rust-lang/crates-build-env/linux@sha256:4a844ea9eb2546a2d2c7022eacef16ef2e8229c7fbb2c7d4d55a9ceca922f72d" "/opt/rustwide/cargo-home/bin/cargo" "+nightly-2024-10-28" "test" "--frozen" "--no-run" "--message-format=json", kill_on_drop: false }`
[INFO] [stdout] 4298cc462f2b311fa53c8f9b2e34e52bf9d3703e4c10cd3692898bbbc0958753
[INFO] running `Command { std: "docker" "start" "-a" "4298cc462f2b311fa53c8f9b2e34e52bf9d3703e4c10cd3692898bbbc0958753", kill_on_drop: false }`
[INFO] [stderr]    Compiling labels v0.1.0 (/opt/rustwide/workdir)
[INFO] [stdout] warning: unused import: `UNIX_EPOCH`
[INFO] [stdout]  --> src/main.rs:6:48
[INFO] [stdout]   |
[INFO] [stdout] 6 | use std::time::{Duration, Instant, SystemTime, UNIX_EPOCH};
[INFO] [stdout]   |                                                ^^^^^^^^^^
[INFO] [stdout]   |
[INFO] [stdout]   = note: `#[warn(unused_imports)]` on by default
[INFO] [stdout] 
[INFO] [stdout] 
[INFO] [stdout] warning: methods `reload` and `set_shutdown_timer` are never used
[INFO] [stdout]    --> src/config.rs:40:20
[INFO] [stdout]     |
[INFO] [stdout] 22  |           impl Config {
[INFO] [stdout]     |           ----------- methods in this implementation
[INFO] [stdout] ...
[INFO] [stdout] 40  |               pub fn reload(&self) {
[INFO] [stdout]     |                      ^^^^^^
[INFO] [stdout] ...
[INFO] [stdout] 91  | / define_config! {
[INFO] [stdout] 92  | |     model: String = "gpt-4o-mini".to_string(),
[INFO] [stdout] 93  | |     prompt: String = "You extract the x y location and size from a text, the x and y can appear anywhere in the text and the size can be ...
[INFO] [stdout] ...   |
[INFO] [stdout] 111 | |     set_shutdown_timer: f64 = 0.0,
[INFO] [stdout]     | |     ^^^^^^^^^^^^^^^^^^
[INFO] [stdout] ...   |
[INFO] [stdout] 115 | |     font_file: String = "Roboto-Regular.ttf".to_string(),
[INFO] [stdout] 116 | | }
[INFO] [stdout]     | |_- in this macro invocation
[INFO] [stdout]     |
[INFO] [stdout]     = note: `#[warn(dead_code)]` on by default
[INFO] [stdout]     = note: this warning originates in the macro `define_config` (in Nightly builds, run with -Z macro-backtrace for more info)
[INFO] [stdout] 
[INFO] [stdout] 
[INFO] [stderr]     Finished `test` profile [unoptimized + debuginfo] target(s) in 0.85s
[INFO] running `Command { std: "docker" "inspect" "4298cc462f2b311fa53c8f9b2e34e52bf9d3703e4c10cd3692898bbbc0958753", kill_on_drop: false }`
[INFO] running `Command { std: "docker" "rm" "-f" "4298cc462f2b311fa53c8f9b2e34e52bf9d3703e4c10cd3692898bbbc0958753", kill_on_drop: false }`
[INFO] [stdout] 4298cc462f2b311fa53c8f9b2e34e52bf9d3703e4c10cd3692898bbbc0958753
[INFO] running `Command { std: "docker" "create" "-v" "/var/lib/crater-agent-workspace/builds/worker-0-tc1/target:/opt/rustwide/target:rw,Z" "-v" "/var/lib/crater-agent-workspace/builds/worker-0-tc1/source:/opt/rustwide/workdir:ro,Z" "-v" "/var/lib/crater-agent-workspace/cargo-home:/opt/rustwide/cargo-home:ro,Z" "-v" "/var/lib/crater-agent-workspace/rustup-home:/opt/rustwide/rustup-home:ro,Z" "-e" "SOURCE_DIR=/opt/rustwide/workdir" "-e" "CARGO_TARGET_DIR=/opt/rustwide/target" "-e" "CARGO_INCREMENTAL=0" "-e" "RUST_BACKTRACE=full" "-e" "RUSTFLAGS=--cap-lints=forbid" "-e" "RUSTDOCFLAGS=--cap-lints=forbid" "-e" "CARGO_HOME=/opt/rustwide/cargo-home" "-e" "RUSTUP_HOME=/opt/rustwide/rustup-home" "-w" "/opt/rustwide/workdir" "-m" "1610612736" "--user" "0:0" "--network" "none" "ghcr.io/rust-lang/crates-build-env/linux@sha256:4a844ea9eb2546a2d2c7022eacef16ef2e8229c7fbb2c7d4d55a9ceca922f72d" "/opt/rustwide/cargo-home/bin/cargo" "+nightly-2024-10-28" "test" "--frozen", kill_on_drop: false }`
[INFO] [stdout] d4e05f8d864d5bba478335d344037a315b8ab432c753399eb0644aaab28d508f
[INFO] running `Command { std: "docker" "start" "-a" "d4e05f8d864d5bba478335d344037a315b8ab432c753399eb0644aaab28d508f", kill_on_drop: false }`
[INFO] [stderr] warning: unused import: `UNIX_EPOCH`
[INFO] [stderr]  --> src/main.rs:6:48
[INFO] [stderr]   |
[INFO] [stderr] 6 | use std::time::{Duration, Instant, SystemTime, UNIX_EPOCH};
[INFO] [stderr]   |                                                ^^^^^^^^^^
[INFO] [stderr]   |
[INFO] [stderr]   = note: `#[warn(unused_imports)]` on by default
[INFO] [stderr] 
[INFO] [stderr] warning: methods `reload` and `set_shutdown_timer` are never used
[INFO] [stderr]    --> src/config.rs:40:20
[INFO] [stderr]     |
[INFO] [stderr] 22  |           impl Config {
[INFO] [stderr]     |           ----------- methods in this implementation
[INFO] [stderr] ...
[INFO] [stderr] 40  |               pub fn reload(&self) {
[INFO] [stderr]     |                      ^^^^^^
[INFO] [stderr] ...
[INFO] [stderr] 91  | / define_config! {
[INFO] [stderr] 92  | |     model: String = "gpt-4o-mini".to_string(),
[INFO] [stderr] 93  | |     prompt: String = "You extract the x y location and size from a text, the x and y can appear anywhere in the text and the size can be ...
[INFO] [stderr] ...   |
[INFO] [stderr] 111 | |     set_shutdown_timer: f64 = 0.0,
[INFO] [stderr]     | |     ^^^^^^^^^^^^^^^^^^
[INFO] [stderr] ...   |
[INFO] [stderr] 115 | |     font_file: String = "Roboto-Regular.ttf".to_string(),
[INFO] [stderr] 116 | | }
[INFO] [stderr]     | |_- in this macro invocation
[INFO] [stderr]     |
[INFO] [stderr]     = note: `#[warn(dead_code)]` on by default
[INFO] [stderr]     = note: this warning originates in the macro `define_config` (in Nightly builds, run with -Z macro-backtrace for more info)
[INFO] [stderr] 
[INFO] [stderr] warning: `labels` (bin "labels" test) generated 2 warnings (run `cargo fix --bin "labels" --tests` to apply 1 suggestion)
[INFO] [stderr]     Finished `test` profile [unoptimized + debuginfo] target(s) in 0.12s
[INFO] [stderr]      Running unittests src/main.rs (/opt/rustwide/target/debug/deps/labels-692aff0e3cb416bd)
[INFO] [stdout] 
[INFO] [stdout] running 2 tests
[INFO] [stdout] test tests::test_shutdowns ... FAILED
[INFO] [stdout] test drawing::fallback_parser::test_parsing ... FAILED
[INFO] [stdout] 
[INFO] [stdout] failures:
[INFO] [stdout] 
[INFO] [stdout] ---- tests::test_shutdowns stdout ----
[INFO] [stdout] Error: No Niimbot found
[INFO] [stdout] 
[INFO] [stdout] Location:
[INFO] [stdout]     crates/niimbot/src/lib.rs:27:21
[INFO] [stdout] 
[INFO] [stdout] ---- drawing::fallback_parser::test_parsing stdout ----
[INFO] [stdout] thread 'drawing::fallback_parser::test_parsing' panicked at src/config.rs:91:1:
[INFO] [stdout] No IRC token found
[INFO] [stdout] stack backtrace:
[INFO] [stdout]    0:     0x6474a67ba7ea - std::backtrace_rs::backtrace::libunwind::trace::h207520d6e9873551
[INFO] [stdout]                                at /rustc/df4ca44d3fbc9301ee17f30f4d474e6ae4b05252/library/std/src/../../backtrace/src/backtrace/libunwind.rs:116:5
[INFO] [stdout]    1:     0x6474a67ba7ea - std::backtrace_rs::backtrace::trace_unsynchronized::h2ed7433f370e3eca
[INFO] [stdout]                                at /rustc/df4ca44d3fbc9301ee17f30f4d474e6ae4b05252/library/std/src/../../backtrace/src/backtrace/mod.rs:66:5
[INFO] [stdout]    2:     0x6474a67ba7ea - std::sys::backtrace::_print_fmt::h916fac51166b18d7
[INFO] [stdout]                                at /rustc/df4ca44d3fbc9301ee17f30f4d474e6ae4b05252/library/std/src/sys/backtrace.rs:66:9
[INFO] [stdout]    3:     0x6474a67ba7ea - <std::sys::backtrace::BacktraceLock::print::DisplayBacktrace as core::fmt::Display>::fmt::ha0a4c9b8ce3802e6
[INFO] [stdout]                                at /rustc/df4ca44d3fbc9301ee17f30f4d474e6ae4b05252/library/std/src/sys/backtrace.rs:39:26
[INFO] [stdout]    4:     0x6474a67e3c43 - core::fmt::rt::Argument::fmt::h4cfc8587d52b3eb5
[INFO] [stdout]                                at /rustc/df4ca44d3fbc9301ee17f30f4d474e6ae4b05252/library/core/src/fmt/rt.rs:177:76
[INFO] [stdout]    5:     0x6474a67e3c43 - core::fmt::write::h522cc39e5b36ae9f
[INFO] [stdout]                                at /rustc/df4ca44d3fbc9301ee17f30f4d474e6ae4b05252/library/core/src/fmt/mod.rs:1190:21
[INFO] [stdout]    6:     0x6474a67b73a3 - std::io::Write::write_fmt::h7d3c26752da97734
[INFO] [stdout]                                at /rustc/df4ca44d3fbc9301ee17f30f4d474e6ae4b05252/library/std/src/io/mod.rs:1839:15
[INFO] [stdout]    7:     0x6474a67ba632 - std::sys::backtrace::BacktraceLock::print::h4b9e00b29e9c0942
[INFO] [stdout]                                at /rustc/df4ca44d3fbc9301ee17f30f4d474e6ae4b05252/library/std/src/sys/backtrace.rs:42:9
[INFO] [stdout]    8:     0x6474a67bbc7a - std::panicking::default_hook::{{closure}}::hb59b88280d0324d9
[INFO] [stdout]                                at /rustc/df4ca44d3fbc9301ee17f30f4d474e6ae4b05252/library/std/src/panicking.rs:268:22
[INFO] [stdout]    9:     0x6474a67bba84 - std::panicking::default_hook::he1dd496665be4a29
[INFO] [stdout]                                at /rustc/df4ca44d3fbc9301ee17f30f4d474e6ae4b05252/library/std/src/panicking.rs:292:9
[INFO] [stdout]   10:     0x6474a6733cc9 - <alloc::boxed::Box<F,A> as core::ops::function::Fn<Args>>::call::h4ff71de18744e1dc
[INFO] [stdout]                                at /rustc/df4ca44d3fbc9301ee17f30f4d474e6ae4b05252/library/alloc/src/boxed.rs:2468:9
[INFO] [stdout]   11:     0x6474a6733cc9 - test::test_main::{{closure}}::hcf7c055ce117aa81
[INFO] [stdout]                                at /rustc/df4ca44d3fbc9301ee17f30f4d474e6ae4b05252/library/test/src/lib.rs:133:21
[INFO] [stdout]   12:     0x6474a67bc378 - <alloc::boxed::Box<F,A> as core::ops::function::Fn<Args>>::call::h1d66c6bbd60c9692
[INFO] [stdout]                                at /rustc/df4ca44d3fbc9301ee17f30f4d474e6ae4b05252/library/alloc/src/boxed.rs:2468:9
[INFO] [stdout]   13:     0x6474a67bc378 - std::panicking::rust_panic_with_hook::h2ff17fe8f26dfcf8
[INFO] [stdout]                                at /rustc/df4ca44d3fbc9301ee17f30f4d474e6ae4b05252/library/std/src/panicking.rs:809:13
[INFO] [stdout]   14:     0x6474a67bc106 - std::panicking::begin_panic_handler::{{closure}}::h4fad77951c07e101
[INFO] [stdout]                                at /rustc/df4ca44d3fbc9301ee17f30f4d474e6ae4b05252/library/std/src/panicking.rs:667:13
[INFO] [stdout]   15:     0x6474a67bacc9 - std::sys::backtrace::__rust_end_short_backtrace::hb1a25b3da5d0ea08
[INFO] [stdout]                                at /rustc/df4ca44d3fbc9301ee17f30f4d474e6ae4b05252/library/std/src/sys/backtrace.rs:170:18
[INFO] [stdout]   16:     0x6474a67bbdcc - rust_begin_unwind
[INFO] [stdout]                                at /rustc/df4ca44d3fbc9301ee17f30f4d474e6ae4b05252/library/std/src/panicking.rs:665:5
[INFO] [stdout]   17:     0x6474a67e1fb0 - core::panicking::panic_fmt::ha9db07b529f9b256
[INFO] [stdout]                                at /rustc/df4ca44d3fbc9301ee17f30f4d474e6ae4b05252/library/core/src/panicking.rs:75:14
[INFO] [stdout]   18:     0x6474a646f890 - labels::config::Config::validate::hee8d5c7dba638b83
[INFO] [stdout]                                at /opt/rustwide/workdir/src/config.rs:70:21
[INFO] [stdout]   19:     0x6474a646e714 - labels::config::Config::load::h908c2178674b454f
[INFO] [stdout]                                at /opt/rustwide/workdir/src/config.rs:36:17
[INFO] [stdout]   20:     0x6474a645dcf2 - core::ops::function::FnOnce::call_once::h61c799c8d9605492
[INFO] [stdout]                                at /rustc/df4ca44d3fbc9301ee17f30f4d474e6ae4b05252/library/core/src/ops/function.rs:250:5
[INFO] [stdout]   21:     0x6474a645dbd8 - std::sync::lazy_lock::LazyLock<T,F>::force::{{closure}}::h44c33263fe1b403c
[INFO] [stdout]                                at /rustc/df4ca44d3fbc9301ee17f30f4d474e6ae4b05252/library/std/src/sync/lazy_lock.rs:212:25
[INFO] [stdout]   22:     0x6474a645db88 - std::sync::once::Once::call_once::{{closure}}::h0fa473ab639ae919
[INFO] [stdout]                                at /rustc/df4ca44d3fbc9301ee17f30f4d474e6ae4b05252/library/std/src/sync/once.rs:158:41
[INFO] [stdout]   23:     0x6474a67c44a3 - std::sys::sync::once::futex::Once::call::h71269da0f72c5b8f
[INFO] [stdout]                                at /rustc/df4ca44d3fbc9301ee17f30f4d474e6ae4b05252/library/std/src/sys/sync/once/futex.rs:176:21
[INFO] [stdout]   24:     0x6474a645daf4 - std::sync::once::Once::call_once::h5eb03bf5250867ad
[INFO] [stdout]                                at /rustc/df4ca44d3fbc9301ee17f30f4d474e6ae4b05252/library/std/src/sync/once.rs:158:9
[INFO] [stdout]   25:     0x6474a645f827 - std::sync::lazy_lock::LazyLock<T,F>::force::h541954d660286dd3
[INFO] [stdout]                                at /rustc/df4ca44d3fbc9301ee17f30f4d474e6ae4b05252/library/std/src/sync/lazy_lock.rs:208:9
[INFO] [stdout]   26:     0x6474a645f827 - <std::sync::lazy_lock::LazyLock<T,F> as core::ops::deref::Deref>::deref::h785c474ef7d7370b
[INFO] [stdout]                                at /rustc/df4ca44d3fbc9301ee17f30f4d474e6ae4b05252/library/std/src/sync/lazy_lock.rs:311:9
[INFO] [stdout]   27:     0x6474a6462755 - labels::drawing::fallback_parser::parse_string::hc6fe3b7af01f0d43
[INFO] [stdout]                                at /opt/rustwide/workdir/src/drawing/fallback_parser.rs:21:30
[INFO] [stdout]   28:     0x6474a6462a9e - labels::drawing::fallback_parser::test_parsing::hd4ee2401b4682ef9
[INFO] [stdout]                                at /opt/rustwide/workdir/src/drawing/fallback_parser.rs:46:15
[INFO] [stdout]   29:     0x6474a6462927 - labels::drawing::fallback_parser::test_parsing::{{closure}}::ha6c1f2341f0154ac
[INFO] [stdout]                                at /opt/rustwide/workdir/src/drawing/fallback_parser.rs:32:18
[INFO] [stdout]   30:     0x6474a645dd96 - core::ops::function::FnOnce::call_once::hcacd66995421487d
[INFO] [stdout]                                at /rustc/df4ca44d3fbc9301ee17f30f4d474e6ae4b05252/library/core/src/ops/function.rs:250:5
[INFO] [stdout]   31:     0x6474a673859b - core::ops::function::FnOnce::call_once::h22c3ba5715e93f05
[INFO] [stdout]                                at /rustc/df4ca44d3fbc9301ee17f30f4d474e6ae4b05252/library/core/src/ops/function.rs:250:5
[INFO] [stdout]   32:     0x6474a673859b - test::__rust_begin_short_backtrace::h8e82d8113d0da17f
[INFO] [stdout]                                at /rustc/df4ca44d3fbc9301ee17f30f4d474e6ae4b05252/library/test/src/lib.rs:621:18
[INFO] [stdout]   33:     0x6474a6737f17 - test::run_test_in_process::{{closure}}::h33235f4f20b7b7c7
[INFO] [stdout]                                at /rustc/df4ca44d3fbc9301ee17f30f4d474e6ae4b05252/library/test/src/lib.rs:644:60
[INFO] [stdout]   34:     0x6474a6737f17 - <core::panic::unwind_safe::AssertUnwindSafe<F> as core::ops::function::FnOnce<()>>::call_once::hb5043206310c586f
[INFO] [stdout]                                at /rustc/df4ca44d3fbc9301ee17f30f4d474e6ae4b05252/library/core/src/panic/unwind_safe.rs:272:9
[INFO] [stdout]   35:     0x6474a6737f17 - std::panicking::try::do_call::h9ad4731a60ab23e2
[INFO] [stdout]                                at /rustc/df4ca44d3fbc9301ee17f30f4d474e6ae4b05252/library/std/src/panicking.rs:557:40
[INFO] [stdout]   36:     0x6474a6737f17 - std::panicking::try::h3824d23db772a716
[INFO] [stdout]                                at /rustc/df4ca44d3fbc9301ee17f30f4d474e6ae4b05252/library/std/src/panicking.rs:520:19
[INFO] [stdout]   37:     0x6474a6737f17 - std::panic::catch_unwind::h5afd514605fde46b
[INFO] [stdout]                                at /rustc/df4ca44d3fbc9301ee17f30f4d474e6ae4b05252/library/std/src/panic.rs:358:14
[INFO] [stdout]   38:     0x6474a6737f17 - test::run_test_in_process::h0d5cbfa7067d1720
[INFO] [stdout]                                at /rustc/df4ca44d3fbc9301ee17f30f4d474e6ae4b05252/library/test/src/lib.rs:644:27
[INFO] [stdout]   39:     0x6474a6737f17 - test::run_test::{{closure}}::h708eb8872708115d
[INFO] [stdout]                                at /rustc/df4ca44d3fbc9301ee17f30f4d474e6ae4b05252/library/test/src/lib.rs:565:43
[INFO] [stdout]   40:     0x6474a66fb634 - test::run_test::{{closure}}::h392c51cee94713ab
[INFO] [stdout]                                at /rustc/df4ca44d3fbc9301ee17f30f4d474e6ae4b05252/library/test/src/lib.rs:595:41
[INFO] [stdout]   41:     0x6474a66fb634 - std::sys::backtrace::__rust_begin_short_backtrace::h2f40290710935a8b
[INFO] [stdout]                                at /rustc/df4ca44d3fbc9301ee17f30f4d474e6ae4b05252/library/std/src/sys/backtrace.rs:154:18
[INFO] [stdout]   42:     0x6474a66fedde - std::thread::Builder::spawn_unchecked_::{{closure}}::{{closure}}::h3fd968d89053a903
[INFO] [stdout]                                at /rustc/df4ca44d3fbc9301ee17f30f4d474e6ae4b05252/library/std/src/thread/mod.rs:541:17
[INFO] [stdout]   43:     0x6474a66fedde - <core::panic::unwind_safe::AssertUnwindSafe<F> as core::ops::function::FnOnce<()>>::call_once::h743f637ba4229880
[INFO] [stdout]                                at /rustc/df4ca44d3fbc9301ee17f30f4d474e6ae4b05252/library/core/src/panic/unwind_safe.rs:272:9
[INFO] [stdout]   44:     0x6474a66fedde - std::panicking::try::do_call::h07440897322525a6
[INFO] [stdout]                                at /rustc/df4ca44d3fbc9301ee17f30f4d474e6ae4b05252/library/std/src/panicking.rs:557:40
[INFO] [stdout]   45:     0x6474a66fedde - std::panicking::try::he5a2e00188156637
[INFO] [stdout]                                at /rustc/df4ca44d3fbc9301ee17f30f4d474e6ae4b05252/library/std/src/panicking.rs:520:19
[INFO] [stdout]   46:     0x6474a66fedde - std::panic::catch_unwind::hbaf3cae49b3c6433
[INFO] [stdout]                                at /rustc/df4ca44d3fbc9301ee17f30f4d474e6ae4b05252/library/std/src/panic.rs:358:14
[INFO] [stdout]   47:     0x6474a66fedde - std::thread::Builder::spawn_unchecked_::{{closure}}::h8e141ea224820bce
[INFO] [stdout]                                at /rustc/df4ca44d3fbc9301ee17f30f4d474e6ae4b05252/library/std/src/thread/mod.rs:540:30
[INFO] [stdout]   48:     0x6474a66fedde - core::ops::function::FnOnce::call_once{{vtable.shim}}::h90d312fedd7b8ea8
[INFO] [stdout]                                at /rustc/df4ca44d3fbc9301ee17f30f4d474e6ae4b05252/library/core/src/ops/function.rs:250:5
[INFO] [stdout]   49:     0x6474a67c044b - <alloc::boxed::Box<F,A> as core::ops::function::FnOnce<Args>>::call_once::h69aa08ddb6adb8b6
[INFO] [stdout]                                at /rustc/df4ca44d3fbc9301ee17f30f4d474e6ae4b05252/library/alloc/src/boxed.rs:2454:9
[INFO] [stdout]   50:     0x6474a67c044b - <alloc::boxed::Box<F,A> as core::ops::function::FnOnce<Args>>::call_once::h5aa36efdb79c806f
[INFO] [stdout]                                at /rustc/df4ca44d3fbc9301ee17f30f4d474e6ae4b05252/library/alloc/src/boxed.rs:2454:9
[INFO] [stdout]   51:     0x6474a67c044b - std::sys::pal::unix::thread::Thread::new::thread_start::h6cd80a1b4be5158d
[INFO] [stdout]                                at /rustc/df4ca44d3fbc9301ee17f30f4d474e6ae4b05252/library/std/src/sys/pal/unix/thread.rs:105:17
[INFO] [stdout]   52:     0x7f4ca3628ac3 - <unknown>
[INFO] [stdout]   53:     0x7f4ca36b9a04 - clone
[INFO] [stdout]   54:                0x0 - <unknown>
[INFO] [stdout] 
[INFO] [stdout] 
[INFO] [stdout] failures:
[INFO] [stdout]     drawing::fallback_parser::test_parsing
[INFO] [stdout]     tests::test_shutdowns
[INFO] [stdout] 
[INFO] [stdout] test result: FAILED. 0 passed; 2 failed; 0 ignored; 0 measured; 0 filtered out; finished in 0.06s
[INFO] [stdout] 
[INFO] [stderr] error: test failed, to rerun pass `--bin labels`
[INFO] running `Command { std: "docker" "inspect" "d4e05f8d864d5bba478335d344037a315b8ab432c753399eb0644aaab28d508f", kill_on_drop: false }`
[INFO] running `Command { std: "docker" "rm" "-f" "d4e05f8d864d5bba478335d344037a315b8ab432c753399eb0644aaab28d508f", kill_on_drop: false }`
[INFO] [stdout] d4e05f8d864d5bba478335d344037a315b8ab432c753399eb0644aaab28d508f
