[INFO] cloning repository https://github.com/TooManyBees/wiremock-concurrency
[INFO] running `Command { std: "git" "-c" "credential.helper=" "-c" "credential.helper=/workspace/cargo-home/bin/git-credential-null" "clone" "--bare" "https://github.com/TooManyBees/wiremock-concurrency" "/workspace/cache/git-repos/https%3A%2F%2Fgithub.com%2FTooManyBees%2Fwiremock-concurrency", kill_on_drop: false }`
[INFO] [stderr] Cloning into bare repository '/workspace/cache/git-repos/https%3A%2F%2Fgithub.com%2FTooManyBees%2Fwiremock-concurrency'...
[INFO] running `Command { std: "git" "rev-parse" "HEAD", kill_on_drop: false }`
[INFO] [stdout] 16775e8b5758026d34fbc045907e8cce55da7ef2
[INFO] testing TooManyBees/wiremock-concurrency/16775e8b5758026d34fbc045907e8cce55da7ef2 against nightly-2024-10-28 for randomize-layout
[INFO] running `Command { std: "git" "clone" "/workspace/cache/git-repos/https%3A%2F%2Fgithub.com%2FTooManyBees%2Fwiremock-concurrency" "/workspace/builds/worker-4-tc1/source", kill_on_drop: false }`
[INFO] [stderr] Cloning into '/workspace/builds/worker-4-tc1/source'...
[INFO] [stderr] done.
[INFO] validating manifest of git repo https://github.com/TooManyBees/wiremock-concurrency on toolchain nightly-2024-10-28
[INFO] running `Command { std: CARGO_HOME="/workspace/cargo-home" RUSTUP_HOME="/workspace/rustup-home" "/workspace/cargo-home/bin/cargo" "+nightly-2024-10-28" "metadata" "--manifest-path" "Cargo.toml" "--no-deps", kill_on_drop: false }`
[INFO] started tweaking git repo https://github.com/TooManyBees/wiremock-concurrency
[INFO] finished tweaking git repo https://github.com/TooManyBees/wiremock-concurrency
[INFO] tweaked toml for git repo https://github.com/TooManyBees/wiremock-concurrency written to /workspace/builds/worker-4-tc1/source/Cargo.toml
[INFO] crate git repo https://github.com/TooManyBees/wiremock-concurrency already has a lockfile, it will not be regenerated
[INFO] running `Command { std: CARGO_HOME="/workspace/cargo-home" RUSTUP_HOME="/workspace/rustup-home" "/workspace/cargo-home/bin/cargo" "+nightly-2024-10-28" "fetch" "--manifest-path" "Cargo.toml", kill_on_drop: false }`
[INFO] [stderr]  Downloading crates ...
[INFO] [stderr]   Downloaded retain_mut v0.1.9
[INFO] [stderr]   Downloaded wiremock v0.5.18
[INFO] [stderr]   Downloaded deadpool v0.9.5
[INFO] [stderr]   Downloaded assert-json-diff v2.0.2
[INFO] [stderr]   Downloaded axum v0.6.1
[INFO] [stderr]   Downloaded tower-http v0.3.4
[INFO] running `Command { std: "docker" "create" "-v" "/var/lib/crater-agent-workspace/builds/worker-4-tc1/target:/opt/rustwide/target:rw,Z" "-v" "/var/lib/crater-agent-workspace/builds/worker-4-tc1/source:/opt/rustwide/workdir:ro,Z" "-v" "/var/lib/crater-agent-workspace/cargo-home:/opt/rustwide/cargo-home:ro,Z" "-v" "/var/lib/crater-agent-workspace/rustup-home:/opt/rustwide/rustup-home:ro,Z" "-e" "SOURCE_DIR=/opt/rustwide/workdir" "-e" "CARGO_TARGET_DIR=/opt/rustwide/target" "-e" "CARGO_HOME=/opt/rustwide/cargo-home" "-e" "RUSTUP_HOME=/opt/rustwide/rustup-home" "-w" "/opt/rustwide/workdir" "-m" "1610612736" "--user" "0:0" "--network" "none" "ghcr.io/rust-lang/crates-build-env/linux@sha256:4a844ea9eb2546a2d2c7022eacef16ef2e8229c7fbb2c7d4d55a9ceca922f72d" "/opt/rustwide/cargo-home/bin/cargo" "+nightly-2024-10-28" "metadata" "--no-deps" "--format-version=1", kill_on_drop: false }`
[INFO] [stdout] afbb8c21990ef68510a6b7a48069b86a09efd2a1d9ca5747cb13c85cad424678
[INFO] running `Command { std: "docker" "start" "-a" "afbb8c21990ef68510a6b7a48069b86a09efd2a1d9ca5747cb13c85cad424678", kill_on_drop: false }`
[INFO] running `Command { std: "docker" "inspect" "afbb8c21990ef68510a6b7a48069b86a09efd2a1d9ca5747cb13c85cad424678", kill_on_drop: false }`
[INFO] running `Command { std: "docker" "rm" "-f" "afbb8c21990ef68510a6b7a48069b86a09efd2a1d9ca5747cb13c85cad424678", kill_on_drop: false }`
[INFO] [stdout] afbb8c21990ef68510a6b7a48069b86a09efd2a1d9ca5747cb13c85cad424678
[INFO] running `Command { std: "docker" "create" "-v" "/var/lib/crater-agent-workspace/builds/worker-4-tc1/target:/opt/rustwide/target:rw,Z" "-v" "/var/lib/crater-agent-workspace/builds/worker-4-tc1/source:/opt/rustwide/workdir:ro,Z" "-v" "/var/lib/crater-agent-workspace/cargo-home:/opt/rustwide/cargo-home:ro,Z" "-v" "/var/lib/crater-agent-workspace/rustup-home:/opt/rustwide/rustup-home:ro,Z" "-e" "SOURCE_DIR=/opt/rustwide/workdir" "-e" "CARGO_TARGET_DIR=/opt/rustwide/target" "-e" "CARGO_INCREMENTAL=0" "-e" "RUST_BACKTRACE=full" "-e" "RUSTFLAGS=--cap-lints=forbid" "-e" "RUSTDOCFLAGS=--cap-lints=forbid" "-e" "CARGO_HOME=/opt/rustwide/cargo-home" "-e" "RUSTUP_HOME=/opt/rustwide/rustup-home" "-w" "/opt/rustwide/workdir" "-m" "1610612736" "--user" "0:0" "--network" "none" "ghcr.io/rust-lang/crates-build-env/linux@sha256:4a844ea9eb2546a2d2c7022eacef16ef2e8229c7fbb2c7d4d55a9ceca922f72d" "/opt/rustwide/cargo-home/bin/cargo" "+nightly-2024-10-28" "build" "--frozen" "--message-format=json", kill_on_drop: false }`
[INFO] [stdout] da113ce8f8a51551e30ba0ec1c065493ed6653bedf32887ac03ebebe45fa65d0
[INFO] running `Command { std: "docker" "start" "-a" "da113ce8f8a51551e30ba0ec1c065493ed6653bedf32887ac03ebebe45fa65d0", kill_on_drop: false }`
[INFO] [stderr]    Compiling proc-macro2 v1.0.60
[INFO] [stderr]    Compiling quote v1.0.28
[INFO] [stderr]    Compiling unicode-ident v1.0.9
[INFO] [stderr]    Compiling libc v0.2.146
[INFO] [stderr]    Compiling futures-core v0.3.28
[INFO] [stderr]    Compiling log v0.4.19
[INFO] [stderr]    Compiling pin-project-lite v0.2.9
[INFO] [stderr]    Compiling once_cell v1.16.0
[INFO] [stderr]    Compiling smallvec v1.10.0
[INFO] [stderr]    Compiling itoa v1.0.6
[INFO] [stderr]    Compiling bytes v1.4.0
[INFO] [stderr]    Compiling parking_lot_core v0.9.8
[INFO] [stderr]    Compiling rustversion v1.0.12
[INFO] [stderr]    Compiling futures-task v0.3.28
[INFO] [stderr]    Compiling lock_api v0.4.10
[INFO] [stderr]    Compiling scopeguard v1.1.0
[INFO] [stderr]    Compiling futures-util v0.3.28
[INFO] [stderr]    Compiling tokio v1.28.0
[INFO] [stderr]    Compiling pin-utils v0.1.0
[INFO] [stderr]    Compiling fnv v1.0.7
[INFO] [stderr]    Compiling serde v1.0.164
[INFO] [stderr]    Compiling tracing-core v0.1.31
[INFO] [stderr]    Compiling tower-service v0.3.2
[INFO] [stderr]    Compiling httparse v1.8.0
[INFO] [stderr]    Compiling futures-channel v0.3.28
[INFO] [stderr]    Compiling tower-layer v0.3.2
[INFO] [stderr]    Compiling async-trait v0.1.68
[INFO] [stderr]    Compiling try-lock v0.2.4
[INFO] [stderr]    Compiling ryu v1.0.13
[INFO] [stderr]    Compiling serde_json v1.0.97
[INFO] [stderr]    Compiling memchr v2.5.0
[INFO] [stderr]    Compiling want v0.3.1
[INFO] [stderr]    Compiling overload v0.1.1
[INFO] [stderr]    Compiling http-range-header v0.3.0
[INFO] [stderr]    Compiling http v0.2.9
[INFO] [stderr]    Compiling mime v0.3.17
[INFO] [stderr]    Compiling httpdate v1.0.2
[INFO] [stderr]    Compiling bitflags v1.3.2
[INFO] [stderr]    Compiling nu-ansi-term v0.46.0
[INFO] [stderr]    Compiling sharded-slab v0.1.4
[INFO] [stderr]    Compiling thread_local v1.1.7
[INFO] [stderr]    Compiling tracing-log v0.1.3
[INFO] [stderr]    Compiling matchit v0.7.0
[INFO] [stderr]    Compiling sync_wrapper v0.1.2
[INFO] [stderr]    Compiling axum-core v0.3.4
[INFO] [stderr]    Compiling axum v0.6.1
[INFO] [stderr]    Compiling syn v2.0.18
[INFO] [stderr]    Compiling num_cpus v1.15.0
[INFO] [stderr]    Compiling mio v0.8.8
[INFO] [stderr]    Compiling signal-hook-registry v1.4.1
[INFO] [stderr]    Compiling socket2 v0.4.9
[INFO] [stderr]    Compiling parking_lot v0.12.1
[INFO] [stderr]    Compiling tracing-subscriber v0.3.16
[INFO] [stderr]    Compiling http-body v0.4.5
[INFO] [stderr]    Compiling serde_path_to_error v0.1.11
[INFO] [stderr]    Compiling serde_urlencoded v0.7.1
[INFO] [stderr]    Compiling tracing-attributes v0.1.24
[INFO] [stderr]    Compiling tokio-macros v2.1.0
[INFO] [stderr]    Compiling pin-project-internal v1.1.0
[INFO] [stderr]    Compiling pin-project v1.1.0
[INFO] [stderr]    Compiling tracing v0.1.37
[INFO] [stderr]    Compiling tower v0.4.13
[INFO] [stderr]    Compiling hyper v0.14.26
[INFO] [stderr]    Compiling tower-http v0.3.4
[INFO] [stderr]    Compiling wiremock-concurrency v0.1.0 (/opt/rustwide/workdir)
[INFO] [stdout] warning: unused variable: `response`
[INFO] [stdout]   --> src/main.rs:47:9
[INFO] [stdout]    |
[INFO] [stdout] 47 |     let response = match CLIENT.request(request_1).await {
[INFO] [stdout]    |         ^^^^^^^^ help: if this is intentional, prefix it with an underscore: `_response`
[INFO] [stdout]    |
[INFO] [stdout]    = note: `#[warn(unused_variables)]` on by default
[INFO] [stdout] 
[INFO] [stdout] 
[INFO] [stderr]     Finished `dev` profile [unoptimized + debuginfo] target(s) in 13.70s
[INFO] running `Command { std: "docker" "inspect" "da113ce8f8a51551e30ba0ec1c065493ed6653bedf32887ac03ebebe45fa65d0", kill_on_drop: false }`
[INFO] running `Command { std: "docker" "rm" "-f" "da113ce8f8a51551e30ba0ec1c065493ed6653bedf32887ac03ebebe45fa65d0", kill_on_drop: false }`
[INFO] [stdout] da113ce8f8a51551e30ba0ec1c065493ed6653bedf32887ac03ebebe45fa65d0
[INFO] running `Command { std: "docker" "create" "-v" "/var/lib/crater-agent-workspace/builds/worker-4-tc1/target:/opt/rustwide/target:rw,Z" "-v" "/var/lib/crater-agent-workspace/builds/worker-4-tc1/source:/opt/rustwide/workdir:ro,Z" "-v" "/var/lib/crater-agent-workspace/cargo-home:/opt/rustwide/cargo-home:ro,Z" "-v" "/var/lib/crater-agent-workspace/rustup-home:/opt/rustwide/rustup-home:ro,Z" "-e" "SOURCE_DIR=/opt/rustwide/workdir" "-e" "CARGO_TARGET_DIR=/opt/rustwide/target" "-e" "CARGO_INCREMENTAL=0" "-e" "RUST_BACKTRACE=full" "-e" "RUSTFLAGS=--cap-lints=forbid" "-e" "RUSTDOCFLAGS=--cap-lints=forbid" "-e" "CARGO_HOME=/opt/rustwide/cargo-home" "-e" "RUSTUP_HOME=/opt/rustwide/rustup-home" "-w" "/opt/rustwide/workdir" "-m" "1610612736" "--user" "0:0" "--network" "none" "ghcr.io/rust-lang/crates-build-env/linux@sha256:4a844ea9eb2546a2d2c7022eacef16ef2e8229c7fbb2c7d4d55a9ceca922f72d" "/opt/rustwide/cargo-home/bin/cargo" "+nightly-2024-10-28" "test" "--frozen" "--no-run" "--message-format=json", kill_on_drop: false }`
[INFO] [stdout] 7eb28eaa6600324c0368713cc627d68f02f0015a7b07303d61be8d3f8bc3116a
[INFO] running `Command { std: "docker" "start" "-a" "7eb28eaa6600324c0368713cc627d68f02f0015a7b07303d61be8d3f8bc3116a", kill_on_drop: false }`
[INFO] [stderr]    Compiling slab v0.4.8
[INFO] [stderr]    Compiling futures-task v0.3.28
[INFO] [stderr]    Compiling futures-channel v0.3.28
[INFO] [stderr]    Compiling futures-io v0.3.28
[INFO] [stderr]    Compiling futures-sink v0.3.28
[INFO] [stderr]    Compiling futures-util v0.3.28
[INFO] [stderr]    Compiling serde v1.0.164
[INFO] [stderr]    Compiling serde_derive v1.0.164
[INFO] [stderr]    Compiling futures-macro v0.3.28
[INFO] [stderr]    Compiling indexmap v1.9.3
[INFO] [stderr]    Compiling crossbeam-utils v0.8.16
[INFO] [stderr]    Compiling getrandom v0.1.16
[INFO] [stderr]    Compiling thiserror v1.0.40
[INFO] [stderr]    Compiling hashbrown v0.12.3
[INFO] [stderr]    Compiling unicode-normalization v0.1.22
[INFO] [stderr]    Compiling thiserror-impl v1.0.40
[INFO] [stderr]    Compiling tokio-util v0.7.8
[INFO] [stderr]    Compiling anyhow v1.0.71
[INFO] [stderr]    Compiling parking v2.1.0
[INFO] [stderr]    Compiling rand_core v0.5.1
[INFO] [stderr]    Compiling event-listener v2.5.3
[INFO] [stderr]    Compiling waker-fn v1.1.0
[INFO] [stderr]    Compiling fastrand v1.9.0
[INFO] [stderr]    Compiling http-types v2.12.0
[INFO] [stderr]    Compiling rand_chacha v0.2.2
[INFO] [stderr]    Compiling aho-corasick v1.0.2
[INFO] [stderr]    Compiling infer v0.2.3
[INFO] [stderr]    Compiling retain_mut v0.1.9
[INFO] [stderr]    Compiling regex-syntax v0.7.2
[INFO] [stderr]    Compiling concurrent-queue v2.2.0
[INFO] [stderr]    Compiling base64 v0.13.1
[INFO] [stderr]    Compiling deadpool-runtime v0.1.2
[INFO] [stderr]    Compiling rand v0.7.3
[INFO] [stderr]    Compiling futures-lite v1.13.0
[INFO] [stderr]    Compiling deadpool v0.9.5
[INFO] [stderr]    Compiling idna v0.4.0
[INFO] [stderr]    Compiling async-channel v1.8.0
[INFO] [stderr]    Compiling futures-timer v3.0.2
[INFO] [stderr]    Compiling base64 v0.21.2
[INFO] [stderr]    Compiling regex v1.8.4
[INFO] [stderr]    Compiling h2 v0.3.19
[INFO] [stderr]    Compiling futures-executor v0.3.28
[INFO] [stderr]    Compiling tower v0.4.13
[INFO] [stderr]    Compiling axum-core v0.3.4
[INFO] [stderr]    Compiling futures v0.3.28
[INFO] [stderr]    Compiling tower-http v0.3.4
[INFO] [stderr]    Compiling serde_json v1.0.97
[INFO] [stderr]    Compiling serde_urlencoded v0.7.1
[INFO] [stderr]    Compiling url v2.4.0
[INFO] [stderr]    Compiling serde_qs v0.8.5
[INFO] [stderr]    Compiling serde_path_to_error v0.1.11
[INFO] [stderr]    Compiling assert-json-diff v2.0.2
[INFO] [stderr]    Compiling hyper v0.14.26
[INFO] [stderr]    Compiling wiremock v0.5.18
[INFO] [stderr]    Compiling axum v0.6.1
[INFO] [stderr]    Compiling wiremock-concurrency v0.1.0 (/opt/rustwide/workdir)
[INFO] [stdout] warning: unused variable: `response`
[INFO] [stdout]   --> src/main.rs:47:9
[INFO] [stdout]    |
[INFO] [stdout] 47 |     let response = match CLIENT.request(request_1).await {
[INFO] [stdout]    |         ^^^^^^^^ help: if this is intentional, prefix it with an underscore: `_response`
[INFO] [stdout]    |
[INFO] [stdout]    = note: `#[warn(unused_variables)]` on by default
[INFO] [stdout] 
[INFO] [stdout] 
[INFO] [stderr]     Finished `test` profile [unoptimized + debuginfo] target(s) in 14.66s
[INFO] running `Command { std: "docker" "inspect" "7eb28eaa6600324c0368713cc627d68f02f0015a7b07303d61be8d3f8bc3116a", kill_on_drop: false }`
[INFO] running `Command { std: "docker" "rm" "-f" "7eb28eaa6600324c0368713cc627d68f02f0015a7b07303d61be8d3f8bc3116a", kill_on_drop: false }`
[INFO] [stdout] 7eb28eaa6600324c0368713cc627d68f02f0015a7b07303d61be8d3f8bc3116a
[INFO] running `Command { std: "docker" "create" "-v" "/var/lib/crater-agent-workspace/builds/worker-4-tc1/target:/opt/rustwide/target:rw,Z" "-v" "/var/lib/crater-agent-workspace/builds/worker-4-tc1/source:/opt/rustwide/workdir:ro,Z" "-v" "/var/lib/crater-agent-workspace/cargo-home:/opt/rustwide/cargo-home:ro,Z" "-v" "/var/lib/crater-agent-workspace/rustup-home:/opt/rustwide/rustup-home:ro,Z" "-e" "SOURCE_DIR=/opt/rustwide/workdir" "-e" "CARGO_TARGET_DIR=/opt/rustwide/target" "-e" "CARGO_INCREMENTAL=0" "-e" "RUST_BACKTRACE=full" "-e" "RUSTFLAGS=--cap-lints=forbid" "-e" "RUSTDOCFLAGS=--cap-lints=forbid" "-e" "CARGO_HOME=/opt/rustwide/cargo-home" "-e" "RUSTUP_HOME=/opt/rustwide/rustup-home" "-w" "/opt/rustwide/workdir" "-m" "1610612736" "--user" "0:0" "--network" "none" "ghcr.io/rust-lang/crates-build-env/linux@sha256:4a844ea9eb2546a2d2c7022eacef16ef2e8229c7fbb2c7d4d55a9ceca922f72d" "/opt/rustwide/cargo-home/bin/cargo" "+nightly-2024-10-28" "test" "--frozen", kill_on_drop: false }`
[INFO] [stdout] ea1b4579f95cd4b81ee725a4efa80904550697cf643168b7456a292eb500e6c4
[INFO] running `Command { std: "docker" "start" "-a" "ea1b4579f95cd4b81ee725a4efa80904550697cf643168b7456a292eb500e6c4", kill_on_drop: false }`
[INFO] [stderr] warning: unused variable: `response`
[INFO] [stderr]   --> src/main.rs:47:9
[INFO] [stderr]    |
[INFO] [stderr] 47 |     let response = match CLIENT.request(request_1).await {
[INFO] [stderr]    |         ^^^^^^^^ help: if this is intentional, prefix it with an underscore: `_response`
[INFO] [stderr]    |
[INFO] [stderr]    = note: `#[warn(unused_variables)]` on by default
[INFO] [stderr] 
[INFO] [stderr] warning: `wiremock-concurrency` (bin "wiremock-concurrency" test) generated 1 warning
[INFO] [stderr]     Finished `test` profile [unoptimized + debuginfo] target(s) in 0.19s
[INFO] [stderr]      Running unittests src/main.rs (/opt/rustwide/target/debug/deps/wiremock_concurrency-70135ec4512ee848)
[INFO] [stdout] 
[INFO] [stdout] running 40 tests
[INFO] [stdout] test test::it_works_09 ... ok
[INFO] [stdout] test test::it_works_13 ... ok
[INFO] [stdout] test test::it_works_11 ... ok
[INFO] [stdout] test test::it_works_05 ... ok
[INFO] [stdout] test test::it_works_14 ... ok
[INFO] [stdout] test test::it_works_06 ... ok
[INFO] [stdout] test test::it_works_04 ... ok
[INFO] [stdout] test test::it_works_01 ... ok
[INFO] [stdout] test test::it_works_07 ... ok
[INFO] [stdout] test test::it_works_10 ... ok
[INFO] [stdout] test test::it_works_03 ... ok
[INFO] [stdout] test test::it_works_08 ... ok
[INFO] [stdout] test test::it_works_12 ... ok
[INFO] [stdout] test test::it_works_02 ... ok
[INFO] [stdout] test test::it_works_17 ... ok
[INFO] [stdout] test test::it_works_18 ... ok
[INFO] [stdout] test test::it_works_19 ... ok
[INFO] [stdout] test test::it_works_23 ... ok
[INFO] [stdout] test test::it_works_20 ... ok
[INFO] [stdout] test test::it_works_26 ... ok
[INFO] [stdout] test test::it_works_28 ... ok
[INFO] [stdout] test test::it_works_24 ... ok
[INFO] [stdout] test test::it_works_21 ... ok
[INFO] [stdout] test test::it_works_25 ... ok
[INFO] [stdout] test test::it_works_27 ... ok
[INFO] [stdout] test test::it_works_32 ... ok
[INFO] [stdout] test test::it_works_34 ... ok
[INFO] [stdout] test test::it_works_31 ... ok
[INFO] [stdout] test test::it_works_33 ... ok
[INFO] [stdout] test test::it_works_39 ... ok
[INFO] [stdout] test test::it_works_35 ... ok
[INFO] [stdout] test test::it_works_37 ... ok
[INFO] [stdout] test test::it_works_36 ... ok
[INFO] [stdout] test test::it_works_15 ... FAILED
[INFO] [stdout] test test::it_works_00 ... FAILED
[INFO] [stdout] test test::it_works_22 ... FAILED
[INFO] [stdout] test test::it_works_38 ... ok
[INFO] [stdout] test test::it_works_30 ... ok
[INFO] [stdout] test test::it_works_16 ... ok
[INFO] [stdout] test test::it_works_29 ... ok
[INFO] [stdout] 
[INFO] [stdout] failures:
[INFO] [stdout] 
[INFO] [stdout] ---- test::it_works_15 stdout ----
[INFO] [stdout]   [2m2024-11-02T20:38:34.276729Z[0m [34mDEBUG[0m [1;34mwiremock::mock_server::exposed_server[0m[34m: [34mVerify mock expectations.[0m
[INFO] [stdout]     [2;3mat[0m /opt/rustwide/cargo-home/registry/src/index.crates.io-6f17d22bba15001f/wiremock-0.5.18/src/mock_server/exposed_server.rs:328
[INFO] [stdout] 
[INFO] [stdout]   [2m2024-11-02T20:38:34.276766Z[0m [34mDEBUG[0m [1;34mwiremock::mock_server::exposed_server[0m[34m: [34mVerify mock expectations.[0m
[INFO] [stdout]     [2;3mat[0m /opt/rustwide/cargo-home/registry/src/index.crates.io-6f17d22bba15001f/wiremock-0.5.18/src/mock_server/exposed_server.rs:328
[INFO] [stdout] 
[INFO] [stdout]   [2m2024-11-02T20:38:34.276883Z[0m [34mDEBUG[0m [1;34mtower_http::trace::on_request[0m[34m: [34mstarted processing request[0m
[INFO] [stdout]     [2;3mat[0m /opt/rustwide/cargo-home/registry/src/index.crates.io-6f17d22bba15001f/tower-http-0.3.4/src/trace/on_request.rs:91
[INFO] [stdout]     [2;3min[0m tower_http::trace::make_span::[1mrequest[0m [2;3mwith[0m [1mmethod[0m: GET, [1muri[0m: /, [1mversion[0m: HTTP/1.1
[INFO] [stdout] 
[INFO] [stdout]   [2m2024-11-02T20:38:34.290006Z[0m [34mDEBUG[0m [1;34mwiremock::mock_set[0m[34m: [34mHandling request.[0m
[INFO] [stdout]     [2;3mat[0m /opt/rustwide/cargo-home/registry/src/index.crates.io-6f17d22bba15001f/wiremock-0.5.18/src/mock_set.rs:49
[INFO] [stdout] 
[INFO] [stdout]   [2m2024-11-02T20:38:34.291368Z[0m [34mDEBUG[0m [1;34mtower_http::trace::on_response[0m[34m: [34mfinished processing request, [1;34mlatency[0m[34m: 14 ms, [1;34mstatus[0m[34m: 500[0m
[INFO] [stdout]     [2;3mat[0m /opt/rustwide/cargo-home/registry/src/index.crates.io-6f17d22bba15001f/tower-http-0.3.4/src/trace/on_response.rs:254
[INFO] [stdout]     [2;3min[0m tower_http::trace::make_span::[1mrequest[0m [2;3mwith[0m [1mmethod[0m: GET, [1muri[0m: /, [1mversion[0m: HTTP/1.1
[INFO] [stdout] 
[INFO] [stdout]   [2m2024-11-02T20:38:34.291423Z[0m [31mERROR[0m [1;31mtower_http::trace::on_failure[0m[31m: [31mresponse failed, [1;31mclassification[0m[31m: Status code: 500 Internal Server Error, [1;31mlatency[0m[31m: 14 ms[0m
[INFO] [stdout]     [2;3mat[0m /opt/rustwide/cargo-home/registry/src/index.crates.io-6f17d22bba15001f/tower-http-0.3.4/src/trace/on_failure.rs:137
[INFO] [stdout]     [2;3min[0m tower_http::trace::make_span::[1mrequest[0m [2;3mwith[0m [1mmethod[0m: GET, [1muri[0m: /, [1mversion[0m: HTTP/1.1
[INFO] [stdout] 
[INFO] [stdout] thread 'test::it_works_15' panicked at src/main.rs:333:9:
[INFO] [stdout] assertion `left == right` failed
[INFO] [stdout]   left: 500
[INFO] [stdout]  right: 200
[INFO] [stdout] stack backtrace:
[INFO] [stdout]    0:     0x648f92bbeb7a - std::backtrace_rs::backtrace::libunwind::trace::h207520d6e9873551
[INFO] [stdout]                                at /rustc/df4ca44d3fbc9301ee17f30f4d474e6ae4b05252/library/std/src/../../backtrace/src/backtrace/libunwind.rs:116:5
[INFO] [stdout]    1:     0x648f92bbeb7a - std::backtrace_rs::backtrace::trace_unsynchronized::h2ed7433f370e3eca
[INFO] [stdout]                                at /rustc/df4ca44d3fbc9301ee17f30f4d474e6ae4b05252/library/std/src/../../backtrace/src/backtrace/mod.rs:66:5
[INFO] [stdout]    2:     0x648f92bbeb7a - std::sys::backtrace::_print_fmt::h916fac51166b18d7
[INFO] [stdout]                                at /rustc/df4ca44d3fbc9301ee17f30f4d474e6ae4b05252/library/std/src/sys/backtrace.rs:66:9
[INFO] [stdout]    3:     0x648f92bbeb7a - <std::sys::backtrace::BacktraceLock::print::DisplayBacktrace as core::fmt::Display>::fmt::ha0a4c9b8ce3802e6
[INFO] [stdout]                                at /rustc/df4ca44d3fbc9301ee17f30f4d474e6ae4b05252/library/std/src/sys/backtrace.rs:39:26
[INFO] [stdout]    4:     0x648f92be9613 - core::fmt::rt::Argument::fmt::h4cfc8587d52b3eb5
[INFO] [stdout]                                at /rustc/df4ca44d3fbc9301ee17f30f4d474e6ae4b05252/library/core/src/fmt/rt.rs:177:76
[INFO] [stdout]    5:     0x648f92be9613 - core::fmt::write::h522cc39e5b36ae9f
[INFO] [stdout]                                at /rustc/df4ca44d3fbc9301ee17f30f4d474e6ae4b05252/library/core/src/fmt/mod.rs:1190:21
[INFO] [stdout]    6:     0x648f92bba563 - std::io::Write::write_fmt::h7d3c26752da97734
[INFO] [stdout]                                at /rustc/df4ca44d3fbc9301ee17f30f4d474e6ae4b05252/library/std/src/io/mod.rs:1839:15
[INFO] [stdout]    7:     0x648f92bbe9c2 - std::sys::backtrace::BacktraceLock::print::h4b9e00b29e9c0942
[INFO] [stdout]                                at /rustc/df4ca44d3fbc9301ee17f30f4d474e6ae4b05252/library/std/src/sys/backtrace.rs:42:9
[INFO] [stdout]    8:     0x648f92bc000a - std::panicking::default_hook::{{closure}}::hb59b88280d0324d9
[INFO] [stdout]                                at /rustc/df4ca44d3fbc9301ee17f30f4d474e6ae4b05252/library/std/src/panicking.rs:268:22
[INFO] [stdout]    9:     0x648f92bbfe14 - std::panicking::default_hook::he1dd496665be4a29
[INFO] [stdout]                                at /rustc/df4ca44d3fbc9301ee17f30f4d474e6ae4b05252/library/std/src/panicking.rs:292:9
[INFO] [stdout]   10:     0x648f926cbc29 - <alloc::boxed::Box<F,A> as core::ops::function::Fn<Args>>::call::h4ff71de18744e1dc
[INFO] [stdout]                                at /rustc/df4ca44d3fbc9301ee17f30f4d474e6ae4b05252/library/alloc/src/boxed.rs:2468:9
[INFO] [stdout]   11:     0x648f926cbc29 - test::test_main::{{closure}}::hcf7c055ce117aa81
[INFO] [stdout]                                at /rustc/df4ca44d3fbc9301ee17f30f4d474e6ae4b05252/library/test/src/lib.rs:133:21
[INFO] [stdout]   12:     0x648f92bc0708 - <alloc::boxed::Box<F,A> as core::ops::function::Fn<Args>>::call::h1d66c6bbd60c9692
[INFO] [stdout]                                at /rustc/df4ca44d3fbc9301ee17f30f4d474e6ae4b05252/library/alloc/src/boxed.rs:2468:9
[INFO] [stdout]   13:     0x648f92bc0708 - std::panicking::rust_panic_with_hook::h2ff17fe8f26dfcf8
[INFO] [stdout]                                at /rustc/df4ca44d3fbc9301ee17f30f4d474e6ae4b05252/library/std/src/panicking.rs:809:13
[INFO] [stdout]   14:     0x648f92bc04ca - std::panicking::begin_panic_handler::{{closure}}::h4fad77951c07e101
[INFO] [stdout]                                at /rustc/df4ca44d3fbc9301ee17f30f4d474e6ae4b05252/library/std/src/panicking.rs:674:13
[INFO] [stdout]   15:     0x648f92bbf059 - std::sys::backtrace::__rust_end_short_backtrace::hb1a25b3da5d0ea08
[INFO] [stdout]                                at /rustc/df4ca44d3fbc9301ee17f30f4d474e6ae4b05252/library/std/src/sys/backtrace.rs:170:18
[INFO] [stdout]   16:     0x648f92bc015c - rust_begin_unwind
[INFO] [stdout]                                at /rustc/df4ca44d3fbc9301ee17f30f4d474e6ae4b05252/library/std/src/panicking.rs:665:5
[INFO] [stdout]   17:     0x648f92be6fb0 - core::panicking::panic_fmt::ha9db07b529f9b256
[INFO] [stdout]                                at /rustc/df4ca44d3fbc9301ee17f30f4d474e6ae4b05252/library/core/src/panicking.rs:75:14
[INFO] [stdout]   18:     0x648f92be73b4 - core::panicking::assert_failed_inner::h04f38944d74a80a8
[INFO] [stdout]   19:     0x648f9253c50f - core::panicking::assert_failed::h0f8c41d6f2fac0d3
[INFO] [stdout]                                at /rustc/df4ca44d3fbc9301ee17f30f4d474e6ae4b05252/library/core/src/panicking.rs:377:5
[INFO] [stdout]   20:     0x648f92522619 - wiremock_concurrency::test::test_app::{{closure}}::h2b41411695b4cf3d
[INFO] [stdout]                                at /opt/rustwide/workdir/src/main.rs:333:9
[INFO] [stdout]   21:     0x648f92526c54 - wiremock_concurrency::test::it_works_15::{{closure}}::hb5a2efe328be8b9d
[INFO] [stdout]                                at /opt/rustwide/workdir/src/main.rs:194:20
[INFO] [stdout]   22:     0x648f92649a22 - <core::pin::Pin<P> as core::future::future::Future>::poll::h77cc14634219dec1
[INFO] [stdout]                                at /rustc/df4ca44d3fbc9301ee17f30f4d474e6ae4b05252/library/core/src/future/future.rs:123:9
[INFO] [stdout]   23:     0x648f92649a5d - <core::pin::Pin<P> as core::future::future::Future>::poll::h7dc2b080520f9e8d
[INFO] [stdout]                                at /rustc/df4ca44d3fbc9301ee17f30f4d474e6ae4b05252/library/core/src/future/future.rs:123:9
[INFO] [stdout]   24:     0x648f9252032f - tokio::runtime::scheduler::current_thread::CoreGuard::block_on::{{closure}}::{{closure}}::{{closure}}::h913196236d87b56e
[INFO] [stdout]                                at /opt/rustwide/cargo-home/registry/src/index.crates.io-6f17d22bba15001f/tokio-1.28.0/src/runtime/scheduler/current_thread.rs:541:57
[INFO] [stdout]   25:     0x648f92520255 - tokio::runtime::coop::with_budget::h918473f4f7b848d9
[INFO] [stdout]                                at /opt/rustwide/cargo-home/registry/src/index.crates.io-6f17d22bba15001f/tokio-1.28.0/src/runtime/coop.rs:107:5
[INFO] [stdout]   26:     0x648f92520255 - tokio::runtime::coop::budget::h77e214e90bb4d4e2
[INFO] [stdout]                                at /opt/rustwide/cargo-home/registry/src/index.crates.io-6f17d22bba15001f/tokio-1.28.0/src/runtime/coop.rs:73:5
[INFO] [stdout]   27:     0x648f92520255 - tokio::runtime::scheduler::current_thread::CoreGuard::block_on::{{closure}}::{{closure}}::he9b318504003fd83
[INFO] [stdout]                                at /opt/rustwide/cargo-home/registry/src/index.crates.io-6f17d22bba15001f/tokio-1.28.0/src/runtime/scheduler/current_thread.rs:541:25
[INFO] [stdout]   28:     0x648f9251ee90 - tokio::runtime::scheduler::current_thread::Context::enter::hd770e0e7f1826161
[INFO] [stdout]                                at /opt/rustwide/cargo-home/registry/src/index.crates.io-6f17d22bba15001f/tokio-1.28.0/src/runtime/scheduler/current_thread.rs:350:19
[INFO] [stdout]   29:     0x648f9251f8da - tokio::runtime::scheduler::current_thread::CoreGuard::block_on::{{closure}}::hfeccbb5dd0472a94
[INFO] [stdout]                                at /opt/rustwide/cargo-home/registry/src/index.crates.io-6f17d22bba15001f/tokio-1.28.0/src/runtime/scheduler/current_thread.rs:540:36
[INFO] [stdout]   30:     0x648f9251f654 - tokio::runtime::scheduler::current_thread::CoreGuard::enter::{{closure}}::h6f232a85b6e219f1
[INFO] [stdout]                                at /opt/rustwide/cargo-home/registry/src/index.crates.io-6f17d22bba15001f/tokio-1.28.0/src/runtime/scheduler/current_thread.rs:615:57
[INFO] [stdout]   31:     0x648f92649028 - tokio::macros::scoped_tls::ScopedKey<T>::set::hd8c96091f206075b
[INFO] [stdout]                                at /opt/rustwide/cargo-home/registry/src/index.crates.io-6f17d22bba15001f/tokio-1.28.0/src/macros/scoped_tls.rs:61:9
[INFO] [stdout]   32:     0x648f9251f3ff - tokio::runtime::scheduler::current_thread::CoreGuard::enter::he0c8ff176bfe9114
[INFO] [stdout]                                at /opt/rustwide/cargo-home/registry/src/index.crates.io-6f17d22bba15001f/tokio-1.28.0/src/runtime/scheduler/current_thread.rs:615:27
[INFO] [stdout]   33:     0x648f9251f673 - tokio::runtime::scheduler::current_thread::CoreGuard::block_on::hb238e5781d389598
[INFO] [stdout]                                at /opt/rustwide/cargo-home/registry/src/index.crates.io-6f17d22bba15001f/tokio-1.28.0/src/runtime/scheduler/current_thread.rs:530:19
[INFO] [stdout]   34:     0x648f9251bd61 - tokio::runtime::scheduler::current_thread::CurrentThread::block_on::h845e3036e2267a43
[INFO] [stdout]                                at /opt/rustwide/cargo-home/registry/src/index.crates.io-6f17d22bba15001f/tokio-1.28.0/src/runtime/scheduler/current_thread.rs:154:24
[INFO] [stdout]   35:     0x648f925f846d - tokio::runtime::runtime::Runtime::block_on::h77f42173a56b0e9b
[INFO] [stdout]                                at /opt/rustwide/cargo-home/registry/src/index.crates.io-6f17d22bba15001f/tokio-1.28.0/src/runtime/runtime.rs:302:47
[INFO] [stdout]   36:     0x648f92526a85 - wiremock_concurrency::test::it_works_15::h2010ee7597054493
[INFO] [stdout]                                at /opt/rustwide/workdir/src/main.rs:194:9
[INFO] [stdout]   37:     0x648f92526927 - wiremock_concurrency::test::it_works_15::{{closure}}::h1487f0b55bbeca91
[INFO] [stdout]                                at /opt/rustwide/workdir/src/main.rs:193:27
[INFO] [stdout]   38:     0x648f926560d6 - core::ops::function::FnOnce::call_once::h4d8d998cd669b85f
[INFO] [stdout]                                at /rustc/df4ca44d3fbc9301ee17f30f4d474e6ae4b05252/library/core/src/ops/function.rs:250:5
[INFO] [stdout]   39:     0x648f926d04fb - core::ops::function::FnOnce::call_once::h22c3ba5715e93f05
[INFO] [stdout]                                at /rustc/df4ca44d3fbc9301ee17f30f4d474e6ae4b05252/library/core/src/ops/function.rs:250:5
[INFO] [stdout]   40:     0x648f926d04fb - test::__rust_begin_short_backtrace::h8e82d8113d0da17f
[INFO] [stdout]                                at /rustc/df4ca44d3fbc9301ee17f30f4d474e6ae4b05252/library/test/src/lib.rs:621:18
[INFO] [stdout]   41:     0x648f926cfe77 - test::run_test_in_process::{{closure}}::h33235f4f20b7b7c7
[INFO] [stdout]                                at /rustc/df4ca44d3fbc9301ee17f30f4d474e6ae4b05252/library/test/src/lib.rs:644:60
[INFO] [stdout]   42:     0x648f926cfe77 - <core::panic::unwind_safe::AssertUnwindSafe<F> as core::ops::function::FnOnce<()>>::call_once::hb5043206310c586f
[INFO] [stdout]                                at /rustc/df4ca44d3fbc9301ee17f30f4d474e6ae4b05252/library/core/src/panic/unwind_safe.rs:272:9
[INFO] [stdout]   43:     0x648f926cfe77 - std::panicking::try::do_call::h9ad4731a60ab23e2
[INFO] [stdout]                                at /rustc/df4ca44d3fbc9301ee17f30f4d474e6ae4b05252/library/std/src/panicking.rs:557:40
[INFO] [stdout]   44:     0x648f926cfe77 - std::panicking::try::h3824d23db772a716
[INFO] [stdout]                                at /rustc/df4ca44d3fbc9301ee17f30f4d474e6ae4b05252/library/std/src/panicking.rs:520:19
[INFO] [stdout]   45:     0x648f926cfe77 - std::panic::catch_unwind::h5afd514605fde46b
[INFO] [stdout]                                at /rustc/df4ca44d3fbc9301ee17f30f4d474e6ae4b05252/library/std/src/panic.rs:358:14
[INFO] [stdout]   46:     0x648f926cfe77 - test::run_test_in_process::h0d5cbfa7067d1720
[INFO] [stdout]                                at /rustc/df4ca44d3fbc9301ee17f30f4d474e6ae4b05252/library/test/src/lib.rs:644:27
[INFO] [stdout]   47:     0x648f926cfe77 - test::run_test::{{closure}}::h708eb8872708115d
[INFO] [stdout]                                at /rustc/df4ca44d3fbc9301ee17f30f4d474e6ae4b05252/library/test/src/lib.rs:565:43
[INFO] [stdout]   48:     0x648f92693594 - test::run_test::{{closure}}::h392c51cee94713ab
[INFO] [stdout]                                at /rustc/df4ca44d3fbc9301ee17f30f4d474e6ae4b05252/library/test/src/lib.rs:595:41
[INFO] [stdout]   49:     0x648f92693594 - std::sys::backtrace::__rust_begin_short_backtrace::h2f40290710935a8b
[INFO] [stdout]                                at /rustc/df4ca44d3fbc9301ee17f30f4d474e6ae4b05252/library/std/src/sys/backtrace.rs:154:18
[INFO] [stdout]   50:     0x648f92696d3e - std::thread::Builder::spawn_unchecked_::{{closure}}::{{closure}}::h3fd968d89053a903
[INFO] [stdout]                                at /rustc/df4ca44d3fbc9301ee17f30f4d474e6ae4b05252/library/std/src/thread/mod.rs:541:17
[INFO] [stdout]   51:     0x648f92696d3e - <core::panic::unwind_safe::AssertUnwindSafe<F> as core::ops::function::FnOnce<()>>::call_once::h743f637ba4229880
[INFO] [stdout]                                at /rustc/df4ca44d3fbc9301ee17f30f4d474e6ae4b05252/library/core/src/panic/unwind_safe.rs:272:9
[INFO] [stdout]   52:     0x648f92696d3e - std::panicking::try::do_call::h07440897322525a6
[INFO] [stdout]                                at /rustc/df4ca44d3fbc9301ee17f30f4d474e6ae4b05252/library/std/src/panicking.rs:557:40
[INFO] [stdout]   53:     0x648f92696d3e - std::panicking::try::he5a2e00188156637
[INFO] [stdout]                                at /rustc/df4ca44d3fbc9301ee17f30f4d474e6ae4b05252/library/std/src/panicking.rs:520:19
[INFO] [stdout]   54:     0x648f92696d3e - std::panic::catch_unwind::hbaf3cae49b3c6433
[INFO] [stdout]                                at /rustc/df4ca44d3fbc9301ee17f30f4d474e6ae4b05252/library/std/src/panic.rs:358:14
[INFO] [stdout]   55:     0x648f92696d3e - std::thread::Builder::spawn_unchecked_::{{closure}}::h8e141ea224820bce
[INFO] [stdout]                                at /rustc/df4ca44d3fbc9301ee17f30f4d474e6ae4b05252/library/std/src/thread/mod.rs:540:30
[INFO] [stdout]   56:     0x648f92696d3e - core::ops::function::FnOnce::call_once{{vtable.shim}}::h90d312fedd7b8ea8
[INFO] [stdout]                                at /rustc/df4ca44d3fbc9301ee17f30f4d474e6ae4b05252/library/core/src/ops/function.rs:250:5
[INFO] [stdout]   57:     0x648f92bc480b - <alloc::boxed::Box<F,A> as core::ops::function::FnOnce<Args>>::call_once::h69aa08ddb6adb8b6
[INFO] [stdout]                                at /rustc/df4ca44d3fbc9301ee17f30f4d474e6ae4b05252/library/alloc/src/boxed.rs:2454:9
[INFO] [stdout]   58:     0x648f92bc480b - <alloc::boxed::Box<F,A> as core::ops::function::FnOnce<Args>>::call_once::h5aa36efdb79c806f
[INFO] [stdout]                                at /rustc/df4ca44d3fbc9301ee17f30f4d474e6ae4b05252/library/alloc/src/boxed.rs:2454:9
[INFO] [stdout]   59:     0x648f92bc480b - std::sys::pal::unix::thread::Thread::new::thread_start::h6cd80a1b4be5158d
[INFO] [stdout]                                at /rustc/df4ca44d3fbc9301ee17f30f4d474e6ae4b05252/library/std/src/sys/pal/unix/thread.rs:105:17
[INFO] [stdout]   60:     0x763b494bcac3 - <unknown>
[INFO] [stdout]   61:     0x763b4954da04 - clone
[INFO] [stdout]   62:                0x0 - <unknown>
[INFO] [stdout]   [2m2024-11-02T20:38:34.296656Z[0m [34mDEBUG[0m [1;34mwiremock::mock_set[0m[34m: [34mHandling request.[0m
[INFO] [stdout]     [2;3mat[0m /opt/rustwide/cargo-home/registry/src/index.crates.io-6f17d22bba15001f/wiremock-0.5.18/src/mock_set.rs:49
[INFO] [stdout] 
[INFO] [stdout] 
[INFO] [stdout] ---- test::it_works_00 stdout ----
[INFO] [stdout]   [2m2024-11-02T20:38:34.290111Z[0m [34mDEBUG[0m [1;34mwiremock::mock_server::exposed_server[0m[34m: [34mVerify mock expectations.[0m
[INFO] [stdout]     [2;3mat[0m /opt/rustwide/cargo-home/registry/src/index.crates.io-6f17d22bba15001f/wiremock-0.5.18/src/mock_server/exposed_server.rs:328
[INFO] [stdout] 
[INFO] [stdout]   [2m2024-11-02T20:38:34.290309Z[0m [34mDEBUG[0m [1;34mwiremock::mock_server::exposed_server[0m[34m: [34mVerify mock expectations.[0m
[INFO] [stdout]     [2;3mat[0m /opt/rustwide/cargo-home/registry/src/index.crates.io-6f17d22bba15001f/wiremock-0.5.18/src/mock_server/exposed_server.rs:328
[INFO] [stdout] 
[INFO] [stdout]   [2m2024-11-02T20:38:34.290437Z[0m [34mDEBUG[0m [1;34mtower_http::trace::on_request[0m[34m: [34mstarted processing request[0m
[INFO] [stdout]     [2;3mat[0m /opt/rustwide/cargo-home/registry/src/index.crates.io-6f17d22bba15001f/tower-http-0.3.4/src/trace/on_request.rs:91
[INFO] [stdout]     [2;3min[0m tower_http::trace::make_span::[1mrequest[0m [2;3mwith[0m [1mmethod[0m: GET, [1muri[0m: /, [1mversion[0m: HTTP/1.1
[INFO] [stdout] 
[INFO] [stdout]   [2m2024-11-02T20:38:34.291424Z[0m [34mDEBUG[0m [1;34mwiremock::mock_set[0m[34m: [34mHandling request.[0m
[INFO] [stdout]     [2;3mat[0m /opt/rustwide/cargo-home/registry/src/index.crates.io-6f17d22bba15001f/wiremock-0.5.18/src/mock_set.rs:49
[INFO] [stdout] 
[INFO] [stdout]   [2m2024-11-02T20:38:34.292883Z[0m [34mDEBUG[0m [1;34mtower_http::trace::on_response[0m[34m: [34mfinished processing request, [1;34mlatency[0m[34m: 2 ms, [1;34mstatus[0m[34m: 500[0m
[INFO] [stdout]     [2;3mat[0m /opt/rustwide/cargo-home/registry/src/index.crates.io-6f17d22bba15001f/tower-http-0.3.4/src/trace/on_response.rs:254
[INFO] [stdout]     [2;3min[0m tower_http::trace::make_span::[1mrequest[0m [2;3mwith[0m [1mmethod[0m: GET, [1muri[0m: /, [1mversion[0m: HTTP/1.1
[INFO] [stdout] 
[INFO] [stdout]   [2m2024-11-02T20:38:34.292927Z[0m [31mERROR[0m [1;31mtower_http::trace::on_failure[0m[31m: [31mresponse failed, [1;31mclassification[0m[31m: Status code: 500 Internal Server Error, [1;31mlatency[0m[31m: 2 ms[0m
[INFO] [stdout]     [2;3mat[0m /opt/rustwide/cargo-home/registry/src/index.crates.io-6f17d22bba15001f/tower-http-0.3.4/src/trace/on_failure.rs:137
[INFO] [stdout]     [2;3min[0m tower_http::trace::make_span::[1mrequest[0m [2;3mwith[0m [1mmethod[0m: GET, [1muri[0m: /, [1mversion[0m: HTTP/1.1
[INFO] [stdout] 
[INFO] [stdout] thread 'test::it_works_00' panicked at src/main.rs:333:9:
[INFO] [stdout] assertion `left == right` failed
[INFO] [stdout]   left: 500
[INFO] [stdout]  right: 200
[INFO] [stdout] stack backtrace:
[INFO] [stdout]    0:     0x648f92bbeb7a - std::backtrace_rs::backtrace::libunwind::trace::h207520d6e9873551
[INFO] [stdout]                                at /rustc/df4ca44d3fbc9301ee17f30f4d474e6ae4b05252/library/std/src/../../backtrace/src/backtrace/libunwind.rs:116:5
[INFO] [stdout]    1:     0x648f92bbeb7a - std::backtrace_rs::backtrace::trace_unsynchronized::h2ed7433f370e3eca
[INFO] [stdout]                                at /rustc/df4ca44d3fbc9301ee17f30f4d474e6ae4b05252/library/std/src/../../backtrace/src/backtrace/mod.rs:66:5
[INFO] [stdout]    2:     0x648f92bbeb7a - std::sys::backtrace::_print_fmt::h916fac51166b18d7
[INFO] [stdout]                                at /rustc/df4ca44d3fbc9301ee17f30f4d474e6ae4b05252/library/std/src/sys/backtrace.rs:66:9
[INFO] [stdout]    3:     0x648f92bbeb7a - <std::sys::backtrace::BacktraceLock::print::DisplayBacktrace as core::fmt::Display>::fmt::ha0a4c9b8ce3802e6
[INFO] [stdout]                                at /rustc/df4ca44d3fbc9301ee17f30f4d474e6ae4b05252/library/std/src/sys/backtrace.rs:39:26
[INFO] [stdout]    4:     0x648f92be9613 - core::fmt::rt::Argument::fmt::h4cfc8587d52b3eb5
[INFO] [stdout]                                at /rustc/df4ca44d3fbc9301ee17f30f4d474e6ae4b05252/library/core/src/fmt/rt.rs:177:76
[INFO] [stdout]    5:     0x648f92be9613 - core::fmt::write::h522cc39e5b36ae9f
[INFO] [stdout]                                at /rustc/df4ca44d3fbc9301ee17f30f4d474e6ae4b05252/library/core/src/fmt/mod.rs:1190:21
[INFO] [stdout]    6:     0x648f92bba563 - std::io::Write::write_fmt::h7d3c26752da97734
[INFO] [stdout]                                at /rustc/df4ca44d3fbc9301ee17f30f4d474e6ae4b05252/library/std/src/io/mod.rs:1839:15
[INFO] [stdout]    7:     0x648f92bbe9c2 - std::sys::backtrace::BacktraceLock::print::h4b9e00b29e9c0942
[INFO] [stdout]                                at /rustc/df4ca44d3fbc9301ee17f30f4d474e6ae4b05252/library/std/src/sys/backtrace.rs:42:9
[INFO] [stdout]    8:     0x648f92bc000a - std::panicking::default_hook::{{closure}}::hb59b88280d0324d9
[INFO] [stdout]                                at /rustc/df4ca44d3fbc9301ee17f30f4d474e6ae4b05252/library/std/src/panicking.rs:268:22
[INFO] [stdout]    9:     0x648f92bbfe14 - std::panicking::default_hook::he1dd496665be4a29
[INFO] [stdout]                                at /rustc/df4ca44d3fbc9301ee17f30f4d474e6ae4b05252/library/std/src/panicking.rs:292:9
[INFO] [stdout]   10:     0x648f926cbc29 - <alloc::boxed::Box<F,A> as core::ops::function::Fn<Args>>::call::h4ff71de18744e1dc
[INFO] [stdout]                                at /rustc/df4ca44d3fbc9301ee17f30f4d474e6ae4b05252/library/alloc/src/boxed.rs:2468:9
[INFO] [stdout]   11:     0x648f926cbc29 - test::test_main::{{closure}}::hcf7c055ce117aa81
[INFO] [stdout]                                at /rustc/df4ca44d3fbc9301ee17f30f4d474e6ae4b05252/library/test/src/lib.rs:133:21
[INFO] [stdout]   12:     0x648f92bc0708 - <alloc::boxed::Box<F,A> as core::ops::function::Fn<Args>>::call::h1d66c6bbd60c9692
[INFO] [stdout]                                at /rustc/df4ca44d3fbc9301ee17f30f4d474e6ae4b05252/library/alloc/src/boxed.rs:2468:9
[INFO] [stdout]   13:     0x648f92bc0708 - std::panicking::rust_panic_with_hook::h2ff17fe8f26dfcf8
[INFO] [stdout]                                at /rustc/df4ca44d3fbc9301ee17f30f4d474e6ae4b05252/library/std/src/panicking.rs:809:13
[INFO] [stdout]   14:     0x648f92bc04ca - std::panicking::begin_panic_handler::{{closure}}::h4fad77951c07e101
[INFO] [stdout]                                at /rustc/df4ca44d3fbc9301ee17f30f4d474e6ae4b05252/library/std/src/panicking.rs:674:13
[INFO] [stdout]   15:     0x648f92bbf059 - std::sys::backtrace::__rust_end_short_backtrace::hb1a25b3da5d0ea08
[INFO] [stdout]                                at /rustc/df4ca44d3fbc9301ee17f30f4d474e6ae4b05252/library/std/src/sys/backtrace.rs:170:18
[INFO] [stdout]   16:     0x648f92bc015c - rust_begin_unwind
[INFO] [stdout]                                at /rustc/df4ca44d3fbc9301ee17f30f4d474e6ae4b05252/library/std/src/panicking.rs:665:5
[INFO] [stdout]   17:     0x648f92be6fb0 - core::panicking::panic_fmt::ha9db07b529f9b256
[INFO] [stdout]                                at /rustc/df4ca44d3fbc9301ee17f30f4d474e6ae4b05252/library/core/src/panicking.rs:75:14
[INFO] [stdout]   18:     0x648f92be73b4 - core::panicking::assert_failed_inner::h04f38944d74a80a8
[INFO] [stdout]   19:     0x648f9253c50f - core::panicking::assert_failed::h0f8c41d6f2fac0d3
[INFO] [stdout]                                at /rustc/df4ca44d3fbc9301ee17f30f4d474e6ae4b05252/library/core/src/panicking.rs:377:5
[INFO] [stdout]   20:     0x648f92522619 - wiremock_concurrency::test::test_app::{{closure}}::h2b41411695b4cf3d
[INFO] [stdout]                                at /opt/rustwide/workdir/src/main.rs:333:9
[INFO] [stdout]   21:     0x648f92523414 - wiremock_concurrency::test::it_works_00::{{closure}}::h04abc59b6b34e73a
[INFO] [stdout]                                at /opt/rustwide/workdir/src/main.rs:119:20
[INFO] [stdout]   22:     0x648f92649a22 - <core::pin::Pin<P> as core::future::future::Future>::poll::h77cc14634219dec1
[INFO] [stdout]                                at /rustc/df4ca44d3fbc9301ee17f30f4d474e6ae4b05252/library/core/src/future/future.rs:123:9
[INFO] [stdout]   23:     0x648f92649a5d - <core::pin::Pin<P> as core::future::future::Future>::poll::h7dc2b080520f9e8d
[INFO] [stdout]                                at /rustc/df4ca44d3fbc9301ee17f30f4d474e6ae4b05252/library/core/src/future/future.rs:123:9
[INFO] [stdout]   24:     0x648f9252032f - tokio::runtime::scheduler::current_thread::CoreGuard::block_on::{{closure}}::{{closure}}::{{closure}}::h913196236d87b56e
[INFO] [stdout]                                at /opt/rustwide/cargo-home/registry/src/index.crates.io-6f17d22bba15001f/tokio-1.28.0/src/runtime/scheduler/current_thread.rs:541:57
[INFO] [stdout]   25:     0x648f92520255 - tokio::runtime::coop::with_budget::h918473f4f7b848d9
[INFO] [stdout]                                at /opt/rustwide/cargo-home/registry/src/index.crates.io-6f17d22bba15001f/tokio-1.28.0/src/runtime/coop.rs:107:5
[INFO] [stdout]   26:     0x648f92520255 - tokio::runtime::coop::budget::h77e214e90bb4d4e2
[INFO] [stdout]                                at /opt/rustwide/cargo-home/registry/src/index.crates.io-6f17d22bba15001f/tokio-1.28.0/src/runtime/coop.rs:73:5
[INFO] [stdout]   27:     0x648f92520255 - tokio::runtime::scheduler::current_thread::CoreGuard::block_on::{{closure}}::{{closure}}::he9b318504003fd83
[INFO] [stdout]                                at /opt/rustwide/cargo-home/registry/src/index.crates.io-6f17d22bba15001f/tokio-1.28.0/src/runtime/scheduler/current_thread.rs:541:25
[INFO] [stdout]   28:     0x648f9251ee90 - tokio::runtime::scheduler::current_thread::Context::enter::hd770e0e7f1826161
[INFO] [stdout]                                at /opt/rustwide/cargo-home/registry/src/index.crates.io-6f17d22bba15001f/tokio-1.28.0/src/runtime/scheduler/current_thread.rs:350:19
[INFO] [stdout]   29:     0x648f9251f8da - tokio::runtime::scheduler::current_thread::CoreGuard::block_on::{{closure}}::hfeccbb5dd0472a94
[INFO] [stdout]                                at /opt/rustwide/cargo-home/registry/src/index.crates.io-6f17d22bba15001f/tokio-1.28.0/src/runtime/scheduler/current_thread.rs:540:36
[INFO] [stdout]   30:     0x648f9251f654 - tokio::runtime::scheduler::current_thread::CoreGuard::enter::{{closure}}::h6f232a85b6e219f1
[INFO] [stdout]                                at /opt/rustwide/cargo-home/registry/src/index.crates.io-6f17d22bba15001f/tokio-1.28.0/src/runtime/scheduler/current_thread.rs:615:57
[INFO] [stdout]   31:     0x648f92649028 - tokio::macros::scoped_tls::ScopedKey<T>::set::hd8c96091f206075b
[INFO] [stdout]                                at /opt/rustwide/cargo-home/registry/src/index.crates.io-6f17d22bba15001f/tokio-1.28.0/src/macros/scoped_tls.rs:61:9
[INFO] [stdout]   32:     0x648f9251f3ff - tokio::runtime::scheduler::current_thread::CoreGuard::enter::he0c8ff176bfe9114
[INFO] [stdout]                                at /opt/rustwide/cargo-home/registry/src/index.crates.io-6f17d22bba15001f/tokio-1.28.0/src/runtime/scheduler/current_thread.rs:615:27
[INFO] [stdout]   33:     0x648f9251f673 - tokio::runtime::scheduler::current_thread::CoreGuard::block_on::hb238e5781d389598
[INFO] [stdout]                                at /opt/rustwide/cargo-home/registry/src/index.crates.io-6f17d22bba15001f/tokio-1.28.0/src/runtime/scheduler/current_thread.rs:530:19
[INFO] [stdout]   34:     0x648f9251bd61 - tokio::runtime::scheduler::current_thread::CurrentThread::block_on::h845e3036e2267a43
[INFO] [stdout]                                at /opt/rustwide/cargo-home/registry/src/index.crates.io-6f17d22bba15001f/tokio-1.28.0/src/runtime/scheduler/current_thread.rs:154:24
[INFO] [stdout]   35:     0x648f925f846d - tokio::runtime::runtime::Runtime::block_on::h77f42173a56b0e9b
[INFO] [stdout]                                at /opt/rustwide/cargo-home/registry/src/index.crates.io-6f17d22bba15001f/tokio-1.28.0/src/runtime/runtime.rs:302:47
[INFO] [stdout]   36:     0x648f92523245 - wiremock_concurrency::test::it_works_00::hbd530b1eb83172e9
[INFO] [stdout]                                at /opt/rustwide/workdir/src/main.rs:119:9
[INFO] [stdout]   37:     0x648f925230e7 - wiremock_concurrency::test::it_works_00::{{closure}}::h9eb46379d713c22e
[INFO] [stdout]                                at /opt/rustwide/workdir/src/main.rs:118:27
[INFO] [stdout]   38:     0x648f92658306 - core::ops::function::FnOnce::call_once::hf9db5cca64a7ab21
[INFO] [stdout]                                at /rustc/df4ca44d3fbc9301ee17f30f4d474e6ae4b05252/library/core/src/ops/function.rs:250:5
[INFO] [stdout]   39:     0x648f926d04fb - core::ops::function::FnOnce::call_once::h22c3ba5715e93f05
[INFO] [stdout]                                at /rustc/df4ca44d3fbc9301ee17f30f4d474e6ae4b05252/library/core/src/ops/function.rs:250:5
[INFO] [stdout]   40:     0x648f926d04fb - test::__rust_begin_short_backtrace::h8e82d8113d0da17f
[INFO] [stdout]                                at /rustc/df4ca44d3fbc9301ee17f30f4d474e6ae4b05252/library/test/src/lib.rs:621:18
[INFO] [stdout]   41:     0x648f926cfe77 - test::run_test_in_process::{{closure}}::h33235f4f20b7b7c7
[INFO] [stdout]                                at /rustc/df4ca44d3fbc9301ee17f30f4d474e6ae4b05252/library/test/src/lib.rs:644:60
[INFO] [stdout]   42:     0x648f926cfe77 - <core::panic::unwind_safe::AssertUnwindSafe<F> as core::ops::function::FnOnce<()>>::call_once::hb5043206310c586f
[INFO] [stdout]                                at /rustc/df4ca44d3fbc9301ee17f30f4d474e6ae4b05252/library/core/src/panic/unwind_safe.rs:272:9
[INFO] [stdout]   43:     0x648f926cfe77 - std::panicking::try::do_call::h9ad4731a60ab23e2
[INFO] [stdout]                                at /rustc/df4ca44d3fbc9301ee17f30f4d474e6ae4b05252/library/std/src/panicking.rs:557:40
[INFO] [stdout]   44:     0x648f926cfe77 - std::panicking::try::h3824d23db772a716
[INFO] [stdout]                                at /rustc/df4ca44d3fbc9301ee17f30f4d474e6ae4b05252/library/std/src/panicking.rs:520:19
[INFO] [stdout]   45:     0x648f926cfe77 - std::panic::catch_unwind::h5afd514605fde46b
[INFO] [stdout]                                at /rustc/df4ca44d3fbc9301ee17f30f4d474e6ae4b05252/library/std/src/panic.rs:358:14
[INFO] [stdout]   46:     0x648f926cfe77 - test::run_test_in_process::h0d5cbfa7067d1720
[INFO] [stdout]                                at /rustc/df4ca44d3fbc9301ee17f30f4d474e6ae4b05252/library/test/src/lib.rs:644:27
[INFO] [stdout]   47:     0x648f926cfe77 - test::run_test::{{closure}}::h708eb8872708115d
[INFO] [stdout]                                at /rustc/df4ca44d3fbc9301ee17f30f4d474e6ae4b05252/library/test/src/lib.rs:565:43
[INFO] [stdout]   48:     0x648f92693594 - test::run_test::{{closure}}::h392c51cee94713ab
[INFO] [stdout]                                at /rustc/df4ca44d3fbc9301ee17f30f4d474e6ae4b05252/library/test/src/lib.rs:595:41
[INFO] [stdout]   49:     0x648f92693594 - std::sys::backtrace::__rust_begin_short_backtrace::h2f40290710935a8b
[INFO] [stdout]                                at /rustc/df4ca44d3fbc9301ee17f30f4d474e6ae4b05252/library/std/src/sys/backtrace.rs:154:18
[INFO] [stdout]   50:     0x648f92696d3e - std::thread::Builder::spawn_unchecked_::{{closure}}::{{closure}}::h3fd968d89053a903
[INFO] [stdout]                                at /rustc/df4ca44d3fbc9301ee17f30f4d474e6ae4b05252/library/std/src/thread/mod.rs:541:17
[INFO] [stdout]   51:     0x648f92696d3e - <core::panic::unwind_safe::AssertUnwindSafe<F> as core::ops::function::FnOnce<()>>::call_once::h743f637ba4229880
[INFO] [stdout]                                at /rustc/df4ca44d3fbc9301ee17f30f4d474e6ae4b05252/library/core/src/panic/unwind_safe.rs:272:9
[INFO] [stdout]   52:     0x648f92696d3e - std::panicking::try::do_call::h07440897322525a6
[INFO] [stdout]                                at /rustc/df4ca44d3fbc9301ee17f30f4d474e6ae4b05252/library/std/src/panicking.rs:557:40
[INFO] [stdout]   53:     0x648f92696d3e - std::panicking::try::he5a2e00188156637
[INFO] [stdout]                                at /rustc/df4ca44d3fbc9301ee17f30f4d474e6ae4b05252/library/std/src/panicking.rs:520:19
[INFO] [stdout]   54:     0x648f92696d3e - std::panic::catch_unwind::hbaf3cae49b3c6433
[INFO] [stdout]                                at /rustc/df4ca44d3fbc9301ee17f30f4d474e6ae4b05252/library/std/src/panic.rs:358:14
[INFO] [stdout]   55:     0x648f92696d3e - std::thread::Builder::spawn_unchecked_::{{closure}}::h8e141ea224820bce
[INFO] [stdout]                                at /rustc/df4ca44d3fbc9301ee17f30f4d474e6ae4b05252/library/std/src/thread/mod.rs:540:30
[INFO] [stdout]   56:     0x648f92696d3e - core::ops::function::FnOnce::call_once{{vtable.shim}}::h90d312fedd7b8ea8
[INFO] [stdout]                                at /rustc/df4ca44d3fbc9301ee17f30f4d474e6ae4b05252/library/core/src/ops/function.rs:250:5
[INFO] [stdout]   57:     0x648f92bc480b - <alloc::boxed::Box<F,A> as core::ops::function::FnOnce<Args>>::call_once::h69aa08ddb6adb8b6
[INFO] [stdout]                                at /rustc/df4ca44d3fbc9301ee17f30f4d474e6ae4b05252/library/alloc/src/boxed.rs:2454:9
[INFO] [stdout]   58:     0x648f92bc480b - <alloc::boxed::Box<F,A> as core::ops::function::FnOnce<Args>>::call_once::h5aa36efdb79c806f
[INFO] [stdout]                                at /rustc/df4ca44d3fbc9301ee17f30f4d474e6ae4b05252/library/alloc/src/boxed.rs:2454:9
[INFO] [stdout]   59:     0x648f92bc480b - std::sys::pal::unix::thread::Thread::new::thread_start::h6cd80a1b4be5158d
[INFO] [stdout]                                at /rustc/df4ca44d3fbc9301ee17f30f4d474e6ae4b05252/library/std/src/sys/pal/unix/thread.rs:105:17
[INFO] [stdout]   60:     0x763b494bcac3 - <unknown>
[INFO] [stdout]   61:     0x763b4954da04 - clone
[INFO] [stdout]   62:                0x0 - <unknown>
[INFO] [stdout]   [2m2024-11-02T20:38:34.300152Z[0m [34mDEBUG[0m [1;34mwiremock::mock_set[0m[34m: [34mHandling request.[0m
[INFO] [stdout]     [2;3mat[0m /opt/rustwide/cargo-home/registry/src/index.crates.io-6f17d22bba15001f/wiremock-0.5.18/src/mock_set.rs:49
[INFO] [stdout] 
[INFO] [stdout] 
[INFO] [stdout] ---- test::it_works_22 stdout ----
[INFO] [stdout]   [2m2024-11-02T20:38:34.294824Z[0m [34mDEBUG[0m [1;34mwiremock::mock_server::exposed_server[0m[34m: [34mVerify mock expectations.[0m
[INFO] [stdout]     [2;3mat[0m /opt/rustwide/cargo-home/registry/src/index.crates.io-6f17d22bba15001f/wiremock-0.5.18/src/mock_server/exposed_server.rs:328
[INFO] [stdout] 
[INFO] [stdout]   [2m2024-11-02T20:38:34.294862Z[0m [34mDEBUG[0m [1;34mwiremock::mock_server::exposed_server[0m[34m: [34mVerify mock expectations.[0m
[INFO] [stdout]     [2;3mat[0m /opt/rustwide/cargo-home/registry/src/index.crates.io-6f17d22bba15001f/wiremock-0.5.18/src/mock_server/exposed_server.rs:328
[INFO] [stdout] 
[INFO] [stdout]   [2m2024-11-02T20:38:34.295000Z[0m [34mDEBUG[0m [1;34mtower_http::trace::on_request[0m[34m: [34mstarted processing request[0m
[INFO] [stdout]     [2;3mat[0m /opt/rustwide/cargo-home/registry/src/index.crates.io-6f17d22bba15001f/tower-http-0.3.4/src/trace/on_request.rs:91
[INFO] [stdout]     [2;3min[0m tower_http::trace::make_span::[1mrequest[0m [2;3mwith[0m [1mmethod[0m: GET, [1muri[0m: /, [1mversion[0m: HTTP/1.1
[INFO] [stdout] 
[INFO] [stdout]   [2m2024-11-02T20:38:34.296604Z[0m [34mDEBUG[0m [1;34mtower_http::trace::on_response[0m[34m: [34mfinished processing request, [1;34mlatency[0m[34m: 1 ms, [1;34mstatus[0m[34m: 500[0m
[INFO] [stdout]     [2;3mat[0m /opt/rustwide/cargo-home/registry/src/index.crates.io-6f17d22bba15001f/tower-http-0.3.4/src/trace/on_response.rs:254
[INFO] [stdout]     [2;3min[0m tower_http::trace::make_span::[1mrequest[0m [2;3mwith[0m [1mmethod[0m: GET, [1muri[0m: /, [1mversion[0m: HTTP/1.1
[INFO] [stdout] 
[INFO] [stdout]   [2m2024-11-02T20:38:34.296646Z[0m [31mERROR[0m [1;31mtower_http::trace::on_failure[0m[31m: [31mresponse failed, [1;31mclassification[0m[31m: Status code: 500 Internal Server Error, [1;31mlatency[0m[31m: 1 ms[0m
[INFO] [stdout]     [2;3mat[0m /opt/rustwide/cargo-home/registry/src/index.crates.io-6f17d22bba15001f/tower-http-0.3.4/src/trace/on_failure.rs:137
[INFO] [stdout]     [2;3min[0m tower_http::trace::make_span::[1mrequest[0m [2;3mwith[0m [1mmethod[0m: GET, [1muri[0m: /, [1mversion[0m: HTTP/1.1
[INFO] [stdout] 
[INFO] [stdout] thread 'test::it_works_22' panicked at src/main.rs:333:9:
[INFO] [stdout] assertion `left == right` failed
[INFO] [stdout]   left: 500
[INFO] [stdout]  right: 200
[INFO] [stdout] stack backtrace:
[INFO] [stdout]    0:     0x648f92bbeb7a - std::backtrace_rs::backtrace::libunwind::trace::h207520d6e9873551
[INFO] [stdout]                                at /rustc/df4ca44d3fbc9301ee17f30f4d474e6ae4b05252/library/std/src/../../backtrace/src/backtrace/libunwind.rs:116:5
[INFO] [stdout]    1:     0x648f92bbeb7a - std::backtrace_rs::backtrace::trace_unsynchronized::h2ed7433f370e3eca
[INFO] [stdout]                                at /rustc/df4ca44d3fbc9301ee17f30f4d474e6ae4b05252/library/std/src/../../backtrace/src/backtrace/mod.rs:66:5
[INFO] [stdout]    2:     0x648f92bbeb7a - std::sys::backtrace::_print_fmt::h916fac51166b18d7
[INFO] [stdout]                                at /rustc/df4ca44d3fbc9301ee17f30f4d474e6ae4b05252/library/std/src/sys/backtrace.rs:66:9
[INFO] [stdout]    3:     0x648f92bbeb7a - <std::sys::backtrace::BacktraceLock::print::DisplayBacktrace as core::fmt::Display>::fmt::ha0a4c9b8ce3802e6
[INFO] [stdout]                                at /rustc/df4ca44d3fbc9301ee17f30f4d474e6ae4b05252/library/std/src/sys/backtrace.rs:39:26
[INFO] [stdout]    4:     0x648f92be9613 - core::fmt::rt::Argument::fmt::h4cfc8587d52b3eb5
[INFO] [stdout]                                at /rustc/df4ca44d3fbc9301ee17f30f4d474e6ae4b05252/library/core/src/fmt/rt.rs:177:76
[INFO] [stdout]    5:     0x648f92be9613 - core::fmt::write::h522cc39e5b36ae9f
[INFO] [stdout]                                at /rustc/df4ca44d3fbc9301ee17f30f4d474e6ae4b05252/library/core/src/fmt/mod.rs:1190:21
[INFO] [stdout]    6:     0x648f92bba563 - std::io::Write::write_fmt::h7d3c26752da97734
[INFO] [stdout]                                at /rustc/df4ca44d3fbc9301ee17f30f4d474e6ae4b05252/library/std/src/io/mod.rs:1839:15
[INFO] [stdout]    7:     0x648f92bbe9c2 - std::sys::backtrace::BacktraceLock::print::h4b9e00b29e9c0942
[INFO] [stdout]                                at /rustc/df4ca44d3fbc9301ee17f30f4d474e6ae4b05252/library/std/src/sys/backtrace.rs:42:9
[INFO] [stdout]    8:     0x648f92bc000a - std::panicking::default_hook::{{closure}}::hb59b88280d0324d9
[INFO] [stdout]                                at /rustc/df4ca44d3fbc9301ee17f30f4d474e6ae4b05252/library/std/src/panicking.rs:268:22
[INFO] [stdout]    9:     0x648f92bbfe14 - std::panicking::default_hook::he1dd496665be4a29
[INFO] [stdout]                                at /rustc/df4ca44d3fbc9301ee17f30f4d474e6ae4b05252/library/std/src/panicking.rs:292:9
[INFO] [stdout]   10:     0x648f926cbc29 - <alloc::boxed::Box<F,A> as core::ops::function::Fn<Args>>::call::h4ff71de18744e1dc
[INFO] [stdout]                                at /rustc/df4ca44d3fbc9301ee17f30f4d474e6ae4b05252/library/alloc/src/boxed.rs:2468:9
[INFO] [stdout]   11:     0x648f926cbc29 - test::test_main::{{closure}}::hcf7c055ce117aa81
[INFO] [stdout]                                at /rustc/df4ca44d3fbc9301ee17f30f4d474e6ae4b05252/library/test/src/lib.rs:133:21
[INFO] [stdout]   12:     0x648f92bc0708 - <alloc::boxed::Box<F,A> as core::ops::function::Fn<Args>>::call::h1d66c6bbd60c9692
[INFO] [stdout]                                at /rustc/df4ca44d3fbc9301ee17f30f4d474e6ae4b05252/library/alloc/src/boxed.rs:2468:9
[INFO] [stdout]   13:     0x648f92bc0708 - std::panicking::rust_panic_with_hook::h2ff17fe8f26dfcf8
[INFO] [stdout]                                at /rustc/df4ca44d3fbc9301ee17f30f4d474e6ae4b05252/library/std/src/panicking.rs:809:13
[INFO] [stdout]   14:     0x648f92bc04ca - std::panicking::begin_panic_handler::{{closure}}::h4fad77951c07e101
[INFO] [stdout]                                at /rustc/df4ca44d3fbc9301ee17f30f4d474e6ae4b05252/library/std/src/panicking.rs:674:13
[INFO] [stdout]   15:     0x648f92bbf059 - std::sys::backtrace::__rust_end_short_backtrace::hb1a25b3da5d0ea08
[INFO] [stdout]                                at /rustc/df4ca44d3fbc9301ee17f30f4d474e6ae4b05252/library/std/src/sys/backtrace.rs:170:18
[INFO] [stdout]   16:     0x648f92bc015c - rust_begin_unwind
[INFO] [stdout]                                at /rustc/df4ca44d3fbc9301ee17f30f4d474e6ae4b05252/library/std/src/panicking.rs:665:5
[INFO] [stdout]   17:     0x648f92be6fb0 - core::panicking::panic_fmt::ha9db07b529f9b256
[INFO] [stdout]                                at /rustc/df4ca44d3fbc9301ee17f30f4d474e6ae4b05252/library/core/src/panicking.rs:75:14
[INFO] [stdout]   18:     0x648f92be73b4 - core::panicking::assert_failed_inner::h04f38944d74a80a8
[INFO] [stdout]   19:     0x648f9253c50f - core::panicking::assert_failed::h0f8c41d6f2fac0d3
[INFO] [stdout]                                at /rustc/df4ca44d3fbc9301ee17f30f4d474e6ae4b05252/library/core/src/panicking.rs:377:5
[INFO] [stdout]   20:     0x648f92522619 - wiremock_concurrency::test::test_app::{{closure}}::h2b41411695b4cf3d
[INFO] [stdout]                                at /opt/rustwide/workdir/src/main.rs:333:9
[INFO] [stdout]   21:     0x648f92528694 - wiremock_concurrency::test::it_works_22::{{closure}}::h2e21b1f10b3f0448
[INFO] [stdout]                                at /opt/rustwide/workdir/src/main.rs:229:20
[INFO] [stdout]   22:     0x648f92649a22 - <core::pin::Pin<P> as core::future::future::Future>::poll::h77cc14634219dec1
[INFO] [stdout]                                at /rustc/df4ca44d3fbc9301ee17f30f4d474e6ae4b05252/library/core/src/future/future.rs:123:9
[INFO] [stdout]   23:     0x648f92649a5d - <core::pin::Pin<P> as core::future::future::Future>::poll::h7dc2b080520f9e8d
[INFO] [stdout]                                at /rustc/df4ca44d3fbc9301ee17f30f4d474e6ae4b05252/library/core/src/future/future.rs:123:9
[INFO] [stdout]   24:     0x648f9252032f - tokio::runtime::scheduler::current_thread::CoreGuard::block_on::{{closure}}::{{closure}}::{{closure}}::h913196236d87b56e
[INFO] [stdout]                                at /opt/rustwide/cargo-home/registry/src/index.crates.io-6f17d22bba15001f/tokio-1.28.0/src/runtime/scheduler/current_thread.rs:541:57
[INFO] [stdout]   25:     0x648f92520255 - tokio::runtime::coop::with_budget::h918473f4f7b848d9
[INFO] [stdout]                                at /opt/rustwide/cargo-home/registry/src/index.crates.io-6f17d22bba15001f/tokio-1.28.0/src/runtime/coop.rs:107:5
[INFO] [stdout]   26:     0x648f92520255 - tokio::runtime::coop::budget::h77e214e90bb4d4e2
[INFO] [stdout]                                at /opt/rustwide/cargo-home/registry/src/index.crates.io-6f17d22bba15001f/tokio-1.28.0/src/runtime/coop.rs:73:5
[INFO] [stdout]   27:     0x648f92520255 - tokio::runtime::scheduler::current_thread::CoreGuard::block_on::{{closure}}::{{closure}}::he9b318504003fd83
[INFO] [stdout]                                at /opt/rustwide/cargo-home/registry/src/index.crates.io-6f17d22bba15001f/tokio-1.28.0/src/runtime/scheduler/current_thread.rs:541:25
[INFO] [stdout]   28:     0x648f9251ee90 - tokio::runtime::scheduler::current_thread::Context::enter::hd770e0e7f1826161
[INFO] [stdout]                                at /opt/rustwide/cargo-home/registry/src/index.crates.io-6f17d22bba15001f/tokio-1.28.0/src/runtime/scheduler/current_thread.rs:350:19
[INFO] [stdout]   29:     0x648f9251f8da - tokio::runtime::scheduler::current_thread::CoreGuard::block_on::{{closure}}::hfeccbb5dd0472a94
[INFO] [stdout]                                at /opt/rustwide/cargo-home/registry/src/index.crates.io-6f17d22bba15001f/tokio-1.28.0/src/runtime/scheduler/current_thread.rs:540:36
[INFO] [stdout]   30:     0x648f9251f654 - tokio::runtime::scheduler::current_thread::CoreGuard::enter::{{closure}}::h6f232a85b6e219f1
[INFO] [stdout]                                at /opt/rustwide/cargo-home/registry/src/index.crates.io-6f17d22bba15001f/tokio-1.28.0/src/runtime/scheduler/current_thread.rs:615:57
[INFO] [stdout]   31:     0x648f92649028 - tokio::macros::scoped_tls::ScopedKey<T>::set::hd8c96091f206075b
[INFO] [stdout]                                at /opt/rustwide/cargo-home/registry/src/index.crates.io-6f17d22bba15001f/tokio-1.28.0/src/macros/scoped_tls.rs:61:9
[INFO] [stdout]   32:     0x648f9251f3ff - tokio::runtime::scheduler::current_thread::CoreGuard::enter::he0c8ff176bfe9114
[INFO] [stdout]                                at /opt/rustwide/cargo-home/registry/src/index.crates.io-6f17d22bba15001f/tokio-1.28.0/src/runtime/scheduler/current_thread.rs:615:27
[INFO] [stdout]   33:     0x648f9251f673 - tokio::runtime::scheduler::current_thread::CoreGuard::block_on::hb238e5781d389598
[INFO] [stdout]                                at /opt/rustwide/cargo-home/registry/src/index.crates.io-6f17d22bba15001f/tokio-1.28.0/src/runtime/scheduler/current_thread.rs:530:19
[INFO] [stdout]   34:     0x648f9251bd61 - tokio::runtime::scheduler::current_thread::CurrentThread::block_on::h845e3036e2267a43
[INFO] [stdout]                                at /opt/rustwide/cargo-home/registry/src/index.crates.io-6f17d22bba15001f/tokio-1.28.0/src/runtime/scheduler/current_thread.rs:154:24
[INFO] [stdout]   35:     0x648f925f846d - tokio::runtime::runtime::Runtime::block_on::h77f42173a56b0e9b
[INFO] [stdout]                                at /opt/rustwide/cargo-home/registry/src/index.crates.io-6f17d22bba15001f/tokio-1.28.0/src/runtime/runtime.rs:302:47
[INFO] [stdout]   36:     0x648f925284c5 - wiremock_concurrency::test::it_works_22::he64b04d5ac5f9bd7
[INFO] [stdout]                                at /opt/rustwide/workdir/src/main.rs:229:9
[INFO] [stdout]   37:     0x648f92528367 - wiremock_concurrency::test::it_works_22::{{closure}}::h4f676d378e5fa337
[INFO] [stdout]                                at /opt/rustwide/workdir/src/main.rs:228:27
[INFO] [stdout]   38:     0x648f92656156 - core::ops::function::FnOnce::call_once::h50821732aa2e4727
[INFO] [stdout]                                at /rustc/df4ca44d3fbc9301ee17f30f4d474e6ae4b05252/library/core/src/ops/function.rs:250:5
[INFO] [stdout]   39:     0x648f926d04fb - core::ops::function::FnOnce::call_once::h22c3ba5715e93f05
[INFO] [stdout]                                at /rustc/df4ca44d3fbc9301ee17f30f4d474e6ae4b05252/library/core/src/ops/function.rs:250:5
[INFO] [stdout]   40:     0x648f926d04fb - test::__rust_begin_short_backtrace::h8e82d8113d0da17f
[INFO] [stdout]                                at /rustc/df4ca44d3fbc9301ee17f30f4d474e6ae4b05252/library/test/src/lib.rs:621:18
[INFO] [stdout]   41:     0x648f926cfe77 - test::run_test_in_process::{{closure}}::h33235f4f20b7b7c7
[INFO] [stdout]                                at /rustc/df4ca44d3fbc9301ee17f30f4d474e6ae4b05252/library/test/src/lib.rs:644:60
[INFO] [stdout]   42:     0x648f926cfe77 - <core::panic::unwind_safe::AssertUnwindSafe<F> as core::ops::function::FnOnce<()>>::call_once::hb5043206310c586f
[INFO] [stdout]                                at /rustc/df4ca44d3fbc9301ee17f30f4d474e6ae4b05252/library/core/src/panic/unwind_safe.rs:272:9
[INFO] [stdout]   43:     0x648f926cfe77 - std::panicking::try::do_call::h9ad4731a60ab23e2
[INFO] [stdout]                                at /rustc/df4ca44d3fbc9301ee17f30f4d474e6ae4b05252/library/std/src/panicking.rs:557:40
[INFO] [stdout]   44:     0x648f926cfe77 - std::panicking::try::h3824d23db772a716
[INFO] [stdout]                                at /rustc/df4ca44d3fbc9301ee17f30f4d474e6ae4b05252/library/std/src/panicking.rs:520:19
[INFO] [stdout]   45:     0x648f926cfe77 - std::panic::catch_unwind::h5afd514605fde46b
[INFO] [stdout]                                at /rustc/df4ca44d3fbc9301ee17f30f4d474e6ae4b05252/library/std/src/panic.rs:358:14
[INFO] [stdout]   46:     0x648f926cfe77 - test::run_test_in_process::h0d5cbfa7067d1720
[INFO] [stdout]                                at /rustc/df4ca44d3fbc9301ee17f30f4d474e6ae4b05252/library/test/src/lib.rs:644:27
[INFO] [stdout]   47:     0x648f926cfe77 - test::run_test::{{closure}}::h708eb8872708115d
[INFO] [stdout]                                at /rustc/df4ca44d3fbc9301ee17f30f4d474e6ae4b05252/library/test/src/lib.rs:565:43
[INFO] [stdout]   48:     0x648f92693594 - test::run_test::{{closure}}::h392c51cee94713ab
[INFO] [stdout]                                at /rustc/df4ca44d3fbc9301ee17f30f4d474e6ae4b05252/library/test/src/lib.rs:595:41
[INFO] [stdout]   49:     0x648f92693594 - std::sys::backtrace::__rust_begin_short_backtrace::h2f40290710935a8b
[INFO] [stdout]                                at /rustc/df4ca44d3fbc9301ee17f30f4d474e6ae4b05252/library/std/src/sys/backtrace.rs:154:18
[INFO] [stdout]   50:     0x648f92696d3e - std::thread::Builder::spawn_unchecked_::{{closure}}::{{closure}}::h3fd968d89053a903
[INFO] [stdout]                                at /rustc/df4ca44d3fbc9301ee17f30f4d474e6ae4b05252/library/std/src/thread/mod.rs:541:17
[INFO] [stdout]   51:     0x648f92696d3e - <core::panic::unwind_safe::AssertUnwindSafe<F> as core::ops::function::FnOnce<()>>::call_once::h743f637ba4229880
[INFO] [stdout]                                at /rustc/df4ca44d3fbc9301ee17f30f4d474e6ae4b05252/library/core/src/panic/unwind_safe.rs:272:9
[INFO] [stdout]   52:     0x648f92696d3e - std::panicking::try::do_call::h07440897322525a6
[INFO] [stdout]                                at /rustc/df4ca44d3fbc9301ee17f30f4d474e6ae4b05252/library/std/src/panicking.rs:557:40
[INFO] [stdout]   53:     0x648f92696d3e - std::panicking::try::he5a2e00188156637
[INFO] [stdout]                                at /rustc/df4ca44d3fbc9301ee17f30f4d474e6ae4b05252/library/std/src/panicking.rs:520:19
[INFO] [stdout]   54:     0x648f92696d3e - std::panic::catch_unwind::hbaf3cae49b3c6433
[INFO] [stdout]                                at /rustc/df4ca44d3fbc9301ee17f30f4d474e6ae4b05252/library/std/src/panic.rs:358:14
[INFO] [stdout]   55:     0x648f92696d3e - std::thread::Builder::spawn_unchecked_::{{closure}}::h8e141ea224820bce
[INFO] [stdout]                                at /rustc/df4ca44d3fbc9301ee17f30f4d474e6ae4b05252/library/std/src/thread/mod.rs:540:30
[INFO] [stdout]   56:     0x648f92696d3e - core::ops::function::FnOnce::call_once{{vtable.shim}}::h90d312fedd7b8ea8
[INFO] [stdout]                                at /rustc/df4ca44d3fbc9301ee17f30f4d474e6ae4b05252/library/core/src/ops/function.rs:250:5
[INFO] [stdout]   57:     0x648f92bc480b - <alloc::boxed::Box<F,A> as core::ops::function::FnOnce<Args>>::call_once::h69aa08ddb6adb8b6
[INFO] [stdout]                                at /rustc/df4ca44d3fbc9301ee17f30f4d474e6ae4b05252/library/alloc/src/boxed.rs:2454:9
[INFO] [stdout]   58:     0x648f92bc480b - <alloc::boxed::Box<F,A> as core::ops::function::FnOnce<Args>>::call_once::h5aa36efdb79c806f
[INFO] [stdout]                                at /rustc/df4ca44d3fbc9301ee17f30f4d474e6ae4b05252/library/alloc/src/boxed.rs:2454:9
[INFO] [stdout]   59:     0x648f92bc480b - std::sys::pal::unix::thread::Thread::new::thread_start::h6cd80a1b4be5158d
[INFO] [stdout]                                at /rustc/df4ca44d3fbc9301ee17f30f4d474e6ae4b05252/library/std/src/sys/pal/unix/thread.rs:105:17
[INFO] [stdout]   60:     0x763b494bcac3 - <unknown>
[INFO] [stdout]   61:     0x763b4954da04 - clone
[INFO] [stdout]   62:                0x0 - <unknown>
[INFO] [stdout] 
[INFO] [stdout] 
[INFO] [stdout] failures:
[INFO] [stdout]     test::it_works_00
[INFO] [stdout]     test::it_works_15
[INFO] [stdout]     test::it_works_22
[INFO] [stdout] 
[INFO] [stdout] test result: FAILED. 37 passed; 3 failed; 0 ignored; 0 measured; 0 filtered out; finished in 0.07s
[INFO] [stdout] 
[INFO] [stderr] error: test failed, to rerun pass `--bin wiremock-concurrency`
[INFO] running `Command { std: "docker" "inspect" "ea1b4579f95cd4b81ee725a4efa80904550697cf643168b7456a292eb500e6c4", kill_on_drop: false }`
[INFO] running `Command { std: "docker" "rm" "-f" "ea1b4579f95cd4b81ee725a4efa80904550697cf643168b7456a292eb500e6c4", kill_on_drop: false }`
[INFO] [stdout] ea1b4579f95cd4b81ee725a4efa80904550697cf643168b7456a292eb500e6c4
