[INFO] cloning repository https://github.com/TimMeiwald/ppparser
[INFO] running `Command { std: "git" "-c" "credential.helper=" "-c" "credential.helper=/workspace/cargo-home/bin/git-credential-null" "clone" "--bare" "https://github.com/TimMeiwald/ppparser" "/workspace/cache/git-repos/https%3A%2F%2Fgithub.com%2FTimMeiwald%2Fppparser", kill_on_drop: false }`
[INFO] [stderr] Cloning into bare repository '/workspace/cache/git-repos/https%3A%2F%2Fgithub.com%2FTimMeiwald%2Fppparser'...
[INFO] running `Command { std: "git" "rev-parse" "HEAD", kill_on_drop: false }`
[INFO] [stdout] c8038194829be93c873d1e2033b5a8fb9396a3ba
[INFO] testing TimMeiwald/ppparser/c8038194829be93c873d1e2033b5a8fb9396a3ba against nightly-2024-10-28 for randomize-layout
[INFO] running `Command { std: "git" "clone" "/workspace/cache/git-repos/https%3A%2F%2Fgithub.com%2FTimMeiwald%2Fppparser" "/workspace/builds/worker-5-tc1/source", kill_on_drop: false }`
[INFO] [stderr] Cloning into '/workspace/builds/worker-5-tc1/source'...
[INFO] [stderr] done.
[INFO] validating manifest of git repo https://github.com/TimMeiwald/ppparser on toolchain nightly-2024-10-28
[INFO] running `Command { std: CARGO_HOME="/workspace/cargo-home" RUSTUP_HOME="/workspace/rustup-home" "/workspace/cargo-home/bin/cargo" "+nightly-2024-10-28" "metadata" "--manifest-path" "Cargo.toml" "--no-deps", kill_on_drop: false }`
[INFO] removed /workspace/builds/worker-5-tc1/source/.cargo/config.toml
[INFO] started tweaking git repo https://github.com/TimMeiwald/ppparser
[INFO] finished tweaking git repo https://github.com/TimMeiwald/ppparser
[INFO] tweaked toml for git repo https://github.com/TimMeiwald/ppparser written to /workspace/builds/worker-5-tc1/source/Cargo.toml
[INFO] crate git repo https://github.com/TimMeiwald/ppparser already has a lockfile, it will not be regenerated
[INFO] running `Command { std: CARGO_HOME="/workspace/cargo-home" RUSTUP_HOME="/workspace/rustup-home" "/workspace/cargo-home/bin/cargo" "+nightly-2024-10-28" "fetch" "--manifest-path" "Cargo.toml", kill_on_drop: false }`
[INFO] running `Command { std: "docker" "create" "-v" "/var/lib/crater-agent-workspace/builds/worker-5-tc1/target:/opt/rustwide/target:rw,Z" "-v" "/var/lib/crater-agent-workspace/builds/worker-5-tc1/source:/opt/rustwide/workdir:ro,Z" "-v" "/var/lib/crater-agent-workspace/cargo-home:/opt/rustwide/cargo-home:ro,Z" "-v" "/var/lib/crater-agent-workspace/rustup-home:/opt/rustwide/rustup-home:ro,Z" "-e" "SOURCE_DIR=/opt/rustwide/workdir" "-e" "CARGO_TARGET_DIR=/opt/rustwide/target" "-e" "CARGO_HOME=/opt/rustwide/cargo-home" "-e" "RUSTUP_HOME=/opt/rustwide/rustup-home" "-w" "/opt/rustwide/workdir" "-m" "1610612736" "--user" "0:0" "--network" "none" "ghcr.io/rust-lang/crates-build-env/linux@sha256:4a844ea9eb2546a2d2c7022eacef16ef2e8229c7fbb2c7d4d55a9ceca922f72d" "/opt/rustwide/cargo-home/bin/cargo" "+nightly-2024-10-28" "metadata" "--no-deps" "--format-version=1", kill_on_drop: false }`
[INFO] [stdout] 8a849b2ce1c7a235fa88f88c6ef60e65120370f359da2ed105aee9058264f0e8
[INFO] running `Command { std: "docker" "start" "-a" "8a849b2ce1c7a235fa88f88c6ef60e65120370f359da2ed105aee9058264f0e8", kill_on_drop: false }`
[INFO] running `Command { std: "docker" "inspect" "8a849b2ce1c7a235fa88f88c6ef60e65120370f359da2ed105aee9058264f0e8", kill_on_drop: false }`
[INFO] running `Command { std: "docker" "rm" "-f" "8a849b2ce1c7a235fa88f88c6ef60e65120370f359da2ed105aee9058264f0e8", kill_on_drop: false }`
[INFO] [stdout] 8a849b2ce1c7a235fa88f88c6ef60e65120370f359da2ed105aee9058264f0e8
[INFO] running `Command { std: "docker" "create" "-v" "/var/lib/crater-agent-workspace/builds/worker-5-tc1/target:/opt/rustwide/target:rw,Z" "-v" "/var/lib/crater-agent-workspace/builds/worker-5-tc1/source:/opt/rustwide/workdir:ro,Z" "-v" "/var/lib/crater-agent-workspace/cargo-home:/opt/rustwide/cargo-home:ro,Z" "-v" "/var/lib/crater-agent-workspace/rustup-home:/opt/rustwide/rustup-home:ro,Z" "-e" "SOURCE_DIR=/opt/rustwide/workdir" "-e" "CARGO_TARGET_DIR=/opt/rustwide/target" "-e" "CARGO_INCREMENTAL=0" "-e" "RUST_BACKTRACE=full" "-e" "RUSTFLAGS=--cap-lints=forbid" "-e" "RUSTDOCFLAGS=--cap-lints=forbid" "-e" "CARGO_HOME=/opt/rustwide/cargo-home" "-e" "RUSTUP_HOME=/opt/rustwide/rustup-home" "-w" "/opt/rustwide/workdir" "-m" "1610612736" "--user" "0:0" "--network" "none" "ghcr.io/rust-lang/crates-build-env/linux@sha256:4a844ea9eb2546a2d2c7022eacef16ef2e8229c7fbb2c7d4d55a9ceca922f72d" "/opt/rustwide/cargo-home/bin/cargo" "+nightly-2024-10-28" "build" "--frozen" "--message-format=json", kill_on_drop: false }`
[INFO] [stdout] 07f0da233f26373e8b7dd476340d3f76826581e0c4a552fa60b51680d5ad7de8
[INFO] running `Command { std: "docker" "start" "-a" "07f0da233f26373e8b7dd476340d3f76826581e0c4a552fa60b51680d5ad7de8", kill_on_drop: false }`
[INFO] [stderr]    Compiling autocfg v1.4.0
[INFO] [stderr]    Compiling proc-macro2 v1.0.87
[INFO] [stderr]    Compiling unicode-ident v1.0.13
[INFO] [stderr]    Compiling utf8parse v0.2.2
[INFO] [stderr]    Compiling anstyle v1.0.8
[INFO] [stderr]    Compiling anstyle-query v1.1.1
[INFO] [stderr]    Compiling colorchoice v1.0.2
[INFO] [stderr]    Compiling is_terminal_polyfill v1.70.1
[INFO] [stderr]    Compiling anstyle-parse v0.2.5
[INFO] [stderr]    Compiling anyhow v1.0.89
[INFO] [stderr]    Compiling heck v0.5.0
[INFO] [stderr]    Compiling clap_lex v0.7.2
[INFO] [stderr]    Compiling strsim v0.11.1
[INFO] [stderr]    Compiling anstream v0.6.15
[INFO] [stderr]    Compiling indoc v2.0.5
[INFO] [stderr]    Compiling clap_builder v4.5.19
[INFO] [stderr]    Compiling num-traits v0.2.19
[INFO] [stderr]    Compiling quote v1.0.37
[INFO] [stderr]    Compiling syn v2.0.79
[INFO] [stderr]    Compiling num-integer v0.1.46
[INFO] [stderr]    Compiling num-complex v0.4.6
[INFO] [stderr]    Compiling num-bigint v0.4.6
[INFO] [stderr]    Compiling num-iter v0.1.45
[INFO] [stderr]    Compiling num-rational v0.4.2
[INFO] [stderr]    Compiling num v0.4.3
[INFO] [stderr]    Compiling num-derive v0.4.2
[INFO] [stderr]    Compiling clap_derive v4.5.18
[INFO] [stderr]    Compiling parser v2.0.0 (/opt/rustwide/workdir/parser)
[INFO] [stderr]    Compiling generator v2.0.0 (/opt/rustwide/workdir/generator)
[INFO] [stderr]    Compiling clap v4.5.19
[INFO] [stdout] warning: unused variable: `lhs`
[INFO] [stdout]   --> generator/src/symbol_table.rs:85:13
[INFO] [stdout]    |
[INFO] [stdout] 85 |         let lhs = tree.get_node(index);
[INFO] [stdout]    |             ^^^ help: if this is intentional, prefix it with an underscore: `_lhs`
[INFO] [stdout]    |
[INFO] [stdout]    = note: `#[warn(unused_variables)]` on by default
[INFO] [stdout] 
[INFO] [stdout] 
[INFO] [stderr]    Compiling runner v2.0.0 (/opt/rustwide/workdir/runner)
[INFO] [stdout] warning: unused import: `std::io::Write`
[INFO] [stdout]  --> runner/src/data.rs:5:5
[INFO] [stdout]   |
[INFO] [stdout] 5 | use std::io::Write;
[INFO] [stdout]   |     ^^^^^^^^^^^^^^
[INFO] [stdout]   |
[INFO] [stdout]   = note: `#[warn(unused_imports)]` on by default
[INFO] [stdout] 
[INFO] [stdout] 
[INFO] [stdout] warning: unused import: `std::str::FromStr`
[INFO] [stdout]  --> runner/src/data.rs:8:5
[INFO] [stdout]   |
[INFO] [stdout] 8 | use std::str::FromStr;
[INFO] [stdout]   |     ^^^^^^^^^^^^^^^^^
[INFO] [stdout] 
[INFO] [stdout] 
[INFO] [stdout] warning: unused variable: `r`
[INFO] [stdout]   --> runner/src/data.rs:82:21
[INFO] [stdout]    |
[INFO] [stdout] 82 |                 let r = f.wait();
[INFO] [stdout]    |                     ^ help: if this is intentional, prefix it with an underscore: `_r`
[INFO] [stdout]    |
[INFO] [stdout]    = note: `#[warn(unused_variables)]` on by default
[INFO] [stdout] 
[INFO] [stdout] 
[INFO] [stdout] warning: unused variable: `r`
[INFO] [stdout]   --> runner/src/data.rs:90:21
[INFO] [stdout]    |
[INFO] [stdout] 90 |                 let r = f.wait();
[INFO] [stdout]    |                     ^ help: if this is intentional, prefix it with an underscore: `_r`
[INFO] [stdout] 
[INFO] [stdout] 
[INFO] [stdout] warning: unused variable: `r`
[INFO] [stdout]   --> runner/src/data.rs:97:21
[INFO] [stdout]    |
[INFO] [stdout] 97 |                 let r = f.wait();
[INFO] [stdout]    |                     ^ help: if this is intentional, prefix it with an underscore: `_r`
[INFO] [stdout] 
[INFO] [stdout] 
[INFO] [stdout] warning: unused variable: `r`
[INFO] [stdout]    --> runner/src/data.rs:104:21
[INFO] [stdout]     |
[INFO] [stdout] 104 |                 let r = f.wait();
[INFO] [stdout]     |                     ^ help: if this is intentional, prefix it with an underscore: `_r`
[INFO] [stdout] 
[INFO] [stdout] 
[INFO] [stdout] warning: unused variable: `r`
[INFO] [stdout]    --> runner/src/data.rs:113:21
[INFO] [stdout]     |
[INFO] [stdout] 113 |                 let r = f.wait();
[INFO] [stdout]     |                     ^ help: if this is intentional, prefix it with an underscore: `_r`
[INFO] [stdout] 
[INFO] [stdout] 
[INFO] [stdout] warning: unused variable: `res`
[INFO] [stdout]    --> runner/src/data.rs:170:21
[INFO] [stdout]     |
[INFO] [stdout] 170 |                 let res = fs::copy(e, new_file_path)?;
[INFO] [stdout]     |                     ^^^ help: if this is intentional, prefix it with an underscore: `_res`
[INFO] [stdout] 
[INFO] [stdout] 
[INFO] [stdout] warning: variable does not need to be mutable
[INFO] [stdout]    --> runner/src/data.rs:154:21
[INFO] [stdout]     |
[INFO] [stdout] 154 |                 let mut e = &entry?.path();
[INFO] [stdout]     |                     ----^
[INFO] [stdout]     |                     |
[INFO] [stdout]     |                     help: remove this `mut`
[INFO] [stdout]     |
[INFO] [stdout]     = note: `#[warn(unused_mut)]` on by default
[INFO] [stdout] 
[INFO] [stdout] 
[INFO] [stdout] warning: function `copy_dir_all` is never used
[INFO] [stdout]  --> runner/src/data.rs:9:8
[INFO] [stdout]   |
[INFO] [stdout] 9 | pub fn copy_dir_all(src: impl AsRef<Path>, dst: impl AsRef<Path>) -> Result<()> {
[INFO] [stdout]   |        ^^^^^^^^^^^^
[INFO] [stdout]   |
[INFO] [stdout]   = note: `#[warn(dead_code)]` on by default
[INFO] [stdout] 
[INFO] [stdout] 
[INFO] [stdout] warning: function `copy_file` is never used
[INFO] [stdout]   --> runner/src/data.rs:23:8
[INFO] [stdout]    |
[INFO] [stdout] 23 | pub fn copy_file(src: impl AsRef<Path>, dst: impl AsRef<Path>) -> Result<u64> {
[INFO] [stdout]    |        ^^^^^^^^^
[INFO] [stdout] 
[INFO] [stdout] 
[INFO] [stdout] warning: methods `copy_all`, `copy_file`, `copy_file_with_dst`, `make_file`, and `remove_file` are never used
[INFO] [stdout]    --> runner/src/data.rs:179:8
[INFO] [stdout]     |
[INFO] [stdout] 34  | impl DataGenerator {
[INFO] [stdout]     | ------------------ methods in this implementation
[INFO] [stdout] ...
[INFO] [stdout] 179 |     fn copy_all(&self, pathbuf: &Path) -> Result<()> {
[INFO] [stdout]     |        ^^^^^^^^
[INFO] [stdout] ...
[INFO] [stdout] 185 |     fn copy_file(&self, pathbuf: &Path) -> Result<()> {
[INFO] [stdout]     |        ^^^^^^^^^
[INFO] [stdout] ...
[INFO] [stdout] 198 |     fn copy_file_with_dst(&self, pathbuf: &Path, dst: &Path) -> Result<()> {
[INFO] [stdout]     |        ^^^^^^^^^^^^^^^^^^
[INFO] [stdout] ...
[INFO] [stdout] 211 |     fn make_file(&self, pathbuf: &Path) -> Result<File> {
[INFO] [stdout]     |        ^^^^^^^^^
[INFO] [stdout] ...
[INFO] [stdout] 239 |     fn remove_file(&self, pathbuf: &Path) -> Result<()> {
[INFO] [stdout]     |        ^^^^^^^^^^^
[INFO] [stdout] 
[INFO] [stdout] 
[INFO] [stderr]     Finished `dev` profile [unoptimized + debuginfo] target(s) in 8.07s
[INFO] running `Command { std: "docker" "inspect" "07f0da233f26373e8b7dd476340d3f76826581e0c4a552fa60b51680d5ad7de8", kill_on_drop: false }`
[INFO] running `Command { std: "docker" "rm" "-f" "07f0da233f26373e8b7dd476340d3f76826581e0c4a552fa60b51680d5ad7de8", kill_on_drop: false }`
[INFO] [stdout] 07f0da233f26373e8b7dd476340d3f76826581e0c4a552fa60b51680d5ad7de8
[INFO] running `Command { std: "docker" "create" "-v" "/var/lib/crater-agent-workspace/builds/worker-5-tc1/target:/opt/rustwide/target:rw,Z" "-v" "/var/lib/crater-agent-workspace/builds/worker-5-tc1/source:/opt/rustwide/workdir:ro,Z" "-v" "/var/lib/crater-agent-workspace/cargo-home:/opt/rustwide/cargo-home:ro,Z" "-v" "/var/lib/crater-agent-workspace/rustup-home:/opt/rustwide/rustup-home:ro,Z" "-e" "SOURCE_DIR=/opt/rustwide/workdir" "-e" "CARGO_TARGET_DIR=/opt/rustwide/target" "-e" "CARGO_INCREMENTAL=0" "-e" "RUST_BACKTRACE=full" "-e" "RUSTFLAGS=--cap-lints=forbid" "-e" "RUSTDOCFLAGS=--cap-lints=forbid" "-e" "CARGO_HOME=/opt/rustwide/cargo-home" "-e" "RUSTUP_HOME=/opt/rustwide/rustup-home" "-w" "/opt/rustwide/workdir" "-m" "1610612736" "--user" "0:0" "--network" "none" "ghcr.io/rust-lang/crates-build-env/linux@sha256:4a844ea9eb2546a2d2c7022eacef16ef2e8229c7fbb2c7d4d55a9ceca922f72d" "/opt/rustwide/cargo-home/bin/cargo" "+nightly-2024-10-28" "test" "--frozen" "--no-run" "--message-format=json", kill_on_drop: false }`
[INFO] [stdout] d6c3b6b1887614be56e77bbd06a89f3edfb99a548d3e7e3ca2d408bb7bc7b419
[INFO] running `Command { std: "docker" "start" "-a" "d6c3b6b1887614be56e77bbd06a89f3edfb99a548d3e7e3ca2d408bb7bc7b419", kill_on_drop: false }`
[INFO] [stderr]    Compiling crossbeam-utils v0.8.20
[INFO] [stderr]    Compiling serde v1.0.210
[INFO] [stderr]    Compiling rayon-core v1.12.1
[INFO] [stderr]    Compiling serde_json v1.0.128
[INFO] [stderr]    Compiling libc v0.2.159
[INFO] [stderr]    Compiling serde_derive v1.0.210
[INFO] [stderr]    Compiling cfg-if v1.0.0
[INFO] [stderr]    Compiling either v1.13.0
[INFO] [stderr]    Compiling half v2.4.1
[INFO] [stderr]    Compiling ciborium-io v0.2.2
[INFO] [stderr]    Compiling plotters-backend v0.3.7
[INFO] [stderr]    Compiling memchr v2.7.4
[INFO] [stderr]    Compiling itoa v1.0.11
[INFO] [stderr]    Compiling ryu v1.0.18
[INFO] [stderr]    Compiling regex-syntax v0.8.5
[INFO] [stderr]    Compiling ciborium-ll v0.2.2
[INFO] [stderr]    Compiling itertools v0.10.5
[INFO] [stderr]    Compiling plotters-svg v0.3.7
[INFO] [stderr]    Compiling crossbeam-epoch v0.9.18
[INFO] [stderr]    Compiling same-file v1.0.6
[INFO] [stderr]    Compiling cast v0.3.0
[INFO] [stderr]    Compiling is-terminal v0.4.13
[INFO] [stderr]    Compiling crossbeam-deque v0.8.5
[INFO] [stderr]    Compiling walkdir v2.5.0
[INFO] [stderr]    Compiling plotters v0.3.7
[INFO] [stderr]    Compiling anes v0.1.6
[INFO] [stderr]    Compiling once_cell v1.20.2
[INFO] [stderr]    Compiling oorandom v11.1.4
[INFO] [stderr]    Compiling runner v2.0.0 (/opt/rustwide/workdir/runner)
[INFO] [stdout] warning: unused variable: `lhs`
[INFO] [stdout]   --> generator/src/symbol_table.rs:85:13
[INFO] [stdout]    |
[INFO] [stdout] 85 |         let lhs = tree.get_node(index);
[INFO] [stdout]    |             ^^^ help: if this is intentional, prefix it with an underscore: `_lhs`
[INFO] [stdout]    |
[INFO] [stdout]    = note: `#[warn(unused_variables)]` on by default
[INFO] [stdout] 
[INFO] [stdout] 
[INFO] [stderr]    Compiling generator v2.0.0 (/opt/rustwide/workdir/generator)
[INFO] [stdout] warning: unused import: `std::io::Write`
[INFO] [stdout]  --> runner/src/data.rs:5:5
[INFO] [stdout]   |
[INFO] [stdout] 5 | use std::io::Write;
[INFO] [stdout]   |     ^^^^^^^^^^^^^^
[INFO] [stdout]   |
[INFO] [stdout]   = note: `#[warn(unused_imports)]` on by default
[INFO] [stdout] 
[INFO] [stdout] 
[INFO] [stdout] warning: unused import: `std::str::FromStr`
[INFO] [stdout]  --> runner/src/data.rs:8:5
[INFO] [stdout]   |
[INFO] [stdout] 8 | use std::str::FromStr;
[INFO] [stdout]   |     ^^^^^^^^^^^^^^^^^
[INFO] [stdout] 
[INFO] [stdout] 
[INFO] [stderr]    Compiling rayon v1.10.0
[INFO] [stdout] warning: unused variable: `r`
[INFO] [stdout]   --> runner/src/data.rs:82:21
[INFO] [stdout]    |
[INFO] [stdout] 82 |                 let r = f.wait();
[INFO] [stdout]    |                     ^ help: if this is intentional, prefix it with an underscore: `_r`
[INFO] [stdout]    |
[INFO] [stdout]    = note: `#[warn(unused_variables)]` on by default
[INFO] [stdout] 
[INFO] [stdout] 
[INFO] [stdout] warning: unused variable: `r`
[INFO] [stdout]   --> runner/src/data.rs:90:21
[INFO] [stdout]    |
[INFO] [stdout] 90 |                 let r = f.wait();
[INFO] [stdout]    |                     ^ help: if this is intentional, prefix it with an underscore: `_r`
[INFO] [stdout] 
[INFO] [stdout] 
[INFO] [stdout] warning: unused variable: `r`
[INFO] [stdout]   --> runner/src/data.rs:97:21
[INFO] [stdout]    |
[INFO] [stdout] 97 |                 let r = f.wait();
[INFO] [stdout]    |                     ^ help: if this is intentional, prefix it with an underscore: `_r`
[INFO] [stdout] 
[INFO] [stdout] 
[INFO] [stdout] warning: unused variable: `r`
[INFO] [stdout]    --> runner/src/data.rs:104:21
[INFO] [stdout]     |
[INFO] [stdout] 104 |                 let r = f.wait();
[INFO] [stdout]     |                     ^ help: if this is intentional, prefix it with an underscore: `_r`
[INFO] [stdout] 
[INFO] [stdout] 
[INFO] [stdout] warning: unused variable: `r`
[INFO] [stdout]    --> runner/src/data.rs:113:21
[INFO] [stdout]     |
[INFO] [stdout] 113 |                 let r = f.wait();
[INFO] [stdout]     |                     ^ help: if this is intentional, prefix it with an underscore: `_r`
[INFO] [stdout] 
[INFO] [stdout] 
[INFO] [stdout] warning: unused variable: `res`
[INFO] [stdout]    --> runner/src/data.rs:170:21
[INFO] [stdout]     |
[INFO] [stdout] 170 |                 let res = fs::copy(e, new_file_path)?;
[INFO] [stdout]     |                     ^^^ help: if this is intentional, prefix it with an underscore: `_res`
[INFO] [stdout] 
[INFO] [stdout] 
[INFO] [stdout] warning: variable does not need to be mutable
[INFO] [stdout]    --> runner/src/data.rs:154:21
[INFO] [stdout]     |
[INFO] [stdout] 154 |                 let mut e = &entry?.path();
[INFO] [stdout]     |                     ----^
[INFO] [stdout]     |                     |
[INFO] [stdout]     |                     help: remove this `mut`
[INFO] [stdout]     |
[INFO] [stdout]     = note: `#[warn(unused_mut)]` on by default
[INFO] [stdout] 
[INFO] [stdout] 
[INFO] [stdout] warning: unused import: `parser::*`
[INFO] [stdout]    --> generator/src/constructor.rs:704:9
[INFO] [stdout]     |
[INFO] [stdout] 704 |     use parser::*;
[INFO] [stdout]     |         ^^^^^^^^^
[INFO] [stdout]     |
[INFO] [stdout]     = note: `#[warn(unused_imports)]` on by default
[INFO] [stdout] 
[INFO] [stdout] 
[INFO] [stdout] warning: unused import: `crate::count_lines`
[INFO] [stdout]   --> generator/src/lib.rs:56:9
[INFO] [stdout]    |
[INFO] [stdout] 56 |     use crate::count_lines;
[INFO] [stdout]    |         ^^^^^^^^^^^^^^^^^^
[INFO] [stdout] 
[INFO] [stdout] 
[INFO] [stdout] warning: unused import: `parser::*`
[INFO] [stdout]   --> generator/src/lib.rs:57:9
[INFO] [stdout]    |
[INFO] [stdout] 57 |     use parser::*;
[INFO] [stdout]    |         ^^^^^^^^^
[INFO] [stdout] 
[INFO] [stdout] 
[INFO] [stdout] warning: unused import: `std::cell::RefCell`
[INFO] [stdout]   --> generator/src/lib.rs:58:9
[INFO] [stdout]    |
[INFO] [stdout] 58 |     use std::cell::RefCell;
[INFO] [stdout]    |         ^^^^^^^^^^^^^^^^^^
[INFO] [stdout] 
[INFO] [stdout] 
[INFO] [stdout] warning: unused import: `std::env`
[INFO] [stdout]   --> generator/src/lib.rs:59:9
[INFO] [stdout]    |
[INFO] [stdout] 59 |     use std::env;
[INFO] [stdout]    |         ^^^^^^^^
[INFO] [stdout] 
[INFO] [stdout] 
[INFO] [stdout] warning: unused import: `read_to_string`
[INFO] [stdout]   --> generator/src/lib.rs:60:33
[INFO] [stdout]    |
[INFO] [stdout] 60 |     use std::fs::{canonicalize, read_to_string};
[INFO] [stdout]    |                                 ^^^^^^^^^^^^^^
[INFO] [stdout] 
[INFO] [stdout] 
[INFO] [stdout] warning: function `copy_dir_all` is never used
[INFO] [stdout]  --> runner/src/data.rs:9:8
[INFO] [stdout]   |
[INFO] [stdout] 9 | pub fn copy_dir_all(src: impl AsRef<Path>, dst: impl AsRef<Path>) -> Result<()> {
[INFO] [stdout]   |        ^^^^^^^^^^^^
[INFO] [stdout]   |
[INFO] [stdout]   = note: `#[warn(dead_code)]` on by default
[INFO] [stdout] 
[INFO] [stdout] 
[INFO] [stdout] warning: function `copy_file` is never used
[INFO] [stdout]   --> runner/src/data.rs:23:8
[INFO] [stdout]    |
[INFO] [stdout] 23 | pub fn copy_file(src: impl AsRef<Path>, dst: impl AsRef<Path>) -> Result<u64> {
[INFO] [stdout]    |        ^^^^^^^^^
[INFO] [stdout] 
[INFO] [stdout] 
[INFO] [stdout] warning: methods `copy_all`, `copy_file`, `copy_file_with_dst`, `make_file`, and `remove_file` are never used
[INFO] [stdout]    --> runner/src/data.rs:179:8
[INFO] [stdout]     |
[INFO] [stdout] 34  | impl DataGenerator {
[INFO] [stdout]     | ------------------ methods in this implementation
[INFO] [stdout] ...
[INFO] [stdout] 179 |     fn copy_all(&self, pathbuf: &Path) -> Result<()> {
[INFO] [stdout]     |        ^^^^^^^^
[INFO] [stdout] ...
[INFO] [stdout] 185 |     fn copy_file(&self, pathbuf: &Path) -> Result<()> {
[INFO] [stdout]     |        ^^^^^^^^^
[INFO] [stdout] ...
[INFO] [stdout] 198 |     fn copy_file_with_dst(&self, pathbuf: &Path, dst: &Path) -> Result<()> {
[INFO] [stdout]     |        ^^^^^^^^^^^^^^^^^^
[INFO] [stdout] ...
[INFO] [stdout] 211 |     fn make_file(&self, pathbuf: &Path) -> Result<File> {
[INFO] [stdout]     |        ^^^^^^^^^
[INFO] [stdout] ...
[INFO] [stdout] 239 |     fn remove_file(&self, pathbuf: &Path) -> Result<()> {
[INFO] [stdout]     |        ^^^^^^^^^^^
[INFO] [stdout] 
[INFO] [stdout] 
[INFO] [stdout] warning: unused variable: `lhs`
[INFO] [stdout]   --> generator/src/symbol_table.rs:85:13
[INFO] [stdout]    |
[INFO] [stdout] 85 |         let lhs = tree.get_node(index);
[INFO] [stdout]    |             ^^^ help: if this is intentional, prefix it with an underscore: `_lhs`
[INFO] [stdout]    |
[INFO] [stdout]    = note: `#[warn(unused_variables)]` on by default
[INFO] [stdout] 
[INFO] [stdout] 
[INFO] [stderr]    Compiling regex-automata v0.4.8
[INFO] [stderr]    Compiling criterion-plot v0.5.0
[INFO] [stderr]    Compiling regex v1.11.0
[INFO] [stderr]    Compiling ciborium v0.2.2
[INFO] [stderr]    Compiling tinytemplate v1.2.1
[INFO] [stderr]    Compiling criterion v0.5.1
[INFO] [stderr]    Compiling parser v2.0.0 (/opt/rustwide/workdir/parser)
[INFO] [stderr]     Finished `test` profile [unoptimized + debuginfo] target(s) in 17.76s
[INFO] running `Command { std: "docker" "inspect" "d6c3b6b1887614be56e77bbd06a89f3edfb99a548d3e7e3ca2d408bb7bc7b419", kill_on_drop: false }`
[INFO] running `Command { std: "docker" "rm" "-f" "d6c3b6b1887614be56e77bbd06a89f3edfb99a548d3e7e3ca2d408bb7bc7b419", kill_on_drop: false }`
[INFO] [stdout] d6c3b6b1887614be56e77bbd06a89f3edfb99a548d3e7e3ca2d408bb7bc7b419
[INFO] running `Command { std: "docker" "create" "-v" "/var/lib/crater-agent-workspace/builds/worker-5-tc1/target:/opt/rustwide/target:rw,Z" "-v" "/var/lib/crater-agent-workspace/builds/worker-5-tc1/source:/opt/rustwide/workdir:ro,Z" "-v" "/var/lib/crater-agent-workspace/cargo-home:/opt/rustwide/cargo-home:ro,Z" "-v" "/var/lib/crater-agent-workspace/rustup-home:/opt/rustwide/rustup-home:ro,Z" "-e" "SOURCE_DIR=/opt/rustwide/workdir" "-e" "CARGO_TARGET_DIR=/opt/rustwide/target" "-e" "CARGO_INCREMENTAL=0" "-e" "RUST_BACKTRACE=full" "-e" "RUSTFLAGS=--cap-lints=forbid" "-e" "RUSTDOCFLAGS=--cap-lints=forbid" "-e" "CARGO_HOME=/opt/rustwide/cargo-home" "-e" "RUSTUP_HOME=/opt/rustwide/rustup-home" "-w" "/opt/rustwide/workdir" "-m" "1610612736" "--user" "0:0" "--network" "none" "ghcr.io/rust-lang/crates-build-env/linux@sha256:4a844ea9eb2546a2d2c7022eacef16ef2e8229c7fbb2c7d4d55a9ceca922f72d" "/opt/rustwide/cargo-home/bin/cargo" "+nightly-2024-10-28" "test" "--frozen", kill_on_drop: false }`
[INFO] [stdout] 16937af0e12bbdcf1a4b870d4eeee2bb44e05c02b8a1903106c3381dfbc28b52
[INFO] running `Command { std: "docker" "start" "-a" "16937af0e12bbdcf1a4b870d4eeee2bb44e05c02b8a1903106c3381dfbc28b52", kill_on_drop: false }`
[INFO] [stderr] warning: unused variable: `lhs`
[INFO] [stderr]   --> generator/src/symbol_table.rs:85:13
[INFO] [stderr]    |
[INFO] [stderr] 85 |         let lhs = tree.get_node(index);
[INFO] [stderr]    |             ^^^ help: if this is intentional, prefix it with an underscore: `_lhs`
[INFO] [stderr]    |
[INFO] [stderr]    = note: `#[warn(unused_variables)]` on by default
[INFO] [stderr] 
[INFO] [stderr] warning: unused import: `parser::*`
[INFO] [stderr]    --> generator/src/constructor.rs:704:9
[INFO] [stderr]     |
[INFO] [stderr] 704 |     use parser::*;
[INFO] [stderr]     |         ^^^^^^^^^
[INFO] [stderr]     |
[INFO] [stderr]     = note: `#[warn(unused_imports)]` on by default
[INFO] [stderr] 
[INFO] [stderr] warning: unused import: `crate::count_lines`
[INFO] [stderr]   --> generator/src/lib.rs:56:9
[INFO] [stderr]    |
[INFO] [stderr] 56 |     use crate::count_lines;
[INFO] [stderr]    |         ^^^^^^^^^^^^^^^^^^
[INFO] [stderr] 
[INFO] [stderr] warning: unused import: `parser::*`
[INFO] [stderr]   --> generator/src/lib.rs:57:9
[INFO] [stderr]    |
[INFO] [stderr] 57 |     use parser::*;
[INFO] [stderr]    |         ^^^^^^^^^
[INFO] [stderr] 
[INFO] [stderr] warning: unused import: `std::cell::RefCell`
[INFO] [stderr]   --> generator/src/lib.rs:58:9
[INFO] [stderr]    |
[INFO] [stderr] 58 |     use std::cell::RefCell;
[INFO] [stderr]    |         ^^^^^^^^^^^^^^^^^^
[INFO] [stderr] 
[INFO] [stderr] warning: unused import: `std::env`
[INFO] [stderr]   --> generator/src/lib.rs:59:9
[INFO] [stderr]    |
[INFO] [stderr] 59 |     use std::env;
[INFO] [stderr]    |         ^^^^^^^^
[INFO] [stderr] 
[INFO] [stderr] warning: unused import: `read_to_string`
[INFO] [stderr]   --> generator/src/lib.rs:60:33
[INFO] [stderr]    |
[INFO] [stderr] 60 |     use std::fs::{canonicalize, read_to_string};
[INFO] [stderr]    |                                 ^^^^^^^^^^^^^^
[INFO] [stderr] 
[INFO] [stderr] warning: `generator` (lib) generated 1 warning
[INFO] [stderr] warning: `generator` (lib test) generated 7 warnings (1 duplicate) (run `cargo fix --lib -p generator --tests` to apply 6 suggestions)
[INFO] [stderr] warning: unused import: `std::io::Write`
[INFO] [stderr]  --> runner/src/data.rs:5:5
[INFO] [stderr]   |
[INFO] [stderr] 5 | use std::io::Write;
[INFO] [stderr]   |     ^^^^^^^^^^^^^^
[INFO] [stderr]   |
[INFO] [stderr]   = note: `#[warn(unused_imports)]` on by default
[INFO] [stderr] 
[INFO] [stderr] warning: unused import: `std::str::FromStr`
[INFO] [stderr]  --> runner/src/data.rs:8:5
[INFO] [stderr]   |
[INFO] [stderr] 8 | use std::str::FromStr;
[INFO] [stderr]   |     ^^^^^^^^^^^^^^^^^
[INFO] [stderr] 
[INFO] [stderr] warning: unused variable: `r`
[INFO] [stderr]   --> runner/src/data.rs:82:21
[INFO] [stderr]    |
[INFO] [stderr] 82 |                 let r = f.wait();
[INFO] [stderr]    |                     ^ help: if this is intentional, prefix it with an underscore: `_r`
[INFO] [stderr]    |
[INFO] [stderr]    = note: `#[warn(unused_variables)]` on by default
[INFO] [stderr] 
[INFO] [stderr] warning: unused variable: `r`
[INFO] [stderr]   --> runner/src/data.rs:90:21
[INFO] [stderr]    |
[INFO] [stderr] 90 |                 let r = f.wait();
[INFO] [stderr]    |                     ^ help: if this is intentional, prefix it with an underscore: `_r`
[INFO] [stderr] 
[INFO] [stderr] warning: unused variable: `r`
[INFO] [stderr]   --> runner/src/data.rs:97:21
[INFO] [stderr]    |
[INFO] [stderr] 97 |                 let r = f.wait();
[INFO] [stderr]    |                     ^ help: if this is intentional, prefix it with an underscore: `_r`
[INFO] [stderr] 
[INFO] [stderr] warning: unused variable: `r`
[INFO] [stderr]    --> runner/src/data.rs:104:21
[INFO] [stderr]     |
[INFO] [stderr] 104 |                 let r = f.wait();
[INFO] [stderr]     |                     ^ help: if this is intentional, prefix it with an underscore: `_r`
[INFO] [stderr] 
[INFO] [stderr] warning: unused variable: `r`
[INFO] [stderr]    --> runner/src/data.rs:113:21
[INFO] [stderr]     |
[INFO] [stderr] 113 |                 let r = f.wait();
[INFO] [stderr]     |                     ^ help: if this is intentional, prefix it with an underscore: `_r`
[INFO] [stderr] 
[INFO] [stderr] warning: unused variable: `res`
[INFO] [stderr]    --> runner/src/data.rs:170:21
[INFO] [stderr]     |
[INFO] [stderr] 170 |                 let res = fs::copy(e, new_file_path)?;
[INFO] [stderr]     |                     ^^^ help: if this is intentional, prefix it with an underscore: `_res`
[INFO] [stderr] 
[INFO] [stderr] warning: variable does not need to be mutable
[INFO] [stderr]    --> runner/src/data.rs:154:21
[INFO] [stderr]     |
[INFO] [stderr] 154 |                 let mut e = &entry?.path();
[INFO] [stderr]     |                     ----^
[INFO] [stderr]     |                     |
[INFO] [stderr]     |                     help: remove this `mut`
[INFO] [stderr]     |
[INFO] [stderr]     = note: `#[warn(unused_mut)]` on by default
[INFO] [stderr] 
[INFO] [stderr] warning: function `copy_dir_all` is never used
[INFO] [stderr]  --> runner/src/data.rs:9:8
[INFO] [stderr]   |
[INFO] [stderr] 9 | pub fn copy_dir_all(src: impl AsRef<Path>, dst: impl AsRef<Path>) -> Result<()> {
[INFO] [stderr]   |        ^^^^^^^^^^^^
[INFO] [stderr]   |
[INFO] [stderr]   = note: `#[warn(dead_code)]` on by default
[INFO] [stderr] 
[INFO] [stderr] warning: function `copy_file` is never used
[INFO] [stderr]   --> runner/src/data.rs:23:8
[INFO] [stderr]    |
[INFO] [stderr] 23 | pub fn copy_file(src: impl AsRef<Path>, dst: impl AsRef<Path>) -> Result<u64> {
[INFO] [stderr]    |        ^^^^^^^^^
[INFO] [stderr] 
[INFO] [stderr] warning: methods `copy_all`, `copy_file`, `copy_file_with_dst`, `make_file`, and `remove_file` are never used
[INFO] [stderr]    --> runner/src/data.rs:179:8
[INFO] [stderr]     |
[INFO] [stderr] 34  | impl DataGenerator {
[INFO] [stderr]     | ------------------ methods in this implementation
[INFO] [stderr] ...
[INFO] [stderr] 179 |     fn copy_all(&self, pathbuf: &Path) -> Result<()> {
[INFO] [stderr]     |        ^^^^^^^^
[INFO] [stderr] ...
[INFO] [stderr] 185 |     fn copy_file(&self, pathbuf: &Path) -> Result<()> {
[INFO] [stderr]     |        ^^^^^^^^^
[INFO] [stderr] ...
[INFO] [stderr] 198 |     fn copy_file_with_dst(&self, pathbuf: &Path, dst: &Path) -> Result<()> {
[INFO] [stderr]     |        ^^^^^^^^^^^^^^^^^^
[INFO] [stderr] ...
[INFO] [stderr] 211 |     fn make_file(&self, pathbuf: &Path) -> Result<File> {
[INFO] [stderr]     |        ^^^^^^^^^
[INFO] [stderr] ...
[INFO] [stderr] 239 |     fn remove_file(&self, pathbuf: &Path) -> Result<()> {
[INFO] [stderr]     |        ^^^^^^^^^^^
[INFO] [stderr] 
[INFO] [stderr] warning: `runner` (bin "runner" test) generated 12 warnings (run `cargo fix --bin "runner" --tests` to apply 3 suggestions)
[INFO] [stderr]     Finished `test` profile [unoptimized + debuginfo] target(s) in 0.15s
[INFO] [stderr]      Running unittests src/lib.rs (/opt/rustwide/target/debug/deps/generator-1356752249be4700)
[INFO] [stdout] 
[INFO] [stdout] running 16 tests
[INFO] [stdout] test constructor::tests::test_2 ... ok
[INFO] [stdout] test constructor::tests::test_5 ... ok
[INFO] [stdout] test constructor::tests::test_3 ... ok
[INFO] [stdout] test constructor::tests::test_4 ... ok
[INFO] [stdout] test constructor::tests::test_inline ... ok
[INFO] [stdout] test constructor::tests::test_9 ... ok
[INFO] [stdout] test constructor::tests::test_ordered_choice_match_range ... ok
[INFO] [stdout] test constructor::tests::test_string_terminal ... ok
[INFO] [stdout] test constructor::tests::test_ordered_choice_match_range2 ... ok
[INFO] [stdout] test symbol_table::tests::test_3 ... ok
[INFO] [stdout] test symbol_table::tests::test_4 ... ok
[INFO] [stdout] test symbol_table::tests::test_2 ... ok
[INFO] [stdout] test constructor::tests::test_string_terminal_emoji_codepoint ... ok
[INFO] [stdout] test constructor::tests::test ... ok
[INFO] [stdout] test symbol_table::tests::test ... ok
[INFO] [stdout] test tests::test ... ok
[INFO] [stdout] 
[INFO] [stdout] test result: ok. 16 passed; 0 failed; 0 ignored; 0 measured; 0 filtered out; finished in 0.06s
[INFO] [stdout] 
[INFO] [stderr]      Running unittests src/lib.rs (/opt/rustwide/target/debug/deps/parser-24e0e437ce126ccb)
[INFO] [stdout] 
[INFO] [stdout] running 4 tests
[INFO] [stdout] test context::tests::test3 ... ok
[INFO] [stdout] test source::tests::test_source ... ok
[INFO] [stdout] test context::tests::test ... ok
[INFO] [stderr]      Running tests/tests_parser.rs (/opt/rustwide/target/debug/deps/tests_parser-989d6c9784ccbf9a)
[INFO] [stdout] test context::tests::test2 ... ok
[INFO] [stdout] 
[INFO] [stdout] test result: ok. 4 passed; 0 failed; 0 ignored; 0 measured; 0 filtered out; finished in 0.01s
[INFO] [stdout] 
[INFO] [stdout] 
[INFO] [stdout] running 13 tests
[INFO] [stdout] test tests::test_grammar_true ... ok
[INFO] [stdout] test tests::test_left_recursion_direct_3 ... ok
[INFO] [stdout] test tests::test_left_recursion_direct_2 ... ok
[INFO] [stdout] test tests::test_left_recursion_direct_5 ... ok
[INFO] [stdout] test tests::test_left_recursion_direct_4 ... ok
[INFO] [stdout] test tests::test_left_recursion_direct_1 ... ok
[INFO] [stdout] test tests::test_left_recursion_direct_6 ... ok
[INFO] [stdout] test tests::test_left_recursion_indirect_1 ... ok
[INFO] [stdout] test tests::test_left_recursion_indirect_2 ... ok
[INFO] [stdout] test tests::test_left_recursion_indirect_5 ... ok
[INFO] [stdout] test tests::test_grammar_true3 ... ok
[INFO] [stdout] test tests::test_left_recursion_indirect_8 ... FAILED
[INFO] [stderr] error: test failed, to rerun pass `-p parser --test tests_parser`
[INFO] [stdout] test tests::test_fact_indirect_1 ... FAILED
[INFO] [stdout] 
[INFO] [stdout] failures:
[INFO] [stdout] 
[INFO] [stdout] ---- tests::test_left_recursion_indirect_8 stdout ----
[INFO] [stdout] Rule: test_term_indirect
[INFO] [stdout] Eval Set: {test_fact_indirect, test_term_indirect}
[INFO] [stdout] Rule: test_term_indirect
[INFO] [stdout] Eval Set: {test_fact_indirect}
[INFO] [stdout] Rule: test_term_indirect
[INFO] [stdout] Eval Set: {test_fact_indirect}
[INFO] [stdout] Rule: test_fact_indirect
[INFO] [stdout] Eval Set: {test_fact_indirect}
[INFO] [stdout] Rule: test_fact_indirect
[INFO] [stdout] Eval Set: {}
[INFO] [stdout] Rule: test_fact_indirect
[INFO] [stdout] Eval Set: {}
[INFO] [stdout] Rule: test_fact_indirect
[INFO] [stdout] Eval Set: {}
[INFO] [stdout] Rule: test_fact_indirect
[INFO] [stdout] Eval Set: {test_fact}
[INFO] [stdout] Rule: test_fact_indirect
[INFO] [stdout] Eval Set: {test_fact}
[INFO] [stdout] Rule: test_fact_indirect
[INFO] [stdout] Eval Set: {test_fact}
[INFO] [stdout] Rule: test_fact_indirect
[INFO] [stdout] Eval Set: {test_fact}
[INFO] [stdout] Rule: test_fact_indirect
[INFO] [stdout] Eval Set: {test_fact}
[INFO] [stdout] Rule: test_fact_indirect
[INFO] [stdout] Eval Set: {test_fact}
[INFO] [stdout] Rule: test_fact_indirect
[INFO] [stdout] Eval Set: {test_fact}
[INFO] [stdout] Rule: test_term_indirect
[INFO] [stdout] Eval Set: {test_fact_indirect, test_term_indirect}
[INFO] [stdout] Rule: test_term_indirect
[INFO] [stdout] Eval Set: {test_fact_indirect}
[INFO] [stdout] Rule: test_term_indirect
[INFO] [stdout] Eval Set: {test_fact_indirect}
[INFO] [stdout] Result: (true, 3)
[INFO] [stdout] thread 'tests::test_left_recursion_indirect_8' panicked at parser/tests/tests_parser.rs:564:9:
[INFO] [stdout] assertion `left == right` failed
[INFO] [stdout]   left: (true, 3)
[INFO] [stdout]  right: (true, 9)
[INFO] [stdout] stack backtrace:
[INFO] [stdout]    0:     0x58c9f0b3df8a - std::backtrace_rs::backtrace::libunwind::trace::h207520d6e9873551
[INFO] [stdout]                                at /rustc/df4ca44d3fbc9301ee17f30f4d474e6ae4b05252/library/std/src/../../backtrace/src/backtrace/libunwind.rs:116:5
[INFO] [stdout]    1:     0x58c9f0b3df8a - std::backtrace_rs::backtrace::trace_unsynchronized::h2ed7433f370e3eca
[INFO] [stdout]                                at /rustc/df4ca44d3fbc9301ee17f30f4d474e6ae4b05252/library/std/src/../../backtrace/src/backtrace/mod.rs:66:5
[INFO] [stdout]    2:     0x58c9f0b3df8a - std::sys::backtrace::_print_fmt::h916fac51166b18d7
[INFO] [stdout]                                at /rustc/df4ca44d3fbc9301ee17f30f4d474e6ae4b05252/library/std/src/sys/backtrace.rs:66:9
[INFO] [stdout]    3:     0x58c9f0b3df8a - <std::sys::backtrace::BacktraceLock::print::DisplayBacktrace as core::fmt::Display>::fmt::ha0a4c9b8ce3802e6
[INFO] [stdout]                                at /rustc/df4ca44d3fbc9301ee17f30f4d474e6ae4b05252/library/std/src/sys/backtrace.rs:39:26
[INFO] [stdout]    4:     0x58c9f0b64573 - core::fmt::rt::Argument::fmt::h4cfc8587d52b3eb5
[INFO] [stdout]                                at /rustc/df4ca44d3fbc9301ee17f30f4d474e6ae4b05252/library/core/src/fmt/rt.rs:177:76
[INFO] [stdout]    5:     0x58c9f0b64573 - core::fmt::write::h522cc39e5b36ae9f
[INFO] [stdout]                                at /rustc/df4ca44d3fbc9301ee17f30f4d474e6ae4b05252/library/core/src/fmt/mod.rs:1190:21
[INFO] [stdout]    6:     0x58c9f0b3abf3 - std::io::Write::write_fmt::h7d3c26752da97734
[INFO] [stdout]                                at /rustc/df4ca44d3fbc9301ee17f30f4d474e6ae4b05252/library/std/src/io/mod.rs:1839:15
[INFO] [stdout]    7:     0x58c9f0b3ddd2 - std::sys::backtrace::BacktraceLock::print::h4b9e00b29e9c0942
[INFO] [stdout]                                at /rustc/df4ca44d3fbc9301ee17f30f4d474e6ae4b05252/library/std/src/sys/backtrace.rs:42:9
[INFO] [stdout]    8:     0x58c9f0b3f41a - std::panicking::default_hook::{{closure}}::hb59b88280d0324d9
[INFO] [stdout]                                at /rustc/df4ca44d3fbc9301ee17f30f4d474e6ae4b05252/library/std/src/panicking.rs:268:22
[INFO] [stdout]    9:     0x58c9f0b3f224 - std::panicking::default_hook::he1dd496665be4a29
[INFO] [stdout]                                at /rustc/df4ca44d3fbc9301ee17f30f4d474e6ae4b05252/library/std/src/panicking.rs:292:9
[INFO] [stdout]   10:     0x58c9f0ad63d9 - <alloc::boxed::Box<F,A> as core::ops::function::Fn<Args>>::call::h4ff71de18744e1dc
[INFO] [stdout]                                at /rustc/df4ca44d3fbc9301ee17f30f4d474e6ae4b05252/library/alloc/src/boxed.rs:2468:9
[INFO] [stdout]   11:     0x58c9f0ad63d9 - test::test_main::{{closure}}::hcf7c055ce117aa81
[INFO] [stdout]                                at /rustc/df4ca44d3fbc9301ee17f30f4d474e6ae4b05252/library/test/src/lib.rs:133:21
[INFO] [stdout]   12:     0x58c9f0b3fb18 - <alloc::boxed::Box<F,A> as core::ops::function::Fn<Args>>::call::h1d66c6bbd60c9692
[INFO] [stdout]                                at /rustc/df4ca44d3fbc9301ee17f30f4d474e6ae4b05252/library/alloc/src/boxed.rs:2468:9
[INFO] [stdout]   13:     0x58c9f0b3fb18 - std::panicking::rust_panic_with_hook::h2ff17fe8f26dfcf8
[INFO] [stdout]                                at /rustc/df4ca44d3fbc9301ee17f30f4d474e6ae4b05252/library/std/src/panicking.rs:809:13
[INFO] [stdout]   14:     0x58c9f0b3f8da - std::panicking::begin_panic_handler::{{closure}}::h4fad77951c07e101
[INFO] [stdout]                                at /rustc/df4ca44d3fbc9301ee17f30f4d474e6ae4b05252/library/std/src/panicking.rs:674:13
[INFO] [stdout]   15:     0x58c9f0b3e469 - std::sys::backtrace::__rust_end_short_backtrace::hb1a25b3da5d0ea08
[INFO] [stdout]                                at /rustc/df4ca44d3fbc9301ee17f30f4d474e6ae4b05252/library/std/src/sys/backtrace.rs:170:18
[INFO] [stdout]   16:     0x58c9f0b3f56c - rust_begin_unwind
[INFO] [stdout]                                at /rustc/df4ca44d3fbc9301ee17f30f4d474e6ae4b05252/library/std/src/panicking.rs:665:5
[INFO] [stdout]   17:     0x58c9f0b62ef0 - core::panicking::panic_fmt::ha9db07b529f9b256
[INFO] [stdout]                                at /rustc/df4ca44d3fbc9301ee17f30f4d474e6ae4b05252/library/core/src/panicking.rs:75:14
[INFO] [stdout]   18:     0x58c9f0b632f4 - core::panicking::assert_failed_inner::h04f38944d74a80a8
[INFO] [stdout]   19:     0x58c9f0a9737a - core::panicking::assert_failed::hbe7cf08ebe678fc7
[INFO] [stdout]                                at /rustc/df4ca44d3fbc9301ee17f30f4d474e6ae4b05252/library/core/src/panicking.rs:377:5
[INFO] [stdout]   20:     0x58c9f0a9341c - tests_parser::tests::test_left_recursion_indirect_8::h6b8da2cdc6973900
[INFO] [stdout]                                at /opt/rustwide/workdir/parser/tests/tests_parser.rs:564:9
[INFO] [stdout]   21:     0x58c9f0a93037 - tests_parser::tests::test_left_recursion_indirect_8::{{closure}}::hcb40c43cc822a246
[INFO] [stdout]                                at /opt/rustwide/workdir/parser/tests/tests_parser.rs:544:40
[INFO] [stdout]   22:     0x58c9f0a96ee6 - core::ops::function::FnOnce::call_once::h8f50986d43e9bf2e
[INFO] [stdout]                                at /rustc/df4ca44d3fbc9301ee17f30f4d474e6ae4b05252/library/core/src/ops/function.rs:250:5
[INFO] [stdout]   23:     0x58c9f0adacab - core::ops::function::FnOnce::call_once::h22c3ba5715e93f05
[INFO] [stdout]                                at /rustc/df4ca44d3fbc9301ee17f30f4d474e6ae4b05252/library/core/src/ops/function.rs:250:5
[INFO] [stdout]   24:     0x58c9f0adacab - test::__rust_begin_short_backtrace::h8e82d8113d0da17f
[INFO] [stdout]                                at /rustc/df4ca44d3fbc9301ee17f30f4d474e6ae4b05252/library/test/src/lib.rs:621:18
[INFO] [stdout]   25:     0x58c9f0ada627 - test::run_test_in_process::{{closure}}::h33235f4f20b7b7c7
[INFO] [stdout]                                at /rustc/df4ca44d3fbc9301ee17f30f4d474e6ae4b05252/library/test/src/lib.rs:644:60
[INFO] [stdout]   26:     0x58c9f0ada627 - <core::panic::unwind_safe::AssertUnwindSafe<F> as core::ops::function::FnOnce<()>>::call_once::hb5043206310c586f
[INFO] [stdout]                                at /rustc/df4ca44d3fbc9301ee17f30f4d474e6ae4b05252/library/core/src/panic/unwind_safe.rs:272:9
[INFO] [stdout]   27:     0x58c9f0ada627 - std::panicking::try::do_call::h9ad4731a60ab23e2
[INFO] [stdout]                                at /rustc/df4ca44d3fbc9301ee17f30f4d474e6ae4b05252/library/std/src/panicking.rs:557:40
[INFO] [stdout]   28:     0x58c9f0ada627 - std::panicking::try::h3824d23db772a716
[INFO] [stdout]                                at /rustc/df4ca44d3fbc9301ee17f30f4d474e6ae4b05252/library/std/src/panicking.rs:520:19
[INFO] [stdout]   29:     0x58c9f0ada627 - std::panic::catch_unwind::h5afd514605fde46b
[INFO] [stdout]                                at /rustc/df4ca44d3fbc9301ee17f30f4d474e6ae4b05252/library/std/src/panic.rs:358:14
[INFO] [stdout]   30:     0x58c9f0ada627 - test::run_test_in_process::h0d5cbfa7067d1720
[INFO] [stdout]                                at /rustc/df4ca44d3fbc9301ee17f30f4d474e6ae4b05252/library/test/src/lib.rs:644:27
[INFO] [stdout]   31:     0x58c9f0ada627 - test::run_test::{{closure}}::h708eb8872708115d
[INFO] [stdout]                                at /rustc/df4ca44d3fbc9301ee17f30f4d474e6ae4b05252/library/test/src/lib.rs:565:43
[INFO] [stdout]   32:     0x58c9f0a9dd44 - test::run_test::{{closure}}::h392c51cee94713ab
[INFO] [stdout]                                at /rustc/df4ca44d3fbc9301ee17f30f4d474e6ae4b05252/library/test/src/lib.rs:595:41
[INFO] [stdout]   33:     0x58c9f0a9dd44 - std::sys::backtrace::__rust_begin_short_backtrace::h2f40290710935a8b
[INFO] [stdout]                                at /rustc/df4ca44d3fbc9301ee17f30f4d474e6ae4b05252/library/std/src/sys/backtrace.rs:154:18
[INFO] [stdout]   34:     0x58c9f0aa14ee - std::thread::Builder::spawn_unchecked_::{{closure}}::{{closure}}::h3fd968d89053a903
[INFO] [stdout]                                at /rustc/df4ca44d3fbc9301ee17f30f4d474e6ae4b05252/library/std/src/thread/mod.rs:541:17
[INFO] [stdout]   35:     0x58c9f0aa14ee - <core::panic::unwind_safe::AssertUnwindSafe<F> as core::ops::function::FnOnce<()>>::call_once::h743f637ba4229880
[INFO] [stdout]                                at /rustc/df4ca44d3fbc9301ee17f30f4d474e6ae4b05252/library/core/src/panic/unwind_safe.rs:272:9
[INFO] [stdout]   36:     0x58c9f0aa14ee - std::panicking::try::do_call::h07440897322525a6
[INFO] [stdout]                                at /rustc/df4ca44d3fbc9301ee17f30f4d474e6ae4b05252/library/std/src/panicking.rs:557:40
[INFO] [stdout]   37:     0x58c9f0aa14ee - std::panicking::try::he5a2e00188156637
[INFO] [stdout]                                at /rustc/df4ca44d3fbc9301ee17f30f4d474e6ae4b05252/library/std/src/panicking.rs:520:19
[INFO] [stdout]   38:     0x58c9f0aa14ee - std::panic::catch_unwind::hbaf3cae49b3c6433
[INFO] [stdout]                                at /rustc/df4ca44d3fbc9301ee17f30f4d474e6ae4b05252/library/std/src/panic.rs:358:14
[INFO] [stdout]   39:     0x58c9f0aa14ee - std::thread::Builder::spawn_unchecked_::{{closure}}::h8e141ea224820bce
[INFO] [stdout]                                at /rustc/df4ca44d3fbc9301ee17f30f4d474e6ae4b05252/library/std/src/thread/mod.rs:540:30
[INFO] [stdout]   40:     0x58c9f0aa14ee - core::ops::function::FnOnce::call_once{{vtable.shim}}::h90d312fedd7b8ea8
[INFO] [stdout]                                at /rustc/df4ca44d3fbc9301ee17f30f4d474e6ae4b05252/library/core/src/ops/function.rs:250:5
[INFO] [stdout]   41:     0x58c9f0b4390b - <alloc::boxed::Box<F,A> as core::ops::function::FnOnce<Args>>::call_once::h69aa08ddb6adb8b6
[INFO] [stdout]                                at /rustc/df4ca44d3fbc9301ee17f30f4d474e6ae4b05252/library/alloc/src/boxed.rs:2454:9
[INFO] [stdout]   42:     0x58c9f0b4390b - <alloc::boxed::Box<F,A> as core::ops::function::FnOnce<Args>>::call_once::h5aa36efdb79c806f
[INFO] [stdout]                                at /rustc/df4ca44d3fbc9301ee17f30f4d474e6ae4b05252/library/alloc/src/boxed.rs:2454:9
[INFO] [stdout]   43:     0x58c9f0b4390b - std::sys::pal::unix::thread::Thread::new::thread_start::h6cd80a1b4be5158d
[INFO] [stdout]                                at /rustc/df4ca44d3fbc9301ee17f30f4d474e6ae4b05252/library/std/src/sys/pal/unix/thread.rs:105:17
[INFO] [stdout]   44:     0x75673ac18ac3 - <unknown>
[INFO] [stdout]   45:     0x75673aca9a04 - clone
[INFO] [stdout]   46:                0x0 - <unknown>
[INFO] [stdout] 
[INFO] [stdout] ---- tests::test_fact_indirect_1 stdout ----
[INFO] [stdout] Rule: test_fact_indirect
[INFO] [stdout] Eval Set: {test_fact_indirect}
[INFO] [stdout] Rule: test_fact_indirect
[INFO] [stdout] Eval Set: {}
[INFO] [stdout] Rule: test_fact_indirect
[INFO] [stdout] Eval Set: {}
[INFO] [stdout] Rule: test_fact_indirect
[INFO] [stdout] Eval Set: {test_fact_indirect}
[INFO] [stdout] Rule: test_fact_indirect
[INFO] [stdout] Eval Set: {}
[INFO] [stdout] Rule: test_fact_indirect
[INFO] [stdout] Eval Set: {}
[INFO] [stdout] Rule: test_fact_indirect
[INFO] [stdout] Eval Set: {test_fact_indirect}
[INFO] [stdout] Rule: test_fact_indirect
[INFO] [stdout] Eval Set: {}
[INFO] [stdout] Rule: test_fact_indirect
[INFO] [stdout] Eval Set: {}
[INFO] [stdout] Rule: test_fact_indirect
[INFO] [stdout] Eval Set: {}
[INFO] [stdout] Result: (true, 7)
[INFO] [stdout] thread 'tests::test_fact_indirect_1' panicked at parser/tests/tests_parser.rs:408:9:
[INFO] [stdout] assertion `left == right` failed
[INFO] [stdout]   left: (true, 7)
[INFO] [stdout]  right: (true, 9)
[INFO] [stdout] stack backtrace:
[INFO] [stdout]    0:     0x58c9f0b3df8a - std::backtrace_rs::backtrace::libunwind::trace::h207520d6e9873551
[INFO] [stdout]                                at /rustc/df4ca44d3fbc9301ee17f30f4d474e6ae4b05252/library/std/src/../../backtrace/src/backtrace/libunwind.rs:116:5
[INFO] [stdout]    1:     0x58c9f0b3df8a - std::backtrace_rs::backtrace::trace_unsynchronized::h2ed7433f370e3eca
[INFO] [stdout]                                at /rustc/df4ca44d3fbc9301ee17f30f4d474e6ae4b05252/library/std/src/../../backtrace/src/backtrace/mod.rs:66:5
[INFO] [stdout]    2:     0x58c9f0b3df8a - std::sys::backtrace::_print_fmt::h916fac51166b18d7
[INFO] [stdout]                                at /rustc/df4ca44d3fbc9301ee17f30f4d474e6ae4b05252/library/std/src/sys/backtrace.rs:66:9
[INFO] [stdout]    3:     0x58c9f0b3df8a - <std::sys::backtrace::BacktraceLock::print::DisplayBacktrace as core::fmt::Display>::fmt::ha0a4c9b8ce3802e6
[INFO] [stdout]                                at /rustc/df4ca44d3fbc9301ee17f30f4d474e6ae4b05252/library/std/src/sys/backtrace.rs:39:26
[INFO] [stdout]    4:     0x58c9f0b64573 - core::fmt::rt::Argument::fmt::h4cfc8587d52b3eb5
[INFO] [stdout]                                at /rustc/df4ca44d3fbc9301ee17f30f4d474e6ae4b05252/library/core/src/fmt/rt.rs:177:76
[INFO] [stdout]    5:     0x58c9f0b64573 - core::fmt::write::h522cc39e5b36ae9f
[INFO] [stdout]                                at /rustc/df4ca44d3fbc9301ee17f30f4d474e6ae4b05252/library/core/src/fmt/mod.rs:1190:21
[INFO] [stdout]    6:     0x58c9f0b3abf3 - std::io::Write::write_fmt::h7d3c26752da97734
[INFO] [stdout]                                at /rustc/df4ca44d3fbc9301ee17f30f4d474e6ae4b05252/library/std/src/io/mod.rs:1839:15
[INFO] [stdout]    7:     0x58c9f0b3ddd2 - std::sys::backtrace::BacktraceLock::print::h4b9e00b29e9c0942
[INFO] [stdout]                                at /rustc/df4ca44d3fbc9301ee17f30f4d474e6ae4b05252/library/std/src/sys/backtrace.rs:42:9
[INFO] [stdout]    8:     0x58c9f0b3f41a - std::panicking::default_hook::{{closure}}::hb59b88280d0324d9
[INFO] [stdout]                                at /rustc/df4ca44d3fbc9301ee17f30f4d474e6ae4b05252/library/std/src/panicking.rs:268:22
[INFO] [stdout]    9:     0x58c9f0b3f224 - std::panicking::default_hook::he1dd496665be4a29
[INFO] [stdout]                                at /rustc/df4ca44d3fbc9301ee17f30f4d474e6ae4b05252/library/std/src/panicking.rs:292:9
[INFO] [stdout]   10:     0x58c9f0ad63d9 - <alloc::boxed::Box<F,A> as core::ops::function::Fn<Args>>::call::h4ff71de18744e1dc
[INFO] [stdout]                                at /rustc/df4ca44d3fbc9301ee17f30f4d474e6ae4b05252/library/alloc/src/boxed.rs:2468:9
[INFO] [stdout]   11:     0x58c9f0ad63d9 - test::test_main::{{closure}}::hcf7c055ce117aa81
[INFO] [stdout]                                at /rustc/df4ca44d3fbc9301ee17f30f4d474e6ae4b05252/library/test/src/lib.rs:133:21
[INFO] [stdout]   12:     0x58c9f0b3fb18 - <alloc::boxed::Box<F,A> as core::ops::function::Fn<Args>>::call::h1d66c6bbd60c9692
[INFO] [stdout]                                at /rustc/df4ca44d3fbc9301ee17f30f4d474e6ae4b05252/library/alloc/src/boxed.rs:2468:9
[INFO] [stdout]   13:     0x58c9f0b3fb18 - std::panicking::rust_panic_with_hook::h2ff17fe8f26dfcf8
[INFO] [stdout]                                at /rustc/df4ca44d3fbc9301ee17f30f4d474e6ae4b05252/library/std/src/panicking.rs:809:13
[INFO] [stdout]   14:     0x58c9f0b3f8da - std::panicking::begin_panic_handler::{{closure}}::h4fad77951c07e101
[INFO] [stdout]                                at /rustc/df4ca44d3fbc9301ee17f30f4d474e6ae4b05252/library/std/src/panicking.rs:674:13
[INFO] [stdout]   15:     0x58c9f0b3e469 - std::sys::backtrace::__rust_end_short_backtrace::hb1a25b3da5d0ea08
[INFO] [stdout]                                at /rustc/df4ca44d3fbc9301ee17f30f4d474e6ae4b05252/library/std/src/sys/backtrace.rs:170:18
[INFO] [stdout]   16:     0x58c9f0b3f56c - rust_begin_unwind
[INFO] [stdout]                                at /rustc/df4ca44d3fbc9301ee17f30f4d474e6ae4b05252/library/std/src/panicking.rs:665:5
[INFO] [stdout]   17:     0x58c9f0b62ef0 - core::panicking::panic_fmt::ha9db07b529f9b256
[INFO] [stdout]                                at /rustc/df4ca44d3fbc9301ee17f30f4d474e6ae4b05252/library/core/src/panicking.rs:75:14
[INFO] [stdout]   18:     0x58c9f0b632f4 - core::panicking::assert_failed_inner::h04f38944d74a80a8
[INFO] [stdout]   19:     0x58c9f0a9737a - core::panicking::assert_failed::hbe7cf08ebe678fc7
[INFO] [stdout]                                at /rustc/df4ca44d3fbc9301ee17f30f4d474e6ae4b05252/library/core/src/panicking.rs:377:5
[INFO] [stdout]   20:     0x58c9f0a917d9 - tests_parser::tests::test_fact_indirect_1::hc0c947c9cde1c930
[INFO] [stdout]                                at /opt/rustwide/workdir/parser/tests/tests_parser.rs:408:9
[INFO] [stdout]   21:     0x58c9f0a91417 - tests_parser::tests::test_fact_indirect_1::{{closure}}::ha2565e2637ff9055
[INFO] [stdout]                                at /opt/rustwide/workdir/parser/tests/tests_parser.rs:386:30
[INFO] [stdout]   22:     0x58c9f0a96f66 - core::ops::function::FnOnce::call_once::hd077f9ffa1e464fc
[INFO] [stdout]                                at /rustc/df4ca44d3fbc9301ee17f30f4d474e6ae4b05252/library/core/src/ops/function.rs:250:5
[INFO] [stdout]   23:     0x58c9f0adacab - core::ops::function::FnOnce::call_once::h22c3ba5715e93f05
[INFO] [stdout]                                at /rustc/df4ca44d3fbc9301ee17f30f4d474e6ae4b05252/library/core/src/ops/function.rs:250:5
[INFO] [stdout]   24:     0x58c9f0adacab - test::__rust_begin_short_backtrace::h8e82d8113d0da17f
[INFO] [stdout]                                at /rustc/df4ca44d3fbc9301ee17f30f4d474e6ae4b05252/library/test/src/lib.rs:621:18
[INFO] [stdout]   25:     0x58c9f0ada627 - test::run_test_in_process::{{closure}}::h33235f4f20b7b7c7
[INFO] [stdout]                                at /rustc/df4ca44d3fbc9301ee17f30f4d474e6ae4b05252/library/test/src/lib.rs:644:60
[INFO] [stdout]   26:     0x58c9f0ada627 - <core::panic::unwind_safe::AssertUnwindSafe<F> as core::ops::function::FnOnce<()>>::call_once::hb5043206310c586f
[INFO] [stdout]                                at /rustc/df4ca44d3fbc9301ee17f30f4d474e6ae4b05252/library/core/src/panic/unwind_safe.rs:272:9
[INFO] [stdout]   27:     0x58c9f0ada627 - std::panicking::try::do_call::h9ad4731a60ab23e2
[INFO] [stdout]                                at /rustc/df4ca44d3fbc9301ee17f30f4d474e6ae4b05252/library/std/src/panicking.rs:557:40
[INFO] [stdout]   28:     0x58c9f0ada627 - std::panicking::try::h3824d23db772a716
[INFO] [stdout]                                at /rustc/df4ca44d3fbc9301ee17f30f4d474e6ae4b05252/library/std/src/panicking.rs:520:19
[INFO] [stdout]   29:     0x58c9f0ada627 - std::panic::catch_unwind::h5afd514605fde46b
[INFO] [stdout]                                at /rustc/df4ca44d3fbc9301ee17f30f4d474e6ae4b05252/library/std/src/panic.rs:358:14
[INFO] [stdout]   30:     0x58c9f0ada627 - test::run_test_in_process::h0d5cbfa7067d1720
[INFO] [stdout]                                at /rustc/df4ca44d3fbc9301ee17f30f4d474e6ae4b05252/library/test/src/lib.rs:644:27
[INFO] [stdout]   31:     0x58c9f0ada627 - test::run_test::{{closure}}::h708eb8872708115d
[INFO] [stdout]                                at /rustc/df4ca44d3fbc9301ee17f30f4d474e6ae4b05252/library/test/src/lib.rs:565:43
[INFO] [stdout]   32:     0x58c9f0a9dd44 - test::run_test::{{closure}}::h392c51cee94713ab
[INFO] [stdout]                                at /rustc/df4ca44d3fbc9301ee17f30f4d474e6ae4b05252/library/test/src/lib.rs:595:41
[INFO] [stdout]   33:     0x58c9f0a9dd44 - std::sys::backtrace::__rust_begin_short_backtrace::h2f40290710935a8b
[INFO] [stdout]                                at /rustc/df4ca44d3fbc9301ee17f30f4d474e6ae4b05252/library/std/src/sys/backtrace.rs:154:18
[INFO] [stdout]   34:     0x58c9f0aa14ee - std::thread::Builder::spawn_unchecked_::{{closure}}::{{closure}}::h3fd968d89053a903
[INFO] [stdout]                                at /rustc/df4ca44d3fbc9301ee17f30f4d474e6ae4b05252/library/std/src/thread/mod.rs:541:17
[INFO] [stdout]   35:     0x58c9f0aa14ee - <core::panic::unwind_safe::AssertUnwindSafe<F> as core::ops::function::FnOnce<()>>::call_once::h743f637ba4229880
[INFO] [stdout]                                at /rustc/df4ca44d3fbc9301ee17f30f4d474e6ae4b05252/library/core/src/panic/unwind_safe.rs:272:9
[INFO] [stdout]   36:     0x58c9f0aa14ee - std::panicking::try::do_call::h07440897322525a6
[INFO] [stdout]                                at /rustc/df4ca44d3fbc9301ee17f30f4d474e6ae4b05252/library/std/src/panicking.rs:557:40
[INFO] [stdout]   37:     0x58c9f0aa14ee - std::panicking::try::he5a2e00188156637
[INFO] [stdout]                                at /rustc/df4ca44d3fbc9301ee17f30f4d474e6ae4b05252/library/std/src/panicking.rs:520:19
[INFO] [stdout]   38:     0x58c9f0aa14ee - std::panic::catch_unwind::hbaf3cae49b3c6433
[INFO] [stdout]                                at /rustc/df4ca44d3fbc9301ee17f30f4d474e6ae4b05252/library/std/src/panic.rs:358:14
[INFO] [stdout]   39:     0x58c9f0aa14ee - std::thread::Builder::spawn_unchecked_::{{closure}}::h8e141ea224820bce
[INFO] [stdout]                                at /rustc/df4ca44d3fbc9301ee17f30f4d474e6ae4b05252/library/std/src/thread/mod.rs:540:30
[INFO] [stdout]   40:     0x58c9f0aa14ee - core::ops::function::FnOnce::call_once{{vtable.shim}}::h90d312fedd7b8ea8
[INFO] [stdout]                                at /rustc/df4ca44d3fbc9301ee17f30f4d474e6ae4b05252/library/core/src/ops/function.rs:250:5
[INFO] [stdout]   41:     0x58c9f0b4390b - <alloc::boxed::Box<F,A> as core::ops::function::FnOnce<Args>>::call_once::h69aa08ddb6adb8b6
[INFO] [stdout]                                at /rustc/df4ca44d3fbc9301ee17f30f4d474e6ae4b05252/library/alloc/src/boxed.rs:2454:9
[INFO] [stdout]   42:     0x58c9f0b4390b - <alloc::boxed::Box<F,A> as core::ops::function::FnOnce<Args>>::call_once::h5aa36efdb79c806f
[INFO] [stdout]                                at /rustc/df4ca44d3fbc9301ee17f30f4d474e6ae4b05252/library/alloc/src/boxed.rs:2454:9
[INFO] [stdout]   43:     0x58c9f0b4390b - std::sys::pal::unix::thread::Thread::new::thread_start::h6cd80a1b4be5158d
[INFO] [stdout]                                at /rustc/df4ca44d3fbc9301ee17f30f4d474e6ae4b05252/library/std/src/sys/pal/unix/thread.rs:105:17
[INFO] [stdout]   44:     0x75673ac18ac3 - <unknown>
[INFO] [stdout]   45:     0x75673aca9a04 - clone
[INFO] [stdout]   46:                0x0 - <unknown>
[INFO] [stdout] 
[INFO] [stdout] 
[INFO] [stdout] failures:
[INFO] [stdout]     tests::test_fact_indirect_1
[INFO] [stdout]     tests::test_left_recursion_indirect_8
[INFO] [stdout] 
[INFO] [stdout] test result: FAILED. 11 passed; 2 failed; 0 ignored; 0 measured; 0 filtered out; finished in 0.04s
[INFO] [stdout] 
[INFO] running `Command { std: "docker" "inspect" "16937af0e12bbdcf1a4b870d4eeee2bb44e05c02b8a1903106c3381dfbc28b52", kill_on_drop: false }`
[INFO] running `Command { std: "docker" "rm" "-f" "16937af0e12bbdcf1a4b870d4eeee2bb44e05c02b8a1903106c3381dfbc28b52", kill_on_drop: false }`
[INFO] [stdout] 16937af0e12bbdcf1a4b870d4eeee2bb44e05c02b8a1903106c3381dfbc28b52
