[INFO] cloning repository https://github.com/Tim2107/AOC_2023
[INFO] running `Command { std: "git" "-c" "credential.helper=" "-c" "credential.helper=/workspace/cargo-home/bin/git-credential-null" "clone" "--bare" "https://github.com/Tim2107/AOC_2023" "/workspace/cache/git-repos/https%3A%2F%2Fgithub.com%2FTim2107%2FAOC_2023", kill_on_drop: false }`
[INFO] [stderr] Cloning into bare repository '/workspace/cache/git-repos/https%3A%2F%2Fgithub.com%2FTim2107%2FAOC_2023'...
[INFO] running `Command { std: "git" "rev-parse" "HEAD", kill_on_drop: false }`
[INFO] [stdout] d04a740d7e731fc9853b99175ad541b3815e8da5
[INFO] testing Tim2107/AOC_2023/d04a740d7e731fc9853b99175ad541b3815e8da5 against nightly-2024-10-28 for randomize-layout
[INFO] running `Command { std: "git" "clone" "/workspace/cache/git-repos/https%3A%2F%2Fgithub.com%2FTim2107%2FAOC_2023" "/workspace/builds/worker-5-tc1/source", kill_on_drop: false }`
[INFO] [stderr] Cloning into '/workspace/builds/worker-5-tc1/source'...
[INFO] [stderr] done.
[INFO] validating manifest of git repo https://github.com/Tim2107/AOC_2023 on toolchain nightly-2024-10-28
[INFO] running `Command { std: CARGO_HOME="/workspace/cargo-home" RUSTUP_HOME="/workspace/rustup-home" "/workspace/cargo-home/bin/cargo" "+nightly-2024-10-28" "metadata" "--manifest-path" "Cargo.toml" "--no-deps", kill_on_drop: false }`
[INFO] started tweaking git repo https://github.com/Tim2107/AOC_2023
[INFO] finished tweaking git repo https://github.com/Tim2107/AOC_2023
[INFO] tweaked toml for git repo https://github.com/Tim2107/AOC_2023 written to /workspace/builds/worker-5-tc1/source/Cargo.toml
[INFO] crate git repo https://github.com/Tim2107/AOC_2023 already has a lockfile, it will not be regenerated
[INFO] running `Command { std: CARGO_HOME="/workspace/cargo-home" RUSTUP_HOME="/workspace/rustup-home" "/workspace/cargo-home/bin/cargo" "+nightly-2024-10-28" "fetch" "--manifest-path" "Cargo.toml", kill_on_drop: false }`
[INFO] running `Command { std: "docker" "create" "-v" "/var/lib/crater-agent-workspace/builds/worker-5-tc1/target:/opt/rustwide/target:rw,Z" "-v" "/var/lib/crater-agent-workspace/builds/worker-5-tc1/source:/opt/rustwide/workdir:ro,Z" "-v" "/var/lib/crater-agent-workspace/cargo-home:/opt/rustwide/cargo-home:ro,Z" "-v" "/var/lib/crater-agent-workspace/rustup-home:/opt/rustwide/rustup-home:ro,Z" "-e" "SOURCE_DIR=/opt/rustwide/workdir" "-e" "CARGO_TARGET_DIR=/opt/rustwide/target" "-e" "CARGO_HOME=/opt/rustwide/cargo-home" "-e" "RUSTUP_HOME=/opt/rustwide/rustup-home" "-w" "/opt/rustwide/workdir" "-m" "1610612736" "--user" "0:0" "--network" "none" "ghcr.io/rust-lang/crates-build-env/linux@sha256:4a844ea9eb2546a2d2c7022eacef16ef2e8229c7fbb2c7d4d55a9ceca922f72d" "/opt/rustwide/cargo-home/bin/cargo" "+nightly-2024-10-28" "metadata" "--no-deps" "--format-version=1", kill_on_drop: false }`
[INFO] [stdout] e09320c221b9f6b5ebcd6ccae768ef7db130b9ce6641345ff203a992f989be40
[INFO] running `Command { std: "docker" "start" "-a" "e09320c221b9f6b5ebcd6ccae768ef7db130b9ce6641345ff203a992f989be40", kill_on_drop: false }`
[INFO] running `Command { std: "docker" "inspect" "e09320c221b9f6b5ebcd6ccae768ef7db130b9ce6641345ff203a992f989be40", kill_on_drop: false }`
[INFO] running `Command { std: "docker" "rm" "-f" "e09320c221b9f6b5ebcd6ccae768ef7db130b9ce6641345ff203a992f989be40", kill_on_drop: false }`
[INFO] [stdout] e09320c221b9f6b5ebcd6ccae768ef7db130b9ce6641345ff203a992f989be40
[INFO] running `Command { std: "docker" "create" "-v" "/var/lib/crater-agent-workspace/builds/worker-5-tc1/target:/opt/rustwide/target:rw,Z" "-v" "/var/lib/crater-agent-workspace/builds/worker-5-tc1/source:/opt/rustwide/workdir:ro,Z" "-v" "/var/lib/crater-agent-workspace/cargo-home:/opt/rustwide/cargo-home:ro,Z" "-v" "/var/lib/crater-agent-workspace/rustup-home:/opt/rustwide/rustup-home:ro,Z" "-e" "SOURCE_DIR=/opt/rustwide/workdir" "-e" "CARGO_TARGET_DIR=/opt/rustwide/target" "-e" "CARGO_INCREMENTAL=0" "-e" "RUST_BACKTRACE=full" "-e" "RUSTFLAGS=--cap-lints=forbid" "-e" "RUSTDOCFLAGS=--cap-lints=forbid" "-e" "CARGO_HOME=/opt/rustwide/cargo-home" "-e" "RUSTUP_HOME=/opt/rustwide/rustup-home" "-w" "/opt/rustwide/workdir" "-m" "1610612736" "--user" "0:0" "--network" "none" "ghcr.io/rust-lang/crates-build-env/linux@sha256:4a844ea9eb2546a2d2c7022eacef16ef2e8229c7fbb2c7d4d55a9ceca922f72d" "/opt/rustwide/cargo-home/bin/cargo" "+nightly-2024-10-28" "build" "--frozen" "--message-format=json", kill_on_drop: false }`
[INFO] [stdout] 1663bb146998280853e6cd8ed0c9db8effb0ec651ad123213a47bd71b278b5e5
[INFO] running `Command { std: "docker" "start" "-a" "1663bb146998280853e6cd8ed0c9db8effb0ec651ad123213a47bd71b278b5e5", kill_on_drop: false }`
[INFO] [stderr]    Compiling autocfg v1.1.0
[INFO] [stderr]    Compiling memchr v2.6.4
[INFO] [stderr]    Compiling proc-macro2 v1.0.71
[INFO] [stderr]    Compiling unicode-ident v1.0.12
[INFO] [stderr]    Compiling futures-core v0.3.29
[INFO] [stderr]    Compiling semver v1.0.20
[INFO] [stderr]    Compiling futures-channel v0.3.29
[INFO] [stderr]    Compiling futures-task v0.3.29
[INFO] [stderr]    Compiling futures-sink v0.3.29
[INFO] [stderr]    Compiling futures-util v0.3.29
[INFO] [stderr]    Compiling futures-io v0.3.29
[INFO] [stderr]    Compiling pin-utils v0.1.0
[INFO] [stderr]    Compiling regex-syntax v0.8.2
[INFO] [stderr]    Compiling libc v0.2.151
[INFO] [stderr]    Compiling pin-project-lite v0.2.13
[INFO] [stderr]    Compiling num-traits v0.2.17
[INFO] [stderr]    Compiling num-integer v0.1.45
[INFO] [stderr]    Compiling slab v0.4.9
[INFO] [stderr]    Compiling rustc_version v0.4.0
[INFO] [stderr]    Compiling num-bigint v0.4.4
[INFO] [stderr]    Compiling aho-corasick v1.1.2
[INFO] [stderr]    Compiling num-rational v0.4.1
[INFO] [stderr]    Compiling rstest_macros v0.18.2
[INFO] [stderr]    Compiling quote v1.0.33
[INFO] [stderr]    Compiling num-iter v0.1.43
[INFO] [stderr]    Compiling syn v2.0.42
[INFO] [stderr]    Compiling cfg-if v1.0.0
[INFO] [stderr]    Compiling anyhow v1.0.75
[INFO] [stderr]    Compiling relative-path v1.9.0
[INFO] [stderr]    Compiling glob v0.3.1
[INFO] [stderr]    Compiling atty v0.2.14
[INFO] [stderr]    Compiling num-complex v0.4.4
[INFO] [stderr]    Compiling lazy_static v1.4.0
[INFO] [stderr]    Compiling humantime v2.1.0
[INFO] [stderr]    Compiling regex-automata v0.4.3
[INFO] [stderr]    Compiling log v0.4.20
[INFO] [stderr]    Compiling futures-timer v3.0.2
[INFO] [stderr]    Compiling termcolor v1.4.0
[INFO] [stderr]    Compiling colored v2.1.0
[INFO] [stderr]    Compiling num v0.4.1
[INFO] [stderr]    Compiling regex v1.10.2
[INFO] [stderr]    Compiling env_logger v0.9.3
[INFO] [stderr]    Compiling futures-macro v0.3.29
[INFO] [stderr]    Compiling futures-executor v0.3.29
[INFO] [stderr]    Compiling futures v0.3.29
[INFO] [stderr]    Compiling rstest v0.18.2
[INFO] [stderr]    Compiling aoc_2023 v0.1.0 (/opt/rustwide/workdir)
[INFO] [stdout] warning: function `print_grid` is never used
[INFO] [stdout]  --> src/utils/input_output.rs:8:8
[INFO] [stdout]   |
[INFO] [stdout] 8 | pub fn print_grid(grid: &Vec<Vec<char>>) {
[INFO] [stdout]   |        ^^^^^^^^^^
[INFO] [stdout]   |
[INFO] [stdout]   = note: `#[warn(dead_code)]` on by default
[INFO] [stdout] 
[INFO] [stdout] 
[INFO] [stdout] warning: function `print_grid_for_tuples` is never used
[INFO] [stdout]   --> src/utils/input_output.rs:17:8
[INFO] [stdout]    |
[INFO] [stdout] 17 | pub fn print_grid_for_tuples(grid: &Vec<Vec<(char,usize,usize)>>) {
[INFO] [stdout]    |        ^^^^^^^^^^^^^^^^^^^^^
[INFO] [stdout] 
[INFO] [stdout] 
[INFO] [stdout] warning: field `raw_cosmos_data` is never read
[INFO] [stdout]  --> src/day_11/path_finder.rs:4:9
[INFO] [stdout]   |
[INFO] [stdout] 3 | pub struct PathFinder{
[INFO] [stdout]   |            ---------- field in this struct
[INFO] [stdout] 4 |     pub raw_cosmos_data: Vec<Vec<(char,usize, usize)>>,
[INFO] [stdout]   |         ^^^^^^^^^^^^^^^
[INFO] [stdout] 
[INFO] [stdout] 
[INFO] [stderr]     Finished `dev` profile [unoptimized + debuginfo] target(s) in 12.34s
[INFO] running `Command { std: "docker" "inspect" "1663bb146998280853e6cd8ed0c9db8effb0ec651ad123213a47bd71b278b5e5", kill_on_drop: false }`
[INFO] running `Command { std: "docker" "rm" "-f" "1663bb146998280853e6cd8ed0c9db8effb0ec651ad123213a47bd71b278b5e5", kill_on_drop: false }`
[INFO] [stdout] 1663bb146998280853e6cd8ed0c9db8effb0ec651ad123213a47bd71b278b5e5
[INFO] running `Command { std: "docker" "create" "-v" "/var/lib/crater-agent-workspace/builds/worker-5-tc1/target:/opt/rustwide/target:rw,Z" "-v" "/var/lib/crater-agent-workspace/builds/worker-5-tc1/source:/opt/rustwide/workdir:ro,Z" "-v" "/var/lib/crater-agent-workspace/cargo-home:/opt/rustwide/cargo-home:ro,Z" "-v" "/var/lib/crater-agent-workspace/rustup-home:/opt/rustwide/rustup-home:ro,Z" "-e" "SOURCE_DIR=/opt/rustwide/workdir" "-e" "CARGO_TARGET_DIR=/opt/rustwide/target" "-e" "CARGO_INCREMENTAL=0" "-e" "RUST_BACKTRACE=full" "-e" "RUSTFLAGS=--cap-lints=forbid" "-e" "RUSTDOCFLAGS=--cap-lints=forbid" "-e" "CARGO_HOME=/opt/rustwide/cargo-home" "-e" "RUSTUP_HOME=/opt/rustwide/rustup-home" "-w" "/opt/rustwide/workdir" "-m" "1610612736" "--user" "0:0" "--network" "none" "ghcr.io/rust-lang/crates-build-env/linux@sha256:4a844ea9eb2546a2d2c7022eacef16ef2e8229c7fbb2c7d4d55a9ceca922f72d" "/opt/rustwide/cargo-home/bin/cargo" "+nightly-2024-10-28" "test" "--frozen" "--no-run" "--message-format=json", kill_on_drop: false }`
[INFO] [stdout] 682474b8785f47ab07c0e32f4fc92c9f55993aa9bd40402f5f233b8e8c4e079f
[INFO] running `Command { std: "docker" "start" "-a" "682474b8785f47ab07c0e32f4fc92c9f55993aa9bd40402f5f233b8e8c4e079f", kill_on_drop: false }`
[INFO] [stderr]    Compiling aoc_2023 v0.1.0 (/opt/rustwide/workdir)
[INFO] [stdout] warning: function `print_grid` is never used
[INFO] [stdout]  --> src/utils/input_output.rs:8:8
[INFO] [stdout]   |
[INFO] [stdout] 8 | pub fn print_grid(grid: &Vec<Vec<char>>) {
[INFO] [stdout]   |        ^^^^^^^^^^
[INFO] [stdout]   |
[INFO] [stdout]   = note: `#[warn(dead_code)]` on by default
[INFO] [stdout] 
[INFO] [stdout] 
[INFO] [stdout] warning: function `print_grid_for_tuples` is never used
[INFO] [stdout]   --> src/utils/input_output.rs:17:8
[INFO] [stdout]    |
[INFO] [stdout] 17 | pub fn print_grid_for_tuples(grid: &Vec<Vec<(char,usize,usize)>>) {
[INFO] [stdout]    |        ^^^^^^^^^^^^^^^^^^^^^
[INFO] [stdout] 
[INFO] [stdout] 
[INFO] [stdout] warning: field `raw_cosmos_data` is never read
[INFO] [stdout]  --> src/day_11/path_finder.rs:4:9
[INFO] [stdout]   |
[INFO] [stdout] 3 | pub struct PathFinder{
[INFO] [stdout]   |            ---------- field in this struct
[INFO] [stdout] 4 |     pub raw_cosmos_data: Vec<Vec<(char,usize, usize)>>,
[INFO] [stdout]   |         ^^^^^^^^^^^^^^^
[INFO] [stdout] 
[INFO] [stdout] 
[INFO] [stderr]     Finished `test` profile [unoptimized + debuginfo] target(s) in 0.62s
[INFO] running `Command { std: "docker" "inspect" "682474b8785f47ab07c0e32f4fc92c9f55993aa9bd40402f5f233b8e8c4e079f", kill_on_drop: false }`
[INFO] running `Command { std: "docker" "rm" "-f" "682474b8785f47ab07c0e32f4fc92c9f55993aa9bd40402f5f233b8e8c4e079f", kill_on_drop: false }`
[INFO] [stdout] 682474b8785f47ab07c0e32f4fc92c9f55993aa9bd40402f5f233b8e8c4e079f
[INFO] running `Command { std: "docker" "create" "-v" "/var/lib/crater-agent-workspace/builds/worker-5-tc1/target:/opt/rustwide/target:rw,Z" "-v" "/var/lib/crater-agent-workspace/builds/worker-5-tc1/source:/opt/rustwide/workdir:ro,Z" "-v" "/var/lib/crater-agent-workspace/cargo-home:/opt/rustwide/cargo-home:ro,Z" "-v" "/var/lib/crater-agent-workspace/rustup-home:/opt/rustwide/rustup-home:ro,Z" "-e" "SOURCE_DIR=/opt/rustwide/workdir" "-e" "CARGO_TARGET_DIR=/opt/rustwide/target" "-e" "CARGO_INCREMENTAL=0" "-e" "RUST_BACKTRACE=full" "-e" "RUSTFLAGS=--cap-lints=forbid" "-e" "RUSTDOCFLAGS=--cap-lints=forbid" "-e" "CARGO_HOME=/opt/rustwide/cargo-home" "-e" "RUSTUP_HOME=/opt/rustwide/rustup-home" "-w" "/opt/rustwide/workdir" "-m" "1610612736" "--user" "0:0" "--network" "none" "ghcr.io/rust-lang/crates-build-env/linux@sha256:4a844ea9eb2546a2d2c7022eacef16ef2e8229c7fbb2c7d4d55a9ceca922f72d" "/opt/rustwide/cargo-home/bin/cargo" "+nightly-2024-10-28" "test" "--frozen", kill_on_drop: false }`
[INFO] [stdout] b41ff72498d3fd0cfa6e065db70e121476b7d939206d25f4ba381a72d0ced931
[INFO] running `Command { std: "docker" "start" "-a" "b41ff72498d3fd0cfa6e065db70e121476b7d939206d25f4ba381a72d0ced931", kill_on_drop: false }`
[INFO] [stderr] warning: function `print_grid` is never used
[INFO] [stderr]  --> src/utils/input_output.rs:8:8
[INFO] [stderr]   |
[INFO] [stderr] 8 | pub fn print_grid(grid: &Vec<Vec<char>>) {
[INFO] [stderr]   |        ^^^^^^^^^^
[INFO] [stderr]   |
[INFO] [stderr]   = note: `#[warn(dead_code)]` on by default
[INFO] [stderr] 
[INFO] [stderr] warning: function `print_grid_for_tuples` is never used
[INFO] [stderr]   --> src/utils/input_output.rs:17:8
[INFO] [stderr]    |
[INFO] [stderr] 17 | pub fn print_grid_for_tuples(grid: &Vec<Vec<(char,usize,usize)>>) {
[INFO] [stderr]    |        ^^^^^^^^^^^^^^^^^^^^^
[INFO] [stderr] 
[INFO] [stderr] warning: field `raw_cosmos_data` is never read
[INFO] [stderr]  --> src/day_11/path_finder.rs:4:9
[INFO] [stderr]   |
[INFO] [stderr] 3 | pub struct PathFinder{
[INFO] [stderr]   |            ---------- field in this struct
[INFO] [stderr] 4 |     pub raw_cosmos_data: Vec<Vec<(char,usize, usize)>>,
[INFO] [stderr]   |         ^^^^^^^^^^^^^^^
[INFO] [stderr] 
[INFO] [stderr] warning: `aoc_2023` (bin "aoc_2023" test) generated 3 warnings
[INFO] [stderr]     Finished `test` profile [unoptimized + debuginfo] target(s) in 0.04s
[INFO] [stderr]      Running unittests src/main.rs (/opt/rustwide/target/debug/deps/aoc_2023-8755d42f7e42f203)
[INFO] [stdout] 
[INFO] [stdout] running 67 tests
[INFO] [stdout] test day_10::explore::tests::test_find_furthest_distance::case_1 ... ok
[INFO] [stdout] test day_10::explore::tests::test_find_furthest_distance::case_3 ... ok
[INFO] [stdout] test day_10::explore::tests::test_find_furthest_distance::case_2 ... ok
[INFO] [stdout] test day_10::explore::tests::test_get_map_tile_data::case_1 ... ok
[INFO] [stdout] test day_10::explore::tests::test_find_furthest_distance::case_4 ... ok
[INFO] [stdout] test day_10::explore::tests::test_get_map_tile_data::case_2 ... ok
[INFO] [stdout] test day_10::explore::tests::test_get_map_tile_data::case_3 ... ok
[INFO] [stdout] test day_10::explore::tests::test_get_map_tile_data::case_4 ... ok
[INFO] [stdout] test day_10::parser::tests::test_find_starting_position::case_1 ... ok
[INFO] [stdout] test day_10::explore::tests::test_is_on_map ... ok
[INFO] [stdout] test day_10::parser::tests::test_find_starting_position::case_2 ... ok
[INFO] [stdout] test day_10::parser::tests::test_find_starting_position::case_3 ... ok
[INFO] [stdout] test day_10::parser::tests::test_find_starting_position::case_4 ... ok
[INFO] [stdout] test day_10::parser::tests::test_find_starting_position::case_5 ... ok
[INFO] [stdout] test day_10::parser::tests::test_read_file::case_1 ... ok
[INFO] [stdout] test day_10::parser::tests::test_find_starting_position::case_6 ... ok
[INFO] [stdout] test day_10::parser::tests::test_read_file::case_2 ... ok
[INFO] [stdout] test day_10::parser::tests::test_find_starting_position::case_7 ... ok
[INFO] [stdout] test day_10::parser::tests::test_read_file::case_3 ... ok
[INFO] [stdout] test day_10::parser::tests::test_read_file::case_4 ... ok
[INFO] [stdout] test day_11::parser::tests::test_cataloge_galaxies ... ok
[INFO] [stdout] test day_11::parser::tests::test_double_columns_of_empty_space ... ok
[INFO] [stdout] test day_11::parser::tests::test_double_rows_of_empty_space ... ok
[INFO] [stdout] test day_11::parser::tests::test_is_empty_column_negative ... ok
[INFO] [stdout] test day_11::parser::tests::test_is_empty_row_negative ... ok
[INFO] [stdout] test day_11::parser::tests::test_is_empty_column_positive ... ok
[INFO] [stdout] test day_11::parser::tests::test_is_empty_row_positive ... ok
[INFO] [stdout] test day_11::parser::tests::test_read_file::case_1 ... ok
[INFO] [stdout] test day_11::parser::tests::test_read_file::case_3 ... ok
[INFO] [stdout] test day_11::parser::tests::test_read_file::case_2 ... ok
[INFO] [stdout] test day_11::parser::tests::test_read_file::case_4 ... ok
[INFO] [stdout] test day_11::path_finder::tests::calculate_sum_of_shortest_distances::case_1 ... ok
[INFO] [stdout] test day_11::path_finder::tests::calculate_sum_of_shortest_distances::case_2 ... ok
[INFO] [stdout] test day_11::path_finder::tests::test_calculate_shortest_distance::case_2 ... ok
[INFO] [stdout] test day_11::path_finder::tests::test_calculate_shortest_distance::case_1 ... ok
[INFO] [stdout] test day_11::path_finder::tests::calculate_sum_of_shortest_distances::case_3 ... ok
[INFO] [stdout] test day_11::path_finder::tests::test_calculate_shortest_distance::case_4 ... ok
[INFO] [stdout] test day_11::path_finder::tests::test_calculate_shortest_distance::case_3 ... ok
[INFO] [stdout] test day_11::path_finder::tests::test_read_file::case_3 ... ok
[INFO] [stdout] test day_11::path_finder::tests::test_read_file::case_4 ... ok
[INFO] [stdout] test day_8::graph::tests::test_find_overall_step ... ok
[INFO] [stdout] test day_11::path_finder::tests::test_read_file::case_2 ... ok
[INFO] [stdout] test day_11::path_finder::tests::test_read_file::case_1 ... ok
[INFO] [stdout] test day_8::graph::tests::test_find_target_distances ... ok
[INFO] [stdout] test day_8::parser::tests::test_parse_nodes ... ok
[INFO] [stdout] test day_8::parser::tests::test_parse_waypoint_instructions ... ok
[INFO] [stdout] test day_8::parser::tests::test_read_file ... ok
[INFO] [stdout] test day_9::parser::tests::test_parse_sequences_from_file ... ok
[INFO] [stdout] test day_9::parser::tests::test_read_test_file ... ok
[INFO] [stdout] test day_9::sequence_analysis::tests::test_analyze_and_predict_next_numbers ... ok
[INFO] [stdout] test day_9::sequence_analysis::tests::test_analyze_and_predict_preceeding_numbers ... ok
[INFO] [stdout] test day_9::sequence_analysis::tests::test_calculate_complete_difference_sequences ... ok
[INFO] [stdout] test day_9::sequence_analysis::tests::test_calculate_differences ... ok
[INFO] [stdout] test day_9::sequence_analysis::tests::test_extrapolate_next_number_a ... ok
[INFO] [stdout] test day_9::sequence_analysis::tests::test_extrapolate_next_number_b ... ok
[INFO] [stdout] test day_9::sequence_analysis::tests::test_extrapolate_next_number_c ... ok
[INFO] [stdout] test day_9::sequence_analysis::tests::test_extrapolate_preceeding_number_a ... ok
[INFO] [stdout] test day_9::sequence_analysis::tests::test_extrapolate_preceeding_number_b ... ok
[INFO] [stdout] test day_9::sequence_analysis::tests::test_extrapolate_preceeding_number_c ... ok
[INFO] [stdout] test day_9::sequence_analysis::tests::test_sum_of_predictions ... ok
[INFO] [stdout] test day_8::graph::tests::testcase_a ... FAILED
[INFO] [stdout] test day_8::graph::tests::testcase_b ... FAILED
[INFO] [stdout] test day_10::explore::tests::test_count_enclosed_tiles1 ... FAILED
[INFO] [stderr] error: test failed, to rerun pass `--bin aoc_2023`
[INFO] [stderr] 
[INFO] [stderr] Caused by:
[INFO] [stderr]   process didn't exit successfully: `/opt/rustwide/target/debug/deps/aoc_2023-8755d42f7e42f203` (signal: 9, SIGKILL: kill)
[INFO] running `Command { std: "docker" "inspect" "b41ff72498d3fd0cfa6e065db70e121476b7d939206d25f4ba381a72d0ced931", kill_on_drop: false }`
[INFO] running `Command { std: "docker" "rm" "-f" "b41ff72498d3fd0cfa6e065db70e121476b7d939206d25f4ba381a72d0ced931", kill_on_drop: false }`
[INFO] [stdout] b41ff72498d3fd0cfa6e065db70e121476b7d939206d25f4ba381a72d0ced931
