[INFO] cloning repository https://github.com/Threadzless/bevy_flow
[INFO] running `Command { std: "git" "-c" "credential.helper=" "-c" "credential.helper=/workspace/cargo-home/bin/git-credential-null" "clone" "--bare" "https://github.com/Threadzless/bevy_flow" "/workspace/cache/git-repos/https%3A%2F%2Fgithub.com%2FThreadzless%2Fbevy_flow", kill_on_drop: false }`
[INFO] [stderr] Cloning into bare repository '/workspace/cache/git-repos/https%3A%2F%2Fgithub.com%2FThreadzless%2Fbevy_flow'...
[INFO] running `Command { std: "git" "rev-parse" "HEAD", kill_on_drop: false }`
[INFO] [stdout] d7f21491e0064c4f0982d19e296f7e55dada4baf
[INFO] testing Threadzless/bevy_flow/d7f21491e0064c4f0982d19e296f7e55dada4baf against nightly-2024-10-28 for randomize-layout
[INFO] running `Command { std: "git" "clone" "/workspace/cache/git-repos/https%3A%2F%2Fgithub.com%2FThreadzless%2Fbevy_flow" "/workspace/builds/worker-1-tc1/source", kill_on_drop: false }`
[INFO] [stderr] Cloning into '/workspace/builds/worker-1-tc1/source'...
[INFO] [stderr] done.
[INFO] validating manifest of git repo https://github.com/Threadzless/bevy_flow on toolchain nightly-2024-10-28
[INFO] running `Command { std: CARGO_HOME="/workspace/cargo-home" RUSTUP_HOME="/workspace/rustup-home" "/workspace/cargo-home/bin/cargo" "+nightly-2024-10-28" "metadata" "--manifest-path" "Cargo.toml" "--no-deps", kill_on_drop: false }`
[INFO] removed /workspace/builds/worker-1-tc1/source/rust-toolchain.toml
[INFO] started tweaking git repo https://github.com/Threadzless/bevy_flow
[INFO] finished tweaking git repo https://github.com/Threadzless/bevy_flow
[INFO] tweaked toml for git repo https://github.com/Threadzless/bevy_flow written to /workspace/builds/worker-1-tc1/source/Cargo.toml
[INFO] crate git repo https://github.com/Threadzless/bevy_flow already has a lockfile, it will not be regenerated
[INFO] running `Command { std: CARGO_HOME="/workspace/cargo-home" RUSTUP_HOME="/workspace/rustup-home" "/workspace/cargo-home/bin/cargo" "+nightly-2024-10-28" "fetch" "--manifest-path" "Cargo.toml", kill_on_drop: false }`
[INFO] running `Command { std: "docker" "create" "-v" "/var/lib/crater-agent-workspace/builds/worker-1-tc1/target:/opt/rustwide/target:rw,Z" "-v" "/var/lib/crater-agent-workspace/builds/worker-1-tc1/source:/opt/rustwide/workdir:ro,Z" "-v" "/var/lib/crater-agent-workspace/cargo-home:/opt/rustwide/cargo-home:ro,Z" "-v" "/var/lib/crater-agent-workspace/rustup-home:/opt/rustwide/rustup-home:ro,Z" "-e" "SOURCE_DIR=/opt/rustwide/workdir" "-e" "CARGO_TARGET_DIR=/opt/rustwide/target" "-e" "CARGO_HOME=/opt/rustwide/cargo-home" "-e" "RUSTUP_HOME=/opt/rustwide/rustup-home" "-w" "/opt/rustwide/workdir" "-m" "1610612736" "--user" "0:0" "--network" "none" "ghcr.io/rust-lang/crates-build-env/linux@sha256:4a844ea9eb2546a2d2c7022eacef16ef2e8229c7fbb2c7d4d55a9ceca922f72d" "/opt/rustwide/cargo-home/bin/cargo" "+nightly-2024-10-28" "metadata" "--no-deps" "--format-version=1", kill_on_drop: false }`
[INFO] [stdout] 0a16e41a48519cace4037259c2d5727328b2af395e71ece304401e6cd1876c53
[INFO] running `Command { std: "docker" "start" "-a" "0a16e41a48519cace4037259c2d5727328b2af395e71ece304401e6cd1876c53", kill_on_drop: false }`
[INFO] running `Command { std: "docker" "inspect" "0a16e41a48519cace4037259c2d5727328b2af395e71ece304401e6cd1876c53", kill_on_drop: false }`
[INFO] running `Command { std: "docker" "rm" "-f" "0a16e41a48519cace4037259c2d5727328b2af395e71ece304401e6cd1876c53", kill_on_drop: false }`
[INFO] [stdout] 0a16e41a48519cace4037259c2d5727328b2af395e71ece304401e6cd1876c53
[INFO] running `Command { std: "docker" "create" "-v" "/var/lib/crater-agent-workspace/builds/worker-1-tc1/target:/opt/rustwide/target:rw,Z" "-v" "/var/lib/crater-agent-workspace/builds/worker-1-tc1/source:/opt/rustwide/workdir:ro,Z" "-v" "/var/lib/crater-agent-workspace/cargo-home:/opt/rustwide/cargo-home:ro,Z" "-v" "/var/lib/crater-agent-workspace/rustup-home:/opt/rustwide/rustup-home:ro,Z" "-e" "SOURCE_DIR=/opt/rustwide/workdir" "-e" "CARGO_TARGET_DIR=/opt/rustwide/target" "-e" "CARGO_INCREMENTAL=0" "-e" "RUST_BACKTRACE=full" "-e" "RUSTFLAGS=--cap-lints=forbid" "-e" "RUSTDOCFLAGS=--cap-lints=forbid" "-e" "CARGO_HOME=/opt/rustwide/cargo-home" "-e" "RUSTUP_HOME=/opt/rustwide/rustup-home" "-w" "/opt/rustwide/workdir" "-m" "1610612736" "--user" "0:0" "--network" "none" "ghcr.io/rust-lang/crates-build-env/linux@sha256:4a844ea9eb2546a2d2c7022eacef16ef2e8229c7fbb2c7d4d55a9ceca922f72d" "/opt/rustwide/cargo-home/bin/cargo" "+nightly-2024-10-28" "build" "--frozen" "--message-format=json", kill_on_drop: false }`
[INFO] [stdout] 91e75b8693ba2bf0738bacc78eb176317219c370e94e2f9596c1584ca50c8706
[INFO] running `Command { std: "docker" "start" "-a" "91e75b8693ba2bf0738bacc78eb176317219c370e94e2f9596c1584ca50c8706", kill_on_drop: false }`
[INFO] [stderr]    Compiling proc-macro2 v1.0.85
[INFO] [stderr]    Compiling unicode-ident v1.0.12
[INFO] [stderr]    Compiling cfg-if v1.0.0
[INFO] [stderr]    Compiling pin-project-lite v0.2.14
[INFO] [stderr]    Compiling libc v0.2.155
[INFO] [stderr]    Compiling serde v1.0.203
[INFO] [stderr]    Compiling crossbeam-utils v0.8.20
[INFO] [stderr]    Compiling once_cell v1.19.0
[INFO] [stderr]    Compiling equivalent v1.0.1
[INFO] [stderr]    Compiling hashbrown v0.14.5
[INFO] [stderr]    Compiling autocfg v1.3.0
[INFO] [stderr]    Compiling winnow v0.6.18
[INFO] [stderr]    Compiling toml_datetime v0.6.6
[INFO] [stderr]    Compiling version_check v0.9.4
[INFO] [stderr]    Compiling parking v2.2.0
[INFO] [stderr]    Compiling zerocopy v0.7.34
[INFO] [stderr]    Compiling ahash v0.8.11
[INFO] [stderr]    Compiling indexmap v2.2.6
[INFO] [stderr]    Compiling concurrent-queue v2.5.0
[INFO] [stderr]    Compiling quote v1.0.36
[INFO] [stderr]    Compiling futures-core v0.3.30
[INFO] [stderr]    Compiling tracing-core v0.1.32
[INFO] [stderr]    Compiling futures-io v0.3.30
[INFO] [stderr]    Compiling allocator-api2 v0.2.18
[INFO] [stderr]    Compiling fastrand v2.1.0
[INFO] [stderr]    Compiling syn v2.0.66
[INFO] [stderr]    Compiling getrandom v0.2.15
[INFO] [stderr]    Compiling smallvec v1.13.2
[INFO] [stderr]    Compiling tracing v0.1.40
[INFO] [stderr]    Compiling futures-lite v2.3.0
[INFO] [stderr]    Compiling slab v0.4.9
[INFO] [stderr]    Compiling thread_local v1.1.8
[INFO] [stderr]    Compiling thiserror v1.0.61
[INFO] [stderr]    Compiling async-task v4.7.1
[INFO] [stderr]    Compiling rand_core v0.6.4
[INFO] [stderr]    Compiling rand v0.8.5
[INFO] [stderr]    Compiling web-time v1.1.0
[INFO] [stderr]    Compiling typeid v1.0.0
[INFO] [stderr]    Compiling bytemuck v1.16.0
[INFO] [stderr]    Compiling uuid v1.8.0
[INFO] [stderr]    Compiling downcast-rs v1.2.1
[INFO] [stderr]    Compiling bevy_ptr v0.14.1
[INFO] [stderr]    Compiling smol_str v0.2.2
[INFO] [stderr]    Compiling toml_edit v0.22.16
[INFO] [stderr]    Compiling fixedbitset v0.4.2
[INFO] [stderr]    Compiling fixedbitset v0.5.7
[INFO] [stderr]    Compiling nonmax v0.5.5
[INFO] [stderr]    Compiling event-listener v5.3.1
[INFO] [stderr]    Compiling lock_api v0.4.12
[INFO] [stderr]    Compiling async-executor v1.12.0
[INFO] [stderr]    Compiling parking_lot_core v0.9.10
[INFO] [stderr]    Compiling cc v1.1.10
[INFO] [stderr]    Compiling regex-syntax v0.6.29
[INFO] [stderr]    Compiling event-listener-strategy v0.5.2
[INFO] [stderr]    Compiling regex-syntax v0.8.3
[INFO] [stderr]    Compiling atomic-waker v1.1.2
[INFO] [stderr]    Compiling bevy_tasks v0.14.1
[INFO] [stderr]    Compiling piper v0.2.4
[INFO] [stderr]    Compiling async-channel v2.3.1
[INFO] [stderr]    Compiling crossbeam-channel v0.5.13
[INFO] [stderr]    Compiling lazy_static v1.4.0
[INFO] [stderr]    Compiling overload v0.1.1
[INFO] [stderr]    Compiling scopeguard v1.2.0
[INFO] [stderr]    Compiling log v0.4.21
[INFO] [stderr]    Compiling tracing-log v0.2.0
[INFO] [stderr]    Compiling nu-ansi-term v0.46.0
[INFO] [stderr]    Compiling sharded-slab v0.1.7
[INFO] [stderr]    Compiling blocking v1.6.1
[INFO] [stderr]    Compiling async-lock v3.4.0
[INFO] [stderr]    Compiling blake3 v1.5.3
[INFO] [stderr]    Compiling bevy_macro_utils v0.14.1
[INFO] [stderr]    Compiling arrayvec v0.7.4
[INFO] [stderr]    Compiling constant_time_eq v0.3.0
[INFO] [stderr]    Compiling base64 v0.21.7
[INFO] [stderr]    Compiling accesskit v0.14.0
[INFO] [stderr]    Compiling arrayref v0.3.8
[INFO] [stderr]    Compiling event-listener v2.5.3
[INFO] [stderr]    Compiling regex-automata v0.4.6
[INFO] [stderr]    Compiling regex-automata v0.1.10
[INFO] [stderr]    Compiling async-broadcast v0.5.1
[INFO] [stderr]    Compiling async-fs v2.1.2
[INFO] [stderr]    Compiling matchers v0.1.0
[INFO] [stderr]    Compiling parking_lot v0.12.3
[INFO] [stderr]    Compiling raw-window-handle v0.6.2
[INFO] [stderr]    Compiling const-fnv1a-hash v1.1.0
[INFO] [stderr]    Compiling regex v1.10.4
[INFO] [stderr]    Compiling serde_derive v1.0.203
[INFO] [stderr]    Compiling thiserror-impl v1.0.61
[INFO] [stderr]    Compiling bevy_utils_proc_macros v0.14.1
[INFO] [stderr]    Compiling bevy_reflect_derive v0.14.1
[INFO] [stderr]    Compiling bevy_ecs_macros v0.14.1
[INFO] [stderr]    Compiling bevy_derive v0.14.1
[INFO] [stderr]    Compiling tracing-subscriber v0.3.18
[INFO] [stderr]    Compiling bevy_state_macros v0.14.1
[INFO] [stderr]    Compiling bevy_asset_macros v0.14.1
[INFO] [stderr]    Compiling erased-serde v0.4.5
[INFO] [stderr]    Compiling glam v0.27.0
[INFO] [stderr]    Compiling bitflags v2.5.0
[INFO] [stderr]    Compiling ron v0.8.1
[INFO] [stderr]    Compiling bevy_utils v0.14.1
[INFO] [stderr]    Compiling petgraph v0.6.5
[INFO] [stderr]    Compiling bevy_reflect v0.14.1
[INFO] [stderr]    Compiling bevy_ecs v0.14.1
[INFO] [stderr]    Compiling bevy_math v0.14.1
[INFO] [stderr]    Compiling bevy_app v0.14.1
[INFO] [stderr]    Compiling bevy_core v0.14.1
[INFO] [stderr]    Compiling bevy_time v0.14.1
[INFO] [stderr]    Compiling bevy_a11y v0.14.1
[INFO] [stderr]    Compiling bevy_input v0.14.1
[INFO] [stderr]    Compiling bevy_hierarchy v0.14.1
[INFO] [stderr]    Compiling bevy_window v0.14.1
[INFO] [stderr]    Compiling bevy_asset v0.14.1
[INFO] [stderr]    Compiling bevy_transform v0.14.1
[INFO] [stderr]    Compiling bevy_state v0.14.1
[INFO] [stderr]    Compiling bevy_diagnostic v0.14.1
[INFO] [stderr]    Compiling bevy_log v0.14.1
[INFO] [stderr]    Compiling bevy_internal v0.14.1
[INFO] [stderr]    Compiling bevy v0.14.1
[INFO] [stderr]    Compiling bevy_flow v1.14.0 (/opt/rustwide/workdir)
[INFO] [stderr]     Finished `dev` profile [unoptimized + debuginfo] target(s) in 55.54s
[INFO] running `Command { std: "docker" "inspect" "91e75b8693ba2bf0738bacc78eb176317219c370e94e2f9596c1584ca50c8706", kill_on_drop: false }`
[INFO] running `Command { std: "docker" "rm" "-f" "91e75b8693ba2bf0738bacc78eb176317219c370e94e2f9596c1584ca50c8706", kill_on_drop: false }`
[INFO] [stdout] 91e75b8693ba2bf0738bacc78eb176317219c370e94e2f9596c1584ca50c8706
[INFO] running `Command { std: "docker" "create" "-v" "/var/lib/crater-agent-workspace/builds/worker-1-tc1/target:/opt/rustwide/target:rw,Z" "-v" "/var/lib/crater-agent-workspace/builds/worker-1-tc1/source:/opt/rustwide/workdir:ro,Z" "-v" "/var/lib/crater-agent-workspace/cargo-home:/opt/rustwide/cargo-home:ro,Z" "-v" "/var/lib/crater-agent-workspace/rustup-home:/opt/rustwide/rustup-home:ro,Z" "-e" "SOURCE_DIR=/opt/rustwide/workdir" "-e" "CARGO_TARGET_DIR=/opt/rustwide/target" "-e" "CARGO_INCREMENTAL=0" "-e" "RUST_BACKTRACE=full" "-e" "RUSTFLAGS=--cap-lints=forbid" "-e" "RUSTDOCFLAGS=--cap-lints=forbid" "-e" "CARGO_HOME=/opt/rustwide/cargo-home" "-e" "RUSTUP_HOME=/opt/rustwide/rustup-home" "-w" "/opt/rustwide/workdir" "-m" "1610612736" "--user" "0:0" "--network" "none" "ghcr.io/rust-lang/crates-build-env/linux@sha256:4a844ea9eb2546a2d2c7022eacef16ef2e8229c7fbb2c7d4d55a9ceca922f72d" "/opt/rustwide/cargo-home/bin/cargo" "+nightly-2024-10-28" "test" "--frozen" "--no-run" "--message-format=json", kill_on_drop: false }`
[INFO] [stdout] 8c11c47a9dcf4cdf684033b91501c87258b1e7df316b441e13c502c5950aa6b1
[INFO] running `Command { std: "docker" "start" "-a" "8c11c47a9dcf4cdf684033b91501c87258b1e7df316b441e13c502c5950aa6b1", kill_on_drop: false }`
[INFO] [stderr]    Compiling bevy_flow v1.14.0 (/opt/rustwide/workdir)
[INFO] [stderr]     Finished `test` profile [unoptimized + debuginfo] target(s) in 1.52s
[INFO] running `Command { std: "docker" "inspect" "8c11c47a9dcf4cdf684033b91501c87258b1e7df316b441e13c502c5950aa6b1", kill_on_drop: false }`
[INFO] running `Command { std: "docker" "rm" "-f" "8c11c47a9dcf4cdf684033b91501c87258b1e7df316b441e13c502c5950aa6b1", kill_on_drop: false }`
[INFO] [stdout] 8c11c47a9dcf4cdf684033b91501c87258b1e7df316b441e13c502c5950aa6b1
[INFO] running `Command { std: "docker" "create" "-v" "/var/lib/crater-agent-workspace/builds/worker-1-tc1/target:/opt/rustwide/target:rw,Z" "-v" "/var/lib/crater-agent-workspace/builds/worker-1-tc1/source:/opt/rustwide/workdir:ro,Z" "-v" "/var/lib/crater-agent-workspace/cargo-home:/opt/rustwide/cargo-home:ro,Z" "-v" "/var/lib/crater-agent-workspace/rustup-home:/opt/rustwide/rustup-home:ro,Z" "-e" "SOURCE_DIR=/opt/rustwide/workdir" "-e" "CARGO_TARGET_DIR=/opt/rustwide/target" "-e" "CARGO_INCREMENTAL=0" "-e" "RUST_BACKTRACE=full" "-e" "RUSTFLAGS=--cap-lints=forbid" "-e" "RUSTDOCFLAGS=--cap-lints=forbid" "-e" "CARGO_HOME=/opt/rustwide/cargo-home" "-e" "RUSTUP_HOME=/opt/rustwide/rustup-home" "-w" "/opt/rustwide/workdir" "-m" "1610612736" "--user" "0:0" "--network" "none" "ghcr.io/rust-lang/crates-build-env/linux@sha256:4a844ea9eb2546a2d2c7022eacef16ef2e8229c7fbb2c7d4d55a9ceca922f72d" "/opt/rustwide/cargo-home/bin/cargo" "+nightly-2024-10-28" "test" "--frozen", kill_on_drop: false }`
[INFO] [stdout] 475b235dc542d830fd067fad1ad720a3ca4035b410d578894c4dba4557d04ab9
[INFO] running `Command { std: "docker" "start" "-a" "475b235dc542d830fd067fad1ad720a3ca4035b410d578894c4dba4557d04ab9", kill_on_drop: false }`
[INFO] [stderr]     Finished `test` profile [unoptimized + debuginfo] target(s) in 0.17s
[INFO] [stderr]      Running unittests src/lib.rs (/opt/rustwide/target/debug/deps/bevy_flow-59ebb885688c5ead)
[INFO] [stdout] 
[INFO] [stdout] running 0 tests
[INFO] [stdout] 
[INFO] [stdout] test result: ok. 0 passed; 0 failed; 0 ignored; 0 measured; 0 filtered out; finished in 0.00s
[INFO] [stdout] 
[INFO] [stderr]    Doc-tests bevy_flow
[INFO] [stdout] 
[INFO] [stdout] running 3 tests
[INFO] [stdout] test src/context.rs - context::FlowContext::with (line 100) ... ignored
[INFO] [stdout] test src/plugin.rs - plugin::FlowTaskManager<'w,'s>::start (line 79) ... FAILED
[INFO] [stdout] test src/../README.md - (line 42) ... FAILED
[INFO] [stdout] 
[INFO] [stdout] failures:
[INFO] [stdout] 
[INFO] [stdout] ---- src/plugin.rs - plugin::FlowTaskManager<'w,'s>::start (line 79) stdout ----
[INFO] [stdout] error[E0423]: expected value, found enum `AppExit`
[INFO] [stdout]   --> src/plugin.rs:141:16
[INFO] [stdout]    |
[INFO] [stdout] 64 |     exits.send(AppExit);
[INFO] [stdout]    |                ^^^^^^^
[INFO] [stdout]    |
[INFO] [stdout] help: you might have meant to use the following enum variant
[INFO] [stdout]    |
[INFO] [stdout] 64 |     exits.send(AppExit::Success);
[INFO] [stdout]    |                ~~~~~~~~~~~~~~~~
[INFO] [stdout] help: alternatively, the following enum variant is available
[INFO] [stdout]    |
[INFO] [stdout] 64 |     exits.send((AppExit::Error(/* fields */)));
[INFO] [stdout]    |                ~~~~~~~~~~~~~~~~~~~~~~~~~~~~~~
[INFO] [stdout] 
[INFO] [stdout] error: aborting due to 1 previous error
[INFO] [stdout] 
[INFO] [stdout] For more information about this error, try `rustc --explain E0423`.
[INFO] [stdout] Couldn't compile the test.
[INFO] [stdout] ---- src/../README.md - (line 42) stdout ----
[INFO] [stdout] error[E0423]: expected value, found enum `AppExit`
[INFO] [stdout]   --> src/../README.md:114:16
[INFO] [stdout]    |
[INFO] [stdout] 74 |     exits.send(AppExit);
[INFO] [stdout]    |                ^^^^^^^
[INFO] [stdout]    |
[INFO] [stdout] help: you might have meant to use the following enum variant
[INFO] [stdout]    |
[INFO] [stdout] 74 |     exits.send(AppExit::Success);
[INFO] [stdout]    |                ~~~~~~~~~~~~~~~~
[INFO] [stdout] help: alternatively, the following enum variant is available
[INFO] [stdout]    |
[INFO] [stdout] 74 |     exits.send((AppExit::Error(/* fields */)));
[INFO] [stdout]    |                ~~~~~~~~~~~~~~~~~~~~~~~~~~~~~~
[INFO] [stdout] 
[INFO] [stdout] error: aborting due to 1 previous error
[INFO] [stdout] 
[INFO] [stdout] For more information about this error, try `rustc --explain E0423`.
[INFO] [stdout] Couldn't compile the test.
[INFO] [stdout] 
[INFO] [stdout] failures:
[INFO] [stdout]     src/../README.md - (line 42)
[INFO] [stdout]     src/plugin.rs - plugin::FlowTaskManager<'w,'s>::start (line 79)
[INFO] [stdout] 
[INFO] [stdout] test result: FAILED. 0 passed; 2 failed; 1 ignored; 0 measured; 0 filtered out; finished in 0.16s
[INFO] [stdout] 
[INFO] [stderr] error: doctest failed, to rerun pass `--doc`
[INFO] running `Command { std: "docker" "inspect" "475b235dc542d830fd067fad1ad720a3ca4035b410d578894c4dba4557d04ab9", kill_on_drop: false }`
[INFO] running `Command { std: "docker" "rm" "-f" "475b235dc542d830fd067fad1ad720a3ca4035b410d578894c4dba4557d04ab9", kill_on_drop: false }`
[INFO] [stdout] 475b235dc542d830fd067fad1ad720a3ca4035b410d578894c4dba4557d04ab9
