[INFO] updating cached repository https://github.com/Termack/jequi
[INFO] running `Command { std: "git" "-c" "credential.helper=" "-c" "credential.helper=/workspace/cargo-home/bin/git-credential-null" "-c" "remote.origin.fetch=refs/heads/*:refs/heads/*" "fetch" "origin" "--force" "--prune", kill_on_drop: false }`
[INFO] running `Command { std: "git" "rev-parse" "HEAD", kill_on_drop: false }`
[INFO] [stdout] ef2625e55d286914f9063d9f6772cf32f93b57e4
[INFO] testing Termack/jequi/ef2625e55d286914f9063d9f6772cf32f93b57e4 against nightly-2024-10-28+rustflags=-Zrandomize-layout for randomize-layout
[INFO] running `Command { std: "git" "clone" "/workspace/cache/git-repos/https%3A%2F%2Fgithub.com%2FTermack%2Fjequi" "/workspace/builds/worker-4-tc2/source", kill_on_drop: false }`
[INFO] [stderr] Cloning into '/workspace/builds/worker-4-tc2/source'...
[INFO] [stderr] done.
[INFO] validating manifest of git repo https://github.com/Termack/jequi on toolchain nightly-2024-10-28
[INFO] running `Command { std: CARGO_HOME="/workspace/cargo-home" RUSTUP_HOME="/workspace/rustup-home" "/workspace/cargo-home/bin/cargo" "+nightly-2024-10-28" "metadata" "--manifest-path" "Cargo.toml" "--no-deps", kill_on_drop: false }`
[INFO] started tweaking git repo https://github.com/Termack/jequi
[INFO] finished tweaking git repo https://github.com/Termack/jequi
[INFO] tweaked toml for git repo https://github.com/Termack/jequi written to /workspace/builds/worker-4-tc2/source/Cargo.toml
[INFO] crate git repo https://github.com/Termack/jequi already has a lockfile, it will not be regenerated
[INFO] running `Command { std: CARGO_HOME="/workspace/cargo-home" RUSTUP_HOME="/workspace/rustup-home" "/workspace/cargo-home/bin/cargo" "+nightly-2024-10-28" "fetch" "--manifest-path" "Cargo.toml", kill_on_drop: false }`
[INFO] running `Command { std: "docker" "create" "-v" "/var/lib/crater-agent-workspace/builds/worker-4-tc2/target:/opt/rustwide/target:rw,Z" "-v" "/var/lib/crater-agent-workspace/builds/worker-4-tc2/source:/opt/rustwide/workdir:ro,Z" "-v" "/var/lib/crater-agent-workspace/cargo-home:/opt/rustwide/cargo-home:ro,Z" "-v" "/var/lib/crater-agent-workspace/rustup-home:/opt/rustwide/rustup-home:ro,Z" "-e" "SOURCE_DIR=/opt/rustwide/workdir" "-e" "CARGO_TARGET_DIR=/opt/rustwide/target" "-e" "CARGO_HOME=/opt/rustwide/cargo-home" "-e" "RUSTUP_HOME=/opt/rustwide/rustup-home" "-w" "/opt/rustwide/workdir" "-m" "1610612736" "--user" "0:0" "--network" "none" "ghcr.io/rust-lang/crates-build-env/linux@sha256:4a844ea9eb2546a2d2c7022eacef16ef2e8229c7fbb2c7d4d55a9ceca922f72d" "/opt/rustwide/cargo-home/bin/cargo" "+nightly-2024-10-28" "metadata" "--no-deps" "--format-version=1", kill_on_drop: false }`
[INFO] [stdout] 4870af9ce4cfc39cdf985a26cc1611654e11b5fa77a30787d5e3eee47f420f42
[INFO] running `Command { std: "docker" "start" "-a" "4870af9ce4cfc39cdf985a26cc1611654e11b5fa77a30787d5e3eee47f420f42", kill_on_drop: false }`
[INFO] running `Command { std: "docker" "inspect" "4870af9ce4cfc39cdf985a26cc1611654e11b5fa77a30787d5e3eee47f420f42", kill_on_drop: false }`
[INFO] running `Command { std: "docker" "rm" "-f" "4870af9ce4cfc39cdf985a26cc1611654e11b5fa77a30787d5e3eee47f420f42", kill_on_drop: false }`
[INFO] [stdout] 4870af9ce4cfc39cdf985a26cc1611654e11b5fa77a30787d5e3eee47f420f42
[INFO] running `Command { std: "docker" "create" "-v" "/var/lib/crater-agent-workspace/builds/worker-4-tc2/target:/opt/rustwide/target:rw,Z" "-v" "/var/lib/crater-agent-workspace/builds/worker-4-tc2/source:/opt/rustwide/workdir:ro,Z" "-v" "/var/lib/crater-agent-workspace/cargo-home:/opt/rustwide/cargo-home:ro,Z" "-v" "/var/lib/crater-agent-workspace/rustup-home:/opt/rustwide/rustup-home:ro,Z" "-e" "SOURCE_DIR=/opt/rustwide/workdir" "-e" "CARGO_TARGET_DIR=/opt/rustwide/target" "-e" "CARGO_INCREMENTAL=0" "-e" "RUST_BACKTRACE=full" "-e" "RUSTFLAGS=--cap-lints=forbid -Zrandomize-layout" "-e" "RUSTDOCFLAGS=--cap-lints=forbid" "-e" "CARGO_HOME=/opt/rustwide/cargo-home" "-e" "RUSTUP_HOME=/opt/rustwide/rustup-home" "-w" "/opt/rustwide/workdir" "-m" "1610612736" "--user" "0:0" "--network" "none" "ghcr.io/rust-lang/crates-build-env/linux@sha256:4a844ea9eb2546a2d2c7022eacef16ef2e8229c7fbb2c7d4d55a9ceca922f72d" "/opt/rustwide/cargo-home/bin/cargo" "+nightly-2024-10-28" "build" "--frozen" "--message-format=json", kill_on_drop: false }`
[INFO] [stdout] c9827aed2918e94e5d6c2ffae8639af46010b1fed02fdc0876fcb8d1d5e070d8
[INFO] running `Command { std: "docker" "start" "-a" "c9827aed2918e94e5d6c2ffae8639af46010b1fed02fdc0876fcb8d1d5e070d8", kill_on_drop: false }`
[INFO] [stderr]    Compiling libc v0.2.153
[INFO] [stderr]    Compiling proc-macro2 v1.0.75
[INFO] [stderr]    Compiling unicode-ident v1.0.12
[INFO] [stderr]    Compiling autocfg v1.1.0
[INFO] [stderr]    Compiling pin-project-lite v0.2.13
[INFO] [stderr]    Compiling parking_lot_core v0.9.8
[INFO] [stderr]    Compiling bytes v1.5.0
[INFO] [stderr]    Compiling scopeguard v1.2.0
[INFO] [stderr]    Compiling pkg-config v0.3.27
[INFO] [stderr]    Compiling vcpkg v0.2.15
[INFO] [stderr]    Compiling futures-core v0.3.30
[INFO] [stderr]    Compiling smallvec v1.13.1
[INFO] [stderr]    Compiling once_cell v1.18.0
[INFO] [stderr]    Compiling lock_api v0.4.10
[INFO] [stderr]    Compiling slab v0.4.9
[INFO] [stderr]    Compiling futures-sink v0.3.30
[INFO] [stderr]    Compiling futures-channel v0.3.30
[INFO] [stderr]    Compiling pin-utils v0.1.0
[INFO] [stderr]    Compiling futures-io v0.3.30
[INFO] [stderr]    Compiling memchr v2.6.3
[INFO] [stderr]    Compiling quote v1.0.35
[INFO] [stderr]    Compiling futures-task v0.3.30
[INFO] [stderr]    Compiling openssl v0.10.63
[INFO] [stderr]    Compiling itoa v1.0.9
[INFO] [stderr]    Compiling foreign-types-shared v0.1.1
[INFO] [stderr]    Compiling equivalent v1.0.1
[INFO] [stderr]    Compiling syn v2.0.48
[INFO] [stderr]    Compiling foreign-types v0.3.2
[INFO] [stderr]    Compiling fnv v1.0.7
[INFO] [stderr]    Compiling bitflags v2.4.0
[INFO] [stderr]    Compiling hashbrown v0.14.0
[INFO] [stderr]    Compiling log v0.4.20
[INFO] [stderr]    Compiling cc v1.0.83
[INFO] [stderr]    Compiling num_cpus v1.16.0
[INFO] [stderr]    Compiling socket2 v0.5.6
[INFO] [stderr]    Compiling parking_lot v0.12.1
[INFO] [stderr]    Compiling mio v0.8.11
[INFO] [stderr]    Compiling signal-hook-registry v1.4.1
[INFO] [stderr]    Compiling indexmap v2.0.0
[INFO] [stderr]    Compiling http v0.2.12
[INFO] [stderr]    Compiling tracing-core v0.1.32
[INFO] [stderr]    Compiling num-traits v0.2.16
[INFO] [stderr]    Compiling serde v1.0.188
[INFO] [stderr]    Compiling syn v1.0.109
[INFO] [stderr]    Compiling native-tls v0.2.11
[INFO] [stderr]    Compiling tracing v0.1.40
[INFO] [stderr]    Compiling tokio-openssl v0.6.4
[INFO] [stderr]    Compiling httparse v1.8.0
[INFO] [stderr]    Compiling openssl-sys v0.9.99
[INFO] [stderr]    Compiling log v0.3.9
[INFO] [stderr]    Compiling getrandom v0.2.14
[INFO] [stderr]    Compiling iana-time-zone v0.1.57
[INFO] [stderr]    Compiling openssl-probe v0.1.5
[INFO] [stderr]    Compiling ryu v1.0.15
[INFO] [stderr]    Compiling unsafe-libyaml v0.2.9
[INFO] [stderr]    Compiling try-lock v0.2.5
[INFO] [stderr]    Compiling http-body v0.4.6
[INFO] [stderr]    Compiling want v0.3.1
[INFO] [stderr]    Compiling rand_core v0.6.4
[INFO] [stderr]    Compiling hpack-patched v0.3.0
[INFO] [stderr]    Compiling chrono v0.4.30
[INFO] [stderr]    Compiling dyn-clone v1.0.13
[INFO] [stderr]    Compiling httpdate v1.0.3
[INFO] [stderr]    Compiling tower-service v0.3.2
[INFO] [stderr]    Compiling byteorder v1.5.0
[INFO] [stderr]    Compiling rand_chacha v0.3.1
[INFO] [stderr]    Compiling indexmap v1.9.3
[INFO] [stderr]    Compiling rand v0.8.5
[INFO] [stderr]    Compiling libloading v0.8.1
[INFO] [stderr]    Compiling hashbrown v0.12.3
[INFO] [stderr]    Compiling tokio-macros v2.1.0
[INFO] [stderr]    Compiling futures-macro v0.3.30
[INFO] [stderr]    Compiling openssl-macros v0.1.1
[INFO] [stderr]    Compiling serde_derive v1.0.188
[INFO] [stderr]    Compiling plugins v0.1.0 (/opt/rustwide/workdir/plugins)
[INFO] [stdout] warning: unused import: `ToTokens`
[INFO] [stdout]  --> plugins/src/lib.rs:2:34
[INFO] [stdout]   |
[INFO] [stdout] 2 | use quote::{format_ident, quote, ToTokens};
[INFO] [stdout]   |                                  ^^^^^^^^
[INFO] [stdout]   |
[INFO] [stdout]   = note: `#[warn(unused_imports)]` on by default
[INFO] [stdout] 
[INFO] [stdout] 
[INFO] [stdout] warning: unused import: `PatIdent`
[INFO] [stdout]  --> plugins/src/lib.rs:4:63
[INFO] [stdout]   |
[INFO] [stdout] 4 | use syn::{parse::Parse, parse_macro_input, token::Mut, Ident, PatIdent, Token};
[INFO] [stdout]   |                                                               ^^^^^^^^
[INFO] [stdout] 
[INFO] [stdout] 
[INFO] [stdout] warning: fields `comma` and `comma2` are never read
[INFO] [stdout]   --> plugins/src/lib.rs:8:5
[INFO] [stdout]    |
[INFO] [stdout] 6  | struct MacroInput {
[INFO] [stdout]    |        ---------- fields in this struct
[INFO] [stdout] 7  |     list: Ident,
[INFO] [stdout] 8  |     comma: Token![,],
[INFO] [stdout]    |     ^^^^^
[INFO] [stdout] 9  |     plugin: Ident,
[INFO] [stdout] 10 |     comma2: Option<Token![,]>,
[INFO] [stdout]    |     ^^^^^^
[INFO] [stdout]    |
[INFO] [stdout]    = note: `#[warn(dead_code)]` on by default
[INFO] [stdout] 
[INFO] [stdout] 
[INFO] [stderr]    Compiling tokio v1.32.0
[INFO] [stderr]    Compiling trait-set v0.3.0
[INFO] [stderr]    Compiling derivative v2.2.0
[INFO] [stderr]    Compiling futures-util v0.3.30
[INFO] [stderr]    Compiling futures-executor v0.3.30
[INFO] [stderr]    Compiling futures v0.3.30
[INFO] [stderr]    Compiling tokio-stream v0.1.15
[INFO] [stderr]    Compiling tokio-util v0.7.10
[INFO] [stderr]    Compiling tokio-native-tls v0.3.1
[INFO] [stderr]    Compiling serde_yaml v0.9.25
[INFO] [stderr]    Compiling tokio-scoped v0.2.0
[INFO] [stderr]    Compiling h2 v0.3.24
[INFO] [stderr]    Compiling jequi v0.1.0 (/opt/rustwide/workdir/jequi)
[INFO] [stdout] warning: unused import: `Path`
[INFO] [stdout]  --> jequi/src/config.rs:5:12
[INFO] [stdout]   |
[INFO] [stdout] 5 |     path::{Path, PathBuf},
[INFO] [stdout]   |            ^^^^
[INFO] [stdout]   |
[INFO] [stdout]   = note: `#[warn(unused_imports)]` on by default
[INFO] [stdout] 
[INFO] [stdout] 
[INFO] [stdout] warning: unused imports: `AsyncRead` and `AsyncWrite`
[INFO] [stdout]  --> jequi/src/http1/read.rs:2:17
[INFO] [stdout]   |
[INFO] [stdout] 2 | use tokio::io::{AsyncRead, AsyncWrite};
[INFO] [stdout]   |                 ^^^^^^^^^  ^^^^^^^^^^
[INFO] [stdout] 
[INFO] [stdout] 
[INFO] [stdout] warning: unused import: `BufStream`
[INFO] [stdout]   --> jequi/src/http1/read.rs:12:41
[INFO] [stdout]    |
[INFO] [stdout] 12 |     io::{AsyncBufReadExt, AsyncReadExt, BufStream},
[INFO] [stdout]    |                                         ^^^^^^^^^
[INFO] [stdout] 
[INFO] [stdout] 
[INFO] [stdout] warning: unused import: `RawStream`
[INFO] [stdout]   --> jequi/src/http1/read.rs:16:45
[INFO] [stdout]    |
[INFO] [stdout] 16 | use crate::{body::RequestBody, AsyncRWSend, RawStream, Request, Uri};
[INFO] [stdout]    |                                             ^^^^^^^^^
[INFO] [stdout] 
[INFO] [stdout] 
[INFO] [stdout] warning: unused imports: `AsyncRead` and `AsyncWrite`
[INFO] [stdout]  --> jequi/src/http1/write.rs:3:17
[INFO] [stdout]   |
[INFO] [stdout] 3 | use tokio::io::{AsyncRead, AsyncWrite, AsyncWriteExt};
[INFO] [stdout]   |                 ^^^^^^^^^  ^^^^^^^^^^
[INFO] [stdout] 
[INFO] [stdout] 
[INFO] [stdout] warning: unused import: `RawStream`
[INFO] [stdout]  --> jequi/src/http1/mod.rs:8:57
[INFO] [stdout]   |
[INFO] [stdout] 8 | use crate::{AsyncRWSend, ConfigMap, PostRequestHandler, RawStream, Request, Response};
[INFO] [stdout]   |                                                         ^^^^^^^^^
[INFO] [stdout] 
[INFO] [stdout] 
[INFO] [stdout] warning: unused import: `RawStream`
[INFO] [stdout]   --> jequi/src/http2/conn.rs:16:29
[INFO] [stdout]    |
[INFO] [stdout] 16 |     AsyncRWSend, ConfigMap, RawStream,
[INFO] [stdout]    |                             ^^^^^^^^^
[INFO] [stdout] 
[INFO] [stdout] 
[INFO] [stdout] warning: unused imports: `AsyncRead`, `AsyncWrite`, and `BufStream`
[INFO] [stdout]   --> jequi/src/http2/frame.rs:10:10
[INFO] [stdout]    |
[INFO] [stdout] 10 |     io::{AsyncRead, AsyncReadExt, AsyncWrite, BufStream},
[INFO] [stdout]    |          ^^^^^^^^^                ^^^^^^^^^^  ^^^^^^^^^
[INFO] [stdout] 
[INFO] [stdout] 
[INFO] [stdout] warning: unused import: `RawStream`
[INFO] [stdout]   --> jequi/src/ssl.rs:17:37
[INFO] [stdout]    |
[INFO] [stdout] 17 | use crate::{AsyncRWSend, ConfigMap, RawStream};
[INFO] [stdout]    |                                     ^^^^^^^^^
[INFO] [stdout] 
[INFO] [stdout] 
[INFO] [stdout] warning: unused import: `BufStream`
[INFO] [stdout]  --> jequi/src/tcp_stream.rs:8:54
[INFO] [stdout]   |
[INFO] [stdout] 8 | use tokio::io::{AsyncBufRead, AsyncRead, AsyncWrite, BufStream, ReadBuf};
[INFO] [stdout]   |                                                      ^^^^^^^^^
[INFO] [stdout] 
[INFO] [stdout] 
[INFO] [stdout] warning: the feature `option_get_or_insert_default` has been stable since 1.83.0 and no longer requires an attribute to enable
[INFO] [stdout]  --> jequi/src/lib.rs:3:12
[INFO] [stdout]   |
[INFO] [stdout] 3 | #![feature(option_get_or_insert_default)]
[INFO] [stdout]   |            ^^^^^^^^^^^^^^^^^^^^^^^^^^^^
[INFO] [stdout]   |
[INFO] [stdout]   = note: `#[warn(stable_features)]` on by default
[INFO] [stdout] 
[INFO] [stdout] 
[INFO] [stdout] warning: the feature `new_uninit` has been stable since 1.82.0 and no longer requires an attribute to enable
[INFO] [stdout]  --> jequi/src/lib.rs:5:12
[INFO] [stdout]   |
[INFO] [stdout] 5 | #![feature(new_uninit)]
[INFO] [stdout]   |            ^^^^^^^^^^
[INFO] [stdout] 
[INFO] [stdout] 
[INFO] [stdout] warning: unused import: `AsyncRWSend`
[INFO] [stdout]   --> jequi/src/ssl.rs:17:13
[INFO] [stdout]    |
[INFO] [stdout] 17 | use crate::{AsyncRWSend, ConfigMap, RawStream};
[INFO] [stdout]    |             ^^^^^^^^^^^
[INFO] [stdout] 
[INFO] [stdout] 
[INFO] [stdout] warning: unused variable: `cx`
[INFO] [stdout]   --> jequi/src/tcp_stream.rs:31:44
[INFO] [stdout]    |
[INFO] [stdout] 31 |     fn poll_fill_buf(self: Pin<&mut Self>, cx: &mut Context<'_>) -> Poll<Result<&[u8]>> {
[INFO] [stdout]    |                                            ^^ help: if this is intentional, prefix it with an underscore: `_cx`
[INFO] [stdout]    |
[INFO] [stdout]    = note: `#[warn(unused_variables)]` on by default
[INFO] [stdout] 
[INFO] [stdout] 
[INFO] [stdout] warning: unused variable: `amt`
[INFO] [stdout]   --> jequi/src/tcp_stream.rs:35:38
[INFO] [stdout]    |
[INFO] [stdout] 35 |     fn consume(self: Pin<&mut Self>, amt: usize) {
[INFO] [stdout]    |                                      ^^^ help: if this is intentional, prefix it with an underscore: `_amt`
[INFO] [stdout] 
[INFO] [stdout] 
[INFO] [stderr]    Compiling jequi_serve_static v0.1.0 (/opt/rustwide/workdir/plugins/jequi_serve_static)
[INFO] [stderr]    Compiling hyper v0.14.28
[INFO] [stderr]    Compiling hyper-tls v0.5.0
[INFO] [stderr]    Compiling jequi_proxy v0.1.0 (/opt/rustwide/workdir/plugins/jequi_proxy)
[INFO] [stdout] warning: unused import: `hyper::client::conn`
[INFO] [stdout]  --> plugins/jequi_proxy/src/lib.rs:6:5
[INFO] [stdout]   |
[INFO] [stdout] 6 | use hyper::client::conn;
[INFO] [stdout]   |     ^^^^^^^^^^^^^^^^^^^
[INFO] [stdout]   |
[INFO] [stdout]   = note: `#[warn(unused_imports)]` on by default
[INFO] [stdout] 
[INFO] [stdout] 
[INFO] [stdout] warning: unused import: `de`
[INFO] [stdout]   --> plugins/jequi_proxy/src/lib.rs:11:13
[INFO] [stdout]    |
[INFO] [stdout] 11 | use serde::{de, Deserialize};
[INFO] [stdout]    |             ^^
[INFO] [stdout] 
[INFO] [stdout] 
[INFO] [stderr]    Compiling jequi_go v0.1.0 (/opt/rustwide/workdir/plugins/jequi_go)
[INFO] [stderr]    Compiling api v0.1.0 (/opt/rustwide/workdir/api)
[INFO] [stderr]    Compiling server v0.1.0 (/opt/rustwide/workdir/server)
[INFO] [stdout] warning: unused import: `jequi_proxy::*`
[INFO] [stdout]  --> api/src/lib.rs:3:5
[INFO] [stdout]   |
[INFO] [stdout] 3 | use jequi_proxy::*; // TODO: proc macro to use all plugins to load custom apis
[INFO] [stdout]   |     ^^^^^^^^^^^^^^
[INFO] [stdout]   |
[INFO] [stdout]   = note: `#[warn(unused_imports)]` on by default
[INFO] [stdout] 
[INFO] [stdout] 
[INFO] [stdout] warning: unused import: `jequi::tcp_stream::new_http_conn`
[INFO] [stdout]  --> server/src/bin/jequi.rs:2:5
[INFO] [stdout]   |
[INFO] [stdout] 2 | use jequi::tcp_stream::new_http_conn;
[INFO] [stdout]   |     ^^^^^^^^^^^^^^^^^^^^^^^^^^^^^^^^
[INFO] [stdout]   |
[INFO] [stdout]   = note: `#[warn(unused_imports)]` on by default
[INFO] [stdout] 
[INFO] [stdout] 
[INFO] [stdout] warning: unused import: `tokio::io::BufStream`
[INFO] [stdout]  --> server/src/bin/jequi.rs:7:5
[INFO] [stdout]   |
[INFO] [stdout] 7 | use tokio::io::BufStream;
[INFO] [stdout]   |     ^^^^^^^^^^^^^^^^^^^^
[INFO] [stdout] 
[INFO] [stdout] 
[INFO] [stderr]     Finished `dev` profile [unoptimized + debuginfo] target(s) in 14.48s
[INFO] running `Command { std: "docker" "inspect" "c9827aed2918e94e5d6c2ffae8639af46010b1fed02fdc0876fcb8d1d5e070d8", kill_on_drop: false }`
[INFO] running `Command { std: "docker" "rm" "-f" "c9827aed2918e94e5d6c2ffae8639af46010b1fed02fdc0876fcb8d1d5e070d8", kill_on_drop: false }`
[INFO] [stdout] c9827aed2918e94e5d6c2ffae8639af46010b1fed02fdc0876fcb8d1d5e070d8
[INFO] running `Command { std: "docker" "create" "-v" "/var/lib/crater-agent-workspace/builds/worker-4-tc2/target:/opt/rustwide/target:rw,Z" "-v" "/var/lib/crater-agent-workspace/builds/worker-4-tc2/source:/opt/rustwide/workdir:ro,Z" "-v" "/var/lib/crater-agent-workspace/cargo-home:/opt/rustwide/cargo-home:ro,Z" "-v" "/var/lib/crater-agent-workspace/rustup-home:/opt/rustwide/rustup-home:ro,Z" "-e" "SOURCE_DIR=/opt/rustwide/workdir" "-e" "CARGO_TARGET_DIR=/opt/rustwide/target" "-e" "CARGO_INCREMENTAL=0" "-e" "RUST_BACKTRACE=full" "-e" "RUSTFLAGS=--cap-lints=forbid -Zrandomize-layout" "-e" "RUSTDOCFLAGS=--cap-lints=forbid" "-e" "CARGO_HOME=/opt/rustwide/cargo-home" "-e" "RUSTUP_HOME=/opt/rustwide/rustup-home" "-w" "/opt/rustwide/workdir" "-m" "1610612736" "--user" "0:0" "--network" "none" "ghcr.io/rust-lang/crates-build-env/linux@sha256:4a844ea9eb2546a2d2c7022eacef16ef2e8229c7fbb2c7d4d55a9ceca922f72d" "/opt/rustwide/cargo-home/bin/cargo" "+nightly-2024-10-28" "test" "--frozen" "--no-run" "--message-format=json", kill_on_drop: false }`
[INFO] [stdout] 37fb1830f285c4c012dc156fabbc0704828b6726b5c91effbc915ce849e8bc90
[INFO] running `Command { std: "docker" "start" "-a" "37fb1830f285c4c012dc156fabbc0704828b6726b5c91effbc915ce849e8bc90", kill_on_drop: false }`
[INFO] [stderr]    Compiling plugins v0.1.0 (/opt/rustwide/workdir/plugins)
[INFO] [stdout] warning: unused import: `ToTokens`
[INFO] [stdout]  --> plugins/src/lib.rs:2:34
[INFO] [stdout]   |
[INFO] [stdout] 2 | use quote::{format_ident, quote, ToTokens};
[INFO] [stdout]   |                                  ^^^^^^^^
[INFO] [stdout]   |
[INFO] [stdout]   = note: `#[warn(unused_imports)]` on by default
[INFO] [stdout] 
[INFO] [stdout] 
[INFO] [stdout] warning: unused import: `PatIdent`
[INFO] [stdout]  --> plugins/src/lib.rs:4:63
[INFO] [stdout]   |
[INFO] [stdout] 4 | use syn::{parse::Parse, parse_macro_input, token::Mut, Ident, PatIdent, Token};
[INFO] [stdout]   |                                                               ^^^^^^^^
[INFO] [stdout] 
[INFO] [stdout] 
[INFO] [stdout] warning: unused import: `ToTokens`
[INFO] [stdout]  --> plugins/src/lib.rs:2:34
[INFO] [stdout]   |
[INFO] [stdout] 2 | use quote::{format_ident, quote, ToTokens};
[INFO] [stdout]   |                                  ^^^^^^^^
[INFO] [stdout]   |
[INFO] [stdout]   = note: `#[warn(unused_imports)]` on by default
[INFO] [stdout] 
[INFO] [stdout] 
[INFO] [stdout] warning: unused import: `PatIdent`
[INFO] [stdout]  --> plugins/src/lib.rs:4:63
[INFO] [stdout]   |
[INFO] [stdout] 4 | use syn::{parse::Parse, parse_macro_input, token::Mut, Ident, PatIdent, Token};
[INFO] [stdout]   |                                                               ^^^^^^^^
[INFO] [stdout] 
[INFO] [stdout] 
[INFO] [stdout] warning: fields `comma` and `comma2` are never read
[INFO] [stdout]   --> plugins/src/lib.rs:8:5
[INFO] [stdout]    |
[INFO] [stdout] 6  | struct MacroInput {
[INFO] [stdout]    |        ---------- fields in this struct
[INFO] [stdout] 7  |     list: Ident,
[INFO] [stdout] 8  |     comma: Token![,],
[INFO] [stdout]    |     ^^^^^
[INFO] [stdout] 9  |     plugin: Ident,
[INFO] [stdout] 10 |     comma2: Option<Token![,]>,
[INFO] [stdout]    |     ^^^^^^
[INFO] [stdout]    |
[INFO] [stdout]    = note: `#[warn(dead_code)]` on by default
[INFO] [stdout] 
[INFO] [stdout] 
[INFO] [stdout] warning: fields `comma` and `comma2` are never read
[INFO] [stdout]   --> plugins/src/lib.rs:8:5
[INFO] [stdout]    |
[INFO] [stdout] 6  | struct MacroInput {
[INFO] [stdout]    |        ---------- fields in this struct
[INFO] [stdout] 7  |     list: Ident,
[INFO] [stdout] 8  |     comma: Token![,],
[INFO] [stdout]    |     ^^^^^
[INFO] [stdout] 9  |     plugin: Ident,
[INFO] [stdout] 10 |     comma2: Option<Token![,]>,
[INFO] [stdout]    |     ^^^^^^
[INFO] [stdout]    |
[INFO] [stdout]    = note: `#[warn(dead_code)]` on by default
[INFO] [stdout] 
[INFO] [stdout] 
[INFO] [stderr]    Compiling jequi v0.1.0 (/opt/rustwide/workdir/jequi)
[INFO] [stdout] warning: unused import: `Path`
[INFO] [stdout]  --> jequi/src/config.rs:5:12
[INFO] [stdout]   |
[INFO] [stdout] 5 |     path::{Path, PathBuf},
[INFO] [stdout]   |            ^^^^
[INFO] [stdout]   |
[INFO] [stdout]   = note: `#[warn(unused_imports)]` on by default
[INFO] [stdout] 
[INFO] [stdout] 
[INFO] [stdout] warning: unused imports: `AsyncRead` and `AsyncWrite`
[INFO] [stdout]  --> jequi/src/http1/read.rs:2:17
[INFO] [stdout]   |
[INFO] [stdout] 2 | use tokio::io::{AsyncRead, AsyncWrite};
[INFO] [stdout]   |                 ^^^^^^^^^  ^^^^^^^^^^
[INFO] [stdout] 
[INFO] [stdout] 
[INFO] [stdout] warning: unused import: `BufStream`
[INFO] [stdout]   --> jequi/src/http1/read.rs:12:41
[INFO] [stdout]    |
[INFO] [stdout] 12 |     io::{AsyncBufReadExt, AsyncReadExt, BufStream},
[INFO] [stdout]    |                                         ^^^^^^^^^
[INFO] [stdout] 
[INFO] [stdout] 
[INFO] [stdout] warning: unused import: `RawStream`
[INFO] [stdout]   --> jequi/src/http1/read.rs:16:45
[INFO] [stdout]    |
[INFO] [stdout] 16 | use crate::{body::RequestBody, AsyncRWSend, RawStream, Request, Uri};
[INFO] [stdout]    |                                             ^^^^^^^^^
[INFO] [stdout] 
[INFO] [stdout] 
[INFO] [stdout] warning: unused imports: `AsyncRead` and `AsyncWrite`
[INFO] [stdout]  --> jequi/src/http1/write.rs:3:17
[INFO] [stdout]   |
[INFO] [stdout] 3 | use tokio::io::{AsyncRead, AsyncWrite, AsyncWriteExt};
[INFO] [stdout]   |                 ^^^^^^^^^  ^^^^^^^^^^
[INFO] [stdout] 
[INFO] [stdout] 
[INFO] [stdout] warning: unused import: `RawStream`
[INFO] [stdout]  --> jequi/src/http1/mod.rs:8:57
[INFO] [stdout]   |
[INFO] [stdout] 8 | use crate::{AsyncRWSend, ConfigMap, PostRequestHandler, RawStream, Request, Response};
[INFO] [stdout]   |                                                         ^^^^^^^^^
[INFO] [stdout] 
[INFO] [stdout] 
[INFO] [stdout] warning: unused import: `RawStream`
[INFO] [stdout]   --> jequi/src/http2/conn.rs:16:29
[INFO] [stdout]    |
[INFO] [stdout] 16 |     AsyncRWSend, ConfigMap, RawStream,
[INFO] [stdout]    |                             ^^^^^^^^^
[INFO] [stdout] 
[INFO] [stdout] 
[INFO] [stdout] warning: unused imports: `AsyncRead`, `AsyncWrite`, and `BufStream`
[INFO] [stdout]   --> jequi/src/http2/frame.rs:10:10
[INFO] [stdout]    |
[INFO] [stdout] 10 |     io::{AsyncRead, AsyncReadExt, AsyncWrite, BufStream},
[INFO] [stdout]    |          ^^^^^^^^^                ^^^^^^^^^^  ^^^^^^^^^
[INFO] [stdout] 
[INFO] [stdout] 
[INFO] [stdout] warning: unused import: `RawStream`
[INFO] [stdout]   --> jequi/src/ssl.rs:17:37
[INFO] [stdout]    |
[INFO] [stdout] 17 | use crate::{AsyncRWSend, ConfigMap, RawStream};
[INFO] [stdout]    |                                     ^^^^^^^^^
[INFO] [stdout] 
[INFO] [stdout] 
[INFO] [stdout] warning: unused import: `BufStream`
[INFO] [stdout]  --> jequi/src/tcp_stream.rs:8:54
[INFO] [stdout]   |
[INFO] [stdout] 8 | use tokio::io::{AsyncBufRead, AsyncRead, AsyncWrite, BufStream, ReadBuf};
[INFO] [stdout]   |                                                      ^^^^^^^^^
[INFO] [stdout] 
[INFO] [stdout] 
[INFO] [stdout] warning: unused import: `Path`
[INFO] [stdout]  --> jequi/src/config.rs:5:12
[INFO] [stdout]   |
[INFO] [stdout] 5 |     path::{Path, PathBuf},
[INFO] [stdout]   |            ^^^^
[INFO] [stdout]   |
[INFO] [stdout]   = note: `#[warn(unused_imports)]` on by default
[INFO] [stdout] 
[INFO] [stdout] 
[INFO] [stdout] warning: unused imports: `AsyncRead` and `AsyncWrite`
[INFO] [stdout]  --> jequi/src/http1/read.rs:2:17
[INFO] [stdout]   |
[INFO] [stdout] 2 | use tokio::io::{AsyncRead, AsyncWrite};
[INFO] [stdout]   |                 ^^^^^^^^^  ^^^^^^^^^^
[INFO] [stdout] 
[INFO] [stdout] 
[INFO] [stdout] warning: unused import: `BufStream`
[INFO] [stdout]   --> jequi/src/http1/read.rs:12:41
[INFO] [stdout]    |
[INFO] [stdout] 12 |     io::{AsyncBufReadExt, AsyncReadExt, BufStream},
[INFO] [stdout]    |                                         ^^^^^^^^^
[INFO] [stdout] 
[INFO] [stdout] 
[INFO] [stdout] warning: unused import: `RawStream`
[INFO] [stdout]   --> jequi/src/http1/read.rs:16:45
[INFO] [stdout]    |
[INFO] [stdout] 16 | use crate::{body::RequestBody, AsyncRWSend, RawStream, Request, Uri};
[INFO] [stdout]    |                                             ^^^^^^^^^
[INFO] [stdout] 
[INFO] [stdout] 
[INFO] [stdout] warning: unused imports: `AsyncRead` and `AsyncWrite`
[INFO] [stdout]  --> jequi/src/http1/write.rs:3:17
[INFO] [stdout]   |
[INFO] [stdout] 3 | use tokio::io::{AsyncRead, AsyncWrite, AsyncWriteExt};
[INFO] [stdout]   |                 ^^^^^^^^^  ^^^^^^^^^^
[INFO] [stdout] 
[INFO] [stdout] 
[INFO] [stdout] warning: unused import: `RawStream`
[INFO] [stdout]  --> jequi/src/http1/mod.rs:8:57
[INFO] [stdout]   |
[INFO] [stdout] 8 | use crate::{AsyncRWSend, ConfigMap, PostRequestHandler, RawStream, Request, Response};
[INFO] [stdout]   |                                                         ^^^^^^^^^
[INFO] [stdout] 
[INFO] [stdout] 
[INFO] [stdout] warning: unused import: `RawStream`
[INFO] [stdout]  --> jequi/src/http1/test.rs:5:31
[INFO] [stdout]   |
[INFO] [stdout] 5 | use crate::{http1::Http1Conn, RawStream};
[INFO] [stdout]   |                               ^^^^^^^^^
[INFO] [stdout] 
[INFO] [stdout] 
[INFO] [stdout] warning: unused import: `RawStream`
[INFO] [stdout]   --> jequi/src/http2/conn.rs:16:29
[INFO] [stdout]    |
[INFO] [stdout] 16 |     AsyncRWSend, ConfigMap, RawStream,
[INFO] [stdout]    |                             ^^^^^^^^^
[INFO] [stdout] 
[INFO] [stdout] 
[INFO] [stdout] warning: unused imports: `AsyncRead`, `AsyncWrite`, and `BufStream`
[INFO] [stdout]   --> jequi/src/http2/frame.rs:10:10
[INFO] [stdout]    |
[INFO] [stdout] 10 |     io::{AsyncRead, AsyncReadExt, AsyncWrite, BufStream},
[INFO] [stdout]    |          ^^^^^^^^^                ^^^^^^^^^^  ^^^^^^^^^
[INFO] [stdout] 
[INFO] [stdout] 
[INFO] [stdout] warning: unused import: `BufStream`
[INFO] [stdout]   --> jequi/src/response.rs:48:35
[INFO] [stdout]    |
[INFO] [stdout] 48 |     use tokio::io::{AsyncReadExt, BufStream};
[INFO] [stdout]    |                                   ^^^^^^^^^
[INFO] [stdout] 
[INFO] [stdout] 
[INFO] [stdout] warning: unused import: `RawStream`
[INFO] [stdout]   --> jequi/src/ssl.rs:17:37
[INFO] [stdout]    |
[INFO] [stdout] 17 | use crate::{AsyncRWSend, ConfigMap, RawStream};
[INFO] [stdout]    |                                     ^^^^^^^^^
[INFO] [stdout] 
[INFO] [stdout] 
[INFO] [stdout] warning: unused import: `crate::JequiConfig`
[INFO] [stdout]    --> jequi/src/ssl.rs:192:9
[INFO] [stdout]     |
[INFO] [stdout] 192 |     use crate::JequiConfig;
[INFO] [stdout]     |         ^^^^^^^^^^^^^^^^^^
[INFO] [stdout] 
[INFO] [stdout] 
[INFO] [stdout] warning: unused imports: `RawStream` and `http1::Http1Conn`
[INFO] [stdout]    --> jequi/src/ssl.rs:193:17
[INFO] [stdout]     |
[INFO] [stdout] 193 |     use crate::{http1::Http1Conn, Config, ConfigMap, Plugin, RawStream, RequestHandler};
[INFO] [stdout]     |                 ^^^^^^^^^^^^^^^^                             ^^^^^^^^^
[INFO] [stdout] 
[INFO] [stdout] 
[INFO] [stdout] warning: unused import: `BufStream`
[INFO] [stdout]  --> jequi/src/tcp_stream.rs:8:54
[INFO] [stdout]   |
[INFO] [stdout] 8 | use tokio::io::{AsyncBufRead, AsyncRead, AsyncWrite, BufStream, ReadBuf};
[INFO] [stdout]   |                                                      ^^^^^^^^^
[INFO] [stdout] 
[INFO] [stdout] 
[INFO] [stdout] warning: the feature `option_get_or_insert_default` has been stable since 1.83.0 and no longer requires an attribute to enable
[INFO] [stdout]  --> jequi/src/lib.rs:3:12
[INFO] [stdout]   |
[INFO] [stdout] 3 | #![feature(option_get_or_insert_default)]
[INFO] [stdout]   |            ^^^^^^^^^^^^^^^^^^^^^^^^^^^^
[INFO] [stdout]   |
[INFO] [stdout]   = note: `#[warn(stable_features)]` on by default
[INFO] [stdout] 
[INFO] [stdout] 
[INFO] [stdout] warning: the feature `new_uninit` has been stable since 1.82.0 and no longer requires an attribute to enable
[INFO] [stdout]  --> jequi/src/lib.rs:5:12
[INFO] [stdout]   |
[INFO] [stdout] 5 | #![feature(new_uninit)]
[INFO] [stdout]   |            ^^^^^^^^^^
[INFO] [stdout] 
[INFO] [stdout] 
[INFO] [stdout] warning: the feature `option_get_or_insert_default` has been stable since 1.83.0 and no longer requires an attribute to enable
[INFO] [stdout]  --> jequi/src/lib.rs:3:12
[INFO] [stdout]   |
[INFO] [stdout] 3 | #![feature(option_get_or_insert_default)]
[INFO] [stdout]   |            ^^^^^^^^^^^^^^^^^^^^^^^^^^^^
[INFO] [stdout]   |
[INFO] [stdout]   = note: `#[warn(stable_features)]` on by default
[INFO] [stdout] 
[INFO] [stdout] 
[INFO] [stdout] warning: the feature `new_uninit` has been stable since 1.82.0 and no longer requires an attribute to enable
[INFO] [stdout]  --> jequi/src/lib.rs:5:12
[INFO] [stdout]   |
[INFO] [stdout] 5 | #![feature(new_uninit)]
[INFO] [stdout]   |            ^^^^^^^^^^
[INFO] [stdout] 
[INFO] [stdout] 
[INFO] [stdout] warning: unused import: `AsyncRWSend`
[INFO] [stdout]   --> jequi/src/ssl.rs:17:13
[INFO] [stdout]    |
[INFO] [stdout] 17 | use crate::{AsyncRWSend, ConfigMap, RawStream};
[INFO] [stdout]    |             ^^^^^^^^^^^
[INFO] [stdout] 
[INFO] [stdout] 
[INFO] [stdout] warning: unused variable: `cx`
[INFO] [stdout]   --> jequi/src/tcp_stream.rs:31:44
[INFO] [stdout]    |
[INFO] [stdout] 31 |     fn poll_fill_buf(self: Pin<&mut Self>, cx: &mut Context<'_>) -> Poll<Result<&[u8]>> {
[INFO] [stdout]    |                                            ^^ help: if this is intentional, prefix it with an underscore: `_cx`
[INFO] [stdout]    |
[INFO] [stdout]    = note: `#[warn(unused_variables)]` on by default
[INFO] [stdout] 
[INFO] [stdout] 
[INFO] [stdout] warning: unused variable: `amt`
[INFO] [stdout]   --> jequi/src/tcp_stream.rs:35:38
[INFO] [stdout]    |
[INFO] [stdout] 35 |     fn consume(self: Pin<&mut Self>, amt: usize) {
[INFO] [stdout]    |                                      ^^^ help: if this is intentional, prefix it with an underscore: `_amt`
[INFO] [stdout] 
[INFO] [stdout] 
[INFO] [stdout] warning: unused import: `AsyncRWSend`
[INFO] [stdout]   --> jequi/src/ssl.rs:17:13
[INFO] [stdout]    |
[INFO] [stdout] 17 | use crate::{AsyncRWSend, ConfigMap, RawStream};
[INFO] [stdout]    |             ^^^^^^^^^^^
[INFO] [stdout] 
[INFO] [stdout] 
[INFO] [stdout] warning: unused variable: `cx`
[INFO] [stdout]   --> jequi/src/tcp_stream.rs:31:44
[INFO] [stdout]    |
[INFO] [stdout] 31 |     fn poll_fill_buf(self: Pin<&mut Self>, cx: &mut Context<'_>) -> Poll<Result<&[u8]>> {
[INFO] [stdout]    |                                            ^^ help: if this is intentional, prefix it with an underscore: `_cx`
[INFO] [stdout]    |
[INFO] [stdout]    = note: `#[warn(unused_variables)]` on by default
[INFO] [stdout] 
[INFO] [stdout] 
[INFO] [stdout] warning: unused variable: `amt`
[INFO] [stdout]   --> jequi/src/tcp_stream.rs:35:38
[INFO] [stdout]    |
[INFO] [stdout] 35 |     fn consume(self: Pin<&mut Self>, amt: usize) {
[INFO] [stdout]    |                                      ^^^ help: if this is intentional, prefix it with an underscore: `_amt`
[INFO] [stdout] 
[INFO] [stdout] 
[INFO] [stderr]    Compiling jequi_proxy v0.1.0 (/opt/rustwide/workdir/plugins/jequi_proxy)
[INFO] [stderr]    Compiling jequi_serve_static v0.1.0 (/opt/rustwide/workdir/plugins/jequi_serve_static)
[INFO] [stdout] warning: unused import: `hyper::client::conn`
[INFO] [stdout]  --> plugins/jequi_proxy/src/lib.rs:6:5
[INFO] [stdout]   |
[INFO] [stdout] 6 | use hyper::client::conn;
[INFO] [stdout]   |     ^^^^^^^^^^^^^^^^^^^
[INFO] [stdout]   |
[INFO] [stdout]   = note: `#[warn(unused_imports)]` on by default
[INFO] [stdout] 
[INFO] [stdout] 
[INFO] [stdout] warning: unused import: `de`
[INFO] [stdout]   --> plugins/jequi_proxy/src/lib.rs:11:13
[INFO] [stdout]    |
[INFO] [stdout] 11 | use serde::{de, Deserialize};
[INFO] [stdout]    |             ^^
[INFO] [stdout] 
[INFO] [stdout] 
[INFO] [stdout] warning: unused import: `hyper::client::conn`
[INFO] [stdout]  --> plugins/jequi_proxy/src/lib.rs:6:5
[INFO] [stdout]   |
[INFO] [stdout] 6 | use hyper::client::conn;
[INFO] [stdout]   |     ^^^^^^^^^^^^^^^^^^^
[INFO] [stdout]   |
[INFO] [stdout]   = note: `#[warn(unused_imports)]` on by default
[INFO] [stdout] 
[INFO] [stdout] 
[INFO] [stdout] warning: unused import: `de`
[INFO] [stdout]   --> plugins/jequi_proxy/src/lib.rs:11:13
[INFO] [stdout]    |
[INFO] [stdout] 11 | use serde::{de, Deserialize};
[INFO] [stdout]    |             ^^
[INFO] [stdout] 
[INFO] [stdout] 
[INFO] [stdout] warning: unused imports: `AsyncRead` and `AsyncWrite`
[INFO] [stdout]    --> plugins/jequi_serve_static/src/lib.rs:190:21
[INFO] [stdout]     |
[INFO] [stdout] 190 |     use tokio::io::{AsyncRead, AsyncWrite};
[INFO] [stdout]     |                     ^^^^^^^^^  ^^^^^^^^^^
[INFO] [stdout]     |
[INFO] [stdout]     = note: `#[warn(unused_imports)]` on by default
[INFO] [stdout] 
[INFO] [stdout] 
[INFO] [stderr]    Compiling jequi_go v0.1.0 (/opt/rustwide/workdir/plugins/jequi_go)
[INFO] [stderr]    Compiling server v0.1.0 (/opt/rustwide/workdir/server)
[INFO] [stderr]    Compiling api v0.1.0 (/opt/rustwide/workdir/api)
[INFO] [stdout] warning: unused import: `jequi_proxy::*`
[INFO] [stdout]  --> api/src/lib.rs:3:5
[INFO] [stdout]   |
[INFO] [stdout] 3 | use jequi_proxy::*; // TODO: proc macro to use all plugins to load custom apis
[INFO] [stdout]   |     ^^^^^^^^^^^^^^
[INFO] [stdout]   |
[INFO] [stdout]   = note: `#[warn(unused_imports)]` on by default
[INFO] [stdout] 
[INFO] [stdout] 
[INFO] [stdout] warning: unused import: `jequi::tcp_stream::new_http_conn`
[INFO] [stdout]  --> server/src/bin/jequi.rs:2:5
[INFO] [stdout]   |
[INFO] [stdout] 2 | use jequi::tcp_stream::new_http_conn;
[INFO] [stdout]   |     ^^^^^^^^^^^^^^^^^^^^^^^^^^^^^^^^
[INFO] [stdout]   |
[INFO] [stdout]   = note: `#[warn(unused_imports)]` on by default
[INFO] [stdout] 
[INFO] [stdout] 
[INFO] [stdout] warning: unused import: `tokio::io::BufStream`
[INFO] [stdout]  --> server/src/bin/jequi.rs:7:5
[INFO] [stdout]   |
[INFO] [stdout] 7 | use tokio::io::BufStream;
[INFO] [stdout]   |     ^^^^^^^^^^^^^^^^^^^^
[INFO] [stdout] 
[INFO] [stdout] 
[INFO] [stderr]     Finished `test` profile [unoptimized + debuginfo] target(s) in 2.48s
[INFO] running `Command { std: "docker" "inspect" "37fb1830f285c4c012dc156fabbc0704828b6726b5c91effbc915ce849e8bc90", kill_on_drop: false }`
[INFO] running `Command { std: "docker" "rm" "-f" "37fb1830f285c4c012dc156fabbc0704828b6726b5c91effbc915ce849e8bc90", kill_on_drop: false }`
[INFO] [stdout] 37fb1830f285c4c012dc156fabbc0704828b6726b5c91effbc915ce849e8bc90
[INFO] running `Command { std: "docker" "create" "-v" "/var/lib/crater-agent-workspace/builds/worker-4-tc2/target:/opt/rustwide/target:rw,Z" "-v" "/var/lib/crater-agent-workspace/builds/worker-4-tc2/source:/opt/rustwide/workdir:ro,Z" "-v" "/var/lib/crater-agent-workspace/cargo-home:/opt/rustwide/cargo-home:ro,Z" "-v" "/var/lib/crater-agent-workspace/rustup-home:/opt/rustwide/rustup-home:ro,Z" "-e" "SOURCE_DIR=/opt/rustwide/workdir" "-e" "CARGO_TARGET_DIR=/opt/rustwide/target" "-e" "CARGO_INCREMENTAL=0" "-e" "RUST_BACKTRACE=full" "-e" "RUSTFLAGS=--cap-lints=forbid -Zrandomize-layout" "-e" "RUSTDOCFLAGS=--cap-lints=forbid" "-e" "CARGO_HOME=/opt/rustwide/cargo-home" "-e" "RUSTUP_HOME=/opt/rustwide/rustup-home" "-w" "/opt/rustwide/workdir" "-m" "1610612736" "--user" "0:0" "--network" "none" "ghcr.io/rust-lang/crates-build-env/linux@sha256:4a844ea9eb2546a2d2c7022eacef16ef2e8229c7fbb2c7d4d55a9ceca922f72d" "/opt/rustwide/cargo-home/bin/cargo" "+nightly-2024-10-28" "test" "--frozen", kill_on_drop: false }`
[INFO] [stdout] 357632b86cab69e56eddaed6c8f68997c3b02d808d40313fa179f48d645c1133
[INFO] running `Command { std: "docker" "start" "-a" "357632b86cab69e56eddaed6c8f68997c3b02d808d40313fa179f48d645c1133", kill_on_drop: false }`
[INFO] [stderr] warning: unused import: `ToTokens`
[INFO] [stderr]  --> plugins/src/lib.rs:2:34
[INFO] [stderr]   |
[INFO] [stderr] 2 | use quote::{format_ident, quote, ToTokens};
[INFO] [stderr]   |                                  ^^^^^^^^
[INFO] [stderr]   |
[INFO] [stderr]   = note: `#[warn(unused_imports)]` on by default
[INFO] [stderr] 
[INFO] [stderr] warning: unused import: `PatIdent`
[INFO] [stderr]  --> plugins/src/lib.rs:4:63
[INFO] [stderr]   |
[INFO] [stderr] 4 | use syn::{parse::Parse, parse_macro_input, token::Mut, Ident, PatIdent, Token};
[INFO] [stderr]   |                                                               ^^^^^^^^
[INFO] [stderr] 
[INFO] [stderr] warning: fields `comma` and `comma2` are never read
[INFO] [stderr]   --> plugins/src/lib.rs:8:5
[INFO] [stderr]    |
[INFO] [stderr] 6  | struct MacroInput {
[INFO] [stderr]    |        ---------- fields in this struct
[INFO] [stderr] 7  |     list: Ident,
[INFO] [stderr] 8  |     comma: Token![,],
[INFO] [stderr]    |     ^^^^^
[INFO] [stderr] 9  |     plugin: Ident,
[INFO] [stderr] 10 |     comma2: Option<Token![,]>,
[INFO] [stderr]    |     ^^^^^^
[INFO] [stderr]    |
[INFO] [stderr]    = note: `#[warn(dead_code)]` on by default
[INFO] [stderr] 
[INFO] [stderr] warning: `plugins` (lib) generated 3 warnings (run `cargo fix --lib -p plugins` to apply 2 suggestions)
[INFO] [stderr] warning: unused import: `Path`
[INFO] [stderr]  --> jequi/src/config.rs:5:12
[INFO] [stderr]   |
[INFO] [stderr] 5 |     path::{Path, PathBuf},
[INFO] [stderr]   |            ^^^^
[INFO] [stderr]   |
[INFO] [stderr]   = note: `#[warn(unused_imports)]` on by default
[INFO] [stderr] 
[INFO] [stderr] warning: unused imports: `AsyncRead` and `AsyncWrite`
[INFO] [stderr]  --> jequi/src/http1/read.rs:2:17
[INFO] [stderr]   |
[INFO] [stderr] 2 | use tokio::io::{AsyncRead, AsyncWrite};
[INFO] [stderr]   |                 ^^^^^^^^^  ^^^^^^^^^^
[INFO] [stderr] 
[INFO] [stderr] warning: unused import: `BufStream`
[INFO] [stderr]   --> jequi/src/http1/read.rs:12:41
[INFO] [stderr]    |
[INFO] [stderr] 12 |     io::{AsyncBufReadExt, AsyncReadExt, BufStream},
[INFO] [stderr]    |                                         ^^^^^^^^^
[INFO] [stderr] 
[INFO] [stderr] warning: unused import: `RawStream`
[INFO] [stderr]   --> jequi/src/http1/read.rs:16:45
[INFO] [stderr]    |
[INFO] [stderr] 16 | use crate::{body::RequestBody, AsyncRWSend, RawStream, Request, Uri};
[INFO] [stderr]    |                                             ^^^^^^^^^
[INFO] [stderr] 
[INFO] [stderr] warning: unused imports: `AsyncRead` and `AsyncWrite`
[INFO] [stderr]  --> jequi/src/http1/write.rs:3:17
[INFO] [stderr]   |
[INFO] [stderr] 3 | use tokio::io::{AsyncRead, AsyncWrite, AsyncWriteExt};
[INFO] [stderr]   |                 ^^^^^^^^^  ^^^^^^^^^^
[INFO] [stderr] 
[INFO] [stderr] warning: unused import: `RawStream`
[INFO] [stderr]  --> jequi/src/http1/mod.rs:8:57
[INFO] [stderr]   |
[INFO] [stderr] 8 | use crate::{AsyncRWSend, ConfigMap, PostRequestHandler, RawStream, Request, Response};
[INFO] [stderr]   |                                                         ^^^^^^^^^
[INFO] [stderr] 
[INFO] [stderr] warning: unused import: `RawStream`
[INFO] [stderr]   --> jequi/src/http2/conn.rs:16:29
[INFO] [stderr]    |
[INFO] [stderr] 16 |     AsyncRWSend, ConfigMap, RawStream,
[INFO] [stderr]    |                             ^^^^^^^^^
[INFO] [stderr] 
[INFO] [stderr] warning: unused imports: `AsyncRead`, `AsyncWrite`, and `BufStream`
[INFO] [stderr]   --> jequi/src/http2/frame.rs:10:10
[INFO] [stderr]    |
[INFO] [stderr] 10 |     io::{AsyncRead, AsyncReadExt, AsyncWrite, BufStream},
[INFO] [stderr]    |          ^^^^^^^^^                ^^^^^^^^^^  ^^^^^^^^^
[INFO] [stderr] 
[INFO] [stderr] warning: unused import: `RawStream`
[INFO] [stderr]   --> jequi/src/ssl.rs:17:37
[INFO] [stderr]    |
[INFO] [stderr] 17 | use crate::{AsyncRWSend, ConfigMap, RawStream};
[INFO] [stderr]    |                                     ^^^^^^^^^
[INFO] [stderr] 
[INFO] [stderr] warning: unused import: `BufStream`
[INFO] [stderr]  --> jequi/src/tcp_stream.rs:8:54
[INFO] [stderr]   |
[INFO] [stderr] 8 | use tokio::io::{AsyncBufRead, AsyncRead, AsyncWrite, BufStream, ReadBuf};
[INFO] [stderr]   |                                                      ^^^^^^^^^
[INFO] [stderr] 
[INFO] [stderr] warning: the feature `option_get_or_insert_default` has been stable since 1.83.0 and no longer requires an attribute to enable
[INFO] [stderr]  --> jequi/src/lib.rs:3:12
[INFO] [stderr]   |
[INFO] [stderr] 3 | #![feature(option_get_or_insert_default)]
[INFO] [stderr]   |            ^^^^^^^^^^^^^^^^^^^^^^^^^^^^
[INFO] [stderr]   |
[INFO] [stderr]   = note: `#[warn(stable_features)]` on by default
[INFO] [stderr] 
[INFO] [stderr] warning: the feature `new_uninit` has been stable since 1.82.0 and no longer requires an attribute to enable
[INFO] [stderr]  --> jequi/src/lib.rs:5:12
[INFO] [stderr]   |
[INFO] [stderr] 5 | #![feature(new_uninit)]
[INFO] [stderr]   |            ^^^^^^^^^^
[INFO] [stderr] 
[INFO] [stderr] warning: unused import: `AsyncRWSend`
[INFO] [stderr]   --> jequi/src/ssl.rs:17:13
[INFO] [stderr]    |
[INFO] [stderr] 17 | use crate::{AsyncRWSend, ConfigMap, RawStream};
[INFO] [stderr]    |             ^^^^^^^^^^^
[INFO] [stderr] 
[INFO] [stderr] warning: unused variable: `cx`
[INFO] [stderr]   --> jequi/src/tcp_stream.rs:31:44
[INFO] [stderr]    |
[INFO] [stderr] 31 |     fn poll_fill_buf(self: Pin<&mut Self>, cx: &mut Context<'_>) -> Poll<Result<&[u8]>> {
[INFO] [stderr]    |                                            ^^ help: if this is intentional, prefix it with an underscore: `_cx`
[INFO] [stderr]    |
[INFO] [stderr]    = note: `#[warn(unused_variables)]` on by default
[INFO] [stderr] 
[INFO] [stderr] warning: unused variable: `amt`
[INFO] [stderr]   --> jequi/src/tcp_stream.rs:35:38
[INFO] [stderr]    |
[INFO] [stderr] 35 |     fn consume(self: Pin<&mut Self>, amt: usize) {
[INFO] [stderr]    |                                      ^^^ help: if this is intentional, prefix it with an underscore: `_amt`
[INFO] [stderr] 
[INFO] [stderr] warning: `jequi` (lib) generated 15 warnings (run `cargo fix --lib -p jequi` to apply 10 suggestions)
[INFO] [stderr] warning: unused imports: `AsyncRead` and `AsyncWrite`
[INFO] [stderr]    --> plugins/jequi_serve_static/src/lib.rs:190:21
[INFO] [stderr]     |
[INFO] [stderr] 190 |     use tokio::io::{AsyncRead, AsyncWrite};
[INFO] [stderr]     |                     ^^^^^^^^^  ^^^^^^^^^^
[INFO] [stderr]     |
[INFO] [stderr]     = note: `#[warn(unused_imports)]` on by default
[INFO] [stderr] 
[INFO] [stderr] warning: `jequi_serve_static` (lib test) generated 1 warning (run `cargo fix --lib -p jequi_serve_static --tests` to apply 1 suggestion)
[INFO] [stderr] warning: unused import: `RawStream`
[INFO] [stderr]  --> jequi/src/http1/test.rs:5:31
[INFO] [stderr]   |
[INFO] [stderr] 5 | use crate::{http1::Http1Conn, RawStream};
[INFO] [stderr]   |                               ^^^^^^^^^
[INFO] [stderr] 
[INFO] [stderr] warning: unused import: `BufStream`
[INFO] [stderr]   --> jequi/src/response.rs:48:35
[INFO] [stderr]    |
[INFO] [stderr] 48 |     use tokio::io::{AsyncReadExt, BufStream};
[INFO] [stderr]    |                                   ^^^^^^^^^
[INFO] [stderr] 
[INFO] [stderr] warning: unused import: `crate::JequiConfig`
[INFO] [stderr]    --> jequi/src/ssl.rs:192:9
[INFO] [stderr]     |
[INFO] [stderr] 192 |     use crate::JequiConfig;
[INFO] [stderr]     |         ^^^^^^^^^^^^^^^^^^
[INFO] [stderr] 
[INFO] [stderr] warning: unused imports: `RawStream` and `http1::Http1Conn`
[INFO] [stderr]    --> jequi/src/ssl.rs:193:17
[INFO] [stderr]     |
[INFO] [stderr] 193 |     use crate::{http1::Http1Conn, Config, ConfigMap, Plugin, RawStream, RequestHandler};
[INFO] [stderr]     |                 ^^^^^^^^^^^^^^^^                             ^^^^^^^^^
[INFO] [stderr] 
[INFO] [stderr] warning: `jequi` (lib test) generated 19 warnings (15 duplicates) (run `cargo fix --lib -p jequi --tests` to apply 4 suggestions)
[INFO] [stderr] warning: `plugins` (lib test) generated 3 warnings (3 duplicates)
[INFO] [stderr] warning: unused import: `hyper::client::conn`
[INFO] [stderr]  --> plugins/jequi_proxy/src/lib.rs:6:5
[INFO] [stderr]   |
[INFO] [stderr] 6 | use hyper::client::conn;
[INFO] [stderr]   |     ^^^^^^^^^^^^^^^^^^^
[INFO] [stderr]   |
[INFO] [stderr]   = note: `#[warn(unused_imports)]` on by default
[INFO] [stderr] 
[INFO] [stderr] warning: unused import: `de`
[INFO] [stderr]   --> plugins/jequi_proxy/src/lib.rs:11:13
[INFO] [stderr]    |
[INFO] [stderr] 11 | use serde::{de, Deserialize};
[INFO] [stderr]    |             ^^
[INFO] [stderr] 
[INFO] [stderr] warning: `jequi_proxy` (lib) generated 2 warnings (run `cargo fix --lib -p jequi_proxy` to apply 2 suggestions)
[INFO] [stderr] warning: `jequi_proxy` (lib test) generated 2 warnings (2 duplicates)
[INFO] [stderr] warning: unused import: `jequi_proxy::*`
[INFO] [stderr]  --> api/src/lib.rs:3:5
[INFO] [stderr]   |
[INFO] [stderr] 3 | use jequi_proxy::*; // TODO: proc macro to use all plugins to load custom apis
[INFO] [stderr]   |     ^^^^^^^^^^^^^^
[INFO] [stderr]   |
[INFO] [stderr]   = note: `#[warn(unused_imports)]` on by default
[INFO] [stderr] 
[INFO] [stderr] warning: `api` (lib test) generated 1 warning (run `cargo fix --lib -p api --tests` to apply 1 suggestion)
[INFO] [stderr] warning: unused import: `jequi::tcp_stream::new_http_conn`
[INFO] [stderr]  --> server/src/bin/jequi.rs:2:5
[INFO] [stderr]   |
[INFO] [stderr] 2 | use jequi::tcp_stream::new_http_conn;
[INFO] [stderr]   |     ^^^^^^^^^^^^^^^^^^^^^^^^^^^^^^^^
[INFO] [stderr]   |
[INFO] [stderr]   = note: `#[warn(unused_imports)]` on by default
[INFO] [stderr] 
[INFO] [stderr] warning: unused import: `tokio::io::BufStream`
[INFO] [stderr]  --> server/src/bin/jequi.rs:7:5
[INFO] [stderr]   |
[INFO] [stderr] 7 | use tokio::io::BufStream;
[INFO] [stderr]   |     ^^^^^^^^^^^^^^^^^^^^
[INFO] [stderr] 
[INFO] [stderr] warning: `server` (bin "server" test) generated 2 warnings (run `cargo fix --bin "server" --tests` to apply 2 suggestions)
[INFO] [stderr]     Finished `test` profile [unoptimized + debuginfo] target(s) in 0.07s
[INFO] [stderr]      Running unittests src/lib.rs (/opt/rustwide/target/debug/deps/jequi-6b53eab1f31f1f5c)
[INFO] [stdout] 
[INFO] [stdout] running 0 tests
[INFO] [stdout] 
[INFO] [stdout] test result: ok. 0 passed; 0 failed; 0 ignored; 0 measured; 0 filtered out; finished in 0.00s
[INFO] [stdout] 
[INFO] [stderr]      Running unittests src/lib.rs (/opt/rustwide/target/debug/deps/jequi-70a0dfa3873536d9)
[INFO] [stdout] 
[INFO] [stdout] running 9 tests
[INFO] [stdout] test response::tests::get_set_header_test ... ok
[INFO] [stdout] test config::tests::load_config_test ... ok
[INFO] [stdout] test http1::test::parse_first_line_test ... ok
[INFO] [stdout] test config::tests::get_config_for_request_test ... ok
[INFO] [stdout] test http1::test::read_body_test ... ok
[INFO] [stdout] test http1::test::parse_headers_test ... ok
[INFO] [stdout] test response::tests::test_write_body ... ok
[INFO] [stdout] test response::tests::response_write_test ... ok
[INFO] [stdout] test ssl::tests::ssl_handshake_test ... ok
[INFO] [stdout] 
[INFO] [stdout] test result: ok. 9 passed; 0 failed; 0 ignored; 0 measured; 0 filtered out; finished in 0.03s
[INFO] [stdout] 
[INFO] [stderr]      Running unittests src/lib.rs (/opt/rustwide/target/debug/deps/jequi_go-6eb736a9600ef653)
[INFO] [stdout] 
[INFO] [stdout] running 1 test
[INFO] [stdout] test tests::handle_go_request ... FAILED
[INFO] [stdout] 
[INFO] [stdout] failures:
[INFO] [stdout] 
[INFO] [stdout] ---- tests::handle_go_request stdout ----
[INFO] [stdout] thread 'tests::handle_go_request' panicked at plugins/jequi_go/src/lib.rs:143:9:
[INFO] [stdout] stdout: 
[INFO] [stdout] stderr: flag provided but not defined: -C
[INFO] [stdout] usage: go build [-o output] [build flags] [packages]
[INFO] [stdout] Run 'go help build' for details.
[INFO] [stdout] 
[INFO] [stdout] stack backtrace:
[INFO] [stdout]    0:     0x61cf70da5d2a - std::backtrace_rs::backtrace::libunwind::trace::h207520d6e9873551
[INFO] [stdout]                                at /rustc/df4ca44d3fbc9301ee17f30f4d474e6ae4b05252/library/std/src/../../backtrace/src/backtrace/libunwind.rs:116:5
[INFO] [stdout]    1:     0x61cf70da5d2a - std::backtrace_rs::backtrace::trace_unsynchronized::h2ed7433f370e3eca
[INFO] [stdout]                                at /rustc/df4ca44d3fbc9301ee17f30f4d474e6ae4b05252/library/std/src/../../backtrace/src/backtrace/mod.rs:66:5
[INFO] [stdout]    2:     0x61cf70da5d2a - std::sys::backtrace::_print_fmt::h916fac51166b18d7
[INFO] [stdout]                                at /rustc/df4ca44d3fbc9301ee17f30f4d474e6ae4b05252/library/std/src/sys/backtrace.rs:66:9
[INFO] [stdout]    3:     0x61cf70da5d2a - <std::sys::backtrace::BacktraceLock::print::DisplayBacktrace as core::fmt::Display>::fmt::ha0a4c9b8ce3802e6
[INFO] [stdout]                                at /rustc/df4ca44d3fbc9301ee17f30f4d474e6ae4b05252/library/std/src/sys/backtrace.rs:39:26
[INFO] [stdout]    4:     0x61cf70dcd673 - core::fmt::rt::Argument::fmt::h4cfc8587d52b3eb5
[INFO] [stdout]                                at /rustc/df4ca44d3fbc9301ee17f30f4d474e6ae4b05252/library/core/src/fmt/rt.rs:177:76
[INFO] [stdout]    5:     0x61cf70dcd673 - core::fmt::write::h522cc39e5b36ae9f
[INFO] [stdout]                                at /rustc/df4ca44d3fbc9301ee17f30f4d474e6ae4b05252/library/core/src/fmt/mod.rs:1190:21
[INFO] [stdout]    6:     0x61cf70da2683 - std::io::Write::write_fmt::h7d3c26752da97734
[INFO] [stdout]                                at /rustc/df4ca44d3fbc9301ee17f30f4d474e6ae4b05252/library/std/src/io/mod.rs:1839:15
[INFO] [stdout]    7:     0x61cf70da5b72 - std::sys::backtrace::BacktraceLock::print::h4b9e00b29e9c0942
[INFO] [stdout]                                at /rustc/df4ca44d3fbc9301ee17f30f4d474e6ae4b05252/library/std/src/sys/backtrace.rs:42:9
[INFO] [stdout]    8:     0x61cf70da71ba - std::panicking::default_hook::{{closure}}::hb59b88280d0324d9
[INFO] [stdout]                                at /rustc/df4ca44d3fbc9301ee17f30f4d474e6ae4b05252/library/std/src/panicking.rs:268:22
[INFO] [stdout]    9:     0x61cf70da6fc4 - std::panicking::default_hook::he1dd496665be4a29
[INFO] [stdout]                                at /rustc/df4ca44d3fbc9301ee17f30f4d474e6ae4b05252/library/std/src/panicking.rs:292:9
[INFO] [stdout]   10:     0x61cf70ca3cb9 - <alloc::boxed::Box<F,A> as core::ops::function::Fn<Args>>::call::h4ff71de18744e1dc
[INFO] [stdout]                                at /rustc/df4ca44d3fbc9301ee17f30f4d474e6ae4b05252/library/alloc/src/boxed.rs:2468:9
[INFO] [stdout]   11:     0x61cf70ca3cb9 - test::test_main::{{closure}}::hcf7c055ce117aa81
[INFO] [stdout]                                at /rustc/df4ca44d3fbc9301ee17f30f4d474e6ae4b05252/library/test/src/lib.rs:133:21
[INFO] [stdout]   12:     0x61cf70da78b8 - <alloc::boxed::Box<F,A> as core::ops::function::Fn<Args>>::call::h1d66c6bbd60c9692
[INFO] [stdout]                                at /rustc/df4ca44d3fbc9301ee17f30f4d474e6ae4b05252/library/alloc/src/boxed.rs:2468:9
[INFO] [stdout]   13:     0x61cf70da78b8 - std::panicking::rust_panic_with_hook::h2ff17fe8f26dfcf8
[INFO] [stdout]                                at /rustc/df4ca44d3fbc9301ee17f30f4d474e6ae4b05252/library/std/src/panicking.rs:809:13
[INFO] [stdout]   14:     0x61cf70da767a - std::panicking::begin_panic_handler::{{closure}}::h4fad77951c07e101
[INFO] [stdout]                                at /rustc/df4ca44d3fbc9301ee17f30f4d474e6ae4b05252/library/std/src/panicking.rs:674:13
[INFO] [stdout]   15:     0x61cf70da6209 - std::sys::backtrace::__rust_end_short_backtrace::hb1a25b3da5d0ea08
[INFO] [stdout]                                at /rustc/df4ca44d3fbc9301ee17f30f4d474e6ae4b05252/library/std/src/sys/backtrace.rs:170:18
[INFO] [stdout]   16:     0x61cf70da730c - rust_begin_unwind
[INFO] [stdout]                                at /rustc/df4ca44d3fbc9301ee17f30f4d474e6ae4b05252/library/std/src/panicking.rs:665:5
[INFO] [stdout]   17:     0x61cf70dcbff0 - core::panicking::panic_fmt::ha9db07b529f9b256
[INFO] [stdout]                                at /rustc/df4ca44d3fbc9301ee17f30f4d474e6ae4b05252/library/core/src/panicking.rs:75:14
[INFO] [stdout]   18:     0x61cf70c69300 - jequi_go::tests::handle_go_request::{{closure}}::hbe4cf16ae27db081
[INFO] [stdout]                                at /opt/rustwide/workdir/plugins/jequi_go/src/lib.rs:143:9
[INFO] [stdout]   19:     0x61cf70c68462 - <core::pin::Pin<P> as core::future::future::Future>::poll::h82b974c0bdb0a2bf
[INFO] [stdout]                                at /rustc/df4ca44d3fbc9301ee17f30f4d474e6ae4b05252/library/core/src/future/future.rs:123:9
[INFO] [stdout]   20:     0x61cf70c6849d - <core::pin::Pin<P> as core::future::future::Future>::poll::ha5799a2005dae92b
[INFO] [stdout]                                at /rustc/df4ca44d3fbc9301ee17f30f4d474e6ae4b05252/library/core/src/future/future.rs:123:9
[INFO] [stdout]   21:     0x61cf70c60e2f - tokio::runtime::scheduler::current_thread::CoreGuard::block_on::{{closure}}::{{closure}}::{{closure}}::h9a68a77d8b3b5317
[INFO] [stdout]                                at /opt/rustwide/cargo-home/registry/src/index.crates.io-6f17d22bba15001f/tokio-1.32.0/src/runtime/scheduler/current_thread/mod.rs:665:57
[INFO] [stdout]   22:     0x61cf70c60d65 - tokio::runtime::coop::with_budget::h93f944f3c96073f7
[INFO] [stdout]                                at /opt/rustwide/cargo-home/registry/src/index.crates.io-6f17d22bba15001f/tokio-1.32.0/src/runtime/coop.rs:107:5
[INFO] [stdout]   23:     0x61cf70c60d65 - tokio::runtime::coop::budget::h94d0a0e2c30ec125
[INFO] [stdout]                                at /opt/rustwide/cargo-home/registry/src/index.crates.io-6f17d22bba15001f/tokio-1.32.0/src/runtime/coop.rs:73:5
[INFO] [stdout]   24:     0x61cf70c60d65 - tokio::runtime::scheduler::current_thread::CoreGuard::block_on::{{closure}}::{{closure}}::h894a97c86d55bcb5
[INFO] [stdout]                                at /opt/rustwide/cargo-home/registry/src/index.crates.io-6f17d22bba15001f/tokio-1.32.0/src/runtime/scheduler/current_thread/mod.rs:665:25
[INFO] [stdout]   25:     0x61cf70c5f820 - tokio::runtime::scheduler::current_thread::Context::enter::hb15155fd9058fd40
[INFO] [stdout]                                at /opt/rustwide/cargo-home/registry/src/index.crates.io-6f17d22bba15001f/tokio-1.32.0/src/runtime/scheduler/current_thread/mod.rs:410:19
[INFO] [stdout]   26:     0x61cf70c605ce - tokio::runtime::scheduler::current_thread::CoreGuard::block_on::{{closure}}::hbf57cbbc1212eaf7
[INFO] [stdout]                                at /opt/rustwide/cargo-home/registry/src/index.crates.io-6f17d22bba15001f/tokio-1.32.0/src/runtime/scheduler/current_thread/mod.rs:664:36
[INFO] [stdout]   27:     0x61cf70c60344 - tokio::runtime::scheduler::current_thread::CoreGuard::enter::{{closure}}::h3ab6bde26a1aee02
[INFO] [stdout]                                at /opt/rustwide/cargo-home/registry/src/index.crates.io-6f17d22bba15001f/tokio-1.32.0/src/runtime/scheduler/current_thread/mod.rs:743:68
[INFO] [stdout]   28:     0x61cf70c5f0bb - tokio::runtime::context::scoped::Scoped<T>::set::hbebd98a2b031d642
[INFO] [stdout]                                at /opt/rustwide/cargo-home/registry/src/index.crates.io-6f17d22bba15001f/tokio-1.32.0/src/runtime/context/scoped.rs:40:9
[INFO] [stdout]   29:     0x61cf70c67145 - tokio::runtime::context::set_scheduler::{{closure}}::hec9f3e0269b9de0e
[INFO] [stdout]                                at /opt/rustwide/cargo-home/registry/src/index.crates.io-6f17d22bba15001f/tokio-1.32.0/src/runtime/context.rs:176:26
[INFO] [stdout]   30:     0x61cf70c5c18d - std::thread::local::LocalKey<T>::try_with::hec59ea60cc2b8588
[INFO] [stdout]                                at /rustc/df4ca44d3fbc9301ee17f30f4d474e6ae4b05252/library/std/src/thread/local.rs:283:12
[INFO] [stdout]   31:     0x61cf70c5b99a - std::thread::local::LocalKey<T>::with::h7524a3cb5c74850a
[INFO] [stdout]                                at /rustc/df4ca44d3fbc9301ee17f30f4d474e6ae4b05252/library/std/src/thread/local.rs:260:9
[INFO] [stdout]   32:     0x61cf70c670fd - tokio::runtime::context::set_scheduler::h55dbe6156a264135
[INFO] [stdout]                                at /opt/rustwide/cargo-home/registry/src/index.crates.io-6f17d22bba15001f/tokio-1.32.0/src/runtime/context.rs:176:9
[INFO] [stdout]   33:     0x61cf70c600f8 - tokio::runtime::scheduler::current_thread::CoreGuard::enter::h8906903557c7d237
[INFO] [stdout]                                at /opt/rustwide/cargo-home/registry/src/index.crates.io-6f17d22bba15001f/tokio-1.32.0/src/runtime/scheduler/current_thread/mod.rs:743:27
[INFO] [stdout]   34:     0x61cf70c60363 - tokio::runtime::scheduler::current_thread::CoreGuard::block_on::hb652bb8495f9a3db
[INFO] [stdout]                                at /opt/rustwide/cargo-home/registry/src/index.crates.io-6f17d22bba15001f/tokio-1.32.0/src/runtime/scheduler/current_thread/mod.rs:652:19
[INFO] [stdout]   35:     0x61cf70c5f35d - tokio::runtime::scheduler::current_thread::CurrentThread::block_on::{{closure}}::h9437de67acec7b7d
[INFO] [stdout]                                at /opt/rustwide/cargo-home/registry/src/index.crates.io-6f17d22bba15001f/tokio-1.32.0/src/runtime/scheduler/current_thread/mod.rs:175:28
[INFO] [stdout]   36:     0x61cf70c67506 - tokio::runtime::context::runtime::enter_runtime::hd091411b60778f75
[INFO] [stdout]                                at /opt/rustwide/cargo-home/registry/src/index.crates.io-6f17d22bba15001f/tokio-1.32.0/src/runtime/context/runtime.rs:65:16
[INFO] [stdout]   37:     0x61cf70c5f271 - tokio::runtime::scheduler::current_thread::CurrentThread::block_on::h5e7419fc62008e5c
[INFO] [stdout]                                at /opt/rustwide/cargo-home/registry/src/index.crates.io-6f17d22bba15001f/tokio-1.32.0/src/runtime/scheduler/current_thread/mod.rs:167:9
[INFO] [stdout]   38:     0x61cf70c67b1d - tokio::runtime::runtime::Runtime::block_on::h1c3a4ca855e23700
[INFO] [stdout]                                at /opt/rustwide/cargo-home/registry/src/index.crates.io-6f17d22bba15001f/tokio-1.32.0/src/runtime/runtime.rs:347:47
[INFO] [stdout]   39:     0x61cf70c68cb1 - jequi_go::tests::handle_go_request::h01c3672bbc422cdc
[INFO] [stdout]                                at /opt/rustwide/workdir/plugins/jequi_go/src/lib.rs:163:9
[INFO] [stdout]   40:     0x61cf70c68b57 - jequi_go::tests::handle_go_request::{{closure}}::hf240a68cedf0928b
[INFO] [stdout]                                at /opt/rustwide/workdir/plugins/jequi_go/src/lib.rs:128:33
[INFO] [stdout]   41:     0x61cf70c5c676 - core::ops::function::FnOnce::call_once::hcccbd7d85ec07e20
[INFO] [stdout]                                at /rustc/df4ca44d3fbc9301ee17f30f4d474e6ae4b05252/library/core/src/ops/function.rs:250:5
[INFO] [stdout]   42:     0x61cf70ca858b - core::ops::function::FnOnce::call_once::h22c3ba5715e93f05
[INFO] [stdout]                                at /rustc/df4ca44d3fbc9301ee17f30f4d474e6ae4b05252/library/core/src/ops/function.rs:250:5
[INFO] [stdout]   43:     0x61cf70ca858b - test::__rust_begin_short_backtrace::h8e82d8113d0da17f
[INFO] [stdout]                                at /rustc/df4ca44d3fbc9301ee17f30f4d474e6ae4b05252/library/test/src/lib.rs:621:18
[INFO] [stdout]   44:     0x61cf70ca7f07 - test::run_test_in_process::{{closure}}::h33235f4f20b7b7c7
[INFO] [stdout]                                at /rustc/df4ca44d3fbc9301ee17f30f4d474e6ae4b05252/library/test/src/lib.rs:644:60
[INFO] [stdout]   45:     0x61cf70ca7f07 - <core::panic::unwind_safe::AssertUnwindSafe<F> as core::ops::function::FnOnce<()>>::call_once::hb5043206310c586f
[INFO] [stdout]                                at /rustc/df4ca44d3fbc9301ee17f30f4d474e6ae4b05252/library/core/src/panic/unwind_safe.rs:272:9
[INFO] [stdout]   46:     0x61cf70ca7f07 - std::panicking::try::do_call::h9ad4731a60ab23e2
[INFO] [stdout]                                at /rustc/df4ca44d3fbc9301ee17f30f4d474e6ae4b05252/library/std/src/panicking.rs:557:40
[INFO] [stdout]   47:     0x61cf70ca7f07 - std::panicking::try::h3824d23db772a716
[INFO] [stdout]                                at /rustc/df4ca44d3fbc9301ee17f30f4d474e6ae4b05252/library/std/src/panicking.rs:520:19
[INFO] [stdout]   48:     0x61cf70ca7f07 - std::panic::catch_unwind::h5afd514605fde46b
[INFO] [stdout]                                at /rustc/df4ca44d3fbc9301ee17f30f4d474e6ae4b05252/library/std/src/panic.rs:358:14
[INFO] [stdout]   49:     0x61cf70ca7f07 - test::run_test_in_process::h0d5cbfa7067d1720
[INFO] [stdout]                                at /rustc/df4ca44d3fbc9301ee17f30f4d474e6ae4b05252/library/test/src/lib.rs:644:27
[INFO] [stdout]   50:     0x61cf70ca7f07 - test::run_test::{{closure}}::h708eb8872708115d
[INFO] [stdout]                                at /rustc/df4ca44d3fbc9301ee17f30f4d474e6ae4b05252/library/test/src/lib.rs:565:43
[INFO] [stdout]   51:     0x61cf70c6b624 - test::run_test::{{closure}}::h392c51cee94713ab
[INFO] [stdout]                                at /rustc/df4ca44d3fbc9301ee17f30f4d474e6ae4b05252/library/test/src/lib.rs:595:41
[INFO] [stdout]   52:     0x61cf70c6b624 - std::sys::backtrace::__rust_begin_short_backtrace::h2f40290710935a8b
[INFO] [stdout]                                at /rustc/df4ca44d3fbc9301ee17f30f4d474e6ae4b05252/library/std/src/sys/backtrace.rs:154:18
[INFO] [stdout]   53:     0x61cf70c6edce - std::thread::Builder::spawn_unchecked_::{{closure}}::{{closure}}::h3fd968d89053a903
[INFO] [stdout]                                at /rustc/df4ca44d3fbc9301ee17f30f4d474e6ae4b05252/library/std/src/thread/mod.rs:541:17
[INFO] [stdout]   54:     0x61cf70c6edce - <core::panic::unwind_safe::AssertUnwindSafe<F> as core::ops::function::FnOnce<()>>::call_once::h743f637ba4229880
[INFO] [stdout]                                at /rustc/df4ca44d3fbc9301ee17f30f4d474e6ae4b05252/library/core/src/panic/unwind_safe.rs:272:9
[INFO] [stdout]   55:     0x61cf70c6edce - std::panicking::try::do_call::h07440897322525a6
[INFO] [stdout]                                at /rustc/df4ca44d3fbc9301ee17f30f4d474e6ae4b05252/library/std/src/panicking.rs:557:40
[INFO] [stdout]   56:     0x61cf70c6edce - std::panicking::try::he5a2e00188156637
[INFO] [stdout]                                at /rustc/df4ca44d3fbc9301ee17f30f4d474e6ae4b05252/library/std/src/panicking.rs:520:19
[INFO] [stdout]   57:     0x61cf70c6edce - std::panic::catch_unwind::hbaf3cae49b3c6433
[INFO] [stdout]                                at /rustc/df4ca44d3fbc9301ee17f30f4d474e6ae4b05252/library/std/src/panic.rs:358:14
[INFO] [stdout]   58:     0x61cf70c6edce - std::thread::Builder::spawn_unchecked_::{{closure}}::h8e141ea224820bce
[INFO] [stdout]                                at /rustc/df4ca44d3fbc9301ee17f30f4d474e6ae4b05252/library/std/src/thread/mod.rs:540:30
[INFO] [stdout]   59:     0x61cf70c6edce - core::ops::function::FnOnce::call_once{{vtable.shim}}::h90d312fedd7b8ea8
[INFO] [stdout]                                at /rustc/df4ca44d3fbc9301ee17f30f4d474e6ae4b05252/library/core/src/ops/function.rs:250:5
[INFO] [stdout]   60:     0x61cf70daba2b - <alloc::boxed::Box<F,A> as core::ops::function::FnOnce<Args>>::call_once::h69aa08ddb6adb8b6
[INFO] [stdout]                                at /rustc/df4ca44d3fbc9301ee17f30f4d474e6ae4b05252/library/alloc/src/boxed.rs:2454:9
[INFO] [stdout]   61:     0x61cf70daba2b - <alloc::boxed::Box<F,A> as core::ops::function::FnOnce<Args>>::call_once::h5aa36efdb79c806f
[INFO] [stdout]                                at /rustc/df4ca44d3fbc9301ee17f30f4d474e6ae4b05252/library/alloc/src/boxed.rs:2454:9
[INFO] [stdout]   62:     0x61cf70daba2b - std::sys::pal::unix::thread::Thread::new::thread_start::h6cd80a1b4be5158d
[INFO] [stdout]                                at /rustc/df4ca44d3fbc9301ee17f30f4d474e6ae4b05252/library/std/src/sys/pal/unix/thread.rs:105:17
[INFO] [stdout]   63:     0x75d91fa53ac3 - <unknown>
[INFO] [stdout]   64:     0x75d91fae4a04 - clone
[INFO] [stdout]   65:                0x0 - <unknown>
[INFO] [stdout] 
[INFO] [stdout] 
[INFO] [stdout] failures:
[INFO] [stdout]     tests::handle_go_request
[INFO] [stdout] 
[INFO] [stdout] test result: FAILED. 0 passed; 1 failed; 0 ignored; 0 measured; 0 filtered out; finished in 0.03s
[INFO] [stdout] 
[INFO] [stderr] error: test failed, to rerun pass `-p jequi_go --lib`
[INFO] running `Command { std: "docker" "inspect" "357632b86cab69e56eddaed6c8f68997c3b02d808d40313fa179f48d645c1133", kill_on_drop: false }`
[INFO] running `Command { std: "docker" "rm" "-f" "357632b86cab69e56eddaed6c8f68997c3b02d808d40313fa179f48d645c1133", kill_on_drop: false }`
[INFO] [stdout] 357632b86cab69e56eddaed6c8f68997c3b02d808d40313fa179f48d645c1133
