[INFO] cloning repository https://github.com/Tazeela/Root-Commander
[INFO] running `Command { std: "git" "-c" "credential.helper=" "-c" "credential.helper=/workspace/cargo-home/bin/git-credential-null" "clone" "--bare" "https://github.com/Tazeela/Root-Commander" "/workspace/cache/git-repos/https%3A%2F%2Fgithub.com%2FTazeela%2FRoot-Commander", kill_on_drop: false }`
[INFO] [stderr] Cloning into bare repository '/workspace/cache/git-repos/https%3A%2F%2Fgithub.com%2FTazeela%2FRoot-Commander'...
[INFO] running `Command { std: "git" "rev-parse" "HEAD", kill_on_drop: false }`
[INFO] [stdout] 46b3174b8986a8ac01464231b874e48fd4dd6dbf
[INFO] testing Tazeela/Root-Commander/46b3174b8986a8ac01464231b874e48fd4dd6dbf against nightly-2024-10-28 for randomize-layout
[INFO] running `Command { std: "git" "clone" "/workspace/cache/git-repos/https%3A%2F%2Fgithub.com%2FTazeela%2FRoot-Commander" "/workspace/builds/worker-7-tc1/source", kill_on_drop: false }`
[INFO] [stderr] Cloning into '/workspace/builds/worker-7-tc1/source'...
[INFO] [stderr] done.
[INFO] validating manifest of git repo https://github.com/Tazeela/Root-Commander on toolchain nightly-2024-10-28
[INFO] running `Command { std: CARGO_HOME="/workspace/cargo-home" RUSTUP_HOME="/workspace/rustup-home" "/workspace/cargo-home/bin/cargo" "+nightly-2024-10-28" "metadata" "--manifest-path" "Cargo.toml" "--no-deps", kill_on_drop: false }`
[INFO] started tweaking git repo https://github.com/Tazeela/Root-Commander
[INFO] finished tweaking git repo https://github.com/Tazeela/Root-Commander
[INFO] tweaked toml for git repo https://github.com/Tazeela/Root-Commander written to /workspace/builds/worker-7-tc1/source/Cargo.toml
[INFO] crate git repo https://github.com/Tazeela/Root-Commander already has a lockfile, it will not be regenerated
[INFO] running `Command { std: CARGO_HOME="/workspace/cargo-home" RUSTUP_HOME="/workspace/rustup-home" "/workspace/cargo-home/bin/cargo" "+nightly-2024-10-28" "fetch" "--manifest-path" "Cargo.toml", kill_on_drop: false }`
[INFO] [stderr]  Downloading crates ...
[INFO] [stderr]   Downloaded serde_bytes v0.11.11
[INFO] running `Command { std: "docker" "create" "-v" "/var/lib/crater-agent-workspace/builds/worker-7-tc1/target:/opt/rustwide/target:rw,Z" "-v" "/var/lib/crater-agent-workspace/builds/worker-7-tc1/source:/opt/rustwide/workdir:ro,Z" "-v" "/var/lib/crater-agent-workspace/cargo-home:/opt/rustwide/cargo-home:ro,Z" "-v" "/var/lib/crater-agent-workspace/rustup-home:/opt/rustwide/rustup-home:ro,Z" "-e" "SOURCE_DIR=/opt/rustwide/workdir" "-e" "CARGO_TARGET_DIR=/opt/rustwide/target" "-e" "CARGO_HOME=/opt/rustwide/cargo-home" "-e" "RUSTUP_HOME=/opt/rustwide/rustup-home" "-w" "/opt/rustwide/workdir" "-m" "1610612736" "--user" "0:0" "--network" "none" "ghcr.io/rust-lang/crates-build-env/linux@sha256:4a844ea9eb2546a2d2c7022eacef16ef2e8229c7fbb2c7d4d55a9ceca922f72d" "/opt/rustwide/cargo-home/bin/cargo" "+nightly-2024-10-28" "metadata" "--no-deps" "--format-version=1", kill_on_drop: false }`
[INFO] [stdout] f18bcf46fe657cf70b93e49158dabba262714f44c579b2b2b066de346dff78c3
[INFO] running `Command { std: "docker" "start" "-a" "f18bcf46fe657cf70b93e49158dabba262714f44c579b2b2b066de346dff78c3", kill_on_drop: false }`
[INFO] running `Command { std: "docker" "inspect" "f18bcf46fe657cf70b93e49158dabba262714f44c579b2b2b066de346dff78c3", kill_on_drop: false }`
[INFO] running `Command { std: "docker" "rm" "-f" "f18bcf46fe657cf70b93e49158dabba262714f44c579b2b2b066de346dff78c3", kill_on_drop: false }`
[INFO] [stdout] f18bcf46fe657cf70b93e49158dabba262714f44c579b2b2b066de346dff78c3
[INFO] running `Command { std: "docker" "create" "-v" "/var/lib/crater-agent-workspace/builds/worker-7-tc1/target:/opt/rustwide/target:rw,Z" "-v" "/var/lib/crater-agent-workspace/builds/worker-7-tc1/source:/opt/rustwide/workdir:ro,Z" "-v" "/var/lib/crater-agent-workspace/cargo-home:/opt/rustwide/cargo-home:ro,Z" "-v" "/var/lib/crater-agent-workspace/rustup-home:/opt/rustwide/rustup-home:ro,Z" "-e" "SOURCE_DIR=/opt/rustwide/workdir" "-e" "CARGO_TARGET_DIR=/opt/rustwide/target" "-e" "CARGO_INCREMENTAL=0" "-e" "RUST_BACKTRACE=full" "-e" "RUSTFLAGS=--cap-lints=forbid" "-e" "RUSTDOCFLAGS=--cap-lints=forbid" "-e" "CARGO_HOME=/opt/rustwide/cargo-home" "-e" "RUSTUP_HOME=/opt/rustwide/rustup-home" "-w" "/opt/rustwide/workdir" "-m" "1610612736" "--user" "0:0" "--network" "none" "ghcr.io/rust-lang/crates-build-env/linux@sha256:4a844ea9eb2546a2d2c7022eacef16ef2e8229c7fbb2c7d4d55a9ceca922f72d" "/opt/rustwide/cargo-home/bin/cargo" "+nightly-2024-10-28" "build" "--frozen" "--message-format=json", kill_on_drop: false }`
[INFO] [stdout] aded64b1a54dd3ca2e7b82776e434f3003bde8731e38c62bcb0a5a7eceaee4cd
[INFO] running `Command { std: "docker" "start" "-a" "aded64b1a54dd3ca2e7b82776e434f3003bde8731e38c62bcb0a5a7eceaee4cd", kill_on_drop: false }`
[INFO] [stderr]    Compiling proc-macro2 v1.0.63
[INFO] [stderr]    Compiling quote v1.0.29
[INFO] [stderr]    Compiling unicode-ident v1.0.10
[INFO] [stderr]    Compiling autocfg v1.1.0
[INFO] [stderr]    Compiling libc v0.2.147
[INFO] [stderr]    Compiling futures-core v0.3.28
[INFO] [stderr]    Compiling pin-project-lite v0.2.10
[INFO] [stderr]    Compiling futures-sink v0.3.28
[INFO] [stderr]    Compiling memchr v2.5.0
[INFO] [stderr]    Compiling futures-task v0.3.28
[INFO] [stderr]    Compiling futures-channel v0.3.28
[INFO] [stderr]    Compiling futures-util v0.3.28
[INFO] [stderr]    Compiling pkg-config v0.3.27
[INFO] [stderr]    Compiling slab v0.4.8
[INFO] [stderr]    Compiling pin-utils v0.1.0
[INFO] [stderr]    Compiling futures-io v0.3.28
[INFO] [stderr]    Compiling tokio v1.29.1
[INFO] [stderr]    Compiling serde v1.0.167
[INFO] [stderr]    Compiling cfg-if v1.0.0
[INFO] [stderr]    Compiling thiserror v1.0.43
[INFO] [stderr]    Compiling lock_api v0.4.10
[INFO] [stderr]    Compiling parking_lot_core v0.9.8
[INFO] [stderr]    Compiling async-trait v0.1.71
[INFO] [stderr]    Compiling libdbus-sys v0.2.5
[INFO] [stderr]    Compiling bytes v1.4.0
[INFO] [stderr]    Compiling syn v2.0.23
[INFO] [stderr]    Compiling mio v0.8.8
[INFO] [stderr]    Compiling socket2 v0.4.9
[INFO] [stderr]    Compiling num_cpus v1.16.0
[INFO] [stderr]    Compiling getrandom v0.2.10
[INFO] [stderr]    Compiling either v1.8.1
[INFO] [stderr]    Compiling xml-rs v0.8.15
[INFO] [stderr]    Compiling scopeguard v1.1.0
[INFO] [stderr]    Compiling smallvec v1.11.0
[INFO] [stderr]    Compiling log v0.4.19
[INFO] [stderr]    Compiling itertools v0.10.5
[INFO] [stderr]    Compiling rand_core v0.6.4
[INFO] [stderr]    Compiling hashbrown v0.12.3
[INFO] [stderr]    Compiling ppv-lite86 v0.2.17
[INFO] [stderr]    Compiling once_cell v1.18.0
[INFO] [stderr]    Compiling bitflags v2.3.3
[INFO] [stderr]    Compiling crc-catalog v1.1.1
[INFO] [stderr]    Compiling bitflags v1.3.2
[INFO] [stderr]    Compiling static_assertions v1.1.0
[INFO] [stderr]    Compiling crc v2.1.0
[INFO] [stderr]    Compiling rand_chacha v0.3.1
[INFO] [stderr]    Compiling dashmap v5.4.0
[INFO] [stderr]    Compiling rand v0.8.5
[INFO] [stderr]    Compiling futures-macro v0.3.28
[INFO] [stderr]    Compiling tokio-macros v2.1.0
[INFO] [stderr]    Compiling serde_derive v1.0.167
[INFO] [stderr]    Compiling thiserror-impl v1.0.43
[INFO] [stderr]    Compiling tokio-util v0.7.8
[INFO] [stderr]    Compiling tokio-stream v0.1.14
[INFO] [stderr]    Compiling dbus v0.9.7
[INFO] [stderr]    Compiling futures-executor v0.3.28
[INFO] [stderr]    Compiling futures v0.3.28
[INFO] [stderr]    Compiling serde-xml-rs v0.6.0
[INFO] [stderr]    Compiling uuid v1.4.0
[INFO] [stderr]    Compiling serde_bytes v0.11.11
[INFO] [stderr]    Compiling dbus-tokio v0.7.6
[INFO] [stderr]    Compiling bluez-generated v0.3.0
[INFO] [stderr]    Compiling bluez-async v0.7.2
[INFO] [stderr]    Compiling btleplug v0.10.5
[INFO] [stderr]    Compiling root_commander v0.1.0 (/opt/rustwide/workdir)
[INFO] [stdout] warning: field `board_id` is never read
[INFO] [stdout]  --> src/irobot/root/messages/get_versions_response.rs:4:9
[INFO] [stdout]   |
[INFO] [stdout] 3 | pub struct GetVersionsResponse {
[INFO] [stdout]   |            ------------------- field in this struct
[INFO] [stdout] 4 |     pub board_id: u8,
[INFO] [stdout]   |         ^^^^^^^^
[INFO] [stdout]   |
[INFO] [stdout]   = note: `#[warn(dead_code)]` on by default
[INFO] [stdout] 
[INFO] [stdout] 
[INFO] [stdout] warning: fields `timestamp`, `x_coord`, `y_coord`, and `heading` are never read
[INFO] [stdout]  --> src/irobot/root/messages/drive_distance_finished_response.rs:4:9
[INFO] [stdout]   |
[INFO] [stdout] 3 | pub struct DriveDistanceFinishedResponse {
[INFO] [stdout]   |            ----------------------------- fields in this struct
[INFO] [stdout] 4 |     pub timestamp: u32,
[INFO] [stdout]   |         ^^^^^^^^^
[INFO] [stdout] 5 |     pub x_coord: i32,
[INFO] [stdout]   |         ^^^^^^^
[INFO] [stdout] 6 |     pub y_coord: i32,
[INFO] [stdout]   |         ^^^^^^^
[INFO] [stdout] 7 |     pub heading: i16,
[INFO] [stdout]   |         ^^^^^^^
[INFO] [stdout] 
[INFO] [stdout] 
[INFO] [stdout] warning: fields `timestamp`, `x_coord`, `y_coord`, and `heading` are never read
[INFO] [stdout]  --> src/irobot/root/messages/rotate_angle_finished_response.rs:4:9
[INFO] [stdout]   |
[INFO] [stdout] 3 | pub struct RotateAngleFinishedResponse {
[INFO] [stdout]   |            --------------------------- fields in this struct
[INFO] [stdout] 4 |     pub timestamp: u32,
[INFO] [stdout]   |         ^^^^^^^^^
[INFO] [stdout] 5 |     pub x_coord: i32,
[INFO] [stdout]   |         ^^^^^^^
[INFO] [stdout] 6 |     pub y_coord: i32,
[INFO] [stdout]   |         ^^^^^^^
[INFO] [stdout] 7 |     pub heading: i16,
[INFO] [stdout]   |         ^^^^^^^
[INFO] [stdout] 
[INFO] [stdout] 
[INFO] [stdout] warning: field `position` is never read
[INFO] [stdout]  --> src/irobot/root/messages/marker_finished_response.rs:4:9
[INFO] [stdout]   |
[INFO] [stdout] 3 | pub struct MarkerFinishedResponse {
[INFO] [stdout]   |            ---------------------- field in this struct
[INFO] [stdout] 4 |     pub position: u8,
[INFO] [stdout]   |         ^^^^^^^^
[INFO] [stdout] 
[INFO] [stdout] 
[INFO] [stdout] warning: fields `timestamp`, `x_coord`, `y_coord`, and `heading` are never read
[INFO] [stdout]  --> src/irobot/root/messages/drive_arc_finished_response.rs:4:9
[INFO] [stdout]   |
[INFO] [stdout] 3 | pub struct DriveArcFinishedResponse {
[INFO] [stdout]   |            ------------------------ fields in this struct
[INFO] [stdout] 4 |     pub timestamp: u32,
[INFO] [stdout]   |         ^^^^^^^^^
[INFO] [stdout] 5 |     pub x_coord: i32,
[INFO] [stdout]   |         ^^^^^^^
[INFO] [stdout] 6 |     pub y_coord: i32,
[INFO] [stdout]   |         ^^^^^^^
[INFO] [stdout] 7 |     pub heading: i16,
[INFO] [stdout]   |         ^^^^^^^
[INFO] [stdout] 
[INFO] [stdout] 
[INFO] [stdout] warning: variants `Off`, `On`, and `Blink` are never constructed
[INFO] [stdout]   --> src/irobot/root/root_robot.rs:33:5
[INFO] [stdout]    |
[INFO] [stdout] 32 | pub enum LEDLightsState {
[INFO] [stdout]    |          -------------- variants in this enum
[INFO] [stdout] 33 |     Off = 0x00,
[INFO] [stdout]    |     ^^^
[INFO] [stdout] 34 |     On = 0x01,
[INFO] [stdout]    |     ^^
[INFO] [stdout] 35 |     Blink = 0x02,
[INFO] [stdout]    |     ^^^^^
[INFO] [stdout] 
[INFO] [stdout] 
[INFO] [stdout] warning: method `reset_position` is never used
[INFO] [stdout]    --> src/irobot/root/root_robot.rs:193:18
[INFO] [stdout]     |
[INFO] [stdout] 96  | impl RootRobot {
[INFO] [stdout]     | -------------- method in this implementation
[INFO] [stdout] ...
[INFO] [stdout] 193 |     pub async fn reset_position(&self) {
[INFO] [stdout]     |                  ^^^^^^^^^^^^^^
[INFO] [stdout] 
[INFO] [stdout] 
[INFO] [stderr]     Finished `dev` profile [unoptimized + debuginfo] target(s) in 9.09s
[INFO] running `Command { std: "docker" "inspect" "aded64b1a54dd3ca2e7b82776e434f3003bde8731e38c62bcb0a5a7eceaee4cd", kill_on_drop: false }`
[INFO] running `Command { std: "docker" "rm" "-f" "aded64b1a54dd3ca2e7b82776e434f3003bde8731e38c62bcb0a5a7eceaee4cd", kill_on_drop: false }`
[INFO] [stdout] aded64b1a54dd3ca2e7b82776e434f3003bde8731e38c62bcb0a5a7eceaee4cd
[INFO] running `Command { std: "docker" "create" "-v" "/var/lib/crater-agent-workspace/builds/worker-7-tc1/target:/opt/rustwide/target:rw,Z" "-v" "/var/lib/crater-agent-workspace/builds/worker-7-tc1/source:/opt/rustwide/workdir:ro,Z" "-v" "/var/lib/crater-agent-workspace/cargo-home:/opt/rustwide/cargo-home:ro,Z" "-v" "/var/lib/crater-agent-workspace/rustup-home:/opt/rustwide/rustup-home:ro,Z" "-e" "SOURCE_DIR=/opt/rustwide/workdir" "-e" "CARGO_TARGET_DIR=/opt/rustwide/target" "-e" "CARGO_INCREMENTAL=0" "-e" "RUST_BACKTRACE=full" "-e" "RUSTFLAGS=--cap-lints=forbid" "-e" "RUSTDOCFLAGS=--cap-lints=forbid" "-e" "CARGO_HOME=/opt/rustwide/cargo-home" "-e" "RUSTUP_HOME=/opt/rustwide/rustup-home" "-w" "/opt/rustwide/workdir" "-m" "1610612736" "--user" "0:0" "--network" "none" "ghcr.io/rust-lang/crates-build-env/linux@sha256:4a844ea9eb2546a2d2c7022eacef16ef2e8229c7fbb2c7d4d55a9ceca922f72d" "/opt/rustwide/cargo-home/bin/cargo" "+nightly-2024-10-28" "test" "--frozen" "--no-run" "--message-format=json", kill_on_drop: false }`
[INFO] [stdout] b256f24191b1c40d6f56ec735d96cced0ea49e592ef4e20c93ae17b76ec42f86
[INFO] running `Command { std: "docker" "start" "-a" "b256f24191b1c40d6f56ec735d96cced0ea49e592ef4e20c93ae17b76ec42f86", kill_on_drop: false }`
[INFO] [stderr]    Compiling root_commander v0.1.0 (/opt/rustwide/workdir)
[INFO] [stdout] warning: field `board_id` is never read
[INFO] [stdout]  --> src/irobot/root/messages/get_versions_response.rs:4:9
[INFO] [stdout]   |
[INFO] [stdout] 3 | pub struct GetVersionsResponse {
[INFO] [stdout]   |            ------------------- field in this struct
[INFO] [stdout] 4 |     pub board_id: u8,
[INFO] [stdout]   |         ^^^^^^^^
[INFO] [stdout]   |
[INFO] [stdout]   = note: `#[warn(dead_code)]` on by default
[INFO] [stdout] 
[INFO] [stdout] 
[INFO] [stdout] warning: fields `timestamp`, `x_coord`, `y_coord`, and `heading` are never read
[INFO] [stdout]  --> src/irobot/root/messages/drive_distance_finished_response.rs:4:9
[INFO] [stdout]   |
[INFO] [stdout] 3 | pub struct DriveDistanceFinishedResponse {
[INFO] [stdout]   |            ----------------------------- fields in this struct
[INFO] [stdout] 4 |     pub timestamp: u32,
[INFO] [stdout]   |         ^^^^^^^^^
[INFO] [stdout] 5 |     pub x_coord: i32,
[INFO] [stdout]   |         ^^^^^^^
[INFO] [stdout] 6 |     pub y_coord: i32,
[INFO] [stdout]   |         ^^^^^^^
[INFO] [stdout] 7 |     pub heading: i16,
[INFO] [stdout]   |         ^^^^^^^
[INFO] [stdout] 
[INFO] [stdout] 
[INFO] [stdout] warning: fields `timestamp`, `x_coord`, `y_coord`, and `heading` are never read
[INFO] [stdout]  --> src/irobot/root/messages/rotate_angle_finished_response.rs:4:9
[INFO] [stdout]   |
[INFO] [stdout] 3 | pub struct RotateAngleFinishedResponse {
[INFO] [stdout]   |            --------------------------- fields in this struct
[INFO] [stdout] 4 |     pub timestamp: u32,
[INFO] [stdout]   |         ^^^^^^^^^
[INFO] [stdout] 5 |     pub x_coord: i32,
[INFO] [stdout]   |         ^^^^^^^
[INFO] [stdout] 6 |     pub y_coord: i32,
[INFO] [stdout]   |         ^^^^^^^
[INFO] [stdout] 7 |     pub heading: i16,
[INFO] [stdout]   |         ^^^^^^^
[INFO] [stdout] 
[INFO] [stdout] 
[INFO] [stdout] warning: field `position` is never read
[INFO] [stdout]  --> src/irobot/root/messages/marker_finished_response.rs:4:9
[INFO] [stdout]   |
[INFO] [stdout] 3 | pub struct MarkerFinishedResponse {
[INFO] [stdout]   |            ---------------------- field in this struct
[INFO] [stdout] 4 |     pub position: u8,
[INFO] [stdout]   |         ^^^^^^^^
[INFO] [stdout] 
[INFO] [stdout] 
[INFO] [stdout] warning: fields `timestamp`, `x_coord`, `y_coord`, and `heading` are never read
[INFO] [stdout]  --> src/irobot/root/messages/drive_arc_finished_response.rs:4:9
[INFO] [stdout]   |
[INFO] [stdout] 3 | pub struct DriveArcFinishedResponse {
[INFO] [stdout]   |            ------------------------ fields in this struct
[INFO] [stdout] 4 |     pub timestamp: u32,
[INFO] [stdout]   |         ^^^^^^^^^
[INFO] [stdout] 5 |     pub x_coord: i32,
[INFO] [stdout]   |         ^^^^^^^
[INFO] [stdout] 6 |     pub y_coord: i32,
[INFO] [stdout]   |         ^^^^^^^
[INFO] [stdout] 7 |     pub heading: i16,
[INFO] [stdout]   |         ^^^^^^^
[INFO] [stdout] 
[INFO] [stdout] 
[INFO] [stdout] warning: variants `Off`, `On`, and `Blink` are never constructed
[INFO] [stdout]   --> src/irobot/root/root_robot.rs:33:5
[INFO] [stdout]    |
[INFO] [stdout] 32 | pub enum LEDLightsState {
[INFO] [stdout]    |          -------------- variants in this enum
[INFO] [stdout] 33 |     Off = 0x00,
[INFO] [stdout]    |     ^^^
[INFO] [stdout] 34 |     On = 0x01,
[INFO] [stdout]    |     ^^
[INFO] [stdout] 35 |     Blink = 0x02,
[INFO] [stdout]    |     ^^^^^
[INFO] [stdout] 
[INFO] [stdout] 
[INFO] [stdout] warning: method `reset_position` is never used
[INFO] [stdout]    --> src/irobot/root/root_robot.rs:193:18
[INFO] [stdout]     |
[INFO] [stdout] 96  | impl RootRobot {
[INFO] [stdout]     | -------------- method in this implementation
[INFO] [stdout] ...
[INFO] [stdout] 193 |     pub async fn reset_position(&self) {
[INFO] [stdout]     |                  ^^^^^^^^^^^^^^
[INFO] [stdout] 
[INFO] [stdout] 
[INFO] [stderr]     Finished `test` profile [unoptimized + debuginfo] target(s) in 0.45s
[INFO] running `Command { std: "docker" "inspect" "b256f24191b1c40d6f56ec735d96cced0ea49e592ef4e20c93ae17b76ec42f86", kill_on_drop: false }`
[INFO] running `Command { std: "docker" "rm" "-f" "b256f24191b1c40d6f56ec735d96cced0ea49e592ef4e20c93ae17b76ec42f86", kill_on_drop: false }`
[INFO] [stdout] b256f24191b1c40d6f56ec735d96cced0ea49e592ef4e20c93ae17b76ec42f86
[INFO] running `Command { std: "docker" "create" "-v" "/var/lib/crater-agent-workspace/builds/worker-7-tc1/target:/opt/rustwide/target:rw,Z" "-v" "/var/lib/crater-agent-workspace/builds/worker-7-tc1/source:/opt/rustwide/workdir:ro,Z" "-v" "/var/lib/crater-agent-workspace/cargo-home:/opt/rustwide/cargo-home:ro,Z" "-v" "/var/lib/crater-agent-workspace/rustup-home:/opt/rustwide/rustup-home:ro,Z" "-e" "SOURCE_DIR=/opt/rustwide/workdir" "-e" "CARGO_TARGET_DIR=/opt/rustwide/target" "-e" "CARGO_INCREMENTAL=0" "-e" "RUST_BACKTRACE=full" "-e" "RUSTFLAGS=--cap-lints=forbid" "-e" "RUSTDOCFLAGS=--cap-lints=forbid" "-e" "CARGO_HOME=/opt/rustwide/cargo-home" "-e" "RUSTUP_HOME=/opt/rustwide/rustup-home" "-w" "/opt/rustwide/workdir" "-m" "1610612736" "--user" "0:0" "--network" "none" "ghcr.io/rust-lang/crates-build-env/linux@sha256:4a844ea9eb2546a2d2c7022eacef16ef2e8229c7fbb2c7d4d55a9ceca922f72d" "/opt/rustwide/cargo-home/bin/cargo" "+nightly-2024-10-28" "test" "--frozen", kill_on_drop: false }`
[INFO] [stdout] 10ed56066f1e02ad2385a2d6e5e3485b076a6426d9cdbefe84a7e65145b12a9b
[INFO] running `Command { std: "docker" "start" "-a" "10ed56066f1e02ad2385a2d6e5e3485b076a6426d9cdbefe84a7e65145b12a9b", kill_on_drop: false }`
[INFO] [stderr] warning: field `board_id` is never read
[INFO] [stderr]  --> src/irobot/root/messages/get_versions_response.rs:4:9
[INFO] [stderr]   |
[INFO] [stderr] 3 | pub struct GetVersionsResponse {
[INFO] [stderr]   |            ------------------- field in this struct
[INFO] [stderr] 4 |     pub board_id: u8,
[INFO] [stderr]   |         ^^^^^^^^
[INFO] [stderr]   |
[INFO] [stderr]   = note: `#[warn(dead_code)]` on by default
[INFO] [stderr] 
[INFO] [stderr] warning: fields `timestamp`, `x_coord`, `y_coord`, and `heading` are never read
[INFO] [stderr]  --> src/irobot/root/messages/drive_distance_finished_response.rs:4:9
[INFO] [stderr]   |
[INFO] [stderr] 3 | pub struct DriveDistanceFinishedResponse {
[INFO] [stderr]   |            ----------------------------- fields in this struct
[INFO] [stderr] 4 |     pub timestamp: u32,
[INFO] [stderr]   |         ^^^^^^^^^
[INFO] [stderr] 5 |     pub x_coord: i32,
[INFO] [stderr]   |         ^^^^^^^
[INFO] [stderr] 6 |     pub y_coord: i32,
[INFO] [stderr]   |         ^^^^^^^
[INFO] [stderr] 7 |     pub heading: i16,
[INFO] [stderr]   |         ^^^^^^^
[INFO] [stderr] 
[INFO] [stderr] warning: fields `timestamp`, `x_coord`, `y_coord`, and `heading` are never read
[INFO] [stderr]  --> src/irobot/root/messages/rotate_angle_finished_response.rs:4:9
[INFO] [stderr]   |
[INFO] [stderr] 3 | pub struct RotateAngleFinishedResponse {
[INFO] [stderr]   |            --------------------------- fields in this struct
[INFO] [stderr] 4 |     pub timestamp: u32,
[INFO] [stderr]   |         ^^^^^^^^^
[INFO] [stderr] 5 |     pub x_coord: i32,
[INFO] [stderr]   |         ^^^^^^^
[INFO] [stderr] 6 |     pub y_coord: i32,
[INFO] [stderr]   |         ^^^^^^^
[INFO] [stderr] 7 |     pub heading: i16,
[INFO] [stderr]   |         ^^^^^^^
[INFO] [stderr] 
[INFO] [stderr] warning: field `position` is never read
[INFO] [stderr]  --> src/irobot/root/messages/marker_finished_response.rs:4:9
[INFO] [stderr]   |
[INFO] [stderr] 3 | pub struct MarkerFinishedResponse {
[INFO] [stderr]   |            ---------------------- field in this struct
[INFO] [stderr] 4 |     pub position: u8,
[INFO] [stderr]   |         ^^^^^^^^
[INFO] [stderr] 
[INFO] [stderr] warning: fields `timestamp`, `x_coord`, `y_coord`, and `heading` are never read
[INFO] [stderr]  --> src/irobot/root/messages/drive_arc_finished_response.rs:4:9
[INFO] [stderr]   |
[INFO] [stderr] 3 | pub struct DriveArcFinishedResponse {
[INFO] [stderr]   |            ------------------------ fields in this struct
[INFO] [stderr] 4 |     pub timestamp: u32,
[INFO] [stderr]   |         ^^^^^^^^^
[INFO] [stderr] 5 |     pub x_coord: i32,
[INFO] [stderr]   |         ^^^^^^^
[INFO] [stderr] 6 |     pub y_coord: i32,
[INFO] [stderr]   |         ^^^^^^^
[INFO] [stderr] 7 |     pub heading: i16,
[INFO] [stderr]   |         ^^^^^^^
[INFO] [stderr] 
[INFO] [stderr] warning: variants `Off`, `On`, and `Blink` are never constructed
[INFO] [stderr]   --> src/irobot/root/root_robot.rs:33:5
[INFO] [stderr]    |
[INFO] [stderr] 32 | pub enum LEDLightsState {
[INFO] [stderr]    |          -------------- variants in this enum
[INFO] [stderr] 33 |     Off = 0x00,
[INFO] [stderr]    |     ^^^
[INFO] [stderr] 34 |     On = 0x01,
[INFO] [stderr]    |     ^^
[INFO] [stderr] 35 |     Blink = 0x02,
[INFO] [stderr]    |     ^^^^^
[INFO] [stderr] 
[INFO] [stderr] warning: method `reset_position` is never used
[INFO] [stderr]    --> src/irobot/root/root_robot.rs:193:18
[INFO] [stderr]     |
[INFO] [stderr] 96  | impl RootRobot {
[INFO] [stderr]     | -------------- method in this implementation
[INFO] [stderr] ...
[INFO] [stderr] 193 |     pub async fn reset_position(&self) {
[INFO] [stderr]     |                  ^^^^^^^^^^^^^^
[INFO] [stderr] 
[INFO] [stderr] warning: `root_commander` (bin "root_commander" test) generated 7 warnings
[INFO] [stderr]     Finished `test` profile [unoptimized + debuginfo] target(s) in 0.05s
[INFO] [stderr]      Running unittests src/main.rs (/opt/rustwide/target/debug/deps/root_commander-77e05d06005ca75c)
[INFO] [stdout] 
[INFO] [stdout] running 8 tests
[INFO] [stdout] test irobot::root::root_robot::tests::test_drive_back_crc ... ok
[INFO] [stdout] test irobot::root::root_robot::tests::test_drive_forward_crc ... ok
[INFO] [stdout] test utils::messagestorage::message_storage_tests::can_add_message_and_wait ... ok
[INFO] [stdout] test utils::pointutils::tests::can_calculate_distance ... ok
[INFO] [stdout] test utils::pointutils::tests::can_calculate_angle ... ok
[INFO] [stdout] test utils::pointutils::tests::can_calculate_degree_of_point ... ok
[INFO] [stdout] test utils::pointutils::tests::can_calculate_degrees_of_point ... ok
[INFO] [stdout] test utils::pointutils::tests::can_calculate_degrees_of_rotation ... FAILED
[INFO] [stdout] 
[INFO] [stdout] failures:
[INFO] [stdout] 
[INFO] [stdout] ---- utils::pointutils::tests::can_calculate_degrees_of_rotation stdout ----
[INFO] [stdout] thread 'utils::pointutils::tests::can_calculate_degrees_of_rotation' panicked at src/utils/pointutils.rs:288:9:
[INFO] [stdout] assertion `left == right` failed
[INFO] [stdout]   left: 36.86989
[INFO] [stdout]  right: 36.869904
[INFO] [stdout] stack backtrace:
[INFO] [stdout]    0:     0x633c2818b22a - std::backtrace_rs::backtrace::libunwind::trace::h207520d6e9873551
[INFO] [stdout]                                at /rustc/df4ca44d3fbc9301ee17f30f4d474e6ae4b05252/library/std/src/../../backtrace/src/backtrace/libunwind.rs:116:5
[INFO] [stdout]    1:     0x633c2818b22a - std::backtrace_rs::backtrace::trace_unsynchronized::h2ed7433f370e3eca
[INFO] [stdout]                                at /rustc/df4ca44d3fbc9301ee17f30f4d474e6ae4b05252/library/std/src/../../backtrace/src/backtrace/mod.rs:66:5
[INFO] [stdout]    2:     0x633c2818b22a - std::sys::backtrace::_print_fmt::h916fac51166b18d7
[INFO] [stdout]                                at /rustc/df4ca44d3fbc9301ee17f30f4d474e6ae4b05252/library/std/src/sys/backtrace.rs:66:9
[INFO] [stdout]    3:     0x633c2818b22a - <std::sys::backtrace::BacktraceLock::print::DisplayBacktrace as core::fmt::Display>::fmt::ha0a4c9b8ce3802e6
[INFO] [stdout]                                at /rustc/df4ca44d3fbc9301ee17f30f4d474e6ae4b05252/library/std/src/sys/backtrace.rs:39:26
[INFO] [stdout]    4:     0x633c281b23e3 - core::fmt::rt::Argument::fmt::h4cfc8587d52b3eb5
[INFO] [stdout]                                at /rustc/df4ca44d3fbc9301ee17f30f4d474e6ae4b05252/library/core/src/fmt/rt.rs:177:76
[INFO] [stdout]    5:     0x633c281b23e3 - core::fmt::write::h522cc39e5b36ae9f
[INFO] [stdout]                                at /rustc/df4ca44d3fbc9301ee17f30f4d474e6ae4b05252/library/core/src/fmt/mod.rs:1190:21
[INFO] [stdout]    6:     0x633c28187e53 - std::io::Write::write_fmt::h7d3c26752da97734
[INFO] [stdout]                                at /rustc/df4ca44d3fbc9301ee17f30f4d474e6ae4b05252/library/std/src/io/mod.rs:1839:15
[INFO] [stdout]    7:     0x633c2818b072 - std::sys::backtrace::BacktraceLock::print::h4b9e00b29e9c0942
[INFO] [stdout]                                at /rustc/df4ca44d3fbc9301ee17f30f4d474e6ae4b05252/library/std/src/sys/backtrace.rs:42:9
[INFO] [stdout]    8:     0x633c2818c6ba - std::panicking::default_hook::{{closure}}::hb59b88280d0324d9
[INFO] [stdout]                                at /rustc/df4ca44d3fbc9301ee17f30f4d474e6ae4b05252/library/std/src/panicking.rs:268:22
[INFO] [stdout]    9:     0x633c2818c4c4 - std::panicking::default_hook::he1dd496665be4a29
[INFO] [stdout]                                at /rustc/df4ca44d3fbc9301ee17f30f4d474e6ae4b05252/library/std/src/panicking.rs:292:9
[INFO] [stdout]   10:     0x633c2814bb49 - <alloc::boxed::Box<F,A> as core::ops::function::Fn<Args>>::call::h4ff71de18744e1dc
[INFO] [stdout]                                at /rustc/df4ca44d3fbc9301ee17f30f4d474e6ae4b05252/library/alloc/src/boxed.rs:2468:9
[INFO] [stdout]   11:     0x633c2814bb49 - test::test_main::{{closure}}::hcf7c055ce117aa81
[INFO] [stdout]                                at /rustc/df4ca44d3fbc9301ee17f30f4d474e6ae4b05252/library/test/src/lib.rs:133:21
[INFO] [stdout]   12:     0x633c2818cdb8 - <alloc::boxed::Box<F,A> as core::ops::function::Fn<Args>>::call::h1d66c6bbd60c9692
[INFO] [stdout]                                at /rustc/df4ca44d3fbc9301ee17f30f4d474e6ae4b05252/library/alloc/src/boxed.rs:2468:9
[INFO] [stdout]   13:     0x633c2818cdb8 - std::panicking::rust_panic_with_hook::h2ff17fe8f26dfcf8
[INFO] [stdout]                                at /rustc/df4ca44d3fbc9301ee17f30f4d474e6ae4b05252/library/std/src/panicking.rs:809:13
[INFO] [stdout]   14:     0x633c2818cb7a - std::panicking::begin_panic_handler::{{closure}}::h4fad77951c07e101
[INFO] [stdout]                                at /rustc/df4ca44d3fbc9301ee17f30f4d474e6ae4b05252/library/std/src/panicking.rs:674:13
[INFO] [stdout]   15:     0x633c2818b709 - std::sys::backtrace::__rust_end_short_backtrace::hb1a25b3da5d0ea08
[INFO] [stdout]                                at /rustc/df4ca44d3fbc9301ee17f30f4d474e6ae4b05252/library/std/src/sys/backtrace.rs:170:18
[INFO] [stdout]   16:     0x633c2818c80c - rust_begin_unwind
[INFO] [stdout]                                at /rustc/df4ca44d3fbc9301ee17f30f4d474e6ae4b05252/library/std/src/panicking.rs:665:5
[INFO] [stdout]   17:     0x633c281b0510 - core::panicking::panic_fmt::ha9db07b529f9b256
[INFO] [stdout]                                at /rustc/df4ca44d3fbc9301ee17f30f4d474e6ae4b05252/library/core/src/panicking.rs:75:14
[INFO] [stdout]   18:     0x633c281b083b - core::panicking::assert_failed_inner::h04f38944d74a80a8
[INFO] [stdout]   19:     0x633c2810aadf - core::panicking::assert_failed::h3ca865b78805f6ed
[INFO] [stdout]                                at /rustc/df4ca44d3fbc9301ee17f30f4d474e6ae4b05252/library/core/src/panicking.rs:377:5
[INFO] [stdout]   20:     0x633c2810e1db - root_commander::utils::pointutils::tests::can_calculate_degrees_of_rotation::h33c97b488bf2c3c9
[INFO] [stdout]                                at /opt/rustwide/workdir/src/utils/pointutils.rs:288:9
[INFO] [stdout]   21:     0x633c2810dc47 - root_commander::utils::pointutils::tests::can_calculate_degrees_of_rotation::{{closure}}::h92fa04ca6544155f
[INFO] [stdout]                                at /opt/rustwide/workdir/src/utils/pointutils.rs:243:43
[INFO] [stdout]   22:     0x633c28109e26 - core::ops::function::FnOnce::call_once::hd5a2022a454bb6f9
[INFO] [stdout]                                at /rustc/df4ca44d3fbc9301ee17f30f4d474e6ae4b05252/library/core/src/ops/function.rs:250:5
[INFO] [stdout]   23:     0x633c2815041b - core::ops::function::FnOnce::call_once::h22c3ba5715e93f05
[INFO] [stdout]                                at /rustc/df4ca44d3fbc9301ee17f30f4d474e6ae4b05252/library/core/src/ops/function.rs:250:5
[INFO] [stdout]   24:     0x633c2815041b - test::__rust_begin_short_backtrace::h8e82d8113d0da17f
[INFO] [stdout]                                at /rustc/df4ca44d3fbc9301ee17f30f4d474e6ae4b05252/library/test/src/lib.rs:621:18
[INFO] [stdout]   25:     0x633c2814fd97 - test::run_test_in_process::{{closure}}::h33235f4f20b7b7c7
[INFO] [stdout]                                at /rustc/df4ca44d3fbc9301ee17f30f4d474e6ae4b05252/library/test/src/lib.rs:644:60
[INFO] [stdout]   26:     0x633c2814fd97 - <core::panic::unwind_safe::AssertUnwindSafe<F> as core::ops::function::FnOnce<()>>::call_once::hb5043206310c586f
[INFO] [stdout]                                at /rustc/df4ca44d3fbc9301ee17f30f4d474e6ae4b05252/library/core/src/panic/unwind_safe.rs:272:9
[INFO] [stdout]   27:     0x633c2814fd97 - std::panicking::try::do_call::h9ad4731a60ab23e2
[INFO] [stdout]                                at /rustc/df4ca44d3fbc9301ee17f30f4d474e6ae4b05252/library/std/src/panicking.rs:557:40
[INFO] [stdout]   28:     0x633c2814fd97 - std::panicking::try::h3824d23db772a716
[INFO] [stdout]                                at /rustc/df4ca44d3fbc9301ee17f30f4d474e6ae4b05252/library/std/src/panicking.rs:520:19
[INFO] [stdout]   29:     0x633c2814fd97 - std::panic::catch_unwind::h5afd514605fde46b
[INFO] [stdout]                                at /rustc/df4ca44d3fbc9301ee17f30f4d474e6ae4b05252/library/std/src/panic.rs:358:14
[INFO] [stdout]   30:     0x633c2814fd97 - test::run_test_in_process::h0d5cbfa7067d1720
[INFO] [stdout]                                at /rustc/df4ca44d3fbc9301ee17f30f4d474e6ae4b05252/library/test/src/lib.rs:644:27
[INFO] [stdout]   31:     0x633c2814fd97 - test::run_test::{{closure}}::h708eb8872708115d
[INFO] [stdout]                                at /rustc/df4ca44d3fbc9301ee17f30f4d474e6ae4b05252/library/test/src/lib.rs:565:43
[INFO] [stdout]   32:     0x633c281134b4 - test::run_test::{{closure}}::h392c51cee94713ab
[INFO] [stdout]                                at /rustc/df4ca44d3fbc9301ee17f30f4d474e6ae4b05252/library/test/src/lib.rs:595:41
[INFO] [stdout]   33:     0x633c281134b4 - std::sys::backtrace::__rust_begin_short_backtrace::h2f40290710935a8b
[INFO] [stdout]                                at /rustc/df4ca44d3fbc9301ee17f30f4d474e6ae4b05252/library/std/src/sys/backtrace.rs:154:18
[INFO] [stdout]   34:     0x633c28116c5e - std::thread::Builder::spawn_unchecked_::{{closure}}::{{closure}}::h3fd968d89053a903
[INFO] [stdout]                                at /rustc/df4ca44d3fbc9301ee17f30f4d474e6ae4b05252/library/std/src/thread/mod.rs:541:17
[INFO] [stdout]   35:     0x633c28116c5e - <core::panic::unwind_safe::AssertUnwindSafe<F> as core::ops::function::FnOnce<()>>::call_once::h743f637ba4229880
[INFO] [stdout]                                at /rustc/df4ca44d3fbc9301ee17f30f4d474e6ae4b05252/library/core/src/panic/unwind_safe.rs:272:9
[INFO] [stdout]   36:     0x633c28116c5e - std::panicking::try::do_call::h07440897322525a6
[INFO] [stdout]                                at /rustc/df4ca44d3fbc9301ee17f30f4d474e6ae4b05252/library/std/src/panicking.rs:557:40
[INFO] [stdout]   37:     0x633c28116c5e - std::panicking::try::he5a2e00188156637
[INFO] [stdout]                                at /rustc/df4ca44d3fbc9301ee17f30f4d474e6ae4b05252/library/std/src/panicking.rs:520:19
[INFO] [stdout]   38:     0x633c28116c5e - std::panic::catch_unwind::hbaf3cae49b3c6433
[INFO] [stdout]                                at /rustc/df4ca44d3fbc9301ee17f30f4d474e6ae4b05252/library/std/src/panic.rs:358:14
[INFO] [stdout]   39:     0x633c28116c5e - std::thread::Builder::spawn_unchecked_::{{closure}}::h8e141ea224820bce
[INFO] [stdout]                                at /rustc/df4ca44d3fbc9301ee17f30f4d474e6ae4b05252/library/std/src/thread/mod.rs:540:30
[INFO] [stdout]   40:     0x633c28116c5e - core::ops::function::FnOnce::call_once{{vtable.shim}}::h90d312fedd7b8ea8
[INFO] [stdout]                                at /rustc/df4ca44d3fbc9301ee17f30f4d474e6ae4b05252/library/core/src/ops/function.rs:250:5
[INFO] [stdout]   41:     0x633c28190cab - <alloc::boxed::Box<F,A> as core::ops::function::FnOnce<Args>>::call_once::h69aa08ddb6adb8b6
[INFO] [stdout]                                at /rustc/df4ca44d3fbc9301ee17f30f4d474e6ae4b05252/library/alloc/src/boxed.rs:2454:9
[INFO] [stdout]   42:     0x633c28190cab - <alloc::boxed::Box<F,A> as core::ops::function::FnOnce<Args>>::call_once::h5aa36efdb79c806f
[INFO] [stdout]                                at /rustc/df4ca44d3fbc9301ee17f30f4d474e6ae4b05252/library/alloc/src/boxed.rs:2454:9
[INFO] [stdout]   43:     0x633c28190cab - std::sys::pal::unix::thread::Thread::new::thread_start::h6cd80a1b4be5158d
[INFO] [stdout]                                at /rustc/df4ca44d3fbc9301ee17f30f4d474e6ae4b05252/library/std/src/sys/pal/unix/thread.rs:105:17
[INFO] [stdout]   44:     0x7e43c47e0ac3 - <unknown>
[INFO] [stdout]   45:     0x7e43c4871a04 - clone
[INFO] [stdout]   46:                0x0 - <unknown>
[INFO] [stdout] 
[INFO] [stdout] 
[INFO] [stdout] failures:
[INFO] [stdout]     utils::pointutils::tests::can_calculate_degrees_of_rotation
[INFO] [stdout] 
[INFO] [stdout] test result: FAILED. 7 passed; 1 failed; 0 ignored; 0 measured; 0 filtered out; finished in 0.02s
[INFO] [stdout] 
[INFO] [stderr] error: test failed, to rerun pass `--bin root_commander`
[INFO] running `Command { std: "docker" "inspect" "10ed56066f1e02ad2385a2d6e5e3485b076a6426d9cdbefe84a7e65145b12a9b", kill_on_drop: false }`
[INFO] running `Command { std: "docker" "rm" "-f" "10ed56066f1e02ad2385a2d6e5e3485b076a6426d9cdbefe84a7e65145b12a9b", kill_on_drop: false }`
[INFO] [stdout] 10ed56066f1e02ad2385a2d6e5e3485b076a6426d9cdbefe84a7e65145b12a9b
