[INFO] cloning repository https://github.com/Takashiidobe/ir
[INFO] running `Command { std: "git" "-c" "credential.helper=" "-c" "credential.helper=/workspace/cargo-home/bin/git-credential-null" "clone" "--bare" "https://github.com/Takashiidobe/ir" "/workspace/cache/git-repos/https%3A%2F%2Fgithub.com%2FTakashiidobe%2Fir", kill_on_drop: false }`
[INFO] [stderr] Cloning into bare repository '/workspace/cache/git-repos/https%3A%2F%2Fgithub.com%2FTakashiidobe%2Fir'...
[INFO] running `Command { std: "git" "rev-parse" "HEAD", kill_on_drop: false }`
[INFO] [stdout] 1acde70d23cb641b02cf1dde6f3ae839b11f02b7
[INFO] testing Takashiidobe/ir/1acde70d23cb641b02cf1dde6f3ae839b11f02b7 against nightly-2024-10-28 for randomize-layout
[INFO] running `Command { std: "git" "clone" "/workspace/cache/git-repos/https%3A%2F%2Fgithub.com%2FTakashiidobe%2Fir" "/workspace/builds/worker-0-tc1/source", kill_on_drop: false }`
[INFO] [stderr] Cloning into '/workspace/builds/worker-0-tc1/source'...
[INFO] [stderr] done.
[INFO] validating manifest of git repo https://github.com/Takashiidobe/ir on toolchain nightly-2024-10-28
[INFO] running `Command { std: CARGO_HOME="/workspace/cargo-home" RUSTUP_HOME="/workspace/rustup-home" "/workspace/cargo-home/bin/cargo" "+nightly-2024-10-28" "metadata" "--manifest-path" "Cargo.toml" "--no-deps", kill_on_drop: false }`
[INFO] started tweaking git repo https://github.com/Takashiidobe/ir
[INFO] finished tweaking git repo https://github.com/Takashiidobe/ir
[INFO] tweaked toml for git repo https://github.com/Takashiidobe/ir written to /workspace/builds/worker-0-tc1/source/Cargo.toml
[INFO] crate git repo https://github.com/Takashiidobe/ir already has a lockfile, it will not be regenerated
[INFO] running `Command { std: CARGO_HOME="/workspace/cargo-home" RUSTUP_HOME="/workspace/rustup-home" "/workspace/cargo-home/bin/cargo" "+nightly-2024-10-28" "fetch" "--manifest-path" "Cargo.toml", kill_on_drop: false }`
[INFO] [stderr]     Updating crates.io index
[INFO] [stderr]  Downloading crates ...
[INFO] [stderr]   Downloaded insta-cmd v0.6.0
[INFO] [stderr]   Downloaded arbtest v0.3.1
[INFO] running `Command { std: "docker" "create" "-v" "/var/lib/crater-agent-workspace/builds/worker-0-tc1/target:/opt/rustwide/target:rw,Z" "-v" "/var/lib/crater-agent-workspace/builds/worker-0-tc1/source:/opt/rustwide/workdir:ro,Z" "-v" "/var/lib/crater-agent-workspace/cargo-home:/opt/rustwide/cargo-home:ro,Z" "-v" "/var/lib/crater-agent-workspace/rustup-home:/opt/rustwide/rustup-home:ro,Z" "-e" "SOURCE_DIR=/opt/rustwide/workdir" "-e" "CARGO_TARGET_DIR=/opt/rustwide/target" "-e" "CARGO_HOME=/opt/rustwide/cargo-home" "-e" "RUSTUP_HOME=/opt/rustwide/rustup-home" "-w" "/opt/rustwide/workdir" "-m" "1610612736" "--user" "0:0" "--network" "none" "ghcr.io/rust-lang/crates-build-env/linux@sha256:4a844ea9eb2546a2d2c7022eacef16ef2e8229c7fbb2c7d4d55a9ceca922f72d" "/opt/rustwide/cargo-home/bin/cargo" "+nightly-2024-10-28" "metadata" "--no-deps" "--format-version=1", kill_on_drop: false }`
[INFO] [stdout] 469af79fa76e8aa5c022d20955a222d80f4e5b40f6ab4dffd9189d96a5c3249e
[INFO] running `Command { std: "docker" "start" "-a" "469af79fa76e8aa5c022d20955a222d80f4e5b40f6ab4dffd9189d96a5c3249e", kill_on_drop: false }`
[INFO] running `Command { std: "docker" "inspect" "469af79fa76e8aa5c022d20955a222d80f4e5b40f6ab4dffd9189d96a5c3249e", kill_on_drop: false }`
[INFO] running `Command { std: "docker" "rm" "-f" "469af79fa76e8aa5c022d20955a222d80f4e5b40f6ab4dffd9189d96a5c3249e", kill_on_drop: false }`
[INFO] [stdout] 469af79fa76e8aa5c022d20955a222d80f4e5b40f6ab4dffd9189d96a5c3249e
[INFO] running `Command { std: "docker" "create" "-v" "/var/lib/crater-agent-workspace/builds/worker-0-tc1/target:/opt/rustwide/target:rw,Z" "-v" "/var/lib/crater-agent-workspace/builds/worker-0-tc1/source:/opt/rustwide/workdir:ro,Z" "-v" "/var/lib/crater-agent-workspace/cargo-home:/opt/rustwide/cargo-home:ro,Z" "-v" "/var/lib/crater-agent-workspace/rustup-home:/opt/rustwide/rustup-home:ro,Z" "-e" "SOURCE_DIR=/opt/rustwide/workdir" "-e" "CARGO_TARGET_DIR=/opt/rustwide/target" "-e" "CARGO_INCREMENTAL=0" "-e" "RUST_BACKTRACE=full" "-e" "RUSTFLAGS=--cap-lints=forbid" "-e" "RUSTDOCFLAGS=--cap-lints=forbid" "-e" "CARGO_HOME=/opt/rustwide/cargo-home" "-e" "RUSTUP_HOME=/opt/rustwide/rustup-home" "-w" "/opt/rustwide/workdir" "-m" "1610612736" "--user" "0:0" "--network" "none" "ghcr.io/rust-lang/crates-build-env/linux@sha256:4a844ea9eb2546a2d2c7022eacef16ef2e8229c7fbb2c7d4d55a9ceca922f72d" "/opt/rustwide/cargo-home/bin/cargo" "+nightly-2024-10-28" "build" "--frozen" "--message-format=json", kill_on_drop: false }`
[INFO] [stdout] 0d0fe35d9e733404b97481dbfa350b20c89aefb54bb79153f2d34ddc532aee64
[INFO] running `Command { std: "docker" "start" "-a" "0d0fe35d9e733404b97481dbfa350b20c89aefb54bb79153f2d34ddc532aee64", kill_on_drop: false }`
[INFO] [stderr]    Compiling proc-macro2 v1.0.88
[INFO] [stderr]    Compiling unicode-ident v1.0.13
[INFO] [stderr]    Compiling serde v1.0.210
[INFO] [stderr]    Compiling thiserror v1.0.64
[INFO] [stderr]    Compiling quote v1.0.37
[INFO] [stderr]    Compiling syn v2.0.79
[INFO] [stderr]    Compiling serde_derive v1.0.210
[INFO] [stderr]    Compiling thiserror-impl v1.0.64
[INFO] [stderr]    Compiling bincode v1.3.3
[INFO] [stderr]    Compiling ir v0.1.0 (/opt/rustwide/workdir)
[INFO] [stdout] warning: unused import: `serializer::Serdes`
[INFO] [stdout]  --> src/main.rs:2:75
[INFO] [stdout]   |
[INFO] [stdout] 2 |     error::EvalError, expr::Expr, optimizer::Optimizer, printer::Printer, serializer::Serdes,
[INFO] [stdout]   |                                                                           ^^^^^^^^^^^^^^^^^^
[INFO] [stdout]   |
[INFO] [stdout]   = note: `#[warn(unused_imports)]` on by default
[INFO] [stdout] 
[INFO] [stdout] 
[INFO] [stderr]     Finished `dev` profile [unoptimized + debuginfo] target(s) in 6.15s
[INFO] running `Command { std: "docker" "inspect" "0d0fe35d9e733404b97481dbfa350b20c89aefb54bb79153f2d34ddc532aee64", kill_on_drop: false }`
[INFO] running `Command { std: "docker" "rm" "-f" "0d0fe35d9e733404b97481dbfa350b20c89aefb54bb79153f2d34ddc532aee64", kill_on_drop: false }`
[INFO] [stdout] 0d0fe35d9e733404b97481dbfa350b20c89aefb54bb79153f2d34ddc532aee64
[INFO] running `Command { std: "docker" "create" "-v" "/var/lib/crater-agent-workspace/builds/worker-0-tc1/target:/opt/rustwide/target:rw,Z" "-v" "/var/lib/crater-agent-workspace/builds/worker-0-tc1/source:/opt/rustwide/workdir:ro,Z" "-v" "/var/lib/crater-agent-workspace/cargo-home:/opt/rustwide/cargo-home:ro,Z" "-v" "/var/lib/crater-agent-workspace/rustup-home:/opt/rustwide/rustup-home:ro,Z" "-e" "SOURCE_DIR=/opt/rustwide/workdir" "-e" "CARGO_TARGET_DIR=/opt/rustwide/target" "-e" "CARGO_INCREMENTAL=0" "-e" "RUST_BACKTRACE=full" "-e" "RUSTFLAGS=--cap-lints=forbid" "-e" "RUSTDOCFLAGS=--cap-lints=forbid" "-e" "CARGO_HOME=/opt/rustwide/cargo-home" "-e" "RUSTUP_HOME=/opt/rustwide/rustup-home" "-w" "/opt/rustwide/workdir" "-m" "1610612736" "--user" "0:0" "--network" "none" "ghcr.io/rust-lang/crates-build-env/linux@sha256:4a844ea9eb2546a2d2c7022eacef16ef2e8229c7fbb2c7d4d55a9ceca922f72d" "/opt/rustwide/cargo-home/bin/cargo" "+nightly-2024-10-28" "test" "--frozen" "--no-run" "--message-format=json", kill_on_drop: false }`
[INFO] [stdout] 733057b58d064b247d00355324f3a4e1dcc60c8fa9bf353ea962f737851958e8
[INFO] running `Command { std: "docker" "start" "-a" "733057b58d064b247d00355324f3a4e1dcc60c8fa9bf353ea962f737851958e8", kill_on_drop: false }`
[INFO] [stderr]    Compiling memchr v2.7.4
[INFO] [stderr]    Compiling libc v0.2.161
[INFO] [stderr]    Compiling regex-syntax v0.8.5
[INFO] [stderr]    Compiling predicates-core v1.0.8
[INFO] [stderr]    Compiling same-file v1.0.6
[INFO] [stderr]    Compiling log v0.4.22
[INFO] [stderr]    Compiling doc-comment v0.3.3
[INFO] [stderr]    Compiling lazy_static v1.5.0
[INFO] [stderr]    Compiling serde_json v1.0.132
[INFO] [stderr]    Compiling itoa v1.0.11
[INFO] [stderr]    Compiling termtree v0.4.1
[INFO] [stderr]    Compiling similar v2.6.0
[INFO] [stderr]    Compiling anstyle v1.0.8
[INFO] [stderr]    Compiling difflib v0.4.0
[INFO] [stderr]    Compiling linked-hash-map v0.5.6
[INFO] [stderr]    Compiling derive_arbitrary v1.3.2
[INFO] [stderr]    Compiling assert_cmd v2.0.16
[INFO] [stderr]    Compiling walkdir v2.5.0
[INFO] [stderr]    Compiling ryu v1.0.18
[INFO] [stderr]    Compiling predicates-tree v1.0.11
[INFO] [stderr]    Compiling predicates v3.1.2
[INFO] [stderr]    Compiling aho-corasick v1.1.3
[INFO] [stderr]    Compiling arbitrary v1.3.2
[INFO] [stderr]    Compiling console v0.15.8
[INFO] [stderr]    Compiling wait-timeout v0.2.0
[INFO] [stderr]    Compiling arbtest v0.3.1
[INFO] [stderr]    Compiling regex-automata v0.4.8
[INFO] [stderr]    Compiling bstr v1.10.0
[INFO] [stderr]    Compiling globset v0.4.15
[INFO] [stderr]    Compiling insta v1.40.0
[INFO] [stderr]    Compiling insta-cmd v0.6.0
[INFO] [stderr]    Compiling ir v0.1.0 (/opt/rustwide/workdir)
[INFO] [stdout] warning: unused import: `serializer::Serdes`
[INFO] [stdout]  --> src/main.rs:2:75
[INFO] [stdout]   |
[INFO] [stdout] 2 |     error::EvalError, expr::Expr, optimizer::Optimizer, printer::Printer, serializer::Serdes,
[INFO] [stdout]   |                                                                           ^^^^^^^^^^^^^^^^^^
[INFO] [stdout]   |
[INFO] [stdout]   = note: `#[warn(unused_imports)]` on by default
[INFO] [stdout] 
[INFO] [stdout] 
[INFO] [stderr]     Finished `test` profile [unoptimized + debuginfo] target(s) in 5.82s
[INFO] running `Command { std: "docker" "inspect" "733057b58d064b247d00355324f3a4e1dcc60c8fa9bf353ea962f737851958e8", kill_on_drop: false }`
[INFO] running `Command { std: "docker" "rm" "-f" "733057b58d064b247d00355324f3a4e1dcc60c8fa9bf353ea962f737851958e8", kill_on_drop: false }`
[INFO] [stdout] 733057b58d064b247d00355324f3a4e1dcc60c8fa9bf353ea962f737851958e8
[INFO] running `Command { std: "docker" "create" "-v" "/var/lib/crater-agent-workspace/builds/worker-0-tc1/target:/opt/rustwide/target:rw,Z" "-v" "/var/lib/crater-agent-workspace/builds/worker-0-tc1/source:/opt/rustwide/workdir:ro,Z" "-v" "/var/lib/crater-agent-workspace/cargo-home:/opt/rustwide/cargo-home:ro,Z" "-v" "/var/lib/crater-agent-workspace/rustup-home:/opt/rustwide/rustup-home:ro,Z" "-e" "SOURCE_DIR=/opt/rustwide/workdir" "-e" "CARGO_TARGET_DIR=/opt/rustwide/target" "-e" "CARGO_INCREMENTAL=0" "-e" "RUST_BACKTRACE=full" "-e" "RUSTFLAGS=--cap-lints=forbid" "-e" "RUSTDOCFLAGS=--cap-lints=forbid" "-e" "CARGO_HOME=/opt/rustwide/cargo-home" "-e" "RUSTUP_HOME=/opt/rustwide/rustup-home" "-w" "/opt/rustwide/workdir" "-m" "1610612736" "--user" "0:0" "--network" "none" "ghcr.io/rust-lang/crates-build-env/linux@sha256:4a844ea9eb2546a2d2c7022eacef16ef2e8229c7fbb2c7d4d55a9ceca922f72d" "/opt/rustwide/cargo-home/bin/cargo" "+nightly-2024-10-28" "test" "--frozen", kill_on_drop: false }`
[INFO] [stdout] ee02cbcadda8b23cec3a661679b8f3c9cadb39a3b2d82fb57da2ba11c9667319
[INFO] running `Command { std: "docker" "start" "-a" "ee02cbcadda8b23cec3a661679b8f3c9cadb39a3b2d82fb57da2ba11c9667319", kill_on_drop: false }`
[INFO] [stderr] warning: unused import: `serializer::Serdes`
[INFO] [stderr]  --> src/main.rs:2:75
[INFO] [stderr]   |
[INFO] [stderr] 2 |     error::EvalError, expr::Expr, optimizer::Optimizer, printer::Printer, serializer::Serdes,
[INFO] [stderr]   |                                                                           ^^^^^^^^^^^^^^^^^^
[INFO] [stderr]   |
[INFO] [stderr]   = note: `#[warn(unused_imports)]` on by default
[INFO] [stderr] 
[INFO] [stderr] warning: `ir` (bin "ir" test) generated 1 warning (run `cargo fix --bin "ir" --tests` to apply 1 suggestion)
[INFO] [stderr]     Finished `test` profile [unoptimized + debuginfo] target(s) in 0.03s
[INFO] [stderr]      Running unittests src/lib.rs (/opt/rustwide/target/debug/deps/ir-4ef8592761d4ed5b)
[INFO] [stdout] 
[INFO] [stdout] running 40 tests
[INFO] [stdout] test bytecode::tests::test_vm ... ok
[INFO] [stdout] test bytecode::tests::test ... ok
[INFO] [stdout] test tokenizer::tests::and ... ok
[INFO] [stdout] test tokenizer::tests::bang ... ok
[INFO] [stdout] test tokenizer::tests::colon ... ok
[INFO] [stdout] test tokenizer::tests::array ... ok
[INFO] [stdout] test tokenizer::tests::comma ... ok
[INFO] [stdout] test tokenizer::tests::div_assign ... ok
[INFO] [stdout] test tokenizer::tests::div ... ok
[INFO] [stdout] test tokenizer::tests::add_assign ... ok
[INFO] [stdout] test tokenizer::tests::ampersand ... ok
[INFO] [stdout] test tokenizer::tests::equal ... ok
[INFO] [stdout] test tokenizer::tests::fn_call ... ok
[INFO] [stdout] test tokenizer::tests::equal_equal ... ok
[INFO] [stdout] test tokenizer::tests::else_stmt ... ok
[INFO] [stdout] test tokenizer::tests::langle ... ok
[INFO] [stdout] test tokenizer::tests::less_than_equal ... ok
[INFO] [stdout] test tokenizer::tests::for_loop ... ok
[INFO] [stdout] test tokenizer::tests::fn_decl ... ok
[INFO] [stdout] test tokenizer::tests::greater_than_equal ... ok
[INFO] [stdout] test tokenizer::tests::if_stmt ... ok
[INFO] [stdout] test tokenizer::tests::mod_assign ... ok
[INFO] [stdout] test tokenizer::tests::mul_assign ... ok
[INFO] [stdout] test tokenizer::tests::not_equal ... ok
[INFO] [stdout] test tokenizer::tests::number ... ok
[INFO] [stdout] test tokenizer::tests::pipe ... ok
[INFO] [stdout] test tokenizer::tests::or ... ok
[INFO] [stdout] test tokenizer::tests::plus ... ok
[INFO] [stdout] test tokenizer::tests::print ... ok
[INFO] [stdout] test tokenizer::tests::semicolon ... ok
[INFO] [stdout] test tokenizer::tests::rangle ... ok
[INFO] [stdout] test tokenizer::tests::string ... ok
[INFO] [stdout] test tokenizer::tests::sub ... ok
[INFO] [stdout] test tokenizer::tests::rem ... ok
[INFO] [stdout] test tokenizer::tests::sub_assign ... ok
[INFO] [stdout] test tokenizer::tests::times ... ok
[INFO] [stdout] test tokenizer::tests::var_decl ... ok
[INFO] [stdout] test tokenizer::tests::while_loop ... ok
[INFO] [stdout] test bytecode::tests::no_crash ... FAILED
[INFO] [stdout] test vm::test::no_crash ... FAILED
[INFO] [stdout] 
[INFO] [stdout] failures:
[INFO] [stdout] 
[INFO] [stdout] ---- bytecode::tests::no_crash stdout ----
[INFO] [stdout] thread 'bytecode::tests::no_crash' panicked at src/bytecode.rs:27:22:
[INFO] [stdout] not yet implemented
[INFO] [stdout] stack backtrace:
[INFO] [stdout]    0:     0x5df70317dbfa - std::backtrace_rs::backtrace::libunwind::trace::h207520d6e9873551
[INFO] [stdout]                                at /rustc/df4ca44d3fbc9301ee17f30f4d474e6ae4b05252/library/std/src/../../backtrace/src/backtrace/libunwind.rs:116:5
[INFO] [stdout]    1:     0x5df70317dbfa - std::backtrace_rs::backtrace::trace_unsynchronized::h2ed7433f370e3eca
[INFO] [stdout]                                at /rustc/df4ca44d3fbc9301ee17f30f4d474e6ae4b05252/library/std/src/../../backtrace/src/backtrace/mod.rs:66:5
[INFO] [stdout]    2:     0x5df70317dbfa - std::sys::backtrace::_print_fmt::h916fac51166b18d7
[INFO] [stdout]                                at /rustc/df4ca44d3fbc9301ee17f30f4d474e6ae4b05252/library/std/src/sys/backtrace.rs:66:9
[INFO] [stdout]    3:     0x5df70317dbfa - <std::sys::backtrace::BacktraceLock::print::DisplayBacktrace as core::fmt::Display>::fmt::ha0a4c9b8ce3802e6
[INFO] [stdout]                                at /rustc/df4ca44d3fbc9301ee17f30f4d474e6ae4b05252/library/std/src/sys/backtrace.rs:39:26
[INFO] [stdout]    4:     0x5df7031a7983 - core::fmt::rt::Argument::fmt::h4cfc8587d52b3eb5
[INFO] [stdout]                                at /rustc/df4ca44d3fbc9301ee17f30f4d474e6ae4b05252/library/core/src/fmt/rt.rs:177:76
[INFO] [stdout]    5:     0x5df7031a7983 - core::fmt::write::h522cc39e5b36ae9f
[INFO] [stdout]                                at /rustc/df4ca44d3fbc9301ee17f30f4d474e6ae4b05252/library/core/src/fmt/mod.rs:1190:21
[INFO] [stdout]    6:     0x5df703179d43 - std::io::Write::write_fmt::h7d3c26752da97734
[INFO] [stdout]                                at /rustc/df4ca44d3fbc9301ee17f30f4d474e6ae4b05252/library/std/src/io/mod.rs:1839:15
[INFO] [stdout]    7:     0x5df70317da42 - std::sys::backtrace::BacktraceLock::print::h4b9e00b29e9c0942
[INFO] [stdout]                                at /rustc/df4ca44d3fbc9301ee17f30f4d474e6ae4b05252/library/std/src/sys/backtrace.rs:42:9
[INFO] [stdout]    8:     0x5df70317f08a - std::panicking::default_hook::{{closure}}::hb59b88280d0324d9
[INFO] [stdout]                                at /rustc/df4ca44d3fbc9301ee17f30f4d474e6ae4b05252/library/std/src/panicking.rs:268:22
[INFO] [stdout]    9:     0x5df70317ee94 - std::panicking::default_hook::he1dd496665be4a29
[INFO] [stdout]                                at /rustc/df4ca44d3fbc9301ee17f30f4d474e6ae4b05252/library/std/src/panicking.rs:292:9
[INFO] [stdout]   10:     0x5df702ffbeb9 - <alloc::boxed::Box<F,A> as core::ops::function::Fn<Args>>::call::h4ff71de18744e1dc
[INFO] [stdout]                                at /rustc/df4ca44d3fbc9301ee17f30f4d474e6ae4b05252/library/alloc/src/boxed.rs:2468:9
[INFO] [stdout]   11:     0x5df702ffbeb9 - test::test_main::{{closure}}::hcf7c055ce117aa81
[INFO] [stdout]                                at /rustc/df4ca44d3fbc9301ee17f30f4d474e6ae4b05252/library/test/src/lib.rs:133:21
[INFO] [stdout]   12:     0x5df70317f788 - <alloc::boxed::Box<F,A> as core::ops::function::Fn<Args>>::call::h1d66c6bbd60c9692
[INFO] [stdout]                                at /rustc/df4ca44d3fbc9301ee17f30f4d474e6ae4b05252/library/alloc/src/boxed.rs:2468:9
[INFO] [stdout]   13:     0x5df70317f788 - std::panicking::rust_panic_with_hook::h2ff17fe8f26dfcf8
[INFO] [stdout]                                at /rustc/df4ca44d3fbc9301ee17f30f4d474e6ae4b05252/library/std/src/panicking.rs:809:13
[INFO] [stdout]   14:     0x5df70317f516 - std::panicking::begin_panic_handler::{{closure}}::h4fad77951c07e101
[INFO] [stdout]                                at /rustc/df4ca44d3fbc9301ee17f30f4d474e6ae4b05252/library/std/src/panicking.rs:667:13
[INFO] [stdout]   15:     0x5df70317e0d9 - std::sys::backtrace::__rust_end_short_backtrace::hb1a25b3da5d0ea08
[INFO] [stdout]                                at /rustc/df4ca44d3fbc9301ee17f30f4d474e6ae4b05252/library/std/src/sys/backtrace.rs:170:18
[INFO] [stdout]   16:     0x5df70317f1dc - rust_begin_unwind
[INFO] [stdout]                                at /rustc/df4ca44d3fbc9301ee17f30f4d474e6ae4b05252/library/std/src/panicking.rs:665:5
[INFO] [stdout]   17:     0x5df7031a51a0 - core::panicking::panic_fmt::ha9db07b529f9b256
[INFO] [stdout]                                at /rustc/df4ca44d3fbc9301ee17f30f4d474e6ae4b05252/library/core/src/panicking.rs:75:14
[INFO] [stdout]   18:     0x5df7031a522c - core::panicking::panic::h993086813d94accc
[INFO] [stdout]                                at /rustc/df4ca44d3fbc9301ee17f30f4d474e6ae4b05252/library/core/src/panicking.rs:152:5
[INFO] [stdout]   19:     0x5df702f9f193 - ir::bytecode::Compiler::compile::hf0c69d377a84d36f
[INFO] [stdout]                                at /opt/rustwide/workdir/src/bytecode.rs:27:22
[INFO] [stdout]   20:     0x5df702fa212c - ir::bytecode::tests::no_crash::{{closure}}::h4ec8e0da47d8aa52
[INFO] [stdout]                                at /opt/rustwide/workdir/src/bytecode.rs:172:22
[INFO] [stdout]   21:     0x5df70300b5ae - arbtest::Context::try_seed::h4f7168be5dc5d468
[INFO] [stdout]                                at /opt/rustwide/cargo-home/registry/src/index.crates.io-6f17d22bba15001f/arbtest-0.3.1/src/lib.rs:493:9
[INFO] [stdout]   22:     0x5df70300a179 - arbtest::Context::run_search::hedd90b63dc7fee22
[INFO] [stdout]                                at /opt/rustwide/cargo-home/registry/src/index.crates.io-6f17d22bba15001f/arbtest-0.3.1/src/lib.rs:424:35
[INFO] [stdout]   23:     0x5df703009fdc - arbtest::Context::run::h59819c460a5dceeb
[INFO] [stdout]                                at /opt/rustwide/cargo-home/registry/src/index.crates.io-6f17d22bba15001f/arbtest-0.3.1/src/lib.rs:401:30
[INFO] [stdout]   24:     0x5df702fa4ff4 - <arbtest::ArbTest<P> as core::ops::drop::Drop>::drop::h103b22c62e59ef08
[INFO] [stdout]                                at /opt/rustwide/cargo-home/registry/src/index.crates.io-6f17d22bba15001f/arbtest-0.3.1/src/lib.rs:380:13
[INFO] [stdout]   25:     0x5df702f9b02a - core::ptr::drop_in_place<arbtest::ArbTest<ir::bytecode::tests::no_crash::{{closure}}>>::h636560971c0a4da1
[INFO] [stdout]                                at /rustc/df4ca44d3fbc9301ee17f30f4d474e6ae4b05252/library/core/src/ptr/mod.rs:521:1
[INFO] [stdout]   26:     0x5df702fa2014 - ir::bytecode::tests::no_crash::h278d6886bb1f14d3
[INFO] [stdout]                                at /opt/rustwide/workdir/src/bytecode.rs:178:11
[INFO] [stdout]   27:     0x5df702fa1fe7 - ir::bytecode::tests::no_crash::{{closure}}::hc9e25e3de3e88131
[INFO] [stdout]                                at /opt/rustwide/workdir/src/bytecode.rs:167:18
[INFO] [stdout]   28:     0x5df702f9a966 - core::ops::function::FnOnce::call_once::h97e2941e12cafcc1
[INFO] [stdout]                                at /rustc/df4ca44d3fbc9301ee17f30f4d474e6ae4b05252/library/core/src/ops/function.rs:250:5
[INFO] [stdout]   29:     0x5df70300078b - core::ops::function::FnOnce::call_once::h22c3ba5715e93f05
[INFO] [stdout]                                at /rustc/df4ca44d3fbc9301ee17f30f4d474e6ae4b05252/library/core/src/ops/function.rs:250:5
[INFO] [stdout]   30:     0x5df70300078b - test::__rust_begin_short_backtrace::h8e82d8113d0da17f
[INFO] [stdout]                                at /rustc/df4ca44d3fbc9301ee17f30f4d474e6ae4b05252/library/test/src/lib.rs:621:18
[INFO] [stdout]   31:     0x5df703000107 - test::run_test_in_process::{{closure}}::h33235f4f20b7b7c7
[INFO] [stdout]                                at /rustc/df4ca44d3fbc9301ee17f30f4d474e6ae4b05252/library/test/src/lib.rs:644:60
[INFO] [stdout]   32:     0x5df703000107 - <core::panic::unwind_safe::AssertUnwindSafe<F> as core::ops::function::FnOnce<()>>::call_once::hb5043206310c586f
[INFO] [stdout]                                at /rustc/df4ca44d3fbc9301ee17f30f4d474e6ae4b05252/library/core/src/panic/unwind_safe.rs:272:9
[INFO] [stdout]   33:     0x5df703000107 - std::panicking::try::do_call::h9ad4731a60ab23e2
[INFO] [stdout]                                at /rustc/df4ca44d3fbc9301ee17f30f4d474e6ae4b05252/library/std/src/panicking.rs:557:40
[INFO] [stdout]   34:     0x5df703000107 - std::panicking::try::h3824d23db772a716
[INFO] [stdout]                                at /rustc/df4ca44d3fbc9301ee17f30f4d474e6ae4b05252/library/std/src/panicking.rs:520:19
[INFO] [stdout]   35:     0x5df703000107 - std::panic::catch_unwind::h5afd514605fde46b
[INFO] [stdout]                                at /rustc/df4ca44d3fbc9301ee17f30f4d474e6ae4b05252/library/std/src/panic.rs:358:14
[INFO] [stdout]   36:     0x5df703000107 - test::run_test_in_process::h0d5cbfa7067d1720
[INFO] [stdout]                                at /rustc/df4ca44d3fbc9301ee17f30f4d474e6ae4b05252/library/test/src/lib.rs:644:27
[INFO] [stdout]   37:     0x5df703000107 - test::run_test::{{closure}}::h708eb8872708115d
[INFO] [stdout]                                at /rustc/df4ca44d3fbc9301ee17f30f4d474e6ae4b05252/library/test/src/lib.rs:565:43
[INFO] [stdout]   38:     0x5df702fc3824 - test::run_test::{{closure}}::h392c51cee94713ab
[INFO] [stdout]                                at /rustc/df4ca44d3fbc9301ee17f30f4d474e6ae4b05252/library/test/src/lib.rs:595:41
[INFO] [stdout]   39:     0x5df702fc3824 - std::sys::backtrace::__rust_begin_short_backtrace::h2f40290710935a8b
[INFO] [stdout]                                at /rustc/df4ca44d3fbc9301ee17f30f4d474e6ae4b05252/library/std/src/sys/backtrace.rs:154:18
[INFO] [stdout]   40:     0x5df702fc6fce - std::thread::Builder::spawn_unchecked_::{{closure}}::{{closure}}::h3fd968d89053a903
[INFO] [stdout]                                at /rustc/df4ca44d3fbc9301ee17f30f4d474e6ae4b05252/library/std/src/thread/mod.rs:541:17
[INFO] [stdout]   41:     0x5df702fc6fce - <core::panic::unwind_safe::AssertUnwindSafe<F> as core::ops::function::FnOnce<()>>::call_once::h743f637ba4229880
[INFO] [stdout]                                at /rustc/df4ca44d3fbc9301ee17f30f4d474e6ae4b05252/library/core/src/panic/unwind_safe.rs:272:9
[INFO] [stdout]   42:     0x5df702fc6fce - std::panicking::try::do_call::h07440897322525a6
[INFO] [stdout]                                at /rustc/df4ca44d3fbc9301ee17f30f4d474e6ae4b05252/library/std/src/panicking.rs:557:40
[INFO] [stdout]   43:     0x5df702fc6fce - std::panicking::try::he5a2e00188156637
[INFO] [stdout]                                at /rustc/df4ca44d3fbc9301ee17f30f4d474e6ae4b05252/library/std/src/panicking.rs:520:19
[INFO] [stdout]   44:     0x5df702fc6fce - std::panic::catch_unwind::hbaf3cae49b3c6433
[INFO] [stdout]                                at /rustc/df4ca44d3fbc9301ee17f30f4d474e6ae4b05252/library/std/src/panic.rs:358:14
[INFO] [stdout]   45:     0x5df702fc6fce - std::thread::Builder::spawn_unchecked_::{{closure}}::h8e141ea224820bce
[INFO] [stdout]                                at /rustc/df4ca44d3fbc9301ee17f30f4d474e6ae4b05252/library/std/src/thread/mod.rs:540:30
[INFO] [stdout]   46:     0x5df702fc6fce - core::ops::function::FnOnce::call_once{{vtable.shim}}::h90d312fedd7b8ea8
[INFO] [stdout]                                at /rustc/df4ca44d3fbc9301ee17f30f4d474e6ae4b05252/library/core/src/ops/function.rs:250:5
[INFO] [stdout]   47:     0x5df703183bab - <alloc::boxed::Box<F,A> as core::ops::function::FnOnce<Args>>::call_once::h69aa08ddb6adb8b6
[INFO] [stdout]                                at /rustc/df4ca44d3fbc9301ee17f30f4d474e6ae4b05252/library/alloc/src/boxed.rs:2454:9
[INFO] [stdout]   48:     0x5df703183bab - <alloc::boxed::Box<F,A> as core::ops::function::FnOnce<Args>>::call_once::h5aa36efdb79c806f
[INFO] [stdout]                                at /rustc/df4ca44d3fbc9301ee17f30f4d474e6ae4b05252/library/alloc/src/boxed.rs:2454:9
[INFO] [stdout]   49:     0x5df703183bab - std::sys::pal::unix::thread::Thread::new::thread_start::h6cd80a1b4be5158d
[INFO] [stdout]                                at /rustc/df4ca44d3fbc9301ee17f30f4d474e6ae4b05252/library/std/src/sys/pal/unix/thread.rs:105:17
[INFO] [stdout]   50:     0x7b87ab27bac3 - <unknown>
[INFO] [stdout]   51:     0x7b87ab30ca04 - clone
[INFO] [stdout]   52:                0x0 - <unknown>
[INFO] [stdout] 
[INFO] [stdout] arbtest failed!
[INFO] [stdout]     Seed: [1m0x2c86983b00000028[0m
[INFO] [stdout] 
[INFO] [stdout] 
[INFO] [stdout] 
[INFO] [stdout] ---- vm::test::no_crash stdout ----
[INFO] [stdout] thread 'vm::test::no_crash' panicked at src/vm.rs:312:26:
[INFO] [stdout] internal error: entered unreachable code
[INFO] [stdout] stack backtrace:
[INFO] [stdout]    0:     0x5df70317dbfa - std::backtrace_rs::backtrace::libunwind::trace::h207520d6e9873551
[INFO] [stdout]                                at /rustc/df4ca44d3fbc9301ee17f30f4d474e6ae4b05252/library/std/src/../../backtrace/src/backtrace/libunwind.rs:116:5
[INFO] [stdout]    1:     0x5df70317dbfa - std::backtrace_rs::backtrace::trace_unsynchronized::h2ed7433f370e3eca
[INFO] [stdout]                                at /rustc/df4ca44d3fbc9301ee17f30f4d474e6ae4b05252/library/std/src/../../backtrace/src/backtrace/mod.rs:66:5
[INFO] [stdout]    2:     0x5df70317dbfa - std::sys::backtrace::_print_fmt::h916fac51166b18d7
[INFO] [stdout]                                at /rustc/df4ca44d3fbc9301ee17f30f4d474e6ae4b05252/library/std/src/sys/backtrace.rs:66:9
[INFO] [stdout]    3:     0x5df70317dbfa - <std::sys::backtrace::BacktraceLock::print::DisplayBacktrace as core::fmt::Display>::fmt::ha0a4c9b8ce3802e6
[INFO] [stdout]                                at /rustc/df4ca44d3fbc9301ee17f30f4d474e6ae4b05252/library/std/src/sys/backtrace.rs:39:26
[INFO] [stdout]    4:     0x5df7031a7983 - core::fmt::rt::Argument::fmt::h4cfc8587d52b3eb5
[INFO] [stdout]                                at /rustc/df4ca44d3fbc9301ee17f30f4d474e6ae4b05252/library/core/src/fmt/rt.rs:177:76
[INFO] [stdout]    5:     0x5df7031a7983 - core::fmt::write::h522cc39e5b36ae9f
[INFO] [stdout]                                at /rustc/df4ca44d3fbc9301ee17f30f4d474e6ae4b05252/library/core/src/fmt/mod.rs:1190:21
[INFO] [stdout]    6:     0x5df703179d43 - std::io::Write::write_fmt::h7d3c26752da97734
[INFO] [stdout]                                at /rustc/df4ca44d3fbc9301ee17f30f4d474e6ae4b05252/library/std/src/io/mod.rs:1839:15
[INFO] [stdout]    7:     0x5df70317da42 - std::sys::backtrace::BacktraceLock::print::h4b9e00b29e9c0942
[INFO] [stdout]                                at /rustc/df4ca44d3fbc9301ee17f30f4d474e6ae4b05252/library/std/src/sys/backtrace.rs:42:9
[INFO] [stdout]    8:     0x5df70317f08a - std::panicking::default_hook::{{closure}}::hb59b88280d0324d9
[INFO] [stdout]                                at /rustc/df4ca44d3fbc9301ee17f30f4d474e6ae4b05252/library/std/src/panicking.rs:268:22
[INFO] [stdout]    9:     0x5df70317ee94 - std::panicking::default_hook::he1dd496665be4a29
[INFO] [stdout]                                at /rustc/df4ca44d3fbc9301ee17f30f4d474e6ae4b05252/library/std/src/panicking.rs:292:9
[INFO] [stdout]   10:     0x5df702ffbeb9 - <alloc::boxed::Box<F,A> as core::ops::function::Fn<Args>>::call::h4ff71de18744e1dc
[INFO] [stdout]                                at /rustc/df4ca44d3fbc9301ee17f30f4d474e6ae4b05252/library/alloc/src/boxed.rs:2468:9
[INFO] [stdout]   11:     0x5df702ffbeb9 - test::test_main::{{closure}}::hcf7c055ce117aa81
[INFO] [stdout]                                at /rustc/df4ca44d3fbc9301ee17f30f4d474e6ae4b05252/library/test/src/lib.rs:133:21
[INFO] [stdout]   12:     0x5df70317f788 - <alloc::boxed::Box<F,A> as core::ops::function::Fn<Args>>::call::h1d66c6bbd60c9692
[INFO] [stdout]                                at /rustc/df4ca44d3fbc9301ee17f30f4d474e6ae4b05252/library/alloc/src/boxed.rs:2468:9
[INFO] [stdout]   13:     0x5df70317f788 - std::panicking::rust_panic_with_hook::h2ff17fe8f26dfcf8
[INFO] [stdout]                                at /rustc/df4ca44d3fbc9301ee17f30f4d474e6ae4b05252/library/std/src/panicking.rs:809:13
[INFO] [stdout]   14:     0x5df70317f516 - std::panicking::begin_panic_handler::{{closure}}::h4fad77951c07e101
[INFO] [stdout]                                at /rustc/df4ca44d3fbc9301ee17f30f4d474e6ae4b05252/library/std/src/panicking.rs:667:13
[INFO] [stdout]   15:     0x5df70317e0d9 - std::sys::backtrace::__rust_end_short_backtrace::hb1a25b3da5d0ea08
[INFO] [stdout]                                at /rustc/df4ca44d3fbc9301ee17f30f4d474e6ae4b05252/library/std/src/sys/backtrace.rs:170:18
[INFO] [stdout]   16:     0x5df70317f1dc - rust_begin_unwind
[INFO] [stdout]                                at /rustc/df4ca44d3fbc9301ee17f30f4d474e6ae4b05252/library/std/src/panicking.rs:665:5
[INFO] [stdout]   17:     0x5df7031a51a0 - core::panicking::panic_fmt::ha9db07b529f9b256
[INFO] [stdout]                                at /rustc/df4ca44d3fbc9301ee17f30f4d474e6ae4b05252/library/core/src/panicking.rs:75:14
[INFO] [stdout]   18:     0x5df7031a522c - core::panicking::panic::h993086813d94accc
[INFO] [stdout]                                at /rustc/df4ca44d3fbc9301ee17f30f4d474e6ae4b05252/library/core/src/panicking.rs:152:5
[INFO] [stdout]   19:     0x5df702f83855 - ir::vm::VM::eval_expr::hd7290f9a4959b3b6
[INFO] [stdout]                                at /opt/rustwide/workdir/src/vm.rs:312:26
[INFO] [stdout]   20:     0x5df702f81697 - ir::vm::VM::eval_stmt::h7dafab210f1774f5
[INFO] [stdout]                                at /opt/rustwide/workdir/src/vm.rs:140:28
[INFO] [stdout]   21:     0x5df702f7fdf5 - ir::vm::VM::eval::h161944646cc78203
[INFO] [stdout]                                at /opt/rustwide/workdir/src/vm.rs:77:13
[INFO] [stdout]   22:     0x5df702faca1f - ir::vm::test::no_crash::{{closure}}::hdeae8bb5c652d803
[INFO] [stdout]                                at /opt/rustwide/workdir/src/vm.rs:342:19
[INFO] [stdout]   23:     0x5df70300b5ae - arbtest::Context::try_seed::h4f7168be5dc5d468
[INFO] [stdout]                                at /opt/rustwide/cargo-home/registry/src/index.crates.io-6f17d22bba15001f/arbtest-0.3.1/src/lib.rs:493:9
[INFO] [stdout]   24:     0x5df70300a179 - arbtest::Context::run_search::hedd90b63dc7fee22
[INFO] [stdout]                                at /opt/rustwide/cargo-home/registry/src/index.crates.io-6f17d22bba15001f/arbtest-0.3.1/src/lib.rs:424:35
[INFO] [stdout]   25:     0x5df703009fdc - arbtest::Context::run::h59819c460a5dceeb
[INFO] [stdout]                                at /opt/rustwide/cargo-home/registry/src/index.crates.io-6f17d22bba15001f/arbtest-0.3.1/src/lib.rs:401:30
[INFO] [stdout]   26:     0x5df702fa5074 - <arbtest::ArbTest<P> as core::ops::drop::Drop>::drop::h6ab59a9012f85f4f
[INFO] [stdout]                                at /opt/rustwide/cargo-home/registry/src/index.crates.io-6f17d22bba15001f/arbtest-0.3.1/src/lib.rs:380:13
[INFO] [stdout]   27:     0x5df702f9ccda - core::ptr::drop_in_place<arbtest::ArbTest<ir::vm::test::no_crash::{{closure}}>>::h3e186cb83af8d107
[INFO] [stdout]                                at /rustc/df4ca44d3fbc9301ee17f30f4d474e6ae4b05252/library/core/src/ptr/mod.rs:521:1
[INFO] [stdout]   28:     0x5df702fac8e4 - ir::vm::test::no_crash::hcea20bea1e57be7e
[INFO] [stdout]                                at /opt/rustwide/workdir/src/vm.rs:346:11
[INFO] [stdout]   29:     0x5df702fac8b7 - ir::vm::test::no_crash::{{closure}}::he9129822adb15796
[INFO] [stdout]                                at /opt/rustwide/workdir/src/vm.rs:338:18
[INFO] [stdout]   30:     0x5df702f99f26 - core::ops::function::FnOnce::call_once::h12abcf14ba23ad60
[INFO] [stdout]                                at /rustc/df4ca44d3fbc9301ee17f30f4d474e6ae4b05252/library/core/src/ops/function.rs:250:5
[INFO] [stdout]   31:     0x5df70300078b - core::ops::function::FnOnce::call_once::h22c3ba5715e93f05
[INFO] [stdout]                                at /rustc/df4ca44d3fbc9301ee17f30f4d474e6ae4b05252/library/core/src/ops/function.rs:250:5
[INFO] [stdout]   32:     0x5df70300078b - test::__rust_begin_short_backtrace::h8e82d8113d0da17f
[INFO] [stdout]                                at /rustc/df4ca44d3fbc9301ee17f30f4d474e6ae4b05252/library/test/src/lib.rs:621:18
[INFO] [stdout]   33:     0x5df703000107 - test::run_test_in_process::{{closure}}::h33235f4f20b7b7c7
[INFO] [stdout]                                at /rustc/df4ca44d3fbc9301ee17f30f4d474e6ae4b05252/library/test/src/lib.rs:644:60
[INFO] [stdout]   34:     0x5df703000107 - <core::panic::unwind_safe::AssertUnwindSafe<F> as core::ops::function::FnOnce<()>>::call_once::hb5043206310c586f
[INFO] [stdout]                                at /rustc/df4ca44d3fbc9301ee17f30f4d474e6ae4b05252/library/core/src/panic/unwind_safe.rs:272:9
[INFO] [stdout]   35:     0x5df703000107 - std::panicking::try::do_call::h9ad4731a60ab23e2
[INFO] [stdout]                                at /rustc/df4ca44d3fbc9301ee17f30f4d474e6ae4b05252/library/std/src/panicking.rs:557:40
[INFO] [stdout]   36:     0x5df703000107 - std::panicking::try::h3824d23db772a716
[INFO] [stdout]                                at /rustc/df4ca44d3fbc9301ee17f30f4d474e6ae4b05252/library/std/src/panicking.rs:520:19
[INFO] [stdout]   37:     0x5df703000107 - std::panic::catch_unwind::h5afd514605fde46b
[INFO] [stdout]                                at /rustc/df4ca44d3fbc9301ee17f30f4d474e6ae4b05252/library/std/src/panic.rs:358:14
[INFO] [stdout]   38:     0x5df703000107 - test::run_test_in_process::h0d5cbfa7067d1720
[INFO] [stdout]                                at /rustc/df4ca44d3fbc9301ee17f30f4d474e6ae4b05252/library/test/src/lib.rs:644:27
[INFO] [stdout]   39:     0x5df703000107 - test::run_test::{{closure}}::h708eb8872708115d
[INFO] [stdout]                                at /rustc/df4ca44d3fbc9301ee17f30f4d474e6ae4b05252/library/test/src/lib.rs:565:43
[INFO] [stdout]   40:     0x5df702fc3824 - test::run_test::{{closure}}::h392c51cee94713ab
[INFO] [stdout]                                at /rustc/df4ca44d3fbc9301ee17f30f4d474e6ae4b05252/library/test/src/lib.rs:595:41
[INFO] [stdout]   41:     0x5df702fc3824 - std::sys::backtrace::__rust_begin_short_backtrace::h2f40290710935a8b
[INFO] [stdout]                                at /rustc/df4ca44d3fbc9301ee17f30f4d474e6ae4b05252/library/std/src/sys/backtrace.rs:154:18
[INFO] [stdout]   42:     0x5df702fc6fce - std::thread::Builder::spawn_unchecked_::{{closure}}::{{closure}}::h3fd968d89053a903
[INFO] [stdout]                                at /rustc/df4ca44d3fbc9301ee17f30f4d474e6ae4b05252/library/std/src/thread/mod.rs:541:17
[INFO] [stdout]   43:     0x5df702fc6fce - <core::panic::unwind_safe::AssertUnwindSafe<F> as core::ops::function::FnOnce<()>>::call_once::h743f637ba4229880
[INFO] [stdout]                                at /rustc/df4ca44d3fbc9301ee17f30f4d474e6ae4b05252/library/core/src/panic/unwind_safe.rs:272:9
[INFO] [stdout]   44:     0x5df702fc6fce - std::panicking::try::do_call::h07440897322525a6
[INFO] [stdout]                                at /rustc/df4ca44d3fbc9301ee17f30f4d474e6ae4b05252/library/std/src/panicking.rs:557:40
[INFO] [stdout]   45:     0x5df702fc6fce - std::panicking::try::he5a2e00188156637
[INFO] [stdout]                                at /rustc/df4ca44d3fbc9301ee17f30f4d474e6ae4b05252/library/std/src/panicking.rs:520:19
[INFO] [stdout]   46:     0x5df702fc6fce - std::panic::catch_unwind::hbaf3cae49b3c6433
[INFO] [stdout]                                at /rustc/df4ca44d3fbc9301ee17f30f4d474e6ae4b05252/library/std/src/panic.rs:358:14
[INFO] [stdout]   47:     0x5df702fc6fce - std::thread::Builder::spawn_unchecked_::{{closure}}::h8e141ea224820bce
[INFO] [stdout]                                at /rustc/df4ca44d3fbc9301ee17f30f4d474e6ae4b05252/library/std/src/thread/mod.rs:540:30
[INFO] [stdout]   48:     0x5df702fc6fce - core::ops::function::FnOnce::call_once{{vtable.shim}}::h90d312fedd7b8ea8
[INFO] [stdout]                                at /rustc/df4ca44d3fbc9301ee17f30f4d474e6ae4b05252/library/core/src/ops/function.rs:250:5
[INFO] [stdout]   49:     0x5df703183bab - <alloc::boxed::Box<F,A> as core::ops::function::FnOnce<Args>>::call_once::h69aa08ddb6adb8b6
[INFO] [stdout]                                at /rustc/df4ca44d3fbc9301ee17f30f4d474e6ae4b05252/library/alloc/src/boxed.rs:2454:9
[INFO] [stdout]   50:     0x5df703183bab - <alloc::boxed::Box<F,A> as core::ops::function::FnOnce<Args>>::call_once::h5aa36efdb79c806f
[INFO] [stdout]                                at /rustc/df4ca44d3fbc9301ee17f30f4d474e6ae4b05252/library/alloc/src/boxed.rs:2454:9
[INFO] [stdout]   51:     0x5df703183bab - std::sys::pal::unix::thread::Thread::new::thread_start::h6cd80a1b4be5158d
[INFO] [stdout]                                at /rustc/df4ca44d3fbc9301ee17f30f4d474e6ae4b05252/library/std/src/sys/pal/unix/thread.rs:105:17
[INFO] [stdout]   52:     0x7b87ab27bac3 - <unknown>
[INFO] [stdout]   53:     0x7b87ab30ca04 - clone
[INFO] [stdout]   54:                0x0 - <unknown>
[INFO] [stdout] 
[INFO] [stdout] arbtest failed!
[INFO] [stdout]     Seed: [1m0x71baba3d000000bb[0m
[INFO] [stdout] 
[INFO] [stdout] 
[INFO] [stdout] 
[INFO] [stdout] 
[INFO] [stdout] failures:
[INFO] [stdout]     bytecode::tests::no_crash
[INFO] [stdout]     vm::test::no_crash
[INFO] [stdout] 
[INFO] [stdout] test result: FAILED. 38 passed; 2 failed; 0 ignored; 0 measured; 0 filtered out; finished in 0.02s
[INFO] [stdout] 
[INFO] [stderr] error: test failed, to rerun pass `--lib`
[INFO] running `Command { std: "docker" "inspect" "ee02cbcadda8b23cec3a661679b8f3c9cadb39a3b2d82fb57da2ba11c9667319", kill_on_drop: false }`
[INFO] running `Command { std: "docker" "rm" "-f" "ee02cbcadda8b23cec3a661679b8f3c9cadb39a3b2d82fb57da2ba11c9667319", kill_on_drop: false }`
[INFO] [stdout] ee02cbcadda8b23cec3a661679b8f3c9cadb39a3b2d82fb57da2ba11c9667319
