[INFO] cloning repository https://github.com/TKFRvisionOfficial/dmx-rdm-rs
[INFO] running `Command { std: "git" "-c" "credential.helper=" "-c" "credential.helper=/workspace/cargo-home/bin/git-credential-null" "clone" "--bare" "https://github.com/TKFRvisionOfficial/dmx-rdm-rs" "/workspace/cache/git-repos/https%3A%2F%2Fgithub.com%2FTKFRvisionOfficial%2Fdmx-rdm-rs", kill_on_drop: false }`
[INFO] [stderr] Cloning into bare repository '/workspace/cache/git-repos/https%3A%2F%2Fgithub.com%2FTKFRvisionOfficial%2Fdmx-rdm-rs'...
[INFO] running `Command { std: "git" "rev-parse" "HEAD", kill_on_drop: false }`
[INFO] [stdout] 69c6e857d508a7f37b552f5706e18db08b8d2b89
[INFO] testing TKFRvisionOfficial/dmx-rdm-rs/69c6e857d508a7f37b552f5706e18db08b8d2b89 against nightly-2024-10-28+rustflags=-Zrandomize-layout for randomize-layout
[INFO] running `Command { std: "git" "clone" "/workspace/cache/git-repos/https%3A%2F%2Fgithub.com%2FTKFRvisionOfficial%2Fdmx-rdm-rs" "/workspace/builds/worker-2-tc2/source", kill_on_drop: false }`
[INFO] [stderr] Cloning into '/workspace/builds/worker-2-tc2/source'...
[INFO] [stderr] done.
[INFO] validating manifest of git repo https://github.com/TKFRvisionOfficial/dmx-rdm-rs on toolchain nightly-2024-10-28
[INFO] running `Command { std: CARGO_HOME="/workspace/cargo-home" RUSTUP_HOME="/workspace/rustup-home" "/workspace/cargo-home/bin/cargo" "+nightly-2024-10-28" "metadata" "--manifest-path" "Cargo.toml" "--no-deps", kill_on_drop: false }`
[INFO] started tweaking git repo https://github.com/TKFRvisionOfficial/dmx-rdm-rs
[INFO] finished tweaking git repo https://github.com/TKFRvisionOfficial/dmx-rdm-rs
[INFO] tweaked toml for git repo https://github.com/TKFRvisionOfficial/dmx-rdm-rs written to /workspace/builds/worker-2-tc2/source/Cargo.toml
[INFO] crate git repo https://github.com/TKFRvisionOfficial/dmx-rdm-rs already has a lockfile, it will not be regenerated
[INFO] running `Command { std: CARGO_HOME="/workspace/cargo-home" RUSTUP_HOME="/workspace/rustup-home" "/workspace/cargo-home/bin/cargo" "+nightly-2024-10-28" "fetch" "--manifest-path" "Cargo.toml", kill_on_drop: false }`
[INFO] running `Command { std: "docker" "create" "-v" "/var/lib/crater-agent-workspace/builds/worker-2-tc2/target:/opt/rustwide/target:rw,Z" "-v" "/var/lib/crater-agent-workspace/builds/worker-2-tc2/source:/opt/rustwide/workdir:ro,Z" "-v" "/var/lib/crater-agent-workspace/cargo-home:/opt/rustwide/cargo-home:ro,Z" "-v" "/var/lib/crater-agent-workspace/rustup-home:/opt/rustwide/rustup-home:ro,Z" "-e" "SOURCE_DIR=/opt/rustwide/workdir" "-e" "CARGO_TARGET_DIR=/opt/rustwide/target" "-e" "CARGO_HOME=/opt/rustwide/cargo-home" "-e" "RUSTUP_HOME=/opt/rustwide/rustup-home" "-w" "/opt/rustwide/workdir" "-m" "1610612736" "--user" "0:0" "--network" "none" "ghcr.io/rust-lang/crates-build-env/linux@sha256:4a844ea9eb2546a2d2c7022eacef16ef2e8229c7fbb2c7d4d55a9ceca922f72d" "/opt/rustwide/cargo-home/bin/cargo" "+nightly-2024-10-28" "metadata" "--no-deps" "--format-version=1", kill_on_drop: false }`
[INFO] [stdout] a2927c34a8f6a5fdd0c35ba607890ea94eecd5b5c5348914d98fa1b64c1b731e
[INFO] running `Command { std: "docker" "start" "-a" "a2927c34a8f6a5fdd0c35ba607890ea94eecd5b5c5348914d98fa1b64c1b731e", kill_on_drop: false }`
[INFO] running `Command { std: "docker" "inspect" "a2927c34a8f6a5fdd0c35ba607890ea94eecd5b5c5348914d98fa1b64c1b731e", kill_on_drop: false }`
[INFO] running `Command { std: "docker" "rm" "-f" "a2927c34a8f6a5fdd0c35ba607890ea94eecd5b5c5348914d98fa1b64c1b731e", kill_on_drop: false }`
[INFO] [stdout] a2927c34a8f6a5fdd0c35ba607890ea94eecd5b5c5348914d98fa1b64c1b731e
[INFO] running `Command { std: "docker" "create" "-v" "/var/lib/crater-agent-workspace/builds/worker-2-tc2/target:/opt/rustwide/target:rw,Z" "-v" "/var/lib/crater-agent-workspace/builds/worker-2-tc2/source:/opt/rustwide/workdir:ro,Z" "-v" "/var/lib/crater-agent-workspace/cargo-home:/opt/rustwide/cargo-home:ro,Z" "-v" "/var/lib/crater-agent-workspace/rustup-home:/opt/rustwide/rustup-home:ro,Z" "-e" "SOURCE_DIR=/opt/rustwide/workdir" "-e" "CARGO_TARGET_DIR=/opt/rustwide/target" "-e" "CARGO_INCREMENTAL=0" "-e" "RUST_BACKTRACE=full" "-e" "RUSTFLAGS=--cap-lints=forbid -Zrandomize-layout" "-e" "RUSTDOCFLAGS=--cap-lints=forbid" "-e" "CARGO_HOME=/opt/rustwide/cargo-home" "-e" "RUSTUP_HOME=/opt/rustwide/rustup-home" "-w" "/opt/rustwide/workdir" "-m" "1610612736" "--user" "0:0" "--network" "none" "ghcr.io/rust-lang/crates-build-env/linux@sha256:4a844ea9eb2546a2d2c7022eacef16ef2e8229c7fbb2c7d4d55a9ceca922f72d" "/opt/rustwide/cargo-home/bin/cargo" "+nightly-2024-10-28" "build" "--frozen" "--message-format=json", kill_on_drop: false }`
[INFO] [stdout] 6fad25de09d2669c373f8244a052a0a986833651d98e2459d3b9b436fc97e0e6
[INFO] running `Command { std: "docker" "start" "-a" "6fad25de09d2669c373f8244a052a0a986833651d98e2459d3b9b436fc97e0e6", kill_on_drop: false }`
[INFO] [stderr]    Compiling proc-macro2 v1.0.75
[INFO] [stderr]    Compiling unicode-ident v1.0.12
[INFO] [stderr]    Compiling syn v1.0.109
[INFO] [stderr]    Compiling doc-comment v0.3.3
[INFO] [stderr]    Compiling paste v1.0.14
[INFO] [stderr]    Compiling thiserror v1.0.58
[INFO] [stderr]    Compiling byteorder v1.5.0
[INFO] [stderr]    Compiling heapless v0.8.0
[INFO] [stderr]    Compiling static_assertions v1.1.0
[INFO] [stderr]    Compiling stable_deref_trait v1.2.0
[INFO] [stderr]    Compiling hash32 v0.3.1
[INFO] [stderr]    Compiling quote v1.0.35
[INFO] [stderr]    Compiling syn v2.0.58
[INFO] [stderr]    Compiling thiserror-impl v1.0.58
[INFO] [stderr]    Compiling binary-layout v4.0.2
[INFO] [stderr]    Compiling modular-bitfield-impl v0.11.2
[INFO] [stderr]    Compiling modular-bitfield v0.11.2
[INFO] [stderr]    Compiling dmx-rdm v0.0.12-alpha (/opt/rustwide/workdir)
[INFO] [stderr]     Finished `dev` profile [unoptimized + debuginfo] target(s) in 3.96s
[INFO] running `Command { std: "docker" "inspect" "6fad25de09d2669c373f8244a052a0a986833651d98e2459d3b9b436fc97e0e6", kill_on_drop: false }`
[INFO] running `Command { std: "docker" "rm" "-f" "6fad25de09d2669c373f8244a052a0a986833651d98e2459d3b9b436fc97e0e6", kill_on_drop: false }`
[INFO] [stdout] 6fad25de09d2669c373f8244a052a0a986833651d98e2459d3b9b436fc97e0e6
[INFO] running `Command { std: "docker" "create" "-v" "/var/lib/crater-agent-workspace/builds/worker-2-tc2/target:/opt/rustwide/target:rw,Z" "-v" "/var/lib/crater-agent-workspace/builds/worker-2-tc2/source:/opt/rustwide/workdir:ro,Z" "-v" "/var/lib/crater-agent-workspace/cargo-home:/opt/rustwide/cargo-home:ro,Z" "-v" "/var/lib/crater-agent-workspace/rustup-home:/opt/rustwide/rustup-home:ro,Z" "-e" "SOURCE_DIR=/opt/rustwide/workdir" "-e" "CARGO_TARGET_DIR=/opt/rustwide/target" "-e" "CARGO_INCREMENTAL=0" "-e" "RUST_BACKTRACE=full" "-e" "RUSTFLAGS=--cap-lints=forbid -Zrandomize-layout" "-e" "RUSTDOCFLAGS=--cap-lints=forbid" "-e" "CARGO_HOME=/opt/rustwide/cargo-home" "-e" "RUSTUP_HOME=/opt/rustwide/rustup-home" "-w" "/opt/rustwide/workdir" "-m" "1610612736" "--user" "0:0" "--network" "none" "ghcr.io/rust-lang/crates-build-env/linux@sha256:4a844ea9eb2546a2d2c7022eacef16ef2e8229c7fbb2c7d4d55a9ceca922f72d" "/opt/rustwide/cargo-home/bin/cargo" "+nightly-2024-10-28" "test" "--frozen" "--no-run" "--message-format=json", kill_on_drop: false }`
[INFO] [stdout] 7cc0839011a478f1b814f231d46b8620b314a910715ecad2abab2d315c5bb64c
[INFO] running `Command { std: "docker" "start" "-a" "7cc0839011a478f1b814f231d46b8620b314a910715ecad2abab2d315c5bb64c", kill_on_drop: false }`
[INFO] [stderr]    Compiling dmx-rdm v0.0.12-alpha (/opt/rustwide/workdir)
[INFO] [stderr]     Finished `test` profile [unoptimized + debuginfo] target(s) in 0.33s
[INFO] running `Command { std: "docker" "inspect" "7cc0839011a478f1b814f231d46b8620b314a910715ecad2abab2d315c5bb64c", kill_on_drop: false }`
[INFO] running `Command { std: "docker" "rm" "-f" "7cc0839011a478f1b814f231d46b8620b314a910715ecad2abab2d315c5bb64c", kill_on_drop: false }`
[INFO] [stdout] 7cc0839011a478f1b814f231d46b8620b314a910715ecad2abab2d315c5bb64c
[INFO] running `Command { std: "docker" "create" "-v" "/var/lib/crater-agent-workspace/builds/worker-2-tc2/target:/opt/rustwide/target:rw,Z" "-v" "/var/lib/crater-agent-workspace/builds/worker-2-tc2/source:/opt/rustwide/workdir:ro,Z" "-v" "/var/lib/crater-agent-workspace/cargo-home:/opt/rustwide/cargo-home:ro,Z" "-v" "/var/lib/crater-agent-workspace/rustup-home:/opt/rustwide/rustup-home:ro,Z" "-e" "SOURCE_DIR=/opt/rustwide/workdir" "-e" "CARGO_TARGET_DIR=/opt/rustwide/target" "-e" "CARGO_INCREMENTAL=0" "-e" "RUST_BACKTRACE=full" "-e" "RUSTFLAGS=--cap-lints=forbid -Zrandomize-layout" "-e" "RUSTDOCFLAGS=--cap-lints=forbid" "-e" "CARGO_HOME=/opt/rustwide/cargo-home" "-e" "RUSTUP_HOME=/opt/rustwide/rustup-home" "-w" "/opt/rustwide/workdir" "-m" "1610612736" "--user" "0:0" "--network" "none" "ghcr.io/rust-lang/crates-build-env/linux@sha256:4a844ea9eb2546a2d2c7022eacef16ef2e8229c7fbb2c7d4d55a9ceca922f72d" "/opt/rustwide/cargo-home/bin/cargo" "+nightly-2024-10-28" "test" "--frozen", kill_on_drop: false }`
[INFO] [stdout] bf783428ddfc05c60981ce0f9c7959d3b8ec53f7d596c80e9c40ed3a3d934b4b
[INFO] running `Command { std: "docker" "start" "-a" "bf783428ddfc05c60981ce0f9c7959d3b8ec53f7d596c80e9c40ed3a3d934b4b", kill_on_drop: false }`
[INFO] [stderr]     Finished `test` profile [unoptimized + debuginfo] target(s) in 0.01s
[INFO] [stderr]      Running unittests src/lib.rs (/opt/rustwide/target/debug/deps/dmx_rdm-097d6f90e3bbeafb)
[INFO] [stdout] 
[INFO] [stdout] running 2 tests
[INFO] [stdout] test rdm_packages::tests::test_deserialize_identify_failure ... ok
[INFO] [stdout] test rdm_packages::tests::test_deserialize_identify_success ... ok
[INFO] [stdout] 
[INFO] [stdout] test result: ok. 2 passed; 0 failed; 0 ignored; 0 measured; 0 filtered out; finished in 0.00s
[INFO] [stdout] 
[INFO] [stderr]    Doc-tests dmx_rdm
[INFO] [stdout] 
[INFO] [stdout] running 11 tests
[INFO] [stdout] test /opt/rustwide/cargo-home/registry/src/index.crates.io-6f17d22bba15001f/binary-layout-4.0.2/src/macro_binary_layout.rs - layouts::rdm_device_info_layout (line 81) ... ignored
[INFO] [stdout] test /opt/rustwide/cargo-home/registry/src/index.crates.io-6f17d22bba15001f/binary-layout-4.0.2/src/macro_binary_layout.rs - layouts::rdm_device_info_layout::View (line 101) ... ignored
[INFO] [stdout] test /opt/rustwide/cargo-home/registry/src/index.crates.io-6f17d22bba15001f/binary-layout-4.0.2/src/macro_binary_layout.rs - layouts::rdm_request_layout (line 81) ... ignored
[INFO] [stdout] test /opt/rustwide/cargo-home/registry/src/index.crates.io-6f17d22bba15001f/binary-layout-4.0.2/src/macro_binary_layout.rs - layouts::rdm_request_layout::View (line 101) ... ignored
[INFO] [stdout] test /opt/rustwide/cargo-home/registry/src/index.crates.io-6f17d22bba15001f/binary-layout-4.0.2/src/macro_binary_layout.rs - layouts::rdm_status_message_layout (line 81) ... ignored
[INFO] [stdout] test /opt/rustwide/cargo-home/registry/src/index.crates.io-6f17d22bba15001f/binary-layout-4.0.2/src/macro_binary_layout.rs - layouts::rdm_status_message_layout::View (line 101) ... ignored
[INFO] [stdout] test src/lib.rs - (line 16) ... FAILED
[INFO] [stdout] test src/lib.rs - (line 58) ... FAILED
[INFO] [stdout] test /opt/rustwide/cargo-home/registry/src/index.crates.io-6f17d22bba15001f/binary-layout-4.0.2/src/macro_binary_layout.rs - layouts::rdm_request_layout::NestedView (line 144) ... ok
[INFO] [stdout] test /opt/rustwide/cargo-home/registry/src/index.crates.io-6f17d22bba15001f/binary-layout-4.0.2/src/macro_binary_layout.rs - layouts::rdm_status_message_layout::NestedView (line 144) ... ok
[INFO] [stdout] test /opt/rustwide/cargo-home/registry/src/index.crates.io-6f17d22bba15001f/binary-layout-4.0.2/src/macro_binary_layout.rs - layouts::rdm_device_info_layout::NestedView (line 144) ... ok
[INFO] [stdout] 
[INFO] [stdout] failures:
[INFO] [stdout] 
[INFO] [stdout] ---- src/lib.rs - (line 16) stdout ----
[INFO] [stdout] error[E0432]: unresolved import `dmx_rdm_ftdi`
[INFO] [stdout]  --> src/lib.rs:21:5
[INFO] [stdout]   |
[INFO] [stdout] 8 | use dmx_rdm_ftdi::{FtdiDriver, FtdiDriverConfig};
[INFO] [stdout]   |     ^^^^^^^^^^^^ use of undeclared crate or module `dmx_rdm_ftdi`
[INFO] [stdout] 
[INFO] [stdout] error: aborting due to 1 previous error
[INFO] [stdout] 
[INFO] [stdout] For more information about this error, try `rustc --explain E0432`.
[INFO] [stdout] Couldn't compile the test.
[INFO] [stdout] ---- src/lib.rs - (line 58) stdout ----
[INFO] [stdout] error[E0432]: unresolved import `dmx_rdm_ftdi`
[INFO] [stdout]   --> src/lib.rs:66:5
[INFO] [stdout]    |
[INFO] [stdout] 11 | use dmx_rdm_ftdi::{FtdiDriver, FtdiDriverConfig};
[INFO] [stdout]    |     ^^^^^^^^^^^^ use of undeclared crate or module `dmx_rdm_ftdi`
[INFO] [stdout] 
[INFO] [stdout] error: aborting due to 1 previous error
[INFO] [stdout] 
[INFO] [stdout] For more information about this error, try `rustc --explain E0432`.
[INFO] [stdout] Couldn't compile the test.
[INFO] [stdout] 
[INFO] [stdout] failures:
[INFO] [stdout]     src/lib.rs - (line 16)
[INFO] [stdout]     src/lib.rs - (line 58)
[INFO] [stdout] 
[INFO] [stdout] test result: FAILED. 3 passed; 2 failed; 6 ignored; 0 measured; 0 filtered out; finished in 0.15s
[INFO] [stdout] 
[INFO] [stderr] error: doctest failed, to rerun pass `--doc`
[INFO] running `Command { std: "docker" "inspect" "bf783428ddfc05c60981ce0f9c7959d3b8ec53f7d596c80e9c40ed3a3d934b4b", kill_on_drop: false }`
[INFO] running `Command { std: "docker" "rm" "-f" "bf783428ddfc05c60981ce0f9c7959d3b8ec53f7d596c80e9c40ed3a3d934b4b", kill_on_drop: false }`
[INFO] [stdout] bf783428ddfc05c60981ce0f9c7959d3b8ec53f7d596c80e9c40ed3a3d934b4b
