[INFO] cloning repository https://github.com/SuanFaRuoJi/coding_exercise_rust
[INFO] running `Command { std: "git" "-c" "credential.helper=" "-c" "credential.helper=/workspace/cargo-home/bin/git-credential-null" "clone" "--bare" "https://github.com/SuanFaRuoJi/coding_exercise_rust" "/workspace/cache/git-repos/https%3A%2F%2Fgithub.com%2FSuanFaRuoJi%2Fcoding_exercise_rust", kill_on_drop: false }`
[INFO] [stderr] Cloning into bare repository '/workspace/cache/git-repos/https%3A%2F%2Fgithub.com%2FSuanFaRuoJi%2Fcoding_exercise_rust'...
[INFO] running `Command { std: "git" "rev-parse" "HEAD", kill_on_drop: false }`
[INFO] [stdout] 05c1092d4cdb09b9983e1b6d8abdc90d3886c7d1
[INFO] testing SuanFaRuoJi/coding_exercise_rust/05c1092d4cdb09b9983e1b6d8abdc90d3886c7d1 against nightly-2024-10-28 for randomize-layout
[INFO] running `Command { std: "git" "clone" "/workspace/cache/git-repos/https%3A%2F%2Fgithub.com%2FSuanFaRuoJi%2Fcoding_exercise_rust" "/workspace/builds/worker-1-tc1/source", kill_on_drop: false }`
[INFO] [stderr] Cloning into '/workspace/builds/worker-1-tc1/source'...
[INFO] [stderr] done.
[INFO] validating manifest of git repo https://github.com/SuanFaRuoJi/coding_exercise_rust on toolchain nightly-2024-10-28
[INFO] running `Command { std: CARGO_HOME="/workspace/cargo-home" RUSTUP_HOME="/workspace/rustup-home" "/workspace/cargo-home/bin/cargo" "+nightly-2024-10-28" "metadata" "--manifest-path" "Cargo.toml" "--no-deps", kill_on_drop: false }`
[INFO] started tweaking git repo https://github.com/SuanFaRuoJi/coding_exercise_rust
[INFO] finished tweaking git repo https://github.com/SuanFaRuoJi/coding_exercise_rust
[INFO] tweaked toml for git repo https://github.com/SuanFaRuoJi/coding_exercise_rust written to /workspace/builds/worker-1-tc1/source/Cargo.toml
[INFO] crate git repo https://github.com/SuanFaRuoJi/coding_exercise_rust already has a lockfile, it will not be regenerated
[INFO] running `Command { std: CARGO_HOME="/workspace/cargo-home" RUSTUP_HOME="/workspace/rustup-home" "/workspace/cargo-home/bin/cargo" "+nightly-2024-10-28" "fetch" "--manifest-path" "Cargo.toml", kill_on_drop: false }`
[INFO] running `Command { std: "docker" "create" "-v" "/var/lib/crater-agent-workspace/builds/worker-1-tc1/target:/opt/rustwide/target:rw,Z" "-v" "/var/lib/crater-agent-workspace/builds/worker-1-tc1/source:/opt/rustwide/workdir:ro,Z" "-v" "/var/lib/crater-agent-workspace/cargo-home:/opt/rustwide/cargo-home:ro,Z" "-v" "/var/lib/crater-agent-workspace/rustup-home:/opt/rustwide/rustup-home:ro,Z" "-e" "SOURCE_DIR=/opt/rustwide/workdir" "-e" "CARGO_TARGET_DIR=/opt/rustwide/target" "-e" "CARGO_HOME=/opt/rustwide/cargo-home" "-e" "RUSTUP_HOME=/opt/rustwide/rustup-home" "-w" "/opt/rustwide/workdir" "-m" "1610612736" "--user" "0:0" "--network" "none" "ghcr.io/rust-lang/crates-build-env/linux@sha256:4a844ea9eb2546a2d2c7022eacef16ef2e8229c7fbb2c7d4d55a9ceca922f72d" "/opt/rustwide/cargo-home/bin/cargo" "+nightly-2024-10-28" "metadata" "--no-deps" "--format-version=1", kill_on_drop: false }`
[INFO] [stdout] e429c406645e335f0202fd946544563265f30b30790a76d5b4103b7ffc5e6ab7
[INFO] running `Command { std: "docker" "start" "-a" "e429c406645e335f0202fd946544563265f30b30790a76d5b4103b7ffc5e6ab7", kill_on_drop: false }`
[INFO] running `Command { std: "docker" "inspect" "e429c406645e335f0202fd946544563265f30b30790a76d5b4103b7ffc5e6ab7", kill_on_drop: false }`
[INFO] running `Command { std: "docker" "rm" "-f" "e429c406645e335f0202fd946544563265f30b30790a76d5b4103b7ffc5e6ab7", kill_on_drop: false }`
[INFO] [stdout] e429c406645e335f0202fd946544563265f30b30790a76d5b4103b7ffc5e6ab7
[INFO] running `Command { std: "docker" "create" "-v" "/var/lib/crater-agent-workspace/builds/worker-1-tc1/target:/opt/rustwide/target:rw,Z" "-v" "/var/lib/crater-agent-workspace/builds/worker-1-tc1/source:/opt/rustwide/workdir:ro,Z" "-v" "/var/lib/crater-agent-workspace/cargo-home:/opt/rustwide/cargo-home:ro,Z" "-v" "/var/lib/crater-agent-workspace/rustup-home:/opt/rustwide/rustup-home:ro,Z" "-e" "SOURCE_DIR=/opt/rustwide/workdir" "-e" "CARGO_TARGET_DIR=/opt/rustwide/target" "-e" "CARGO_INCREMENTAL=0" "-e" "RUST_BACKTRACE=full" "-e" "RUSTFLAGS=--cap-lints=forbid" "-e" "RUSTDOCFLAGS=--cap-lints=forbid" "-e" "CARGO_HOME=/opt/rustwide/cargo-home" "-e" "RUSTUP_HOME=/opt/rustwide/rustup-home" "-w" "/opt/rustwide/workdir" "-m" "1610612736" "--user" "0:0" "--network" "none" "ghcr.io/rust-lang/crates-build-env/linux@sha256:4a844ea9eb2546a2d2c7022eacef16ef2e8229c7fbb2c7d4d55a9ceca922f72d" "/opt/rustwide/cargo-home/bin/cargo" "+nightly-2024-10-28" "build" "--frozen" "--message-format=json", kill_on_drop: false }`
[INFO] [stdout] a4f71415a54d38aad0edfc136a1e4866d1d17cf9b74a80007af278be2f15dfa4
[INFO] running `Command { std: "docker" "start" "-a" "a4f71415a54d38aad0edfc136a1e4866d1d17cf9b74a80007af278be2f15dfa4", kill_on_drop: false }`
[INFO] [stderr]    Compiling leetcode v0.1.0 (/opt/rustwide/workdir)
[INFO] [stdout] warning: type `fraction` should have an upper camel case name
[INFO] [stdout]   --> src/max_points_on_a_line_149.rs:17:8
[INFO] [stdout]    |
[INFO] [stdout] 17 | struct fraction {
[INFO] [stdout]    |        ^^^^^^^^ help: convert the identifier to upper camel case (notice the capitalization): `Fraction`
[INFO] [stdout]    |
[INFO] [stdout]    = note: `#[warn(non_camel_case_types)]` on by default
[INFO] [stdout] 
[INFO] [stdout] 
[INFO] [stdout] warning: unused import: `std::convert::TryInto`
[INFO] [stdout]  --> src/evaluate_reverse_polish_notation_150.rs:1:5
[INFO] [stdout]   |
[INFO] [stdout] 1 | use std::convert::TryInto;
[INFO] [stdout]   |     ^^^^^^^^^^^^^^^^^^^^^
[INFO] [stdout]   |
[INFO] [stdout]   = note: `#[warn(unused_imports)]` on by default
[INFO] [stdout] 
[INFO] [stdout] 
[INFO] [stdout] warning: unused import: `std::convert::TryInto`
[INFO] [stdout]  --> src/valid_triangle_number_611.rs:1:5
[INFO] [stdout]   |
[INFO] [stdout] 1 | use std::convert::TryInto;
[INFO] [stdout]   |     ^^^^^^^^^^^^^^^^^^^^^
[INFO] [stdout] 
[INFO] [stdout] 
[INFO] [stdout] warning: unused import: `std::convert::TryInto`
[INFO] [stdout]  --> src/graph_valid_tree_261.rs:1:5
[INFO] [stdout]   |
[INFO] [stdout] 1 | use std::convert::TryInto;
[INFO] [stdout]   |     ^^^^^^^^^^^^^^^^^^^^^
[INFO] [stdout] 
[INFO] [stdout] 
[INFO] [stdout] warning: unused import: `std::borrow::BorrowMut`
[INFO] [stdout]  --> src/shortest_word_distance_2_244.rs:2:5
[INFO] [stdout]   |
[INFO] [stdout] 2 | use std::borrow::BorrowMut;
[INFO] [stdout]   |     ^^^^^^^^^^^^^^^^^^^^^^
[INFO] [stdout] 
[INFO] [stdout] 
[INFO] [stdout] warning: unused import: `std::borrow::Borrow`
[INFO] [stdout]  --> src/preorder_verification_255.rs:1:5
[INFO] [stdout]   |
[INFO] [stdout] 1 | use std::borrow::Borrow;
[INFO] [stdout]   |     ^^^^^^^^^^^^^^^^^^^
[INFO] [stdout] 
[INFO] [stdout] 
[INFO] [stdout] warning: unnecessary parentheses around function argument
[INFO] [stdout]   --> src/maximal_square_221.rs:29:37
[INFO] [stdout]    |
[INFO] [stdout] 29 |                 let cur_width = min((right - left - 1), top_height);
[INFO] [stdout]    |                                     ^                ^
[INFO] [stdout]    |
[INFO] [stdout]    = note: `#[warn(unused_parens)]` on by default
[INFO] [stdout] help: remove these parentheses
[INFO] [stdout]    |
[INFO] [stdout] 29 -                 let cur_width = min((right - left - 1), top_height);
[INFO] [stdout] 29 +                 let cur_width = min(right - left - 1, top_height);
[INFO] [stdout]    |
[INFO] [stdout] 
[INFO] [stdout] 
[INFO] [stdout] warning: unnecessary parentheses around function argument
[INFO] [stdout]   --> src/maximal_square_221.rs:45:33
[INFO] [stdout]    |
[INFO] [stdout] 45 |             let cur_width = min((right - left - 1), top_height);
[INFO] [stdout]    |                                 ^                ^
[INFO] [stdout]    |
[INFO] [stdout] help: remove these parentheses
[INFO] [stdout]    |
[INFO] [stdout] 45 -             let cur_width = min((right - left - 1), top_height);
[INFO] [stdout] 45 +             let cur_width = min(right - left - 1, top_height);
[INFO] [stdout]    |
[INFO] [stdout] 
[INFO] [stdout] 
[INFO] [stdout] warning: unused variable: `prev`
[INFO] [stdout]   --> src/graph_valid_tree_261.rs:16:13
[INFO] [stdout]    |
[INFO] [stdout] 16 |     let mut prev = -1;
[INFO] [stdout]    |             ^^^^ help: if this is intentional, prefix it with an underscore: `_prev`
[INFO] [stdout]    |
[INFO] [stdout]    = note: `#[warn(unused_variables)]` on by default
[INFO] [stdout] 
[INFO] [stdout] 
[INFO] [stdout] warning: variable does not need to be mutable
[INFO] [stdout]   --> src/graph_valid_tree_261.rs:16:9
[INFO] [stdout]    |
[INFO] [stdout] 16 |     let mut prev = -1;
[INFO] [stdout]    |         ----^^^^
[INFO] [stdout]    |         |
[INFO] [stdout]    |         help: remove this `mut`
[INFO] [stdout]    |
[INFO] [stdout]    = note: `#[warn(unused_mut)]` on by default
[INFO] [stdout] 
[INFO] [stdout] 
[INFO] [stdout] warning: unused variable: `key`
[INFO] [stdout]   --> src/all_O_one_data_structure_432.rs:26:23
[INFO] [stdout]    |
[INFO] [stdout] 26 |     fn inc(&mut self, key: String) {
[INFO] [stdout]    |                       ^^^ help: if this is intentional, prefix it with an underscore: `_key`
[INFO] [stdout] 
[INFO] [stdout] 
[INFO] [stdout] warning: unused variable: `key`
[INFO] [stdout]   --> src/all_O_one_data_structure_432.rs:30:23
[INFO] [stdout]    |
[INFO] [stdout] 30 |     fn dec(&mut self, key: String) {
[INFO] [stdout]    |                       ^^^ help: if this is intentional, prefix it with an underscore: `_key`
[INFO] [stdout] 
[INFO] [stdout] 
[INFO] [stdout] warning: variable does not need to be mutable
[INFO] [stdout]  --> src/three_sum_smaller.rs:9:13
[INFO] [stdout]   |
[INFO] [stdout] 9 |         let mut partial_target = target - nums[index];
[INFO] [stdout]   |             ----^^^^^^^^^^^^^^
[INFO] [stdout]   |             |
[INFO] [stdout]   |             help: remove this `mut`
[INFO] [stdout] 
[INFO] [stdout] 
[INFO] [stdout] warning: value assigned to `j` is never read
[INFO] [stdout]  --> src/max_sum_of_reactangle_no_larger_than_k_363.rs:2:35
[INFO] [stdout]   |
[INFO] [stdout] 2 |     let mut i: usize = 0; let mut j: usize = 0;
[INFO] [stdout]   |                                   ^
[INFO] [stdout]   |
[INFO] [stdout]   = help: maybe it is overwritten before being read?
[INFO] [stdout]   = note: `#[warn(unused_assignments)]` on by default
[INFO] [stdout] 
[INFO] [stdout] 
[INFO] [stdout] warning: value assigned to `column_sum` is never read
[INFO] [stdout]  --> src/max_sum_of_reactangle_no_larger_than_k_363.rs:8:13
[INFO] [stdout]   |
[INFO] [stdout] 8 |     let mut column_sum = vec![0; width];
[INFO] [stdout]   |             ^^^^^^^^^^
[INFO] [stdout]   |
[INFO] [stdout]   = help: maybe it is overwritten before being read?
[INFO] [stdout] 
[INFO] [stdout] 
[INFO] [stdout] warning: function `backtrace` is never used
[INFO] [stdout]   --> src/longest_palindrome_subsequence_516.rs:34:4
[INFO] [stdout]    |
[INFO] [stdout] 34 | fn backtrace(string: &Vec<i32>, left: usize, right: usize, dp: &mut Vec<Vec<i32>>) -> i32 {
[INFO] [stdout]    |    ^^^^^^^^^
[INFO] [stdout]    |
[INFO] [stdout]    = note: `#[warn(dead_code)]` on by default
[INFO] [stdout] 
[INFO] [stdout] 
[INFO] [stdout] warning: struct `AllOne` is never constructed
[INFO] [stdout]  --> src/all_O_one_data_structure_432.rs:3:8
[INFO] [stdout]   |
[INFO] [stdout] 3 | struct AllOne {
[INFO] [stdout]   |        ^^^^^^
[INFO] [stdout] 
[INFO] [stdout] 
[INFO] [stdout] warning: associated items `new`, `inc`, `dec`, `get_max_key`, and `get_min_key` are never used
[INFO] [stdout]   --> src/all_O_one_data_structure_432.rs:17:8
[INFO] [stdout]    |
[INFO] [stdout] 14 | impl AllOne {
[INFO] [stdout]    | ----------- associated items in this implementation
[INFO] [stdout] ...
[INFO] [stdout] 17 |     fn new() -> Self {
[INFO] [stdout]    |        ^^^
[INFO] [stdout] ...
[INFO] [stdout] 26 |     fn inc(&mut self, key: String) {
[INFO] [stdout]    |        ^^^
[INFO] [stdout] ...
[INFO] [stdout] 30 |     fn dec(&mut self, key: String) {
[INFO] [stdout]    |        ^^^
[INFO] [stdout] ...
[INFO] [stdout] 35 |     fn get_max_key(&self) -> String {
[INFO] [stdout]    |        ^^^^^^^^^^^
[INFO] [stdout] ...
[INFO] [stdout] 40 |     fn get_min_key(&self) -> String {
[INFO] [stdout]    |        ^^^^^^^^^^^
[INFO] [stdout] 
[INFO] [stdout] 
[INFO] [stdout] warning: module `all_O_one_data_structure_432` should have a snake case name
[INFO] [stdout]   --> src/lib.rs:27:9
[INFO] [stdout]    |
[INFO] [stdout] 27 | pub mod all_O_one_data_structure_432;
[INFO] [stdout]    |         ^^^^^^^^^^^^^^^^^^^^^^^^^^^^ help: convert the identifier to snake case (notice the capitalization): `all_o_one_data_structure_432`
[INFO] [stdout]    |
[INFO] [stdout]    = note: `#[warn(non_snake_case)]` on by default
[INFO] [stdout] 
[INFO] [stdout] 
[INFO] [stderr]     Finished `dev` profile [unoptimized + debuginfo] target(s) in 0.28s
[INFO] running `Command { std: "docker" "inspect" "a4f71415a54d38aad0edfc136a1e4866d1d17cf9b74a80007af278be2f15dfa4", kill_on_drop: false }`
[INFO] running `Command { std: "docker" "rm" "-f" "a4f71415a54d38aad0edfc136a1e4866d1d17cf9b74a80007af278be2f15dfa4", kill_on_drop: false }`
[INFO] [stdout] a4f71415a54d38aad0edfc136a1e4866d1d17cf9b74a80007af278be2f15dfa4
[INFO] running `Command { std: "docker" "create" "-v" "/var/lib/crater-agent-workspace/builds/worker-1-tc1/target:/opt/rustwide/target:rw,Z" "-v" "/var/lib/crater-agent-workspace/builds/worker-1-tc1/source:/opt/rustwide/workdir:ro,Z" "-v" "/var/lib/crater-agent-workspace/cargo-home:/opt/rustwide/cargo-home:ro,Z" "-v" "/var/lib/crater-agent-workspace/rustup-home:/opt/rustwide/rustup-home:ro,Z" "-e" "SOURCE_DIR=/opt/rustwide/workdir" "-e" "CARGO_TARGET_DIR=/opt/rustwide/target" "-e" "CARGO_INCREMENTAL=0" "-e" "RUST_BACKTRACE=full" "-e" "RUSTFLAGS=--cap-lints=forbid" "-e" "RUSTDOCFLAGS=--cap-lints=forbid" "-e" "CARGO_HOME=/opt/rustwide/cargo-home" "-e" "RUSTUP_HOME=/opt/rustwide/rustup-home" "-w" "/opt/rustwide/workdir" "-m" "1610612736" "--user" "0:0" "--network" "none" "ghcr.io/rust-lang/crates-build-env/linux@sha256:4a844ea9eb2546a2d2c7022eacef16ef2e8229c7fbb2c7d4d55a9ceca922f72d" "/opt/rustwide/cargo-home/bin/cargo" "+nightly-2024-10-28" "test" "--frozen" "--no-run" "--message-format=json", kill_on_drop: false }`
[INFO] [stdout] cb2b5127fc7105f4652a4911404f21064bd144f57ea52a351a20428230046be7
[INFO] running `Command { std: "docker" "start" "-a" "cb2b5127fc7105f4652a4911404f21064bd144f57ea52a351a20428230046be7", kill_on_drop: false }`
[INFO] [stdout] warning: type `fraction` should have an upper camel case name
[INFO] [stdout]   --> src/max_points_on_a_line_149.rs:17:8
[INFO] [stdout]    |
[INFO] [stdout] 17 | struct fraction {
[INFO] [stdout]    |        ^^^^^^^^ help: convert the identifier to upper camel case (notice the capitalization): `Fraction`
[INFO] [stdout]    |
[INFO] [stdout]    = note: `#[warn(non_camel_case_types)]` on by default
[INFO] [stdout] 
[INFO] [stdout] 
[INFO] [stdout] warning: unused import: `std::convert::TryInto`
[INFO] [stdout]  --> src/evaluate_reverse_polish_notation_150.rs:1:5
[INFO] [stdout]   |
[INFO] [stdout] 1 | use std::convert::TryInto;
[INFO] [stdout]   |     ^^^^^^^^^^^^^^^^^^^^^
[INFO] [stdout]   |
[INFO] [stdout]   = note: `#[warn(unused_imports)]` on by default
[INFO] [stdout] 
[INFO] [stdout] 
[INFO] [stdout] warning: unused import: `std::convert::TryInto`
[INFO] [stdout]  --> src/valid_triangle_number_611.rs:1:5
[INFO] [stdout]   |
[INFO] [stdout] 1 | use std::convert::TryInto;
[INFO] [stdout]   |     ^^^^^^^^^^^^^^^^^^^^^
[INFO] [stdout] 
[INFO] [stdout] 
[INFO] [stdout] warning: unused import: `std::convert::TryInto`
[INFO] [stdout]  --> src/graph_valid_tree_261.rs:1:5
[INFO] [stdout]   |
[INFO] [stdout] 1 | use std::convert::TryInto;
[INFO] [stdout]   |     ^^^^^^^^^^^^^^^^^^^^^
[INFO] [stdout] 
[INFO] [stdout] 
[INFO] [stdout] warning: unused import: `std::borrow::BorrowMut`
[INFO] [stdout]  --> src/shortest_word_distance_2_244.rs:2:5
[INFO] [stdout]   |
[INFO] [stdout] 2 | use std::borrow::BorrowMut;
[INFO] [stdout]   |     ^^^^^^^^^^^^^^^^^^^^^^
[INFO] [stdout] 
[INFO] [stdout] 
[INFO] [stdout] warning: unused import: `std::borrow::Borrow`
[INFO] [stdout]  --> src/preorder_verification_255.rs:1:5
[INFO] [stdout]   |
[INFO] [stdout] 1 | use std::borrow::Borrow;
[INFO] [stdout]   |     ^^^^^^^^^^^^^^^^^^^
[INFO] [stdout] 
[INFO] [stdout] 
[INFO] [stdout] warning: unnecessary parentheses around function argument
[INFO] [stdout]   --> src/maximal_square_221.rs:29:37
[INFO] [stdout]    |
[INFO] [stdout] 29 |                 let cur_width = min((right - left - 1), top_height);
[INFO] [stdout]    |                                     ^                ^
[INFO] [stdout]    |
[INFO] [stdout]    = note: `#[warn(unused_parens)]` on by default
[INFO] [stdout] help: remove these parentheses
[INFO] [stdout]    |
[INFO] [stdout] 29 -                 let cur_width = min((right - left - 1), top_height);
[INFO] [stdout] 29 +                 let cur_width = min(right - left - 1, top_height);
[INFO] [stdout]    |
[INFO] [stdout] 
[INFO] [stdout] 
[INFO] [stdout] warning: unnecessary parentheses around function argument
[INFO] [stdout]   --> src/maximal_square_221.rs:45:33
[INFO] [stdout]    |
[INFO] [stdout] 45 |             let cur_width = min((right - left - 1), top_height);
[INFO] [stdout]    |                                 ^                ^
[INFO] [stdout]    |
[INFO] [stdout] help: remove these parentheses
[INFO] [stdout]    |
[INFO] [stdout] 45 -             let cur_width = min((right - left - 1), top_height);
[INFO] [stdout] 45 +             let cur_width = min(right - left - 1, top_height);
[INFO] [stdout]    |
[INFO] [stdout] 
[INFO] [stdout] 
[INFO] [stdout] warning: unused variable: `prev`
[INFO] [stdout]   --> src/graph_valid_tree_261.rs:16:13
[INFO] [stdout]    |
[INFO] [stdout] 16 |     let mut prev = -1;
[INFO] [stdout]    |             ^^^^ help: if this is intentional, prefix it with an underscore: `_prev`
[INFO] [stdout]    |
[INFO] [stdout]    = note: `#[warn(unused_variables)]` on by default
[INFO] [stdout] 
[INFO] [stdout] 
[INFO] [stdout] warning: variable does not need to be mutable
[INFO] [stdout]   --> src/graph_valid_tree_261.rs:16:9
[INFO] [stdout]    |
[INFO] [stdout] 16 |     let mut prev = -1;
[INFO] [stdout]    |         ----^^^^
[INFO] [stdout]    |         |
[INFO] [stdout]    |         help: remove this `mut`
[INFO] [stdout]    |
[INFO] [stdout]    = note: `#[warn(unused_mut)]` on by default
[INFO] [stdout] 
[INFO] [stdout] 
[INFO] [stdout] warning: unused variable: `key`
[INFO] [stdout]   --> src/all_O_one_data_structure_432.rs:26:23
[INFO] [stdout]    |
[INFO] [stdout] 26 |     fn inc(&mut self, key: String) {
[INFO] [stdout]    |                       ^^^ help: if this is intentional, prefix it with an underscore: `_key`
[INFO] [stdout] 
[INFO] [stdout] 
[INFO] [stdout] warning: unused variable: `key`
[INFO] [stdout]   --> src/all_O_one_data_structure_432.rs:30:23
[INFO] [stdout]    |
[INFO] [stdout] 30 |     fn dec(&mut self, key: String) {
[INFO] [stdout]    |                       ^^^ help: if this is intentional, prefix it with an underscore: `_key`
[INFO] [stdout] 
[INFO] [stdout] 
[INFO] [stdout] warning: variable does not need to be mutable
[INFO] [stdout]  --> src/three_sum_smaller.rs:9:13
[INFO] [stdout]   |
[INFO] [stdout] 9 |         let mut partial_target = target - nums[index];
[INFO] [stdout]   |             ----^^^^^^^^^^^^^^
[INFO] [stdout]   |             |
[INFO] [stdout]   |             help: remove this `mut`
[INFO] [stdout] 
[INFO] [stdout] 
[INFO] [stdout] warning: value assigned to `j` is never read
[INFO] [stdout]  --> src/max_sum_of_reactangle_no_larger_than_k_363.rs:2:35
[INFO] [stdout]   |
[INFO] [stdout] 2 |     let mut i: usize = 0; let mut j: usize = 0;
[INFO] [stdout]   |                                   ^
[INFO] [stdout]   |
[INFO] [stdout]   = help: maybe it is overwritten before being read?
[INFO] [stdout]   = note: `#[warn(unused_assignments)]` on by default
[INFO] [stdout] 
[INFO] [stdout] 
[INFO] [stdout] warning: value assigned to `column_sum` is never read
[INFO] [stdout]  --> src/max_sum_of_reactangle_no_larger_than_k_363.rs:8:13
[INFO] [stdout]   |
[INFO] [stdout] 8 |     let mut column_sum = vec![0; width];
[INFO] [stdout]   |             ^^^^^^^^^^
[INFO] [stdout]   |
[INFO] [stdout]   = help: maybe it is overwritten before being read?
[INFO] [stdout] 
[INFO] [stdout] 
[INFO] [stdout] warning: function `backtrace` is never used
[INFO] [stdout]   --> src/longest_palindrome_subsequence_516.rs:34:4
[INFO] [stdout]    |
[INFO] [stdout] 34 | fn backtrace(string: &Vec<i32>, left: usize, right: usize, dp: &mut Vec<Vec<i32>>) -> i32 {
[INFO] [stdout]    |    ^^^^^^^^^
[INFO] [stdout]    |
[INFO] [stdout]    = note: `#[warn(dead_code)]` on by default
[INFO] [stdout] 
[INFO] [stdout] 
[INFO] [stdout] warning: struct `AllOne` is never constructed
[INFO] [stdout]  --> src/all_O_one_data_structure_432.rs:3:8
[INFO] [stdout]   |
[INFO] [stdout] 3 | struct AllOne {
[INFO] [stdout]   |        ^^^^^^
[INFO] [stdout] 
[INFO] [stdout] 
[INFO] [stdout] warning: associated items `new`, `inc`, `dec`, `get_max_key`, and `get_min_key` are never used
[INFO] [stdout]   --> src/all_O_one_data_structure_432.rs:17:8
[INFO] [stdout]    |
[INFO] [stdout] 14 | impl AllOne {
[INFO] [stdout]    | ----------- associated items in this implementation
[INFO] [stdout] ...
[INFO] [stdout] 17 |     fn new() -> Self {
[INFO] [stdout]    |        ^^^
[INFO] [stdout] ...
[INFO] [stdout] 26 |     fn inc(&mut self, key: String) {
[INFO] [stdout]    |        ^^^
[INFO] [stdout] ...
[INFO] [stdout] 30 |     fn dec(&mut self, key: String) {
[INFO] [stdout]    |        ^^^
[INFO] [stdout] ...
[INFO] [stdout] 35 |     fn get_max_key(&self) -> String {
[INFO] [stdout]    |        ^^^^^^^^^^^
[INFO] [stdout] ...
[INFO] [stdout] 40 |     fn get_min_key(&self) -> String {
[INFO] [stdout]    |        ^^^^^^^^^^^
[INFO] [stdout] 
[INFO] [stdout] 
[INFO] [stderr]    Compiling leetcode v0.1.0 (/opt/rustwide/workdir)
[INFO] [stdout] warning: module `all_O_one_data_structure_432` should have a snake case name
[INFO] [stdout]   --> src/lib.rs:27:9
[INFO] [stdout]    |
[INFO] [stdout] 27 | pub mod all_O_one_data_structure_432;
[INFO] [stdout]    |         ^^^^^^^^^^^^^^^^^^^^^^^^^^^^ help: convert the identifier to snake case (notice the capitalization): `all_o_one_data_structure_432`
[INFO] [stdout]    |
[INFO] [stdout]    = note: `#[warn(non_snake_case)]` on by default
[INFO] [stdout] 
[INFO] [stdout] 
[INFO] [stdout] warning: type `fraction` should have an upper camel case name
[INFO] [stdout]   --> src/max_points_on_a_line_149.rs:17:8
[INFO] [stdout]    |
[INFO] [stdout] 17 | struct fraction {
[INFO] [stdout]    |        ^^^^^^^^ help: convert the identifier to upper camel case (notice the capitalization): `Fraction`
[INFO] [stdout]    |
[INFO] [stdout]    = note: `#[warn(non_camel_case_types)]` on by default
[INFO] [stdout] 
[INFO] [stdout] 
[INFO] [stdout] warning: unused import: `std::convert::TryInto`
[INFO] [stdout]  --> src/evaluate_reverse_polish_notation_150.rs:1:5
[INFO] [stdout]   |
[INFO] [stdout] 1 | use std::convert::TryInto;
[INFO] [stdout]   |     ^^^^^^^^^^^^^^^^^^^^^
[INFO] [stdout]   |
[INFO] [stdout]   = note: `#[warn(unused_imports)]` on by default
[INFO] [stdout] 
[INFO] [stdout] 
[INFO] [stdout] warning: unused import: `std::convert::TryInto`
[INFO] [stdout]  --> src/valid_triangle_number_611.rs:1:5
[INFO] [stdout]   |
[INFO] [stdout] 1 | use std::convert::TryInto;
[INFO] [stdout]   |     ^^^^^^^^^^^^^^^^^^^^^
[INFO] [stdout] 
[INFO] [stdout] 
[INFO] [stdout] warning: unused import: `std::convert::TryInto`
[INFO] [stdout]  --> src/graph_valid_tree_261.rs:1:5
[INFO] [stdout]   |
[INFO] [stdout] 1 | use std::convert::TryInto;
[INFO] [stdout]   |     ^^^^^^^^^^^^^^^^^^^^^
[INFO] [stdout] 
[INFO] [stdout] 
[INFO] [stdout] warning: unused import: `std::borrow::BorrowMut`
[INFO] [stdout]  --> src/shortest_word_distance_2_244.rs:2:5
[INFO] [stdout]   |
[INFO] [stdout] 2 | use std::borrow::BorrowMut;
[INFO] [stdout]   |     ^^^^^^^^^^^^^^^^^^^^^^
[INFO] [stdout] 
[INFO] [stdout] 
[INFO] [stdout] warning: unused import: `std::borrow::Borrow`
[INFO] [stdout]  --> src/preorder_verification_255.rs:1:5
[INFO] [stdout]   |
[INFO] [stdout] 1 | use std::borrow::Borrow;
[INFO] [stdout]   |     ^^^^^^^^^^^^^^^^^^^
[INFO] [stdout] 
[INFO] [stdout] 
[INFO] [stdout] warning: unnecessary parentheses around function argument
[INFO] [stdout]   --> src/maximal_square_221.rs:29:37
[INFO] [stdout]    |
[INFO] [stdout] 29 |                 let cur_width = min((right - left - 1), top_height);
[INFO] [stdout]    |                                     ^                ^
[INFO] [stdout]    |
[INFO] [stdout]    = note: `#[warn(unused_parens)]` on by default
[INFO] [stdout] help: remove these parentheses
[INFO] [stdout]    |
[INFO] [stdout] 29 -                 let cur_width = min((right - left - 1), top_height);
[INFO] [stdout] 29 +                 let cur_width = min(right - left - 1, top_height);
[INFO] [stdout]    |
[INFO] [stdout] 
[INFO] [stdout] 
[INFO] [stdout] warning: unnecessary parentheses around function argument
[INFO] [stdout]   --> src/maximal_square_221.rs:45:33
[INFO] [stdout]    |
[INFO] [stdout] 45 |             let cur_width = min((right - left - 1), top_height);
[INFO] [stdout]    |                                 ^                ^
[INFO] [stdout]    |
[INFO] [stdout] help: remove these parentheses
[INFO] [stdout]    |
[INFO] [stdout] 45 -             let cur_width = min((right - left - 1), top_height);
[INFO] [stdout] 45 +             let cur_width = min(right - left - 1, top_height);
[INFO] [stdout]    |
[INFO] [stdout] 
[INFO] [stdout] 
[INFO] [stdout] warning: unused variable: `prev`
[INFO] [stdout]   --> src/graph_valid_tree_261.rs:16:13
[INFO] [stdout]    |
[INFO] [stdout] 16 |     let mut prev = -1;
[INFO] [stdout]    |             ^^^^ help: if this is intentional, prefix it with an underscore: `_prev`
[INFO] [stdout]    |
[INFO] [stdout]    = note: `#[warn(unused_variables)]` on by default
[INFO] [stdout] 
[INFO] [stdout] 
[INFO] [stdout] warning: variable does not need to be mutable
[INFO] [stdout]   --> src/graph_valid_tree_261.rs:16:9
[INFO] [stdout]    |
[INFO] [stdout] 16 |     let mut prev = -1;
[INFO] [stdout]    |         ----^^^^
[INFO] [stdout]    |         |
[INFO] [stdout]    |         help: remove this `mut`
[INFO] [stdout]    |
[INFO] [stdout]    = note: `#[warn(unused_mut)]` on by default
[INFO] [stdout] 
[INFO] [stdout] 
[INFO] [stdout] warning: unused variable: `key`
[INFO] [stdout]   --> src/all_O_one_data_structure_432.rs:26:23
[INFO] [stdout]    |
[INFO] [stdout] 26 |     fn inc(&mut self, key: String) {
[INFO] [stdout]    |                       ^^^ help: if this is intentional, prefix it with an underscore: `_key`
[INFO] [stdout] 
[INFO] [stdout] 
[INFO] [stdout] warning: unused variable: `key`
[INFO] [stdout]   --> src/all_O_one_data_structure_432.rs:30:23
[INFO] [stdout]    |
[INFO] [stdout] 30 |     fn dec(&mut self, key: String) {
[INFO] [stdout]    |                       ^^^ help: if this is intentional, prefix it with an underscore: `_key`
[INFO] [stdout] 
[INFO] [stdout] 
[INFO] [stdout] warning: variable does not need to be mutable
[INFO] [stdout]  --> src/three_sum_smaller.rs:9:13
[INFO] [stdout]   |
[INFO] [stdout] 9 |         let mut partial_target = target - nums[index];
[INFO] [stdout]   |             ----^^^^^^^^^^^^^^
[INFO] [stdout]   |             |
[INFO] [stdout]   |             help: remove this `mut`
[INFO] [stdout] 
[INFO] [stdout] 
[INFO] [stdout] warning: value assigned to `j` is never read
[INFO] [stdout]  --> src/max_sum_of_reactangle_no_larger_than_k_363.rs:2:35
[INFO] [stdout]   |
[INFO] [stdout] 2 |     let mut i: usize = 0; let mut j: usize = 0;
[INFO] [stdout]   |                                   ^
[INFO] [stdout]   |
[INFO] [stdout]   = help: maybe it is overwritten before being read?
[INFO] [stdout]   = note: `#[warn(unused_assignments)]` on by default
[INFO] [stdout] 
[INFO] [stdout] 
[INFO] [stdout] warning: value assigned to `column_sum` is never read
[INFO] [stdout]  --> src/max_sum_of_reactangle_no_larger_than_k_363.rs:8:13
[INFO] [stdout]   |
[INFO] [stdout] 8 |     let mut column_sum = vec![0; width];
[INFO] [stdout]   |             ^^^^^^^^^^
[INFO] [stdout]   |
[INFO] [stdout]   = help: maybe it is overwritten before being read?
[INFO] [stdout] 
[INFO] [stdout] 
[INFO] [stdout] warning: function `backtrace` is never used
[INFO] [stdout]   --> src/longest_palindrome_subsequence_516.rs:34:4
[INFO] [stdout]    |
[INFO] [stdout] 34 | fn backtrace(string: &Vec<i32>, left: usize, right: usize, dp: &mut Vec<Vec<i32>>) -> i32 {
[INFO] [stdout]    |    ^^^^^^^^^
[INFO] [stdout]    |
[INFO] [stdout]    = note: `#[warn(dead_code)]` on by default
[INFO] [stdout] 
[INFO] [stdout] 
[INFO] [stdout] warning: struct `AllOne` is never constructed
[INFO] [stdout]  --> src/all_O_one_data_structure_432.rs:3:8
[INFO] [stdout]   |
[INFO] [stdout] 3 | struct AllOne {
[INFO] [stdout]   |        ^^^^^^
[INFO] [stdout] 
[INFO] [stdout] 
[INFO] [stdout] warning: associated items `new`, `inc`, `dec`, `get_max_key`, and `get_min_key` are never used
[INFO] [stdout]   --> src/all_O_one_data_structure_432.rs:17:8
[INFO] [stdout]    |
[INFO] [stdout] 14 | impl AllOne {
[INFO] [stdout]    | ----------- associated items in this implementation
[INFO] [stdout] ...
[INFO] [stdout] 17 |     fn new() -> Self {
[INFO] [stdout]    |        ^^^
[INFO] [stdout] ...
[INFO] [stdout] 26 |     fn inc(&mut self, key: String) {
[INFO] [stdout]    |        ^^^
[INFO] [stdout] ...
[INFO] [stdout] 30 |     fn dec(&mut self, key: String) {
[INFO] [stdout]    |        ^^^
[INFO] [stdout] ...
[INFO] [stdout] 35 |     fn get_max_key(&self) -> String {
[INFO] [stdout]    |        ^^^^^^^^^^^
[INFO] [stdout] ...
[INFO] [stdout] 40 |     fn get_min_key(&self) -> String {
[INFO] [stdout]    |        ^^^^^^^^^^^
[INFO] [stdout] 
[INFO] [stdout] 
[INFO] [stdout] warning: module `all_O_one_data_structure_432` should have a snake case name
[INFO] [stdout]   --> src/lib.rs:27:9
[INFO] [stdout]    |
[INFO] [stdout] 27 | pub mod all_O_one_data_structure_432;
[INFO] [stdout]    |         ^^^^^^^^^^^^^^^^^^^^^^^^^^^^ help: convert the identifier to snake case (notice the capitalization): `all_o_one_data_structure_432`
[INFO] [stdout]    |
[INFO] [stdout]    = note: `#[warn(non_snake_case)]` on by default
[INFO] [stdout] 
[INFO] [stdout] 
[INFO] [stderr]     Finished `test` profile [unoptimized + debuginfo] target(s) in 0.31s
[INFO] running `Command { std: "docker" "inspect" "cb2b5127fc7105f4652a4911404f21064bd144f57ea52a351a20428230046be7", kill_on_drop: false }`
[INFO] running `Command { std: "docker" "rm" "-f" "cb2b5127fc7105f4652a4911404f21064bd144f57ea52a351a20428230046be7", kill_on_drop: false }`
[INFO] [stdout] cb2b5127fc7105f4652a4911404f21064bd144f57ea52a351a20428230046be7
[INFO] running `Command { std: "docker" "create" "-v" "/var/lib/crater-agent-workspace/builds/worker-1-tc1/target:/opt/rustwide/target:rw,Z" "-v" "/var/lib/crater-agent-workspace/builds/worker-1-tc1/source:/opt/rustwide/workdir:ro,Z" "-v" "/var/lib/crater-agent-workspace/cargo-home:/opt/rustwide/cargo-home:ro,Z" "-v" "/var/lib/crater-agent-workspace/rustup-home:/opt/rustwide/rustup-home:ro,Z" "-e" "SOURCE_DIR=/opt/rustwide/workdir" "-e" "CARGO_TARGET_DIR=/opt/rustwide/target" "-e" "CARGO_INCREMENTAL=0" "-e" "RUST_BACKTRACE=full" "-e" "RUSTFLAGS=--cap-lints=forbid" "-e" "RUSTDOCFLAGS=--cap-lints=forbid" "-e" "CARGO_HOME=/opt/rustwide/cargo-home" "-e" "RUSTUP_HOME=/opt/rustwide/rustup-home" "-w" "/opt/rustwide/workdir" "-m" "1610612736" "--user" "0:0" "--network" "none" "ghcr.io/rust-lang/crates-build-env/linux@sha256:4a844ea9eb2546a2d2c7022eacef16ef2e8229c7fbb2c7d4d55a9ceca922f72d" "/opt/rustwide/cargo-home/bin/cargo" "+nightly-2024-10-28" "test" "--frozen", kill_on_drop: false }`
[INFO] [stdout] e9ecfefdd99adee67ccfb5a8d634be03067344f6ff697f05327a131fcec08329
[INFO] running `Command { std: "docker" "start" "-a" "e9ecfefdd99adee67ccfb5a8d634be03067344f6ff697f05327a131fcec08329", kill_on_drop: false }`
[INFO] [stderr] warning: type `fraction` should have an upper camel case name
[INFO] [stderr]   --> src/max_points_on_a_line_149.rs:17:8
[INFO] [stderr]    |
[INFO] [stderr] 17 | struct fraction {
[INFO] [stderr]    |        ^^^^^^^^ help: convert the identifier to upper camel case (notice the capitalization): `Fraction`
[INFO] [stderr]    |
[INFO] [stderr]    = note: `#[warn(non_camel_case_types)]` on by default
[INFO] [stderr] 
[INFO] [stderr] warning: unused import: `std::convert::TryInto`
[INFO] [stderr]  --> src/evaluate_reverse_polish_notation_150.rs:1:5
[INFO] [stderr]   |
[INFO] [stderr] 1 | use std::convert::TryInto;
[INFO] [stderr]   |     ^^^^^^^^^^^^^^^^^^^^^
[INFO] [stderr]   |
[INFO] [stderr]   = note: `#[warn(unused_imports)]` on by default
[INFO] [stderr] 
[INFO] [stderr] warning: unused import: `std::convert::TryInto`
[INFO] [stderr]  --> src/valid_triangle_number_611.rs:1:5
[INFO] [stderr]   |
[INFO] [stderr] 1 | use std::convert::TryInto;
[INFO] [stderr]   |     ^^^^^^^^^^^^^^^^^^^^^
[INFO] [stderr] 
[INFO] [stderr] warning: unused import: `std::convert::TryInto`
[INFO] [stderr]  --> src/graph_valid_tree_261.rs:1:5
[INFO] [stderr]   |
[INFO] [stderr] 1 | use std::convert::TryInto;
[INFO] [stderr]   |     ^^^^^^^^^^^^^^^^^^^^^
[INFO] [stderr] 
[INFO] [stderr] warning: unused import: `std::borrow::BorrowMut`
[INFO] [stderr]  --> src/shortest_word_distance_2_244.rs:2:5
[INFO] [stderr]   |
[INFO] [stderr] 2 | use std::borrow::BorrowMut;
[INFO] [stderr]   |     ^^^^^^^^^^^^^^^^^^^^^^
[INFO] [stderr] 
[INFO] [stderr] warning: unused import: `std::borrow::Borrow`
[INFO] [stderr]  --> src/preorder_verification_255.rs:1:5
[INFO] [stderr]   |
[INFO] [stderr] 1 | use std::borrow::Borrow;
[INFO] [stderr]   |     ^^^^^^^^^^^^^^^^^^^
[INFO] [stderr] 
[INFO] [stderr] warning: unnecessary parentheses around function argument
[INFO] [stderr]   --> src/maximal_square_221.rs:29:37
[INFO] [stderr]    |
[INFO] [stderr] 29 |                 let cur_width = min((right - left - 1), top_height);
[INFO] [stderr]    |                                     ^                ^
[INFO] [stderr]    |
[INFO] [stderr]    = note: `#[warn(unused_parens)]` on by default
[INFO] [stderr] help: remove these parentheses
[INFO] [stderr]    |
[INFO] [stderr] 29 -                 let cur_width = min((right - left - 1), top_height);
[INFO] [stderr] 29 +                 let cur_width = min(right - left - 1, top_height);
[INFO] [stderr]    |
[INFO] [stderr] 
[INFO] [stderr] warning: unnecessary parentheses around function argument
[INFO] [stderr]   --> src/maximal_square_221.rs:45:33
[INFO] [stderr]    |
[INFO] [stderr] 45 |             let cur_width = min((right - left - 1), top_height);
[INFO] [stderr]    |                                 ^                ^
[INFO] [stderr]    |
[INFO] [stderr] help: remove these parentheses
[INFO] [stderr]    |
[INFO] [stderr] 45 -             let cur_width = min((right - left - 1), top_height);
[INFO] [stderr] 45 +             let cur_width = min(right - left - 1, top_height);
[INFO] [stderr]    |
[INFO] [stderr] 
[INFO] [stderr] warning: unused variable: `prev`
[INFO] [stderr]   --> src/graph_valid_tree_261.rs:16:13
[INFO] [stderr]    |
[INFO] [stderr] 16 |     let mut prev = -1;
[INFO] [stderr]    |             ^^^^ help: if this is intentional, prefix it with an underscore: `_prev`
[INFO] [stderr]    |
[INFO] [stderr]    = note: `#[warn(unused_variables)]` on by default
[INFO] [stderr] 
[INFO] [stderr] warning: variable does not need to be mutable
[INFO] [stderr]   --> src/graph_valid_tree_261.rs:16:9
[INFO] [stderr]    |
[INFO] [stderr] 16 |     let mut prev = -1;
[INFO] [stderr]    |         ----^^^^
[INFO] [stderr]    |         |
[INFO] [stderr]    |         help: remove this `mut`
[INFO] [stderr]    |
[INFO] [stderr]    = note: `#[warn(unused_mut)]` on by default
[INFO] [stderr] 
[INFO] [stderr] warning: unused variable: `key`
[INFO] [stderr]   --> src/all_O_one_data_structure_432.rs:26:23
[INFO] [stderr]    |
[INFO] [stderr] 26 |     fn inc(&mut self, key: String) {
[INFO] [stderr]    |                       ^^^ help: if this is intentional, prefix it with an underscore: `_key`
[INFO] [stderr] 
[INFO] [stderr] warning: unused variable: `key`
[INFO] [stderr]   --> src/all_O_one_data_structure_432.rs:30:23
[INFO] [stderr]    |
[INFO] [stderr] 30 |     fn dec(&mut self, key: String) {
[INFO] [stderr]    |                       ^^^ help: if this is intentional, prefix it with an underscore: `_key`
[INFO] [stderr] 
[INFO] [stderr] warning: variable does not need to be mutable
[INFO] [stderr]  --> src/three_sum_smaller.rs:9:13
[INFO] [stderr]   |
[INFO] [stderr] 9 |         let mut partial_target = target - nums[index];
[INFO] [stderr]   |             ----^^^^^^^^^^^^^^
[INFO] [stderr]   |             |
[INFO] [stderr]   |             help: remove this `mut`
[INFO] [stderr] 
[INFO] [stderr] warning: value assigned to `j` is never read
[INFO] [stderr]  --> src/max_sum_of_reactangle_no_larger_than_k_363.rs:2:35
[INFO] [stderr]   |
[INFO] [stderr] 2 |     let mut i: usize = 0; let mut j: usize = 0;
[INFO] [stderr]   |                                   ^
[INFO] [stderr]   |
[INFO] [stderr]   = help: maybe it is overwritten before being read?
[INFO] [stderr]   = note: `#[warn(unused_assignments)]` on by default
[INFO] [stderr] 
[INFO] [stderr] warning: value assigned to `column_sum` is never read
[INFO] [stderr]  --> src/max_sum_of_reactangle_no_larger_than_k_363.rs:8:13
[INFO] [stderr]   |
[INFO] [stderr] 8 |     let mut column_sum = vec![0; width];
[INFO] [stderr]   |             ^^^^^^^^^^
[INFO] [stderr]   |
[INFO] [stderr]   = help: maybe it is overwritten before being read?
[INFO] [stderr] 
[INFO] [stderr] warning: function `backtrace` is never used
[INFO] [stderr]   --> src/longest_palindrome_subsequence_516.rs:34:4
[INFO] [stderr]    |
[INFO] [stderr] 34 | fn backtrace(string: &Vec<i32>, left: usize, right: usize, dp: &mut Vec<Vec<i32>>) -> i32 {
[INFO] [stderr]    |    ^^^^^^^^^
[INFO] [stderr]    |
[INFO] [stderr]    = note: `#[warn(dead_code)]` on by default
[INFO] [stderr] 
[INFO] [stderr] warning: struct `AllOne` is never constructed
[INFO] [stderr]  --> src/all_O_one_data_structure_432.rs:3:8
[INFO] [stderr]   |
[INFO] [stderr] 3 | struct AllOne {
[INFO] [stderr]   |        ^^^^^^
[INFO] [stderr] 
[INFO] [stderr] warning: associated items `new`, `inc`, `dec`, `get_max_key`, and `get_min_key` are never used
[INFO] [stderr]   --> src/all_O_one_data_structure_432.rs:17:8
[INFO] [stderr]    |
[INFO] [stderr] 14 | impl AllOne {
[INFO] [stderr]    | ----------- associated items in this implementation
[INFO] [stderr] ...
[INFO] [stderr] 17 |     fn new() -> Self {
[INFO] [stderr]    |        ^^^
[INFO] [stderr] ...
[INFO] [stderr] 26 |     fn inc(&mut self, key: String) {
[INFO] [stderr]    |        ^^^
[INFO] [stderr] ...
[INFO] [stderr] 30 |     fn dec(&mut self, key: String) {
[INFO] [stderr]    |        ^^^
[INFO] [stderr] ...
[INFO] [stderr] 35 |     fn get_max_key(&self) -> String {
[INFO] [stderr]    |        ^^^^^^^^^^^
[INFO] [stderr] ...
[INFO] [stderr] 40 |     fn get_min_key(&self) -> String {
[INFO] [stderr]    |        ^^^^^^^^^^^
[INFO] [stderr] 
[INFO] [stderr] warning: module `all_O_one_data_structure_432` should have a snake case name
[INFO] [stderr]   --> src/lib.rs:27:9
[INFO] [stderr]    |
[INFO] [stderr] 27 | pub mod all_O_one_data_structure_432;
[INFO] [stderr]    |         ^^^^^^^^^^^^^^^^^^^^^^^^^^^^ help: convert the identifier to snake case (notice the capitalization): `all_o_one_data_structure_432`
[INFO] [stderr]    |
[INFO] [stderr]    = note: `#[warn(non_snake_case)]` on by default
[INFO] [stderr] 
[INFO] [stderr] warning: `leetcode` (lib) generated 19 warnings (run `cargo fix --lib -p leetcode` to apply 9 suggestions)
[INFO] [stderr] warning: `leetcode` (lib test) generated 19 warnings (19 duplicates)
[INFO] [stderr]     Finished `test` profile [unoptimized + debuginfo] target(s) in 0.00s
[INFO] [stderr]      Running unittests src/lib.rs (/opt/rustwide/target/debug/deps/leetcode-771e2c791a5d90a3)
[INFO] [stdout] 
[INFO] [stdout] running 12 tests
[INFO] [stdout] test tests::test_149 ... ok
[INFO] [stdout] test tests::test_131 ... ok
[INFO] [stdout] test tests::test_150 ... ok
[INFO] [stdout] test tests::test_245 ... ok
[INFO] [stdout] test tests::test_244 ... ok
[INFO] [stdout] test tests::test_254 ... ok
[INFO] [stdout] test tests::test_259 ... ok
[INFO] [stdout] test tests::test_364 ... ok
[INFO] [stdout] test tests::test_261 ... ok
[INFO] [stdout] test tests::test_611 ... ok
[INFO] [stdout] test tests::test_516 ... ok
[INFO] [stdout] test tests::test_249 ... FAILED
[INFO] [stdout] 
[INFO] [stdout] failures:
[INFO] [stdout] 
[INFO] [stdout] ---- tests::test_249 stdout ----
[INFO] [stdout] abc: [1, 1]
[INFO] [stdout] bcd: [1, 1]
[INFO] [stdout] acef: [2, 2, 1]
[INFO] [stdout] xyz: [1, 1]
[INFO] [stdout] az: [25]
[INFO] [stdout] ba: [25]
[INFO] [stdout] thread 'tests::test_249' panicked at src/lib.rs:150:9:
[INFO] [stdout] assertion `left == right` failed
[INFO] [stdout]   left: [["acef"], ["a", "z"], ["abc", "bcd", "xyz"], ["az", "ba"]]
[INFO] [stdout]  right: [["abc", "bcd", "acef"], ["az", "ba"], ["acef"], ["a", "z"]]
[INFO] [stdout] stack backtrace:
[INFO] [stdout]    0:     0x61244f398ada - std::backtrace_rs::backtrace::libunwind::trace::h207520d6e9873551
[INFO] [stdout]                                at /rustc/df4ca44d3fbc9301ee17f30f4d474e6ae4b05252/library/std/src/../../backtrace/src/backtrace/libunwind.rs:116:5
[INFO] [stdout]    1:     0x61244f398ada - std::backtrace_rs::backtrace::trace_unsynchronized::h2ed7433f370e3eca
[INFO] [stdout]                                at /rustc/df4ca44d3fbc9301ee17f30f4d474e6ae4b05252/library/std/src/../../backtrace/src/backtrace/mod.rs:66:5
[INFO] [stdout]    2:     0x61244f398ada - std::sys::backtrace::_print_fmt::h916fac51166b18d7
[INFO] [stdout]                                at /rustc/df4ca44d3fbc9301ee17f30f4d474e6ae4b05252/library/std/src/sys/backtrace.rs:66:9
[INFO] [stdout]    3:     0x61244f398ada - <std::sys::backtrace::BacktraceLock::print::DisplayBacktrace as core::fmt::Display>::fmt::ha0a4c9b8ce3802e6
[INFO] [stdout]                                at /rustc/df4ca44d3fbc9301ee17f30f4d474e6ae4b05252/library/std/src/sys/backtrace.rs:39:26
[INFO] [stdout]    4:     0x61244f3bf0c3 - core::fmt::rt::Argument::fmt::h4cfc8587d52b3eb5
[INFO] [stdout]                                at /rustc/df4ca44d3fbc9301ee17f30f4d474e6ae4b05252/library/core/src/fmt/rt.rs:177:76
[INFO] [stdout]    5:     0x61244f3bf0c3 - core::fmt::write::h522cc39e5b36ae9f
[INFO] [stdout]                                at /rustc/df4ca44d3fbc9301ee17f30f4d474e6ae4b05252/library/core/src/fmt/mod.rs:1190:21
[INFO] [stdout]    6:     0x61244f395743 - std::io::Write::write_fmt::h7d3c26752da97734
[INFO] [stdout]                                at /rustc/df4ca44d3fbc9301ee17f30f4d474e6ae4b05252/library/std/src/io/mod.rs:1839:15
[INFO] [stdout]    7:     0x61244f398922 - std::sys::backtrace::BacktraceLock::print::h4b9e00b29e9c0942
[INFO] [stdout]                                at /rustc/df4ca44d3fbc9301ee17f30f4d474e6ae4b05252/library/std/src/sys/backtrace.rs:42:9
[INFO] [stdout]    8:     0x61244f399f6a - std::panicking::default_hook::{{closure}}::hb59b88280d0324d9
[INFO] [stdout]                                at /rustc/df4ca44d3fbc9301ee17f30f4d474e6ae4b05252/library/std/src/panicking.rs:268:22
[INFO] [stdout]    9:     0x61244f399d74 - std::panicking::default_hook::he1dd496665be4a29
[INFO] [stdout]                                at /rustc/df4ca44d3fbc9301ee17f30f4d474e6ae4b05252/library/std/src/panicking.rs:292:9
[INFO] [stdout]   10:     0x61244f363b69 - <alloc::boxed::Box<F,A> as core::ops::function::Fn<Args>>::call::h4ff71de18744e1dc
[INFO] [stdout]                                at /rustc/df4ca44d3fbc9301ee17f30f4d474e6ae4b05252/library/alloc/src/boxed.rs:2468:9
[INFO] [stdout]   11:     0x61244f363b69 - test::test_main::{{closure}}::hcf7c055ce117aa81
[INFO] [stdout]                                at /rustc/df4ca44d3fbc9301ee17f30f4d474e6ae4b05252/library/test/src/lib.rs:133:21
[INFO] [stdout]   12:     0x61244f39a668 - <alloc::boxed::Box<F,A> as core::ops::function::Fn<Args>>::call::h1d66c6bbd60c9692
[INFO] [stdout]                                at /rustc/df4ca44d3fbc9301ee17f30f4d474e6ae4b05252/library/alloc/src/boxed.rs:2468:9
[INFO] [stdout]   13:     0x61244f39a668 - std::panicking::rust_panic_with_hook::h2ff17fe8f26dfcf8
[INFO] [stdout]                                at /rustc/df4ca44d3fbc9301ee17f30f4d474e6ae4b05252/library/std/src/panicking.rs:809:13
[INFO] [stdout]   14:     0x61244f39a42a - std::panicking::begin_panic_handler::{{closure}}::h4fad77951c07e101
[INFO] [stdout]                                at /rustc/df4ca44d3fbc9301ee17f30f4d474e6ae4b05252/library/std/src/panicking.rs:674:13
[INFO] [stdout]   15:     0x61244f398fb9 - std::sys::backtrace::__rust_end_short_backtrace::hb1a25b3da5d0ea08
[INFO] [stdout]                                at /rustc/df4ca44d3fbc9301ee17f30f4d474e6ae4b05252/library/std/src/sys/backtrace.rs:170:18
[INFO] [stdout]   16:     0x61244f39a0bc - rust_begin_unwind
[INFO] [stdout]                                at /rustc/df4ca44d3fbc9301ee17f30f4d474e6ae4b05252/library/std/src/panicking.rs:665:5
[INFO] [stdout]   17:     0x61244f3bdac0 - core::panicking::panic_fmt::ha9db07b529f9b256
[INFO] [stdout]                                at /rustc/df4ca44d3fbc9301ee17f30f4d474e6ae4b05252/library/core/src/panicking.rs:75:14
[INFO] [stdout]   18:     0x61244f3bde8b - core::panicking::assert_failed_inner::h04f38944d74a80a8
[INFO] [stdout]   19:     0x61244f317683 - core::panicking::assert_failed::h1a7b5bc9de3bc260
[INFO] [stdout]                                at /rustc/df4ca44d3fbc9301ee17f30f4d474e6ae4b05252/library/core/src/panicking.rs:377:5
[INFO] [stdout]   20:     0x61244f31534c - leetcode::tests::test_249::h6ad213219fab94c0
[INFO] [stdout]                                at /opt/rustwide/workdir/src/lib.rs:150:9
[INFO] [stdout]   21:     0x61244f314907 - leetcode::tests::test_249::{{closure}}::hb3a00158a7c1c2a0
[INFO] [stdout]                                at /opt/rustwide/workdir/src/lib.rs:148:18
[INFO] [stdout]   22:     0x61244f319286 - core::ops::function::FnOnce::call_once::h0a8500c9de6dede7
[INFO] [stdout]                                at /rustc/df4ca44d3fbc9301ee17f30f4d474e6ae4b05252/library/core/src/ops/function.rs:250:5
[INFO] [stdout]   23:     0x61244f36843b - core::ops::function::FnOnce::call_once::h22c3ba5715e93f05
[INFO] [stdout]                                at /rustc/df4ca44d3fbc9301ee17f30f4d474e6ae4b05252/library/core/src/ops/function.rs:250:5
[INFO] [stdout]   24:     0x61244f36843b - test::__rust_begin_short_backtrace::h8e82d8113d0da17f
[INFO] [stdout]                                at /rustc/df4ca44d3fbc9301ee17f30f4d474e6ae4b05252/library/test/src/lib.rs:621:18
[INFO] [stdout]   25:     0x61244f367db7 - test::run_test_in_process::{{closure}}::h33235f4f20b7b7c7
[INFO] [stdout]                                at /rustc/df4ca44d3fbc9301ee17f30f4d474e6ae4b05252/library/test/src/lib.rs:644:60
[INFO] [stdout]   26:     0x61244f367db7 - <core::panic::unwind_safe::AssertUnwindSafe<F> as core::ops::function::FnOnce<()>>::call_once::hb5043206310c586f
[INFO] [stdout]                                at /rustc/df4ca44d3fbc9301ee17f30f4d474e6ae4b05252/library/core/src/panic/unwind_safe.rs:272:9
[INFO] [stdout]   27:     0x61244f367db7 - std::panicking::try::do_call::h9ad4731a60ab23e2
[INFO] [stdout]                                at /rustc/df4ca44d3fbc9301ee17f30f4d474e6ae4b05252/library/std/src/panicking.rs:557:40
[INFO] [stdout]   28:     0x61244f367db7 - std::panicking::try::h3824d23db772a716
[INFO] [stdout]                                at /rustc/df4ca44d3fbc9301ee17f30f4d474e6ae4b05252/library/std/src/panicking.rs:520:19
[INFO] [stdout]   29:     0x61244f367db7 - std::panic::catch_unwind::h5afd514605fde46b
[INFO] [stdout]                                at /rustc/df4ca44d3fbc9301ee17f30f4d474e6ae4b05252/library/std/src/panic.rs:358:14
[INFO] [stdout]   30:     0x61244f367db7 - test::run_test_in_process::h0d5cbfa7067d1720
[INFO] [stdout]                                at /rustc/df4ca44d3fbc9301ee17f30f4d474e6ae4b05252/library/test/src/lib.rs:644:27
[INFO] [stdout]   31:     0x61244f367db7 - test::run_test::{{closure}}::h708eb8872708115d
[INFO] [stdout]                                at /rustc/df4ca44d3fbc9301ee17f30f4d474e6ae4b05252/library/test/src/lib.rs:565:43
[INFO] [stdout]   32:     0x61244f32b4d4 - test::run_test::{{closure}}::h392c51cee94713ab
[INFO] [stdout]                                at /rustc/df4ca44d3fbc9301ee17f30f4d474e6ae4b05252/library/test/src/lib.rs:595:41
[INFO] [stdout]   33:     0x61244f32b4d4 - std::sys::backtrace::__rust_begin_short_backtrace::h2f40290710935a8b
[INFO] [stdout]                                at /rustc/df4ca44d3fbc9301ee17f30f4d474e6ae4b05252/library/std/src/sys/backtrace.rs:154:18
[INFO] [stdout]   34:     0x61244f32ec7e - std::thread::Builder::spawn_unchecked_::{{closure}}::{{closure}}::h3fd968d89053a903
[INFO] [stdout]                                at /rustc/df4ca44d3fbc9301ee17f30f4d474e6ae4b05252/library/std/src/thread/mod.rs:541:17
[INFO] [stdout]   35:     0x61244f32ec7e - <core::panic::unwind_safe::AssertUnwindSafe<F> as core::ops::function::FnOnce<()>>::call_once::h743f637ba4229880
[INFO] [stdout]                                at /rustc/df4ca44d3fbc9301ee17f30f4d474e6ae4b05252/library/core/src/panic/unwind_safe.rs:272:9
[INFO] [stdout]   36:     0x61244f32ec7e - std::panicking::try::do_call::h07440897322525a6
[INFO] [stdout]                                at /rustc/df4ca44d3fbc9301ee17f30f4d474e6ae4b05252/library/std/src/panicking.rs:557:40
[INFO] [stdout]   37:     0x61244f32ec7e - std::panicking::try::he5a2e00188156637
[INFO] [stdout]                                at /rustc/df4ca44d3fbc9301ee17f30f4d474e6ae4b05252/library/std/src/panicking.rs:520:19
[INFO] [stdout]   38:     0x61244f32ec7e - std::panic::catch_unwind::hbaf3cae49b3c6433
[INFO] [stdout]                                at /rustc/df4ca44d3fbc9301ee17f30f4d474e6ae4b05252/library/std/src/panic.rs:358:14
[INFO] [stdout]   39:     0x61244f32ec7e - std::thread::Builder::spawn_unchecked_::{{closure}}::h8e141ea224820bce
[INFO] [stdout]                                at /rustc/df4ca44d3fbc9301ee17f30f4d474e6ae4b05252/library/std/src/thread/mod.rs:540:30
[INFO] [stdout]   40:     0x61244f32ec7e - core::ops::function::FnOnce::call_once{{vtable.shim}}::h90d312fedd7b8ea8
[INFO] [stdout]                                at /rustc/df4ca44d3fbc9301ee17f30f4d474e6ae4b05252/library/core/src/ops/function.rs:250:5
[INFO] [stdout]   41:     0x61244f39e45b - <alloc::boxed::Box<F,A> as core::ops::function::FnOnce<Args>>::call_once::h69aa08ddb6adb8b6
[INFO] [stdout]                                at /rustc/df4ca44d3fbc9301ee17f30f4d474e6ae4b05252/library/alloc/src/boxed.rs:2454:9
[INFO] [stdout]   42:     0x61244f39e45b - <alloc::boxed::Box<F,A> as core::ops::function::FnOnce<Args>>::call_once::h5aa36efdb79c806f
[INFO] [stdout]                                at /rustc/df4ca44d3fbc9301ee17f30f4d474e6ae4b05252/library/alloc/src/boxed.rs:2454:9
[INFO] [stdout]   43:     0x61244f39e45b - std::sys::pal::unix::thread::Thread::new::thread_start::h6cd80a1b4be5158d
[INFO] [stdout]                                at /rustc/df4ca44d3fbc9301ee17f30f4d474e6ae4b05252/library/std/src/sys/pal/unix/thread.rs:105:17
[INFO] [stdout]   44:     0x76758ef30ac3 - <unknown>
[INFO] [stdout]   45:     0x76758efc1a04 - clone
[INFO] [stdout]   46:                0x0 - <unknown>
[INFO] [stdout] 
[INFO] [stdout] 
[INFO] [stdout] failures:
[INFO] [stdout]     tests::test_249
[INFO] [stdout] 
[INFO] [stdout] test result: FAILED. 11 passed; 1 failed; 0 ignored; 0 measured; 0 filtered out; finished in 0.01s
[INFO] [stdout] 
[INFO] [stderr] error: test failed, to rerun pass `--lib`
[INFO] running `Command { std: "docker" "inspect" "e9ecfefdd99adee67ccfb5a8d634be03067344f6ff697f05327a131fcec08329", kill_on_drop: false }`
[INFO] running `Command { std: "docker" "rm" "-f" "e9ecfefdd99adee67ccfb5a8d634be03067344f6ff697f05327a131fcec08329", kill_on_drop: false }`
[INFO] [stdout] e9ecfefdd99adee67ccfb5a8d634be03067344f6ff697f05327a131fcec08329
