[INFO] cloning repository https://github.com/Stuff7/readlnrs
[INFO] running `Command { std: "git" "-c" "credential.helper=" "-c" "credential.helper=/workspace/cargo-home/bin/git-credential-null" "clone" "--bare" "https://github.com/Stuff7/readlnrs" "/workspace/cache/git-repos/https%3A%2F%2Fgithub.com%2FStuff7%2Freadlnrs", kill_on_drop: false }`
[INFO] [stderr] Cloning into bare repository '/workspace/cache/git-repos/https%3A%2F%2Fgithub.com%2FStuff7%2Freadlnrs'...
[INFO] running `Command { std: "git" "rev-parse" "HEAD", kill_on_drop: false }`
[INFO] [stdout] 8234e3822f62d0c18c134f6ab757e64aa7977fc7
[INFO] testing Stuff7/readlnrs/8234e3822f62d0c18c134f6ab757e64aa7977fc7 against nightly-2024-10-28+rustflags=-Zrandomize-layout for randomize-layout
[INFO] running `Command { std: "git" "clone" "/workspace/cache/git-repos/https%3A%2F%2Fgithub.com%2FStuff7%2Freadlnrs" "/workspace/builds/worker-1-tc2/source", kill_on_drop: false }`
[INFO] [stderr] Cloning into '/workspace/builds/worker-1-tc2/source'...
[INFO] [stderr] done.
[INFO] validating manifest of git repo https://github.com/Stuff7/readlnrs on toolchain nightly-2024-10-28
[INFO] running `Command { std: CARGO_HOME="/workspace/cargo-home" RUSTUP_HOME="/workspace/rustup-home" "/workspace/cargo-home/bin/cargo" "+nightly-2024-10-28" "metadata" "--manifest-path" "Cargo.toml" "--no-deps", kill_on_drop: false }`
[INFO] started tweaking git repo https://github.com/Stuff7/readlnrs
[INFO] finished tweaking git repo https://github.com/Stuff7/readlnrs
[INFO] tweaked toml for git repo https://github.com/Stuff7/readlnrs written to /workspace/builds/worker-1-tc2/source/Cargo.toml
[INFO] crate git repo https://github.com/Stuff7/readlnrs already has a lockfile, it will not be regenerated
[INFO] running `Command { std: CARGO_HOME="/workspace/cargo-home" RUSTUP_HOME="/workspace/rustup-home" "/workspace/cargo-home/bin/cargo" "+nightly-2024-10-28" "fetch" "--manifest-path" "Cargo.toml", kill_on_drop: false }`
[INFO] running `Command { std: "docker" "create" "-v" "/var/lib/crater-agent-workspace/builds/worker-1-tc2/target:/opt/rustwide/target:rw,Z" "-v" "/var/lib/crater-agent-workspace/builds/worker-1-tc2/source:/opt/rustwide/workdir:ro,Z" "-v" "/var/lib/crater-agent-workspace/cargo-home:/opt/rustwide/cargo-home:ro,Z" "-v" "/var/lib/crater-agent-workspace/rustup-home:/opt/rustwide/rustup-home:ro,Z" "-e" "SOURCE_DIR=/opt/rustwide/workdir" "-e" "CARGO_TARGET_DIR=/opt/rustwide/target" "-e" "CARGO_HOME=/opt/rustwide/cargo-home" "-e" "RUSTUP_HOME=/opt/rustwide/rustup-home" "-w" "/opt/rustwide/workdir" "-m" "1610612736" "--user" "0:0" "--network" "none" "ghcr.io/rust-lang/crates-build-env/linux@sha256:4a844ea9eb2546a2d2c7022eacef16ef2e8229c7fbb2c7d4d55a9ceca922f72d" "/opt/rustwide/cargo-home/bin/cargo" "+nightly-2024-10-28" "metadata" "--no-deps" "--format-version=1", kill_on_drop: false }`
[INFO] [stdout] aa68da4f87122e94f20a52d418a326eba7c588db44b4099a1f62f06ab6a8fea0
[INFO] running `Command { std: "docker" "start" "-a" "aa68da4f87122e94f20a52d418a326eba7c588db44b4099a1f62f06ab6a8fea0", kill_on_drop: false }`
[INFO] running `Command { std: "docker" "inspect" "aa68da4f87122e94f20a52d418a326eba7c588db44b4099a1f62f06ab6a8fea0", kill_on_drop: false }`
[INFO] running `Command { std: "docker" "rm" "-f" "aa68da4f87122e94f20a52d418a326eba7c588db44b4099a1f62f06ab6a8fea0", kill_on_drop: false }`
[INFO] [stdout] aa68da4f87122e94f20a52d418a326eba7c588db44b4099a1f62f06ab6a8fea0
[INFO] running `Command { std: "docker" "create" "-v" "/var/lib/crater-agent-workspace/builds/worker-1-tc2/target:/opt/rustwide/target:rw,Z" "-v" "/var/lib/crater-agent-workspace/builds/worker-1-tc2/source:/opt/rustwide/workdir:ro,Z" "-v" "/var/lib/crater-agent-workspace/cargo-home:/opt/rustwide/cargo-home:ro,Z" "-v" "/var/lib/crater-agent-workspace/rustup-home:/opt/rustwide/rustup-home:ro,Z" "-e" "SOURCE_DIR=/opt/rustwide/workdir" "-e" "CARGO_TARGET_DIR=/opt/rustwide/target" "-e" "CARGO_INCREMENTAL=0" "-e" "RUST_BACKTRACE=full" "-e" "RUSTFLAGS=--cap-lints=forbid -Zrandomize-layout" "-e" "RUSTDOCFLAGS=--cap-lints=forbid" "-e" "CARGO_HOME=/opt/rustwide/cargo-home" "-e" "RUSTUP_HOME=/opt/rustwide/rustup-home" "-w" "/opt/rustwide/workdir" "-m" "1610612736" "--user" "0:0" "--network" "none" "ghcr.io/rust-lang/crates-build-env/linux@sha256:4a844ea9eb2546a2d2c7022eacef16ef2e8229c7fbb2c7d4d55a9ceca922f72d" "/opt/rustwide/cargo-home/bin/cargo" "+nightly-2024-10-28" "build" "--frozen" "--message-format=json", kill_on_drop: false }`
[INFO] [stdout] deac59c17268d5b1c6541a5f524dabdebd85f44d62377105e7baecbe5af4177a
[INFO] running `Command { std: "docker" "start" "-a" "deac59c17268d5b1c6541a5f524dabdebd85f44d62377105e7baecbe5af4177a", kill_on_drop: false }`
[INFO] [stderr]    Compiling libc v0.2.152
[INFO] [stderr]    Compiling readln v0.1.0 (/opt/rustwide/workdir)
[INFO] [stderr]     Finished `dev` profile [unoptimized + debuginfo] target(s) in 0.74s
[INFO] running `Command { std: "docker" "inspect" "deac59c17268d5b1c6541a5f524dabdebd85f44d62377105e7baecbe5af4177a", kill_on_drop: false }`
[INFO] running `Command { std: "docker" "rm" "-f" "deac59c17268d5b1c6541a5f524dabdebd85f44d62377105e7baecbe5af4177a", kill_on_drop: false }`
[INFO] [stdout] deac59c17268d5b1c6541a5f524dabdebd85f44d62377105e7baecbe5af4177a
[INFO] running `Command { std: "docker" "create" "-v" "/var/lib/crater-agent-workspace/builds/worker-1-tc2/target:/opt/rustwide/target:rw,Z" "-v" "/var/lib/crater-agent-workspace/builds/worker-1-tc2/source:/opt/rustwide/workdir:ro,Z" "-v" "/var/lib/crater-agent-workspace/cargo-home:/opt/rustwide/cargo-home:ro,Z" "-v" "/var/lib/crater-agent-workspace/rustup-home:/opt/rustwide/rustup-home:ro,Z" "-e" "SOURCE_DIR=/opt/rustwide/workdir" "-e" "CARGO_TARGET_DIR=/opt/rustwide/target" "-e" "CARGO_INCREMENTAL=0" "-e" "RUST_BACKTRACE=full" "-e" "RUSTFLAGS=--cap-lints=forbid -Zrandomize-layout" "-e" "RUSTDOCFLAGS=--cap-lints=forbid" "-e" "CARGO_HOME=/opt/rustwide/cargo-home" "-e" "RUSTUP_HOME=/opt/rustwide/rustup-home" "-w" "/opt/rustwide/workdir" "-m" "1610612736" "--user" "0:0" "--network" "none" "ghcr.io/rust-lang/crates-build-env/linux@sha256:4a844ea9eb2546a2d2c7022eacef16ef2e8229c7fbb2c7d4d55a9ceca922f72d" "/opt/rustwide/cargo-home/bin/cargo" "+nightly-2024-10-28" "test" "--frozen" "--no-run" "--message-format=json", kill_on_drop: false }`
[INFO] [stdout] b78b0af25db214edd1eeb3cb8584b9945494d4ffa06aedf12434f29c8cda8546
[INFO] running `Command { std: "docker" "start" "-a" "b78b0af25db214edd1eeb3cb8584b9945494d4ffa06aedf12434f29c8cda8546", kill_on_drop: false }`
[INFO] [stderr]    Compiling readln v0.1.0 (/opt/rustwide/workdir)
[INFO] [stderr]     Finished `test` profile [unoptimized + debuginfo] target(s) in 0.11s
[INFO] running `Command { std: "docker" "inspect" "b78b0af25db214edd1eeb3cb8584b9945494d4ffa06aedf12434f29c8cda8546", kill_on_drop: false }`
[INFO] running `Command { std: "docker" "rm" "-f" "b78b0af25db214edd1eeb3cb8584b9945494d4ffa06aedf12434f29c8cda8546", kill_on_drop: false }`
[INFO] [stdout] b78b0af25db214edd1eeb3cb8584b9945494d4ffa06aedf12434f29c8cda8546
[INFO] running `Command { std: "docker" "create" "-v" "/var/lib/crater-agent-workspace/builds/worker-1-tc2/target:/opt/rustwide/target:rw,Z" "-v" "/var/lib/crater-agent-workspace/builds/worker-1-tc2/source:/opt/rustwide/workdir:ro,Z" "-v" "/var/lib/crater-agent-workspace/cargo-home:/opt/rustwide/cargo-home:ro,Z" "-v" "/var/lib/crater-agent-workspace/rustup-home:/opt/rustwide/rustup-home:ro,Z" "-e" "SOURCE_DIR=/opt/rustwide/workdir" "-e" "CARGO_TARGET_DIR=/opt/rustwide/target" "-e" "CARGO_INCREMENTAL=0" "-e" "RUST_BACKTRACE=full" "-e" "RUSTFLAGS=--cap-lints=forbid -Zrandomize-layout" "-e" "RUSTDOCFLAGS=--cap-lints=forbid" "-e" "CARGO_HOME=/opt/rustwide/cargo-home" "-e" "RUSTUP_HOME=/opt/rustwide/rustup-home" "-w" "/opt/rustwide/workdir" "-m" "1610612736" "--user" "0:0" "--network" "none" "ghcr.io/rust-lang/crates-build-env/linux@sha256:4a844ea9eb2546a2d2c7022eacef16ef2e8229c7fbb2c7d4d55a9ceca922f72d" "/opt/rustwide/cargo-home/bin/cargo" "+nightly-2024-10-28" "test" "--frozen", kill_on_drop: false }`
[INFO] [stdout] 7a9d941c47aeee9d6ff3a31bc64ba7ca3221b6e9528d707ac64920d1d5fdde26
[INFO] running `Command { std: "docker" "start" "-a" "7a9d941c47aeee9d6ff3a31bc64ba7ca3221b6e9528d707ac64920d1d5fdde26", kill_on_drop: false }`
[INFO] [stderr]     Finished `test` profile [unoptimized + debuginfo] target(s) in 0.01s
[INFO] [stderr]      Running unittests src/lib.rs (/opt/rustwide/target/debug/deps/readln-fb67d2e483e80df1)
[INFO] [stdout] 
[INFO] [stdout] running 0 tests
[INFO] [stdout] 
[INFO] [stdout] test result: ok. 0 passed; 0 failed; 0 ignored; 0 measured; 0 filtered out; finished in 0.00s
[INFO] [stdout] 
[INFO] [stderr]      Running unittests src/bin.rs (/opt/rustwide/target/debug/deps/readln_bin-7e0c873ddeca5514)
[INFO] [stdout] 
[INFO] [stdout] running 0 tests
[INFO] [stdout] 
[INFO] [stdout] test result: ok. 0 passed; 0 failed; 0 ignored; 0 measured; 0 filtered out; finished in 0.00s
[INFO] [stdout] 
[INFO] [stderr]    Doc-tests readln
[INFO] [stdout] 
[INFO] [stdout] running 3 tests
[INFO] [stdout] test src/lib.rs - pushln (line 51) ... FAILED
[INFO] [stdout] test src/lib.rs - readch (line 206) ... FAILED
[INFO] [stdout] test src/lib.rs - readln (line 143) ... FAILED
[INFO] [stdout] 
[INFO] [stdout] failures:
[INFO] [stdout] 
[INFO] [stdout] ---- src/lib.rs - pushln (line 51) stdout ----
[INFO] [stdout] error[E0432]: unresolved import `your_crate_name`
[INFO] [stdout]  --> src/lib.rs:53:5
[INFO] [stdout]   |
[INFO] [stdout] 4 | use your_crate_name::{pushln, Key};
[INFO] [stdout]   |     ^^^^^^^^^^^^^^^ use of undeclared crate or module `your_crate_name`
[INFO] [stdout] 
[INFO] [stdout] error: aborting due to 1 previous error
[INFO] [stdout] 
[INFO] [stdout] For more information about this error, try `rustc --explain E0432`.
[INFO] [stdout] Couldn't compile the test.
[INFO] [stdout] ---- src/lib.rs - readch (line 206) stdout ----
[INFO] [stdout] error[E0432]: unresolved import `your_crate_name`
[INFO] [stdout]  --> src/lib.rs:208:5
[INFO] [stdout]   |
[INFO] [stdout] 4 | use your_crate_name::stdin_edit;
[INFO] [stdout]   |     ^^^^^^^^^^^^^^^ use of undeclared crate or module `your_crate_name`
[INFO] [stdout] 
[INFO] [stdout] error[E0425]: cannot find function `readch` in this scope
[INFO] [stdout]   --> src/lib.rs:214:11
[INFO] [stdout]    |
[INFO] [stdout] 10 |     match readch(&mut buffer, &mut cursor_position) {
[INFO] [stdout]    |           ^^^^^^ not found in this scope
[INFO] [stdout]    |
[INFO] [stdout] help: consider importing this function
[INFO] [stdout]    |
[INFO] [stdout] 2  + use readln::readch;
[INFO] [stdout]    |
[INFO] [stdout] 
[INFO] [stdout] error: aborting due to 2 previous errors
[INFO] [stdout] 
[INFO] [stdout] Some errors have detailed explanations: E0425, E0432.
[INFO] [stdout] For more information about an error, try `rustc --explain E0425`.
[INFO] [stdout] Couldn't compile the test.
[INFO] [stdout] ---- src/lib.rs - readln (line 143) stdout ----
[INFO] [stdout] error[E0423]: expected function, found crate `readln`
[INFO] [stdout]  --> src/lib.rs:149:7
[INFO] [stdout]   |
[INFO] [stdout] 9 | match readln("Enter your name: ", &mut input_buffer) {
[INFO] [stdout]   |       ^^^^^^ not a function
[INFO] [stdout]   |
[INFO] [stdout] help: consider importing this function instead
[INFO] [stdout]   |
[INFO] [stdout] 2 + use readln::readln;
[INFO] [stdout]   |
[INFO] [stdout] 
[INFO] [stdout] error: aborting due to 1 previous error
[INFO] [stdout] 
[INFO] [stdout] For more information about this error, try `rustc --explain E0423`.
[INFO] [stdout] Couldn't compile the test.
[INFO] [stdout] 
[INFO] [stdout] failures:
[INFO] [stdout]     src/lib.rs - pushln (line 51)
[INFO] [stdout]     src/lib.rs - readch (line 206)
[INFO] [stdout]     src/lib.rs - readln (line 143)
[INFO] [stdout] 
[INFO] [stdout] test result: FAILED. 0 passed; 3 failed; 0 ignored; 0 measured; 0 filtered out; finished in 0.04s
[INFO] [stdout] 
[INFO] [stderr] error: doctest failed, to rerun pass `--doc`
[INFO] running `Command { std: "docker" "inspect" "7a9d941c47aeee9d6ff3a31bc64ba7ca3221b6e9528d707ac64920d1d5fdde26", kill_on_drop: false }`
[INFO] running `Command { std: "docker" "rm" "-f" "7a9d941c47aeee9d6ff3a31bc64ba7ca3221b6e9528d707ac64920d1d5fdde26", kill_on_drop: false }`
[INFO] [stdout] 7a9d941c47aeee9d6ff3a31bc64ba7ca3221b6e9528d707ac64920d1d5fdde26
