[INFO] cloning repository https://github.com/Striker2783/advent-of-code-2023
[INFO] running `Command { std: "git" "-c" "credential.helper=" "-c" "credential.helper=/workspace/cargo-home/bin/git-credential-null" "clone" "--bare" "https://github.com/Striker2783/advent-of-code-2023" "/workspace/cache/git-repos/https%3A%2F%2Fgithub.com%2FStriker2783%2Fadvent-of-code-2023", kill_on_drop: false }`
[INFO] [stderr] Cloning into bare repository '/workspace/cache/git-repos/https%3A%2F%2Fgithub.com%2FStriker2783%2Fadvent-of-code-2023'...
[INFO] running `Command { std: "git" "rev-parse" "HEAD", kill_on_drop: false }`
[INFO] [stdout] 9211d34c6691329b4a2e95086278d17b558e3658
[INFO] testing Striker2783/advent-of-code-2023/9211d34c6691329b4a2e95086278d17b558e3658 against nightly-2024-10-28+rustflags=-Zrandomize-layout for randomize-layout
[INFO] running `Command { std: "git" "clone" "/workspace/cache/git-repos/https%3A%2F%2Fgithub.com%2FStriker2783%2Fadvent-of-code-2023" "/workspace/builds/worker-2-tc2/source", kill_on_drop: false }`
[INFO] [stderr] Cloning into '/workspace/builds/worker-2-tc2/source'...
[INFO] [stderr] done.
[INFO] validating manifest of git repo https://github.com/Striker2783/advent-of-code-2023 on toolchain nightly-2024-10-28
[INFO] running `Command { std: CARGO_HOME="/workspace/cargo-home" RUSTUP_HOME="/workspace/rustup-home" "/workspace/cargo-home/bin/cargo" "+nightly-2024-10-28" "metadata" "--manifest-path" "Cargo.toml" "--no-deps", kill_on_drop: false }`
[INFO] started tweaking git repo https://github.com/Striker2783/advent-of-code-2023
[INFO] finished tweaking git repo https://github.com/Striker2783/advent-of-code-2023
[INFO] tweaked toml for git repo https://github.com/Striker2783/advent-of-code-2023 written to /workspace/builds/worker-2-tc2/source/Cargo.toml
[INFO] crate git repo https://github.com/Striker2783/advent-of-code-2023 already has a lockfile, it will not be regenerated
[INFO] running `Command { std: CARGO_HOME="/workspace/cargo-home" RUSTUP_HOME="/workspace/rustup-home" "/workspace/cargo-home/bin/cargo" "+nightly-2024-10-28" "fetch" "--manifest-path" "Cargo.toml", kill_on_drop: false }`
[INFO] running `Command { std: "docker" "create" "-v" "/var/lib/crater-agent-workspace/builds/worker-2-tc2/target:/opt/rustwide/target:rw,Z" "-v" "/var/lib/crater-agent-workspace/builds/worker-2-tc2/source:/opt/rustwide/workdir:ro,Z" "-v" "/var/lib/crater-agent-workspace/cargo-home:/opt/rustwide/cargo-home:ro,Z" "-v" "/var/lib/crater-agent-workspace/rustup-home:/opt/rustwide/rustup-home:ro,Z" "-e" "SOURCE_DIR=/opt/rustwide/workdir" "-e" "CARGO_TARGET_DIR=/opt/rustwide/target" "-e" "CARGO_HOME=/opt/rustwide/cargo-home" "-e" "RUSTUP_HOME=/opt/rustwide/rustup-home" "-w" "/opt/rustwide/workdir" "-m" "1610612736" "--user" "0:0" "--network" "none" "ghcr.io/rust-lang/crates-build-env/linux@sha256:4a844ea9eb2546a2d2c7022eacef16ef2e8229c7fbb2c7d4d55a9ceca922f72d" "/opt/rustwide/cargo-home/bin/cargo" "+nightly-2024-10-28" "metadata" "--no-deps" "--format-version=1", kill_on_drop: false }`
[INFO] [stdout] 4c40f7b09d0ec6806b8d89d76fccb1f79cf1837f45bca0190c89d9828fab147d
[INFO] running `Command { std: "docker" "start" "-a" "4c40f7b09d0ec6806b8d89d76fccb1f79cf1837f45bca0190c89d9828fab147d", kill_on_drop: false }`
[INFO] running `Command { std: "docker" "inspect" "4c40f7b09d0ec6806b8d89d76fccb1f79cf1837f45bca0190c89d9828fab147d", kill_on_drop: false }`
[INFO] running `Command { std: "docker" "rm" "-f" "4c40f7b09d0ec6806b8d89d76fccb1f79cf1837f45bca0190c89d9828fab147d", kill_on_drop: false }`
[INFO] [stdout] 4c40f7b09d0ec6806b8d89d76fccb1f79cf1837f45bca0190c89d9828fab147d
[INFO] running `Command { std: "docker" "create" "-v" "/var/lib/crater-agent-workspace/builds/worker-2-tc2/target:/opt/rustwide/target:rw,Z" "-v" "/var/lib/crater-agent-workspace/builds/worker-2-tc2/source:/opt/rustwide/workdir:ro,Z" "-v" "/var/lib/crater-agent-workspace/cargo-home:/opt/rustwide/cargo-home:ro,Z" "-v" "/var/lib/crater-agent-workspace/rustup-home:/opt/rustwide/rustup-home:ro,Z" "-e" "SOURCE_DIR=/opt/rustwide/workdir" "-e" "CARGO_TARGET_DIR=/opt/rustwide/target" "-e" "CARGO_INCREMENTAL=0" "-e" "RUST_BACKTRACE=full" "-e" "RUSTFLAGS=--cap-lints=forbid -Zrandomize-layout" "-e" "RUSTDOCFLAGS=--cap-lints=forbid" "-e" "CARGO_HOME=/opt/rustwide/cargo-home" "-e" "RUSTUP_HOME=/opt/rustwide/rustup-home" "-w" "/opt/rustwide/workdir" "-m" "1610612736" "--user" "0:0" "--network" "none" "ghcr.io/rust-lang/crates-build-env/linux@sha256:4a844ea9eb2546a2d2c7022eacef16ef2e8229c7fbb2c7d4d55a9ceca922f72d" "/opt/rustwide/cargo-home/bin/cargo" "+nightly-2024-10-28" "build" "--frozen" "--message-format=json", kill_on_drop: false }`
[INFO] [stdout] 0554d7ac542b9d81e937fc92257456bf09b8b352a251087a39fcff29168f9cf4
[INFO] running `Command { std: "docker" "start" "-a" "0554d7ac542b9d81e937fc92257456bf09b8b352a251087a39fcff29168f9cf4", kill_on_drop: false }`
[INFO] [stderr]    Compiling autocfg v1.1.0
[INFO] [stderr]    Compiling num-traits v0.2.17
[INFO] [stderr]    Compiling num-integer v0.1.45
[INFO] [stderr]    Compiling num-bigint v0.4.4
[INFO] [stderr]    Compiling num-iter v0.1.43
[INFO] [stderr]    Compiling num-rational v0.4.1
[INFO] [stderr]    Compiling num-complex v0.4.4
[INFO] [stderr]    Compiling num v0.4.1
[INFO] [stderr]    Compiling advent2023 v0.1.0 (/opt/rustwide/workdir)
[INFO] [stdout] warning: unused import: `collections::HashMap`
[INFO] [stdout]  --> src/fourteen.rs:1:11
[INFO] [stdout]   |
[INFO] [stdout] 1 | use std::{collections::HashMap, error::Error, fs, path::Path};
[INFO] [stdout]   |           ^^^^^^^^^^^^^^^^^^^^
[INFO] [stdout]   |
[INFO] [stdout]   = note: `#[warn(unused_imports)]` on by default
[INFO] [stdout] 
[INFO] [stdout] 
[INFO] [stdout] warning: unused variable: `a`
[INFO] [stdout]  --> src/twenty.rs:9:9
[INFO] [stdout]   |
[INFO] [stdout] 9 |     let a = fs::read_to_string(path)?;
[INFO] [stdout]   |         ^ help: if this is intentional, prefix it with an underscore: `_a`
[INFO] [stdout]   |
[INFO] [stdout]   = note: `#[warn(unused_variables)]` on by default
[INFO] [stdout] 
[INFO] [stdout] 
[INFO] [stdout] warning: associated items `solve_one_naive`, `add_row`, `add_column`, and `graphic` are never used
[INFO] [stdout]    --> src/eighteen.rs:68:8
[INFO] [stdout]     |
[INFO] [stdout] 12  | impl Input {
[INFO] [stdout]     | ---------- associated items in this implementation
[INFO] [stdout] ...
[INFO] [stdout] 68  |     fn solve_one_naive(&self) -> u32 {
[INFO] [stdout]     |        ^^^^^^^^^^^^^^^
[INFO] [stdout] ...
[INFO] [stdout] 156 |     fn add_row(v: &mut Vec<Vec<bool>>, up: bool) {
[INFO] [stdout]     |        ^^^^^^^
[INFO] [stdout] ...
[INFO] [stdout] 169 |     fn add_column(v: &mut [Vec<bool>], left: bool) {
[INFO] [stdout]     |        ^^^^^^^^^^
[INFO] [stdout] ...
[INFO] [stdout] 178 |     fn graphic(v: &[Vec<bool>]) {
[INFO] [stdout]     |        ^^^^^^^
[INFO] [stdout]     |
[INFO] [stdout]     = note: `#[warn(dead_code)]` on by default
[INFO] [stdout] 
[INFO] [stdout] 
[INFO] [stdout] warning: associated function `pretty` is never used
[INFO] [stdout]   --> src/eleven.rs:51:8
[INFO] [stdout]    |
[INFO] [stdout] 12 | impl Input {
[INFO] [stdout]    | ---------- associated function in this implementation
[INFO] [stdout] ...
[INFO] [stdout] 51 |     fn pretty(a: &Vec<Vec<char>>) {
[INFO] [stdout]    |        ^^^^^^
[INFO] [stdout] 
[INFO] [stdout] 
[INFO] [stdout] warning: methods `solve_two` and `recursive_two` are never used
[INFO] [stdout]   --> src/five.rs:61:12
[INFO] [stdout]    |
[INFO] [stdout] 15 | impl Maps {
[INFO] [stdout]    | --------- methods in this implementation
[INFO] [stdout] ...
[INFO] [stdout] 61 |     pub fn solve_two(&self) -> u64 {
[INFO] [stdout]    |            ^^^^^^^^^
[INFO] [stdout] ...
[INFO] [stdout] 72 |     fn recursive_two(&self, range: (u64, u64), i: usize) -> u64 {
[INFO] [stdout]    |        ^^^^^^^^^^^^^
[INFO] [stdout] 
[INFO] [stdout] 
[INFO] [stdout] warning: function `split_range` is never used
[INFO] [stdout]   --> src/nineteen.rs:17:4
[INFO] [stdout]    |
[INFO] [stdout] 17 | fn split_range(a: Range<u32>, b: Range<u32>) -> (Range<u32>, Range<u32>, Range<u32>) {
[INFO] [stdout]    |    ^^^^^^^^^^^
[INFO] [stdout] 
[INFO] [stdout] 
[INFO] [stdout] warning: function `first_naive` is never used
[INFO] [stdout]   --> src/one.rs:49:4
[INFO] [stdout]    |
[INFO] [stdout] 49 | fn first_naive(input: &str) -> u32 {
[INFO] [stdout]    |    ^^^^^^^^^^^
[INFO] [stdout] 
[INFO] [stdout] 
[INFO] [stdout] warning: function `second_naive` is never used
[INFO] [stdout]   --> src/one.rs:63:4
[INFO] [stdout]    |
[INFO] [stdout] 63 | fn second_naive(input: &str) -> u32 {
[INFO] [stdout]    |    ^^^^^^^^^^^^
[INFO] [stdout] 
[INFO] [stdout] 
[INFO] [stdout] warning: associated function `pretty` is never used
[INFO] [stdout]   --> src/ten.rs:58:8
[INFO] [stdout]    |
[INFO] [stdout] 47 | impl Input {
[INFO] [stdout]    | ---------- associated function in this implementation
[INFO] [stdout] ...
[INFO] [stdout] 58 |     fn pretty(a: &Vec<Vec<Direction>>) {
[INFO] [stdout]    |        ^^^^^^
[INFO] [stdout] 
[INFO] [stdout] 
[INFO] [stdout] warning: associated functions `naive` and `works` are never used
[INFO] [stdout]    --> src/twelve.rs:86:8
[INFO] [stdout]     |
[INFO] [stdout] 11  | impl Input {
[INFO] [stdout]     | ---------- associated functions in this implementation
[INFO] [stdout] ...
[INFO] [stdout] 86  |     fn naive(a: &mut [char], b: &[u64], i: usize, map: &mut HashMap<Vec<char>, u64>) -> u64 {
[INFO] [stdout]     |        ^^^^^
[INFO] [stdout] ...
[INFO] [stdout] 104 |     fn works(c: &[char], n: &[u64]) -> bool {
[INFO] [stdout]     |        ^^^^^
[INFO] [stdout] 
[INFO] [stdout] 
[INFO] [stdout] warning: field `0` is never read
[INFO] [stdout]   --> src/twenty.rs:13:14
[INFO] [stdout]    |
[INFO] [stdout] 13 | struct Input(HashMap<String, Module>);
[INFO] [stdout]    |        ----- ^^^^^^^^^^^^^^^^^^^^^^^
[INFO] [stdout]    |        |
[INFO] [stdout]    |        field in this struct
[INFO] [stdout]    |
[INFO] [stdout]    = help: consider removing this field
[INFO] [stdout]    = note: `Input` has derived impls for the traits `Default`, `Clone`, and `Debug`, but these are intentionally ignored during dead code analysis
[INFO] [stdout] 
[INFO] [stdout] 
[INFO] [stdout] warning: methods `solve_one` and `press_button` are never used
[INFO] [stdout]   --> src/twenty.rs:15:8
[INFO] [stdout]    |
[INFO] [stdout] 14 | impl Input {
[INFO] [stdout]    | ---------- methods in this implementation
[INFO] [stdout] 15 |     fn solve_one(&self) -> u64 {
[INFO] [stdout]    |        ^^^^^^^^^
[INFO] [stdout] ...
[INFO] [stdout] 26 |     fn press_button(&mut self) -> (u64, u64) {
[INFO] [stdout]    |        ^^^^^^^^^^^^
[INFO] [stdout] 
[INFO] [stdout] 
[INFO] [stdout] warning: variant `High` is never constructed
[INFO] [stdout]   --> src/twenty.rs:64:5
[INFO] [stdout]    |
[INFO] [stdout] 62 | enum Pulse {
[INFO] [stdout]    |      ----- variant in this enum
[INFO] [stdout] 63 |     Low,
[INFO] [stdout] 64 |     High,
[INFO] [stdout]    |     ^^^^
[INFO] [stdout]    |
[INFO] [stdout]    = note: `Pulse` has derived impls for the traits `Clone` and `Debug`, but these are intentionally ignored during dead code analysis
[INFO] [stdout] 
[INFO] [stdout] 
[INFO] [stdout] warning: field `0` is never read
[INFO] [stdout]   --> src/twenty.rs:68:14
[INFO] [stdout]    |
[INFO] [stdout] 68 |     FlipFlop(bool),
[INFO] [stdout]    |     -------- ^^^^
[INFO] [stdout]    |     |
[INFO] [stdout]    |     field in this variant
[INFO] [stdout]    |
[INFO] [stdout]    = note: `Type` has derived impls for the traits `Clone` and `Debug`, but these are intentionally ignored during dead code analysis
[INFO] [stdout] help: consider changing the field to be of unit type to suppress this warning while preserving the field numbering, or remove the field
[INFO] [stdout]    |
[INFO] [stdout] 68 |     FlipFlop(()),
[INFO] [stdout]    |              ~~
[INFO] [stdout] 
[INFO] [stdout] 
[INFO] [stdout] warning: field `0` is never read
[INFO] [stdout]   --> src/twenty.rs:69:17
[INFO] [stdout]    |
[INFO] [stdout] 69 |     Conjunction(Pulse),
[INFO] [stdout]    |     ----------- ^^^^^
[INFO] [stdout]    |     |
[INFO] [stdout]    |     field in this variant
[INFO] [stdout]    |
[INFO] [stdout]    = note: `Type` has derived impls for the traits `Clone` and `Debug`, but these are intentionally ignored during dead code analysis
[INFO] [stdout] help: consider changing the field to be of unit type to suppress this warning while preserving the field numbering, or remove the field
[INFO] [stdout]    |
[INFO] [stdout] 69 |     Conjunction(()),
[INFO] [stdout]    |                 ~~
[INFO] [stdout] 
[INFO] [stdout] 
[INFO] [stdout] warning: method `get_pulse` is never used
[INFO] [stdout]   --> src/twenty.rs:79:8
[INFO] [stdout]    |
[INFO] [stdout] 78 | impl Module {
[INFO] [stdout]    | ----------- method in this implementation
[INFO] [stdout] 79 |     fn get_pulse(&mut self, pulse: Pulse) -> Option<Pulse> {
[INFO] [stdout]    |        ^^^^^^^^^
[INFO] [stdout] 
[INFO] [stdout] 
[INFO] [stdout] warning: function `cleaner` is never used
[INFO] [stdout]   --> src/two.rs:11:4
[INFO] [stdout]    |
[INFO] [stdout] 11 | fn cleaner(input: &str) -> (u32, u32) {
[INFO] [stdout]    |    ^^^^^^^
[INFO] [stdout] 
[INFO] [stdout] 
[INFO] [stderr]     Finished `dev` profile [unoptimized + debuginfo] target(s) in 3.04s
[INFO] running `Command { std: "docker" "inspect" "0554d7ac542b9d81e937fc92257456bf09b8b352a251087a39fcff29168f9cf4", kill_on_drop: false }`
[INFO] running `Command { std: "docker" "rm" "-f" "0554d7ac542b9d81e937fc92257456bf09b8b352a251087a39fcff29168f9cf4", kill_on_drop: false }`
[INFO] [stdout] 0554d7ac542b9d81e937fc92257456bf09b8b352a251087a39fcff29168f9cf4
[INFO] running `Command { std: "docker" "create" "-v" "/var/lib/crater-agent-workspace/builds/worker-2-tc2/target:/opt/rustwide/target:rw,Z" "-v" "/var/lib/crater-agent-workspace/builds/worker-2-tc2/source:/opt/rustwide/workdir:ro,Z" "-v" "/var/lib/crater-agent-workspace/cargo-home:/opt/rustwide/cargo-home:ro,Z" "-v" "/var/lib/crater-agent-workspace/rustup-home:/opt/rustwide/rustup-home:ro,Z" "-e" "SOURCE_DIR=/opt/rustwide/workdir" "-e" "CARGO_TARGET_DIR=/opt/rustwide/target" "-e" "CARGO_INCREMENTAL=0" "-e" "RUST_BACKTRACE=full" "-e" "RUSTFLAGS=--cap-lints=forbid -Zrandomize-layout" "-e" "RUSTDOCFLAGS=--cap-lints=forbid" "-e" "CARGO_HOME=/opt/rustwide/cargo-home" "-e" "RUSTUP_HOME=/opt/rustwide/rustup-home" "-w" "/opt/rustwide/workdir" "-m" "1610612736" "--user" "0:0" "--network" "none" "ghcr.io/rust-lang/crates-build-env/linux@sha256:4a844ea9eb2546a2d2c7022eacef16ef2e8229c7fbb2c7d4d55a9ceca922f72d" "/opt/rustwide/cargo-home/bin/cargo" "+nightly-2024-10-28" "test" "--frozen" "--no-run" "--message-format=json", kill_on_drop: false }`
[INFO] [stdout] cce3c368e9e42b21f9a41d2a86d79c0ac4f7f1e900a4e6f9dc580efd61035d18
[INFO] running `Command { std: "docker" "start" "-a" "cce3c368e9e42b21f9a41d2a86d79c0ac4f7f1e900a4e6f9dc580efd61035d18", kill_on_drop: false }`
[INFO] [stdout] warning: unused import: `collections::HashMap`
[INFO] [stdout]  --> src/fourteen.rs:1:11
[INFO] [stdout]   |
[INFO] [stdout] 1 | use std::{collections::HashMap, error::Error, fs, path::Path};
[INFO] [stdout]   |           ^^^^^^^^^^^^^^^^^^^^
[INFO] [stdout]   |
[INFO] [stdout]   = note: `#[warn(unused_imports)]` on by default
[INFO] [stdout] 
[INFO] [stdout] 
[INFO] [stdout] warning: unused variable: `a`
[INFO] [stdout]  --> src/twenty.rs:9:9
[INFO] [stdout]   |
[INFO] [stdout] 9 |     let a = fs::read_to_string(path)?;
[INFO] [stdout]   |         ^ help: if this is intentional, prefix it with an underscore: `_a`
[INFO] [stdout]   |
[INFO] [stdout]   = note: `#[warn(unused_variables)]` on by default
[INFO] [stdout] 
[INFO] [stdout] 
[INFO] [stdout] warning: associated items `solve_one_naive`, `add_row`, `add_column`, and `graphic` are never used
[INFO] [stdout]    --> src/eighteen.rs:68:8
[INFO] [stdout]     |
[INFO] [stdout] 12  | impl Input {
[INFO] [stdout]     | ---------- associated items in this implementation
[INFO] [stdout] ...
[INFO] [stdout] 68  |     fn solve_one_naive(&self) -> u32 {
[INFO] [stdout]     |        ^^^^^^^^^^^^^^^
[INFO] [stdout] ...
[INFO] [stdout] 156 |     fn add_row(v: &mut Vec<Vec<bool>>, up: bool) {
[INFO] [stdout]     |        ^^^^^^^
[INFO] [stdout] ...
[INFO] [stdout] 169 |     fn add_column(v: &mut [Vec<bool>], left: bool) {
[INFO] [stdout]     |        ^^^^^^^^^^
[INFO] [stdout] ...
[INFO] [stdout] 178 |     fn graphic(v: &[Vec<bool>]) {
[INFO] [stdout]     |        ^^^^^^^
[INFO] [stdout]     |
[INFO] [stdout]     = note: `#[warn(dead_code)]` on by default
[INFO] [stdout] 
[INFO] [stdout] 
[INFO] [stdout] warning: associated function `pretty` is never used
[INFO] [stdout]   --> src/eleven.rs:51:8
[INFO] [stdout]    |
[INFO] [stdout] 12 | impl Input {
[INFO] [stdout]    | ---------- associated function in this implementation
[INFO] [stdout] ...
[INFO] [stdout] 51 |     fn pretty(a: &Vec<Vec<char>>) {
[INFO] [stdout]    |        ^^^^^^
[INFO] [stdout] 
[INFO] [stdout] 
[INFO] [stdout] warning: methods `solve_two` and `recursive_two` are never used
[INFO] [stdout]   --> src/five.rs:61:12
[INFO] [stdout]    |
[INFO] [stdout] 15 | impl Maps {
[INFO] [stdout]    | --------- methods in this implementation
[INFO] [stdout] ...
[INFO] [stdout] 61 |     pub fn solve_two(&self) -> u64 {
[INFO] [stdout]    |            ^^^^^^^^^
[INFO] [stdout] ...
[INFO] [stdout] 72 |     fn recursive_two(&self, range: (u64, u64), i: usize) -> u64 {
[INFO] [stdout]    |        ^^^^^^^^^^^^^
[INFO] [stdout] 
[INFO] [stdout] 
[INFO] [stdout] warning: function `split_range` is never used
[INFO] [stdout]   --> src/nineteen.rs:17:4
[INFO] [stdout]    |
[INFO] [stdout] 17 | fn split_range(a: Range<u32>, b: Range<u32>) -> (Range<u32>, Range<u32>, Range<u32>) {
[INFO] [stdout]    |    ^^^^^^^^^^^
[INFO] [stdout] 
[INFO] [stdout] 
[INFO] [stdout] warning: function `first_naive` is never used
[INFO] [stdout]   --> src/one.rs:49:4
[INFO] [stdout]    |
[INFO] [stdout] 49 | fn first_naive(input: &str) -> u32 {
[INFO] [stdout]    |    ^^^^^^^^^^^
[INFO] [stdout] 
[INFO] [stdout] 
[INFO] [stdout] warning: function `second_naive` is never used
[INFO] [stdout]   --> src/one.rs:63:4
[INFO] [stdout]    |
[INFO] [stdout] 63 | fn second_naive(input: &str) -> u32 {
[INFO] [stdout]    |    ^^^^^^^^^^^^
[INFO] [stdout] 
[INFO] [stdout] 
[INFO] [stdout] warning: associated function `pretty` is never used
[INFO] [stdout]   --> src/ten.rs:58:8
[INFO] [stdout]    |
[INFO] [stdout] 47 | impl Input {
[INFO] [stdout]    | ---------- associated function in this implementation
[INFO] [stdout] ...
[INFO] [stdout] 58 |     fn pretty(a: &Vec<Vec<Direction>>) {
[INFO] [stdout]    |        ^^^^^^
[INFO] [stdout] 
[INFO] [stdout] 
[INFO] [stdout] warning: associated functions `naive` and `works` are never used
[INFO] [stdout]    --> src/twelve.rs:86:8
[INFO] [stdout]     |
[INFO] [stdout] 11  | impl Input {
[INFO] [stdout]     | ---------- associated functions in this implementation
[INFO] [stdout] ...
[INFO] [stdout] 86  |     fn naive(a: &mut [char], b: &[u64], i: usize, map: &mut HashMap<Vec<char>, u64>) -> u64 {
[INFO] [stdout]     |        ^^^^^
[INFO] [stdout] ...
[INFO] [stdout] 104 |     fn works(c: &[char], n: &[u64]) -> bool {
[INFO] [stdout]     |        ^^^^^
[INFO] [stdout] 
[INFO] [stdout] 
[INFO] [stdout] warning: field `0` is never read
[INFO] [stdout]   --> src/twenty.rs:13:14
[INFO] [stdout]    |
[INFO] [stdout] 13 | struct Input(HashMap<String, Module>);
[INFO] [stdout]    |        ----- ^^^^^^^^^^^^^^^^^^^^^^^
[INFO] [stdout]    |        |
[INFO] [stdout]    |        field in this struct
[INFO] [stdout]    |
[INFO] [stdout]    = help: consider removing this field
[INFO] [stdout]    = note: `Input` has derived impls for the traits `Default`, `Clone`, and `Debug`, but these are intentionally ignored during dead code analysis
[INFO] [stdout] 
[INFO] [stdout] 
[INFO] [stdout] warning: methods `solve_one` and `press_button` are never used
[INFO] [stdout]   --> src/twenty.rs:15:8
[INFO] [stdout]    |
[INFO] [stdout] 14 | impl Input {
[INFO] [stdout]    | ---------- methods in this implementation
[INFO] [stdout] 15 |     fn solve_one(&self) -> u64 {
[INFO] [stdout]    |        ^^^^^^^^^
[INFO] [stdout] ...
[INFO] [stdout] 26 |     fn press_button(&mut self) -> (u64, u64) {
[INFO] [stdout]    |        ^^^^^^^^^^^^
[INFO] [stdout] 
[INFO] [stdout] 
[INFO] [stdout] warning: variant `High` is never constructed
[INFO] [stdout]   --> src/twenty.rs:64:5
[INFO] [stdout]    |
[INFO] [stdout] 62 | enum Pulse {
[INFO] [stdout]    |      ----- variant in this enum
[INFO] [stdout] 63 |     Low,
[INFO] [stdout] 64 |     High,
[INFO] [stdout]    |     ^^^^
[INFO] [stdout]    |
[INFO] [stdout]    = note: `Pulse` has derived impls for the traits `Clone` and `Debug`, but these are intentionally ignored during dead code analysis
[INFO] [stdout] 
[INFO] [stdout] 
[INFO] [stdout] warning: field `0` is never read
[INFO] [stdout]   --> src/twenty.rs:68:14
[INFO] [stdout]    |
[INFO] [stdout] 68 |     FlipFlop(bool),
[INFO] [stdout]    |     -------- ^^^^
[INFO] [stdout]    |     |
[INFO] [stdout]    |     field in this variant
[INFO] [stdout]    |
[INFO] [stdout]    = note: `Type` has derived impls for the traits `Clone` and `Debug`, but these are intentionally ignored during dead code analysis
[INFO] [stdout] help: consider changing the field to be of unit type to suppress this warning while preserving the field numbering, or remove the field
[INFO] [stdout]    |
[INFO] [stdout] 68 |     FlipFlop(()),
[INFO] [stdout]    |              ~~
[INFO] [stdout] 
[INFO] [stdout] 
[INFO] [stderr]    Compiling advent2023 v0.1.0 (/opt/rustwide/workdir)
[INFO] [stdout] warning: field `0` is never read
[INFO] [stdout]   --> src/twenty.rs:69:17
[INFO] [stdout]    |
[INFO] [stdout] 69 |     Conjunction(Pulse),
[INFO] [stdout]    |     ----------- ^^^^^
[INFO] [stdout]    |     |
[INFO] [stdout]    |     field in this variant
[INFO] [stdout]    |
[INFO] [stdout]    = note: `Type` has derived impls for the traits `Clone` and `Debug`, but these are intentionally ignored during dead code analysis
[INFO] [stdout] help: consider changing the field to be of unit type to suppress this warning while preserving the field numbering, or remove the field
[INFO] [stdout]    |
[INFO] [stdout] 69 |     Conjunction(()),
[INFO] [stdout]    |                 ~~
[INFO] [stdout] 
[INFO] [stdout] 
[INFO] [stdout] warning: method `get_pulse` is never used
[INFO] [stdout]   --> src/twenty.rs:79:8
[INFO] [stdout]    |
[INFO] [stdout] 78 | impl Module {
[INFO] [stdout]    | ----------- method in this implementation
[INFO] [stdout] 79 |     fn get_pulse(&mut self, pulse: Pulse) -> Option<Pulse> {
[INFO] [stdout]    |        ^^^^^^^^^
[INFO] [stdout] 
[INFO] [stdout] 
[INFO] [stdout] warning: function `cleaner` is never used
[INFO] [stdout]   --> src/two.rs:11:4
[INFO] [stdout]    |
[INFO] [stdout] 11 | fn cleaner(input: &str) -> (u32, u32) {
[INFO] [stdout]    |    ^^^^^^^
[INFO] [stdout] 
[INFO] [stdout] 
[INFO] [stdout] warning: unused import: `collections::HashMap`
[INFO] [stdout]  --> src/fourteen.rs:1:11
[INFO] [stdout]   |
[INFO] [stdout] 1 | use std::{collections::HashMap, error::Error, fs, path::Path};
[INFO] [stdout]   |           ^^^^^^^^^^^^^^^^^^^^
[INFO] [stdout]   |
[INFO] [stdout]   = note: `#[warn(unused_imports)]` on by default
[INFO] [stdout] 
[INFO] [stdout] 
[INFO] [stdout] warning: unused variable: `a`
[INFO] [stdout]  --> src/twenty.rs:9:9
[INFO] [stdout]   |
[INFO] [stdout] 9 |     let a = fs::read_to_string(path)?;
[INFO] [stdout]   |         ^ help: if this is intentional, prefix it with an underscore: `_a`
[INFO] [stdout]   |
[INFO] [stdout]   = note: `#[warn(unused_variables)]` on by default
[INFO] [stdout] 
[INFO] [stdout] 
[INFO] [stdout] warning: associated items `solve_one_naive`, `add_row`, `add_column`, and `graphic` are never used
[INFO] [stdout]    --> src/eighteen.rs:68:8
[INFO] [stdout]     |
[INFO] [stdout] 12  | impl Input {
[INFO] [stdout]     | ---------- associated items in this implementation
[INFO] [stdout] ...
[INFO] [stdout] 68  |     fn solve_one_naive(&self) -> u32 {
[INFO] [stdout]     |        ^^^^^^^^^^^^^^^
[INFO] [stdout] ...
[INFO] [stdout] 156 |     fn add_row(v: &mut Vec<Vec<bool>>, up: bool) {
[INFO] [stdout]     |        ^^^^^^^
[INFO] [stdout] ...
[INFO] [stdout] 169 |     fn add_column(v: &mut [Vec<bool>], left: bool) {
[INFO] [stdout]     |        ^^^^^^^^^^
[INFO] [stdout] ...
[INFO] [stdout] 178 |     fn graphic(v: &[Vec<bool>]) {
[INFO] [stdout]     |        ^^^^^^^
[INFO] [stdout]     |
[INFO] [stdout]     = note: `#[warn(dead_code)]` on by default
[INFO] [stdout] 
[INFO] [stdout] 
[INFO] [stdout] warning: associated function `pretty` is never used
[INFO] [stdout]   --> src/eleven.rs:51:8
[INFO] [stdout]    |
[INFO] [stdout] 12 | impl Input {
[INFO] [stdout]    | ---------- associated function in this implementation
[INFO] [stdout] ...
[INFO] [stdout] 51 |     fn pretty(a: &Vec<Vec<char>>) {
[INFO] [stdout]    |        ^^^^^^
[INFO] [stdout] 
[INFO] [stdout] 
[INFO] [stdout] warning: function `split_range` is never used
[INFO] [stdout]   --> src/nineteen.rs:17:4
[INFO] [stdout]    |
[INFO] [stdout] 17 | fn split_range(a: Range<u32>, b: Range<u32>) -> (Range<u32>, Range<u32>, Range<u32>) {
[INFO] [stdout]    |    ^^^^^^^^^^^
[INFO] [stdout] 
[INFO] [stdout] 
[INFO] [stdout] warning: function `first_naive` is never used
[INFO] [stdout]   --> src/one.rs:49:4
[INFO] [stdout]    |
[INFO] [stdout] 49 | fn first_naive(input: &str) -> u32 {
[INFO] [stdout]    |    ^^^^^^^^^^^
[INFO] [stdout] 
[INFO] [stdout] 
[INFO] [stdout] warning: function `second_naive` is never used
[INFO] [stdout]   --> src/one.rs:63:4
[INFO] [stdout]    |
[INFO] [stdout] 63 | fn second_naive(input: &str) -> u32 {
[INFO] [stdout]    |    ^^^^^^^^^^^^
[INFO] [stdout] 
[INFO] [stdout] 
[INFO] [stdout] warning: associated function `pretty` is never used
[INFO] [stdout]   --> src/ten.rs:58:8
[INFO] [stdout]    |
[INFO] [stdout] 47 | impl Input {
[INFO] [stdout]    | ---------- associated function in this implementation
[INFO] [stdout] ...
[INFO] [stdout] 58 |     fn pretty(a: &Vec<Vec<Direction>>) {
[INFO] [stdout]    |        ^^^^^^
[INFO] [stdout] 
[INFO] [stdout] 
[INFO] [stdout] warning: associated functions `naive` and `works` are never used
[INFO] [stdout]    --> src/twelve.rs:86:8
[INFO] [stdout]     |
[INFO] [stdout] 11  | impl Input {
[INFO] [stdout]     | ---------- associated functions in this implementation
[INFO] [stdout] ...
[INFO] [stdout] 86  |     fn naive(a: &mut [char], b: &[u64], i: usize, map: &mut HashMap<Vec<char>, u64>) -> u64 {
[INFO] [stdout]     |        ^^^^^
[INFO] [stdout] ...
[INFO] [stdout] 104 |     fn works(c: &[char], n: &[u64]) -> bool {
[INFO] [stdout]     |        ^^^^^
[INFO] [stdout] 
[INFO] [stdout] 
[INFO] [stdout] warning: function `cleaner` is never used
[INFO] [stdout]   --> src/two.rs:11:4
[INFO] [stdout]    |
[INFO] [stdout] 11 | fn cleaner(input: &str) -> (u32, u32) {
[INFO] [stdout]    |    ^^^^^^^
[INFO] [stdout] 
[INFO] [stdout] 
[INFO] [stderr]     Finished `test` profile [unoptimized + debuginfo] target(s) in 0.86s
[INFO] running `Command { std: "docker" "inspect" "cce3c368e9e42b21f9a41d2a86d79c0ac4f7f1e900a4e6f9dc580efd61035d18", kill_on_drop: false }`
[INFO] running `Command { std: "docker" "rm" "-f" "cce3c368e9e42b21f9a41d2a86d79c0ac4f7f1e900a4e6f9dc580efd61035d18", kill_on_drop: false }`
[INFO] [stdout] cce3c368e9e42b21f9a41d2a86d79c0ac4f7f1e900a4e6f9dc580efd61035d18
[INFO] running `Command { std: "docker" "create" "-v" "/var/lib/crater-agent-workspace/builds/worker-2-tc2/target:/opt/rustwide/target:rw,Z" "-v" "/var/lib/crater-agent-workspace/builds/worker-2-tc2/source:/opt/rustwide/workdir:ro,Z" "-v" "/var/lib/crater-agent-workspace/cargo-home:/opt/rustwide/cargo-home:ro,Z" "-v" "/var/lib/crater-agent-workspace/rustup-home:/opt/rustwide/rustup-home:ro,Z" "-e" "SOURCE_DIR=/opt/rustwide/workdir" "-e" "CARGO_TARGET_DIR=/opt/rustwide/target" "-e" "CARGO_INCREMENTAL=0" "-e" "RUST_BACKTRACE=full" "-e" "RUSTFLAGS=--cap-lints=forbid -Zrandomize-layout" "-e" "RUSTDOCFLAGS=--cap-lints=forbid" "-e" "CARGO_HOME=/opt/rustwide/cargo-home" "-e" "RUSTUP_HOME=/opt/rustwide/rustup-home" "-w" "/opt/rustwide/workdir" "-m" "1610612736" "--user" "0:0" "--network" "none" "ghcr.io/rust-lang/crates-build-env/linux@sha256:4a844ea9eb2546a2d2c7022eacef16ef2e8229c7fbb2c7d4d55a9ceca922f72d" "/opt/rustwide/cargo-home/bin/cargo" "+nightly-2024-10-28" "test" "--frozen", kill_on_drop: false }`
[INFO] [stdout] 56b141cc89f71aa1c0a96a26c1f2206ad572b7dd4d7b786df751994f8e03fc57
[INFO] running `Command { std: "docker" "start" "-a" "56b141cc89f71aa1c0a96a26c1f2206ad572b7dd4d7b786df751994f8e03fc57", kill_on_drop: false }`
[INFO] [stderr] warning: unused import: `collections::HashMap`
[INFO] [stderr]  --> src/fourteen.rs:1:11
[INFO] [stderr]   |
[INFO] [stderr] 1 | use std::{collections::HashMap, error::Error, fs, path::Path};
[INFO] [stderr]   |           ^^^^^^^^^^^^^^^^^^^^
[INFO] [stderr]   |
[INFO] [stderr]   = note: `#[warn(unused_imports)]` on by default
[INFO] [stderr] 
[INFO] [stderr] warning: unused variable: `a`
[INFO] [stderr]  --> src/twenty.rs:9:9
[INFO] [stderr]   |
[INFO] [stderr] 9 |     let a = fs::read_to_string(path)?;
[INFO] [stderr]   |         ^ help: if this is intentional, prefix it with an underscore: `_a`
[INFO] [stderr]   |
[INFO] [stderr]   = note: `#[warn(unused_variables)]` on by default
[INFO] [stderr] 
[INFO] [stderr] warning: associated items `solve_one_naive`, `add_row`, `add_column`, and `graphic` are never used
[INFO] [stderr]    --> src/eighteen.rs:68:8
[INFO] [stderr]     |
[INFO] [stderr] 12  | impl Input {
[INFO] [stderr]     | ---------- associated items in this implementation
[INFO] [stderr] ...
[INFO] [stderr] 68  |     fn solve_one_naive(&self) -> u32 {
[INFO] [stderr]     |        ^^^^^^^^^^^^^^^
[INFO] [stderr] ...
[INFO] [stderr] 156 |     fn add_row(v: &mut Vec<Vec<bool>>, up: bool) {
[INFO] [stderr]     |        ^^^^^^^
[INFO] [stderr] ...
[INFO] [stderr] 169 |     fn add_column(v: &mut [Vec<bool>], left: bool) {
[INFO] [stderr]     |        ^^^^^^^^^^
[INFO] [stderr] ...
[INFO] [stderr] 178 |     fn graphic(v: &[Vec<bool>]) {
[INFO] [stderr]     |        ^^^^^^^
[INFO] [stderr]     |
[INFO] [stderr]     = note: `#[warn(dead_code)]` on by default
[INFO] [stderr] 
[INFO] [stderr] warning: associated function `pretty` is never used
[INFO] [stderr]   --> src/eleven.rs:51:8
[INFO] [stderr]    |
[INFO] [stderr] 12 | impl Input {
[INFO] [stderr]    | ---------- associated function in this implementation
[INFO] [stderr] ...
[INFO] [stderr] 51 |     fn pretty(a: &Vec<Vec<char>>) {
[INFO] [stderr]    |        ^^^^^^
[INFO] [stderr] 
[INFO] [stderr] warning: methods `solve_two` and `recursive_two` are never used
[INFO] [stderr]   --> src/five.rs:61:12
[INFO] [stderr]    |
[INFO] [stderr] 15 | impl Maps {
[INFO] [stderr]    | --------- methods in this implementation
[INFO] [stderr] ...
[INFO] [stderr] 61 |     pub fn solve_two(&self) -> u64 {
[INFO] [stderr]    |            ^^^^^^^^^
[INFO] [stderr] ...
[INFO] [stderr] 72 |     fn recursive_two(&self, range: (u64, u64), i: usize) -> u64 {
[INFO] [stderr]    |        ^^^^^^^^^^^^^
[INFO] [stderr] 
[INFO] [stderr] warning: function `split_range` is never used
[INFO] [stderr]   --> src/nineteen.rs:17:4
[INFO] [stderr]    |
[INFO] [stderr] 17 | fn split_range(a: Range<u32>, b: Range<u32>) -> (Range<u32>, Range<u32>, Range<u32>) {
[INFO] [stderr]    |    ^^^^^^^^^^^
[INFO] [stderr] 
[INFO] [stderr] warning: function `first_naive` is never used
[INFO] [stderr]   --> src/one.rs:49:4
[INFO] [stderr]    |
[INFO] [stderr] 49 | fn first_naive(input: &str) -> u32 {
[INFO] [stderr]    |    ^^^^^^^^^^^
[INFO] [stderr] 
[INFO] [stderr] warning: function `second_naive` is never used
[INFO] [stderr]   --> src/one.rs:63:4
[INFO] [stderr]    |
[INFO] [stderr] 63 | fn second_naive(input: &str) -> u32 {
[INFO] [stderr]    |    ^^^^^^^^^^^^
[INFO] [stderr] 
[INFO] [stderr] warning: associated function `pretty` is never used
[INFO] [stderr]   --> src/ten.rs:58:8
[INFO] [stderr]    |
[INFO] [stderr] 47 | impl Input {
[INFO] [stderr]    | ---------- associated function in this implementation
[INFO] [stderr] ...
[INFO] [stderr] 58 |     fn pretty(a: &Vec<Vec<Direction>>) {
[INFO] [stderr]    |        ^^^^^^
[INFO] [stderr] 
[INFO] [stderr] warning: associated functions `naive` and `works` are never used
[INFO] [stderr]    --> src/twelve.rs:86:8
[INFO] [stderr]     |
[INFO] [stderr] 11  | impl Input {
[INFO] [stderr]     | ---------- associated functions in this implementation
[INFO] [stderr] ...
[INFO] [stderr] 86  |     fn naive(a: &mut [char], b: &[u64], i: usize, map: &mut HashMap<Vec<char>, u64>) -> u64 {
[INFO] [stderr]     |        ^^^^^
[INFO] [stderr] ...
[INFO] [stderr] 104 |     fn works(c: &[char], n: &[u64]) -> bool {
[INFO] [stderr]     |        ^^^^^
[INFO] [stderr] 
[INFO] [stderr] warning: field `0` is never read
[INFO] [stderr]   --> src/twenty.rs:13:14
[INFO] [stderr]    |
[INFO] [stderr] 13 | struct Input(HashMap<String, Module>);
[INFO] [stderr]    |        ----- ^^^^^^^^^^^^^^^^^^^^^^^
[INFO] [stderr]    |        |
[INFO] [stderr]    |        field in this struct
[INFO] [stderr]    |
[INFO] [stderr]    = help: consider removing this field
[INFO] [stderr]    = note: `Input` has derived impls for the traits `Default`, `Clone`, and `Debug`, but these are intentionally ignored during dead code analysis
[INFO] [stderr] 
[INFO] [stderr] warning: methods `solve_one` and `press_button` are never used
[INFO] [stderr]   --> src/twenty.rs:15:8
[INFO] [stderr]    |
[INFO] [stderr] 14 | impl Input {
[INFO] [stderr]    | ---------- methods in this implementation
[INFO] [stderr] 15 |     fn solve_one(&self) -> u64 {
[INFO] [stderr]    |        ^^^^^^^^^
[INFO] [stderr] ...
[INFO] [stderr] 26 |     fn press_button(&mut self) -> (u64, u64) {
[INFO] [stderr]    |        ^^^^^^^^^^^^
[INFO] [stderr] 
[INFO] [stderr] warning: variant `High` is never constructed
[INFO] [stderr]   --> src/twenty.rs:64:5
[INFO] [stderr]    |
[INFO] [stderr] 62 | enum Pulse {
[INFO] [stderr]    |      ----- variant in this enum
[INFO] [stderr] 63 |     Low,
[INFO] [stderr] 64 |     High,
[INFO] [stderr]    |     ^^^^
[INFO] [stderr]    |
[INFO] [stderr]    = note: `Pulse` has derived impls for the traits `Clone` and `Debug`, but these are intentionally ignored during dead code analysis
[INFO] [stderr] 
[INFO] [stderr] warning: field `0` is never read
[INFO] [stderr]   --> src/twenty.rs:68:14
[INFO] [stderr]    |
[INFO] [stderr] 68 |     FlipFlop(bool),
[INFO] [stderr]    |     -------- ^^^^
[INFO] [stderr]    |     |
[INFO] [stderr]    |     field in this variant
[INFO] [stderr]    |
[INFO] [stderr]    = note: `Type` has derived impls for the traits `Clone` and `Debug`, but these are intentionally ignored during dead code analysis
[INFO] [stderr] help: consider changing the field to be of unit type to suppress this warning while preserving the field numbering, or remove the field
[INFO] [stderr]    |
[INFO] [stderr] 68 |     FlipFlop(()),
[INFO] [stderr]    |              ~~
[INFO] [stderr] 
[INFO] [stderr] warning: field `0` is never read
[INFO] [stderr]   --> src/twenty.rs:69:17
[INFO] [stderr]    |
[INFO] [stderr] 69 |     Conjunction(Pulse),
[INFO] [stderr]    |     ----------- ^^^^^
[INFO] [stderr]    |     |
[INFO] [stderr]    |     field in this variant
[INFO] [stderr]    |
[INFO] [stderr]    = note: `Type` has derived impls for the traits `Clone` and `Debug`, but these are intentionally ignored during dead code analysis
[INFO] [stderr] help: consider changing the field to be of unit type to suppress this warning while preserving the field numbering, or remove the field
[INFO] [stderr]    |
[INFO] [stderr] 69 |     Conjunction(()),
[INFO] [stderr]    |                 ~~
[INFO] [stderr] 
[INFO] [stderr] warning: method `get_pulse` is never used
[INFO] [stderr]   --> src/twenty.rs:79:8
[INFO] [stderr]    |
[INFO] [stderr] 78 | impl Module {
[INFO] [stderr]    | ----------- method in this implementation
[INFO] [stderr] 79 |     fn get_pulse(&mut self, pulse: Pulse) -> Option<Pulse> {
[INFO] [stderr]    |        ^^^^^^^^^
[INFO] [stderr] 
[INFO] [stderr] warning: function `cleaner` is never used
[INFO] [stderr]   --> src/two.rs:11:4
[INFO] [stderr]    |
[INFO] [stderr] 11 | fn cleaner(input: &str) -> (u32, u32) {
[INFO] [stderr]    |    ^^^^^^^
[INFO] [stderr] 
[INFO] [stderr] warning: `advent2023` (lib) generated 17 warnings (run `cargo fix --lib -p advent2023` to apply 1 suggestion)
[INFO] [stderr] warning: `advent2023` (lib test) generated 10 warnings (10 duplicates)
[INFO] [stderr]     Finished `test` profile [unoptimized + debuginfo] target(s) in 0.01s
[INFO] [stderr]      Running unittests src/lib.rs (/opt/rustwide/target/debug/deps/advent2023-9d3ea416a8e552eb)
[INFO] [stdout] 
[INFO] [stdout] running 40 tests
[INFO] [stdout] test eight::tests::solve_one ... ok
[INFO] [stdout] test eight::tests::solve_two ... ok
[INFO] [stdout] test eighteen::tests::one ... ok
[INFO] [stdout] test eighteen::tests::two ... ok
[INFO] [stdout] test eleven::tests::one ... ok
[INFO] [stdout] test eleven::tests::two ... ok
[INFO] [stdout] test fifteen::tests::test_one ... ok
[INFO] [stdout] test five::tests::test_solve_one ... ok
[INFO] [stdout] test fifteen::tests::test_two ... ok
[INFO] [stdout] test four::test::test_solve_one ... ok
[INFO] [stdout] test fourteen::tests::one ... ok
[INFO] [stdout] test four::test::test_solve_two ... ok
[INFO] [stdout] test nine::tests::test_one ... ok
[INFO] [stdout] test one::tests::test_calibration ... ok
[INFO] [stdout] test one::tests::test_calibration_two ... ok
[INFO] [stdout] test nineteen::tests::one ... ok
[INFO] [stdout] test one::tests::test_first ... ok
[INFO] [stdout] test fourteen::tests::two ... ok
[INFO] [stdout] test nineteen::tests::two ... ok
[INFO] [stdout] test one::tests::test_second ... ok
[INFO] [stdout] test seven::tests::test_two ... ok
[INFO] [stdout] test nine::tests::test_two ... ok
[INFO] [stdout] test seven::tests::test_one ... ok
[INFO] [stdout] test six::tests::solve_one ... ok
[INFO] [stdout] test ten::tests::one ... ok
[INFO] [stdout] test sixteen::tests::one ... ok
[INFO] [stdout] test thirteen::tests::test_one ... ok
[INFO] [stdout] test three::tests::test_solve_one ... ok
[INFO] [stdout] test three::tests::test_solve_two ... ok
[INFO] [stdout] test twelve::tests::one ... ok
[INFO] [stdout] test six::tests::solve_two ... ok
[INFO] [stdout] test two::tests::test_solve_one ... ok
[INFO] [stdout] test two::tests::test_solve_two ... ok
[INFO] [stdout] test sixteen::tests::two ... ok
[INFO] [stdout] test seventeen::tests::two ... ok
[INFO] [stdout] test seventeen::tests::one ... ok
[INFO] [stdout] test twelve::tests::two ... ok
[INFO] [stdout] test five::tests::test_solve_two ... FAILED
[INFO] [stdout] test ten::tests::two ... FAILED
[INFO] [stdout] test twenty::tests::one ... FAILED
[INFO] [stdout] 
[INFO] [stdout] failures:
[INFO] [stdout] 
[INFO] [stdout] ---- five::tests::test_solve_two stdout ----
[INFO] [stdout] thread 'five::tests::test_solve_two' panicked at src/five.rs:138:9:
[INFO] [stdout] assertion `left == right` failed
[INFO] [stdout]   left: 18446744073709551615
[INFO] [stdout]  right: 46
[INFO] [stdout] stack backtrace:
[INFO] [stdout]    0:     0x5ed4526038ba - std::backtrace_rs::backtrace::libunwind::trace::h207520d6e9873551
[INFO] [stdout]                                at /rustc/df4ca44d3fbc9301ee17f30f4d474e6ae4b05252/library/std/src/../../backtrace/src/backtrace/libunwind.rs:116:5
[INFO] [stdout]    1:     0x5ed4526038ba - std::backtrace_rs::backtrace::trace_unsynchronized::h2ed7433f370e3eca
[INFO] [stdout]                                at /rustc/df4ca44d3fbc9301ee17f30f4d474e6ae4b05252/library/std/src/../../backtrace/src/backtrace/mod.rs:66:5
[INFO] [stdout]    2:     0x5ed4526038ba - std::sys::backtrace::_print_fmt::h916fac51166b18d7
[INFO] [stdout]                                at /rustc/df4ca44d3fbc9301ee17f30f4d474e6ae4b05252/library/std/src/sys/backtrace.rs:66:9
[INFO] [stdout]    3:     0x5ed4526038ba - <std::sys::backtrace::BacktraceLock::print::DisplayBacktrace as core::fmt::Display>::fmt::ha0a4c9b8ce3802e6
[INFO] [stdout]                                at /rustc/df4ca44d3fbc9301ee17f30f4d474e6ae4b05252/library/std/src/sys/backtrace.rs:39:26
[INFO] [stdout]    4:     0x5ed452629f43 - core::fmt::rt::Argument::fmt::h4cfc8587d52b3eb5
[INFO] [stdout]                                at /rustc/df4ca44d3fbc9301ee17f30f4d474e6ae4b05252/library/core/src/fmt/rt.rs:177:76
[INFO] [stdout]    5:     0x5ed452629f43 - core::fmt::write::h522cc39e5b36ae9f
[INFO] [stdout]                                at /rustc/df4ca44d3fbc9301ee17f30f4d474e6ae4b05252/library/core/src/fmt/mod.rs:1190:21
[INFO] [stdout]    6:     0x5ed452600523 - std::io::Write::write_fmt::h7d3c26752da97734
[INFO] [stdout]                                at /rustc/df4ca44d3fbc9301ee17f30f4d474e6ae4b05252/library/std/src/io/mod.rs:1839:15
[INFO] [stdout]    7:     0x5ed452603702 - std::sys::backtrace::BacktraceLock::print::h4b9e00b29e9c0942
[INFO] [stdout]                                at /rustc/df4ca44d3fbc9301ee17f30f4d474e6ae4b05252/library/std/src/sys/backtrace.rs:42:9
[INFO] [stdout]    8:     0x5ed452604d4a - std::panicking::default_hook::{{closure}}::hb59b88280d0324d9
[INFO] [stdout]                                at /rustc/df4ca44d3fbc9301ee17f30f4d474e6ae4b05252/library/std/src/panicking.rs:268:22
[INFO] [stdout]    9:     0x5ed452604b54 - std::panicking::default_hook::he1dd496665be4a29
[INFO] [stdout]                                at /rustc/df4ca44d3fbc9301ee17f30f4d474e6ae4b05252/library/std/src/panicking.rs:292:9
[INFO] [stdout]   10:     0x5ed4525ce949 - <alloc::boxed::Box<F,A> as core::ops::function::Fn<Args>>::call::h4ff71de18744e1dc
[INFO] [stdout]                                at /rustc/df4ca44d3fbc9301ee17f30f4d474e6ae4b05252/library/alloc/src/boxed.rs:2468:9
[INFO] [stdout]   11:     0x5ed4525ce949 - test::test_main::{{closure}}::hcf7c055ce117aa81
[INFO] [stdout]                                at /rustc/df4ca44d3fbc9301ee17f30f4d474e6ae4b05252/library/test/src/lib.rs:133:21
[INFO] [stdout]   12:     0x5ed452605448 - <alloc::boxed::Box<F,A> as core::ops::function::Fn<Args>>::call::h1d66c6bbd60c9692
[INFO] [stdout]                                at /rustc/df4ca44d3fbc9301ee17f30f4d474e6ae4b05252/library/alloc/src/boxed.rs:2468:9
[INFO] [stdout]   13:     0x5ed452605448 - std::panicking::rust_panic_with_hook::h2ff17fe8f26dfcf8
[INFO] [stdout]                                at /rustc/df4ca44d3fbc9301ee17f30f4d474e6ae4b05252/library/std/src/panicking.rs:809:13
[INFO] [stdout]   14:     0x5ed45260520a - std::panicking::begin_panic_handler::{{closure}}::h4fad77951c07e101
[INFO] [stdout]                                at /rustc/df4ca44d3fbc9301ee17f30f4d474e6ae4b05252/library/std/src/panicking.rs:674:13
[INFO] [stdout]   15:     0x5ed452603d99 - std::sys::backtrace::__rust_end_short_backtrace::hb1a25b3da5d0ea08
[INFO] [stdout]                                at /rustc/df4ca44d3fbc9301ee17f30f4d474e6ae4b05252/library/std/src/sys/backtrace.rs:170:18
[INFO] [stdout]   16:     0x5ed452604e9c - rust_begin_unwind
[INFO] [stdout]                                at /rustc/df4ca44d3fbc9301ee17f30f4d474e6ae4b05252/library/std/src/panicking.rs:665:5
[INFO] [stdout]   17:     0x5ed452628940 - core::panicking::panic_fmt::ha9db07b529f9b256
[INFO] [stdout]                                at /rustc/df4ca44d3fbc9301ee17f30f4d474e6ae4b05252/library/core/src/panicking.rs:75:14
[INFO] [stdout]   18:     0x5ed452628d0b - core::panicking::assert_failed_inner::h04f38944d74a80a8
[INFO] [stdout]   19:     0x5ed452618c25 - core::panicking::assert_failed::h6dfbfad828d2743d
[INFO] [stdout]   20:     0x5ed4525831d0 - advent2023::five::tests::test_solve_two::h3f5a0aaec2096403
[INFO] [stdout]                                at /opt/rustwide/workdir/src/five.rs:138:9
[INFO] [stdout]   21:     0x5ed4525830f7 - advent2023::five::tests::test_solve_two::{{closure}}::h16437172b2b8bb53
[INFO] [stdout]                                at /opt/rustwide/workdir/src/five.rs:134:24
[INFO] [stdout]   22:     0x5ed452544c86 - core::ops::function::FnOnce::call_once::h058f7ad308868a7d
[INFO] [stdout]                                at /rustc/df4ca44d3fbc9301ee17f30f4d474e6ae4b05252/library/core/src/ops/function.rs:250:5
[INFO] [stdout]   23:     0x5ed4525d321b - core::ops::function::FnOnce::call_once::h22c3ba5715e93f05
[INFO] [stdout]                                at /rustc/df4ca44d3fbc9301ee17f30f4d474e6ae4b05252/library/core/src/ops/function.rs:250:5
[INFO] [stdout]   24:     0x5ed4525d321b - test::__rust_begin_short_backtrace::h8e82d8113d0da17f
[INFO] [stdout]                                at /rustc/df4ca44d3fbc9301ee17f30f4d474e6ae4b05252/library/test/src/lib.rs:621:18
[INFO] [stdout]   25:     0x5ed4525d2b97 - test::run_test_in_process::{{closure}}::h33235f4f20b7b7c7
[INFO] [stdout]                                at /rustc/df4ca44d3fbc9301ee17f30f4d474e6ae4b05252/library/test/src/lib.rs:644:60
[INFO] [stdout]   26:     0x5ed4525d2b97 - <core::panic::unwind_safe::AssertUnwindSafe<F> as core::ops::function::FnOnce<()>>::call_once::hb5043206310c586f
[INFO] [stdout]                                at /rustc/df4ca44d3fbc9301ee17f30f4d474e6ae4b05252/library/core/src/panic/unwind_safe.rs:272:9
[INFO] [stdout]   27:     0x5ed4525d2b97 - std::panicking::try::do_call::h9ad4731a60ab23e2
[INFO] [stdout]                                at /rustc/df4ca44d3fbc9301ee17f30f4d474e6ae4b05252/library/std/src/panicking.rs:557:40
[INFO] [stdout]   28:     0x5ed4525d2b97 - std::panicking::try::h3824d23db772a716
[INFO] [stdout]                                at /rustc/df4ca44d3fbc9301ee17f30f4d474e6ae4b05252/library/std/src/panicking.rs:520:19
[INFO] [stdout]   29:     0x5ed4525d2b97 - std::panic::catch_unwind::h5afd514605fde46b
[INFO] [stdout]                                at /rustc/df4ca44d3fbc9301ee17f30f4d474e6ae4b05252/library/std/src/panic.rs:358:14
[INFO] [stdout]   30:     0x5ed4525d2b97 - test::run_test_in_process::h0d5cbfa7067d1720
[INFO] [stdout]                                at /rustc/df4ca44d3fbc9301ee17f30f4d474e6ae4b05252/library/test/src/lib.rs:644:27
[INFO] [stdout]   31:     0x5ed4525d2b97 - test::run_test::{{closure}}::h708eb8872708115d
[INFO] [stdout]                                at /rustc/df4ca44d3fbc9301ee17f30f4d474e6ae4b05252/library/test/src/lib.rs:565:43
[INFO] [stdout]   32:     0x5ed4525962b4 - test::run_test::{{closure}}::h392c51cee94713ab
[INFO] [stdout]                                at /rustc/df4ca44d3fbc9301ee17f30f4d474e6ae4b05252/library/test/src/lib.rs:595:41
[INFO] [stdout]   33:     0x5ed4525962b4 - std::sys::backtrace::__rust_begin_short_backtrace::h2f40290710935a8b
[INFO] [stdout]                                at /rustc/df4ca44d3fbc9301ee17f30f4d474e6ae4b05252/library/std/src/sys/backtrace.rs:154:18
[INFO] [stdout]   34:     0x5ed452599a5e - std::thread::Builder::spawn_unchecked_::{{closure}}::{{closure}}::h3fd968d89053a903
[INFO] [stdout]                                at /rustc/df4ca44d3fbc9301ee17f30f4d474e6ae4b05252/library/std/src/thread/mod.rs:541:17
[INFO] [stdout]   35:     0x5ed452599a5e - <core::panic::unwind_safe::AssertUnwindSafe<F> as core::ops::function::FnOnce<()>>::call_once::h743f637ba4229880
[INFO] [stdout]                                at /rustc/df4ca44d3fbc9301ee17f30f4d474e6ae4b05252/library/core/src/panic/unwind_safe.rs:272:9
[INFO] [stdout]   36:     0x5ed452599a5e - std::panicking::try::do_call::h07440897322525a6
[INFO] [stdout]                                at /rustc/df4ca44d3fbc9301ee17f30f4d474e6ae4b05252/library/std/src/panicking.rs:557:40
[INFO] [stdout]   37:     0x5ed452599a5e - std::panicking::try::he5a2e00188156637
[INFO] [stdout]                                at /rustc/df4ca44d3fbc9301ee17f30f4d474e6ae4b05252/library/std/src/panicking.rs:520:19
[INFO] [stdout]   38:     0x5ed452599a5e - std::panic::catch_unwind::hbaf3cae49b3c6433
[INFO] [stdout]                                at /rustc/df4ca44d3fbc9301ee17f30f4d474e6ae4b05252/library/std/src/panic.rs:358:14
[INFO] [stdout]   39:     0x5ed452599a5e - std::thread::Builder::spawn_unchecked_::{{closure}}::h8e141ea224820bce
[INFO] [stdout]                                at /rustc/df4ca44d3fbc9301ee17f30f4d474e6ae4b05252/library/std/src/thread/mod.rs:540:30
[INFO] [stdout]   40:     0x5ed452599a5e - core::ops::function::FnOnce::call_once{{vtable.shim}}::h90d312fedd7b8ea8
[INFO] [stdout]                                at /rustc/df4ca44d3fbc9301ee17f30f4d474e6ae4b05252/library/core/src/ops/function.rs:250:5
[INFO] [stdout]   41:     0x5ed45260923b - <alloc::boxed::Box<F,A> as core::ops::function::FnOnce<Args>>::call_once::h69aa08ddb6adb8b6
[INFO] [stdout]                                at /rustc/df4ca44d3fbc9301ee17f30f4d474e6ae4b05252/library/alloc/src/boxed.rs:2454:9
[INFO] [stdout]   42:     0x5ed45260923b - <alloc::boxed::Box<F,A> as core::ops::function::FnOnce<Args>>::call_once::h5aa36efdb79c806f
[INFO] [stdout]                                at /rustc/df4ca44d3fbc9301ee17f30f4d474e6ae4b05252/library/alloc/src/boxed.rs:2454:9
[INFO] [stdout]   43:     0x5ed45260923b - std::sys::pal::unix::thread::Thread::new::thread_start::h6cd80a1b4be5158d
[INFO] [stdout]                                at /rustc/df4ca44d3fbc9301ee17f30f4d474e6ae4b05252/library/std/src/sys/pal/unix/thread.rs:105:17
[INFO] [stdout]   44:     0x7a440d94dac3 - <unknown>
[INFO] [stdout]   45:     0x7a440d9dea04 - clone
[INFO] [stdout]   46:                0x0 - <unknown>
[INFO] [stdout] 
[INFO] [stdout] ---- ten::tests::two stdout ----
[INFO] [stdout] thread 'ten::tests::two' panicked at src/ten.rs:272:9:
[INFO] [stdout] assertion `left == right` failed
[INFO] [stdout]   left: 5
[INFO] [stdout]  right: 4
[INFO] [stdout] stack backtrace:
[INFO] [stdout]    0:     0x5ed4526038ba - std::backtrace_rs::backtrace::libunwind::trace::h207520d6e9873551
[INFO] [stdout]                                at /rustc/df4ca44d3fbc9301ee17f30f4d474e6ae4b05252/library/std/src/../../backtrace/src/backtrace/libunwind.rs:116:5
[INFO] [stdout]    1:     0x5ed4526038ba - std::backtrace_rs::backtrace::trace_unsynchronized::h2ed7433f370e3eca
[INFO] [stdout]                                at /rustc/df4ca44d3fbc9301ee17f30f4d474e6ae4b05252/library/std/src/../../backtrace/src/backtrace/mod.rs:66:5
[INFO] [stdout]    2:     0x5ed4526038ba - std::sys::backtrace::_print_fmt::h916fac51166b18d7
[INFO] [stdout]                                at /rustc/df4ca44d3fbc9301ee17f30f4d474e6ae4b05252/library/std/src/sys/backtrace.rs:66:9
[INFO] [stdout]    3:     0x5ed4526038ba - <std::sys::backtrace::BacktraceLock::print::DisplayBacktrace as core::fmt::Display>::fmt::ha0a4c9b8ce3802e6
[INFO] [stdout]                                at /rustc/df4ca44d3fbc9301ee17f30f4d474e6ae4b05252/library/std/src/sys/backtrace.rs:39:26
[INFO] [stdout]    4:     0x5ed452629f43 - core::fmt::rt::Argument::fmt::h4cfc8587d52b3eb5
[INFO] [stdout]                                at /rustc/df4ca44d3fbc9301ee17f30f4d474e6ae4b05252/library/core/src/fmt/rt.rs:177:76
[INFO] [stdout]    5:     0x5ed452629f43 - core::fmt::write::h522cc39e5b36ae9f
[INFO] [stdout]                                at /rustc/df4ca44d3fbc9301ee17f30f4d474e6ae4b05252/library/core/src/fmt/mod.rs:1190:21
[INFO] [stdout]    6:     0x5ed452600523 - std::io::Write::write_fmt::h7d3c26752da97734
[INFO] [stdout]                                at /rustc/df4ca44d3fbc9301ee17f30f4d474e6ae4b05252/library/std/src/io/mod.rs:1839:15
[INFO] [stdout]    7:     0x5ed452603702 - std::sys::backtrace::BacktraceLock::print::h4b9e00b29e9c0942
[INFO] [stdout]                                at /rustc/df4ca44d3fbc9301ee17f30f4d474e6ae4b05252/library/std/src/sys/backtrace.rs:42:9
[INFO] [stdout]    8:     0x5ed452604d4a - std::panicking::default_hook::{{closure}}::hb59b88280d0324d9
[INFO] [stdout]                                at /rustc/df4ca44d3fbc9301ee17f30f4d474e6ae4b05252/library/std/src/panicking.rs:268:22
[INFO] [stdout]    9:     0x5ed452604b54 - std::panicking::default_hook::he1dd496665be4a29
[INFO] [stdout]                                at /rustc/df4ca44d3fbc9301ee17f30f4d474e6ae4b05252/library/std/src/panicking.rs:292:9
[INFO] [stdout]   10:     0x5ed4525ce949 - <alloc::boxed::Box<F,A> as core::ops::function::Fn<Args>>::call::h4ff71de18744e1dc
[INFO] [stdout]                                at /rustc/df4ca44d3fbc9301ee17f30f4d474e6ae4b05252/library/alloc/src/boxed.rs:2468:9
[INFO] [stdout]   11:     0x5ed4525ce949 - test::test_main::{{closure}}::hcf7c055ce117aa81
[INFO] [stdout]                                at /rustc/df4ca44d3fbc9301ee17f30f4d474e6ae4b05252/library/test/src/lib.rs:133:21
[INFO] [stdout]   12:     0x5ed452605448 - <alloc::boxed::Box<F,A> as core::ops::function::Fn<Args>>::call::h1d66c6bbd60c9692
[INFO] [stdout]                                at /rustc/df4ca44d3fbc9301ee17f30f4d474e6ae4b05252/library/alloc/src/boxed.rs:2468:9
[INFO] [stdout]   13:     0x5ed452605448 - std::panicking::rust_panic_with_hook::h2ff17fe8f26dfcf8
[INFO] [stdout]                                at /rustc/df4ca44d3fbc9301ee17f30f4d474e6ae4b05252/library/std/src/panicking.rs:809:13
[INFO] [stdout]   14:     0x5ed45260520a - std::panicking::begin_panic_handler::{{closure}}::h4fad77951c07e101
[INFO] [stdout]                                at /rustc/df4ca44d3fbc9301ee17f30f4d474e6ae4b05252/library/std/src/panicking.rs:674:13
[INFO] [stdout]   15:     0x5ed452603d99 - std::sys::backtrace::__rust_end_short_backtrace::hb1a25b3da5d0ea08
[INFO] [stdout]                                at /rustc/df4ca44d3fbc9301ee17f30f4d474e6ae4b05252/library/std/src/sys/backtrace.rs:170:18
[INFO] [stdout]   16:     0x5ed452604e9c - rust_begin_unwind
[INFO] [stdout]                                at /rustc/df4ca44d3fbc9301ee17f30f4d474e6ae4b05252/library/std/src/panicking.rs:665:5
[INFO] [stdout]   17:     0x5ed452628940 - core::panicking::panic_fmt::ha9db07b529f9b256
[INFO] [stdout]                                at /rustc/df4ca44d3fbc9301ee17f30f4d474e6ae4b05252/library/core/src/panicking.rs:75:14
[INFO] [stdout]   18:     0x5ed452628d0b - core::panicking::assert_failed_inner::h04f38944d74a80a8
[INFO] [stdout]   19:     0x5ed452618c25 - core::panicking::assert_failed::h6dfbfad828d2743d
[INFO] [stdout]   20:     0x5ed45253f090 - advent2023::ten::tests::two::h3c56cdc3fe499de2
[INFO] [stdout]                                at /opt/rustwide/workdir/src/ten.rs:272:9
[INFO] [stdout]   21:     0x5ed45253efb7 - advent2023::ten::tests::two::{{closure}}::hba4a1824c4cfc5f8
[INFO] [stdout]                                at /opt/rustwide/workdir/src/ten.rs:270:13
[INFO] [stdout]   22:     0x5ed452545cd6 - core::ops::function::FnOnce::call_once::hc6a96711d467e6ff
[INFO] [stdout]                                at /rustc/df4ca44d3fbc9301ee17f30f4d474e6ae4b05252/library/core/src/ops/function.rs:250:5
[INFO] [stdout]   23:     0x5ed4525d321b - core::ops::function::FnOnce::call_once::h22c3ba5715e93f05
[INFO] [stdout]                                at /rustc/df4ca44d3fbc9301ee17f30f4d474e6ae4b05252/library/core/src/ops/function.rs:250:5
[INFO] [stdout]   24:     0x5ed4525d321b - test::__rust_begin_short_backtrace::h8e82d8113d0da17f
[INFO] [stdout]                                at /rustc/df4ca44d3fbc9301ee17f30f4d474e6ae4b05252/library/test/src/lib.rs:621:18
[INFO] [stdout]   25:     0x5ed4525d2b97 - test::run_test_in_process::{{closure}}::h33235f4f20b7b7c7
[INFO] [stdout]                                at /rustc/df4ca44d3fbc9301ee17f30f4d474e6ae4b05252/library/test/src/lib.rs:644:60
[INFO] [stdout]   26:     0x5ed4525d2b97 - <core::panic::unwind_safe::AssertUnwindSafe<F> as core::ops::function::FnOnce<()>>::call_once::hb5043206310c586f
[INFO] [stdout]                                at /rustc/df4ca44d3fbc9301ee17f30f4d474e6ae4b05252/library/core/src/panic/unwind_safe.rs:272:9
[INFO] [stdout]   27:     0x5ed4525d2b97 - std::panicking::try::do_call::h9ad4731a60ab23e2
[INFO] [stdout]                                at /rustc/df4ca44d3fbc9301ee17f30f4d474e6ae4b05252/library/std/src/panicking.rs:557:40
[INFO] [stdout]   28:     0x5ed4525d2b97 - std::panicking::try::h3824d23db772a716
[INFO] [stdout]                                at /rustc/df4ca44d3fbc9301ee17f30f4d474e6ae4b05252/library/std/src/panicking.rs:520:19
[INFO] [stdout]   29:     0x5ed4525d2b97 - std::panic::catch_unwind::h5afd514605fde46b
[INFO] [stdout]                                at /rustc/df4ca44d3fbc9301ee17f30f4d474e6ae4b05252/library/std/src/panic.rs:358:14
[INFO] [stdout]   30:     0x5ed4525d2b97 - test::run_test_in_process::h0d5cbfa7067d1720
[INFO] [stdout]                                at /rustc/df4ca44d3fbc9301ee17f30f4d474e6ae4b05252/library/test/src/lib.rs:644:27
[INFO] [stdout]   31:     0x5ed4525d2b97 - test::run_test::{{closure}}::h708eb8872708115d
[INFO] [stdout]                                at /rustc/df4ca44d3fbc9301ee17f30f4d474e6ae4b05252/library/test/src/lib.rs:565:43
[INFO] [stdout]   32:     0x5ed4525962b4 - test::run_test::{{closure}}::h392c51cee94713ab
[INFO] [stdout]                                at /rustc/df4ca44d3fbc9301ee17f30f4d474e6ae4b05252/library/test/src/lib.rs:595:41
[INFO] [stdout]   33:     0x5ed4525962b4 - std::sys::backtrace::__rust_begin_short_backtrace::h2f40290710935a8b
[INFO] [stdout]                                at /rustc/df4ca44d3fbc9301ee17f30f4d474e6ae4b05252/library/std/src/sys/backtrace.rs:154:18
[INFO] [stdout]   34:     0x5ed452599a5e - std::thread::Builder::spawn_unchecked_::{{closure}}::{{closure}}::h3fd968d89053a903
[INFO] [stdout]                                at /rustc/df4ca44d3fbc9301ee17f30f4d474e6ae4b05252/library/std/src/thread/mod.rs:541:17
[INFO] [stdout]   35:     0x5ed452599a5e - <core::panic::unwind_safe::AssertUnwindSafe<F> as core::ops::function::FnOnce<()>>::call_once::h743f637ba4229880
[INFO] [stdout]                                at /rustc/df4ca44d3fbc9301ee17f30f4d474e6ae4b05252/library/core/src/panic/unwind_safe.rs:272:9
[INFO] [stdout]   36:     0x5ed452599a5e - std::panicking::try::do_call::h07440897322525a6
[INFO] [stdout]                                at /rustc/df4ca44d3fbc9301ee17f30f4d474e6ae4b05252/library/std/src/panicking.rs:557:40
[INFO] [stdout]   37:     0x5ed452599a5e - std::panicking::try::he5a2e00188156637
[INFO] [stdout]                                at /rustc/df4ca44d3fbc9301ee17f30f4d474e6ae4b05252/library/std/src/panicking.rs:520:19
[INFO] [stdout]   38:     0x5ed452599a5e - std::panic::catch_unwind::hbaf3cae49b3c6433
[INFO] [stdout]                                at /rustc/df4ca44d3fbc9301ee17f30f4d474e6ae4b05252/library/std/src/panic.rs:358:14
[INFO] [stdout]   39:     0x5ed452599a5e - std::thread::Builder::spawn_unchecked_::{{closure}}::h8e141ea224820bce
[INFO] [stdout]                                at /rustc/df4ca44d3fbc9301ee17f30f4d474e6ae4b05252/library/std/src/thread/mod.rs:540:30
[INFO] [stdout]   40:     0x5ed452599a5e - core::ops::function::FnOnce::call_once{{vtable.shim}}::h90d312fedd7b8ea8
[INFO] [stdout]                                at /rustc/df4ca44d3fbc9301ee17f30f4d474e6ae4b05252/library/core/src/ops/function.rs:250:5
[INFO] [stdout]   41:     0x5ed45260923b - <alloc::boxed::Box<F,A> as core::ops::function::FnOnce<Args>>::call_once::h69aa08ddb6adb8b6
[INFO] [stdout]                                at /rustc/df4ca44d3fbc9301ee17f30f4d474e6ae4b05252/library/alloc/src/boxed.rs:2454:9
[INFO] [stdout]   42:     0x5ed45260923b - <alloc::boxed::Box<F,A> as core::ops::function::FnOnce<Args>>::call_once::h5aa36efdb79c806f
[INFO] [stdout]                                at /rustc/df4ca44d3fbc9301ee17f30f4d474e6ae4b05252/library/alloc/src/boxed.rs:2454:9
[INFO] [stdout]   43:     0x5ed45260923b - std::sys::pal::unix::thread::Thread::new::thread_start::h6cd80a1b4be5158d
[INFO] [stdout]                                at /rustc/df4ca44d3fbc9301ee17f30f4d474e6ae4b05252/library/std/src/sys/pal/unix/thread.rs:105:17
[INFO] [stdout]   44:     0x7a440d94dac3 - <unknown>
[INFO] [stdout]   45:     0x7a440d9dea04 - clone
[INFO] [stdout]   46:                0x0 - <unknown>
[INFO] [stdout] 
[INFO] [stdout] ---- twenty::tests::one stdout ----
[INFO] [stdout] broadcaster -Low-> a
[INFO] [stdout] broadcaster -Low-> b
[INFO] [stdout] broadcaster -Low-> c
[INFO] [stdout] a -High-> b
[INFO] [stdout] b -High-> c
[INFO] [stdout] c -High-> inv
[INFO] [stdout] inv -High-> a
[INFO] [stdout] thread 'twenty::tests::one' panicked at src/twenty.rs:145:9:
[INFO] [stdout] assertion `left == right` failed
[INFO] [stdout]   left: 16
[INFO] [stdout]  right: 32000000
[INFO] [stdout] stack backtrace:
[INFO] [stdout]    0:     0x5ed4526038ba - std::backtrace_rs::backtrace::libunwind::trace::h207520d6e9873551
[INFO] [stdout]                                at /rustc/df4ca44d3fbc9301ee17f30f4d474e6ae4b05252/library/std/src/../../backtrace/src/backtrace/libunwind.rs:116:5
[INFO] [stdout]    1:     0x5ed4526038ba - std::backtrace_rs::backtrace::trace_unsynchronized::h2ed7433f370e3eca
[INFO] [stdout]                                at /rustc/df4ca44d3fbc9301ee17f30f4d474e6ae4b05252/library/std/src/../../backtrace/src/backtrace/mod.rs:66:5
[INFO] [stdout]    2:     0x5ed4526038ba - std::sys::backtrace::_print_fmt::h916fac51166b18d7
[INFO] [stdout]                                at /rustc/df4ca44d3fbc9301ee17f30f4d474e6ae4b05252/library/std/src/sys/backtrace.rs:66:9
[INFO] [stdout]    3:     0x5ed4526038ba - <std::sys::backtrace::BacktraceLock::print::DisplayBacktrace as core::fmt::Display>::fmt::ha0a4c9b8ce3802e6
[INFO] [stdout]                                at /rustc/df4ca44d3fbc9301ee17f30f4d474e6ae4b05252/library/std/src/sys/backtrace.rs:39:26
[INFO] [stdout]    4:     0x5ed452629f43 - core::fmt::rt::Argument::fmt::h4cfc8587d52b3eb5
[INFO] [stdout]                                at /rustc/df4ca44d3fbc9301ee17f30f4d474e6ae4b05252/library/core/src/fmt/rt.rs:177:76
[INFO] [stdout]    5:     0x5ed452629f43 - core::fmt::write::h522cc39e5b36ae9f
[INFO] [stdout]                                at /rustc/df4ca44d3fbc9301ee17f30f4d474e6ae4b05252/library/core/src/fmt/mod.rs:1190:21
[INFO] [stdout]    6:     0x5ed452600523 - std::io::Write::write_fmt::h7d3c26752da97734
[INFO] [stdout]                                at /rustc/df4ca44d3fbc9301ee17f30f4d474e6ae4b05252/library/std/src/io/mod.rs:1839:15
[INFO] [stdout]    7:     0x5ed452603702 - std::sys::backtrace::BacktraceLock::print::h4b9e00b29e9c0942
[INFO] [stdout]                                at /rustc/df4ca44d3fbc9301ee17f30f4d474e6ae4b05252/library/std/src/sys/backtrace.rs:42:9
[INFO] [stdout]    8:     0x5ed452604d4a - std::panicking::default_hook::{{closure}}::hb59b88280d0324d9
[INFO] [stdout]                                at /rustc/df4ca44d3fbc9301ee17f30f4d474e6ae4b05252/library/std/src/panicking.rs:268:22
[INFO] [stdout]    9:     0x5ed452604b54 - std::panicking::default_hook::he1dd496665be4a29
[INFO] [stdout]                                at /rustc/df4ca44d3fbc9301ee17f30f4d474e6ae4b05252/library/std/src/panicking.rs:292:9
[INFO] [stdout]   10:     0x5ed4525ce949 - <alloc::boxed::Box<F,A> as core::ops::function::Fn<Args>>::call::h4ff71de18744e1dc
[INFO] [stdout]                                at /rustc/df4ca44d3fbc9301ee17f30f4d474e6ae4b05252/library/alloc/src/boxed.rs:2468:9
[INFO] [stdout]   11:     0x5ed4525ce949 - test::test_main::{{closure}}::hcf7c055ce117aa81
[INFO] [stdout]                                at /rustc/df4ca44d3fbc9301ee17f30f4d474e6ae4b05252/library/test/src/lib.rs:133:21
[INFO] [stdout]   12:     0x5ed452605448 - <alloc::boxed::Box<F,A> as core::ops::function::Fn<Args>>::call::h1d66c6bbd60c9692
[INFO] [stdout]                                at /rustc/df4ca44d3fbc9301ee17f30f4d474e6ae4b05252/library/alloc/src/boxed.rs:2468:9
[INFO] [stdout]   13:     0x5ed452605448 - std::panicking::rust_panic_with_hook::h2ff17fe8f26dfcf8
[INFO] [stdout]                                at /rustc/df4ca44d3fbc9301ee17f30f4d474e6ae4b05252/library/std/src/panicking.rs:809:13
[INFO] [stdout]   14:     0x5ed45260520a - std::panicking::begin_panic_handler::{{closure}}::h4fad77951c07e101
[INFO] [stdout]                                at /rustc/df4ca44d3fbc9301ee17f30f4d474e6ae4b05252/library/std/src/panicking.rs:674:13
[INFO] [stdout]   15:     0x5ed452603d99 - std::sys::backtrace::__rust_end_short_backtrace::hb1a25b3da5d0ea08
[INFO] [stdout]                                at /rustc/df4ca44d3fbc9301ee17f30f4d474e6ae4b05252/library/std/src/sys/backtrace.rs:170:18
[INFO] [stdout]   16:     0x5ed452604e9c - rust_begin_unwind
[INFO] [stdout]                                at /rustc/df4ca44d3fbc9301ee17f30f4d474e6ae4b05252/library/std/src/panicking.rs:665:5
[INFO] [stdout]   17:     0x5ed452628940 - core::panicking::panic_fmt::ha9db07b529f9b256
[INFO] [stdout]                                at /rustc/df4ca44d3fbc9301ee17f30f4d474e6ae4b05252/library/core/src/panicking.rs:75:14
[INFO] [stdout]   18:     0x5ed452628d0b - core::panicking::assert_failed_inner::h04f38944d74a80a8
[INFO] [stdout]   19:     0x5ed452618c25 - core::panicking::assert_failed::h6dfbfad828d2743d
[INFO] [stdout]   20:     0x5ed452552140 - advent2023::twenty::tests::one::h1d72536b6330f89a
[INFO] [stdout]                                at /opt/rustwide/workdir/src/twenty.rs:145:9
[INFO] [stdout]   21:     0x5ed452552067 - advent2023::twenty::tests::one::{{closure}}::h08326c84ad042bd4
[INFO] [stdout]                                at /opt/rustwide/workdir/src/twenty.rs:143:13
[INFO] [stdout]   22:     0x5ed4525459e6 - core::ops::function::FnOnce::call_once::ha66a17a60b7a74e9
[INFO] [stdout]                                at /rustc/df4ca44d3fbc9301ee17f30f4d474e6ae4b05252/library/core/src/ops/function.rs:250:5
[INFO] [stdout]   23:     0x5ed4525d321b - core::ops::function::FnOnce::call_once::h22c3ba5715e93f05
[INFO] [stdout]                                at /rustc/df4ca44d3fbc9301ee17f30f4d474e6ae4b05252/library/core/src/ops/function.rs:250:5
[INFO] [stdout]   24:     0x5ed4525d321b - test::__rust_begin_short_backtrace::h8e82d8113d0da17f
[INFO] [stdout]                                at /rustc/df4ca44d3fbc9301ee17f30f4d474e6ae4b05252/library/test/src/lib.rs:621:18
[INFO] [stdout]   25:     0x5ed4525d2b97 - test::run_test_in_process::{{closure}}::h33235f4f20b7b7c7
[INFO] [stdout]                                at /rustc/df4ca44d3fbc9301ee17f30f4d474e6ae4b05252/library/test/src/lib.rs:644:60
[INFO] [stdout]   26:     0x5ed4525d2b97 - <core::panic::unwind_safe::AssertUnwindSafe<F> as core::ops::function::FnOnce<()>>::call_once::hb5043206310c586f
[INFO] [stdout]                                at /rustc/df4ca44d3fbc9301ee17f30f4d474e6ae4b05252/library/core/src/panic/unwind_safe.rs:272:9
[INFO] [stdout]   27:     0x5ed4525d2b97 - std::panicking::try::do_call::h9ad4731a60ab23e2
[INFO] [stdout]                                at /rustc/df4ca44d3fbc9301ee17f30f4d474e6ae4b05252/library/std/src/panicking.rs:557:40
[INFO] [stdout]   28:     0x5ed4525d2b97 - std::panicking::try::h3824d23db772a716
[INFO] [stdout]                                at /rustc/df4ca44d3fbc9301ee17f30f4d474e6ae4b05252/library/std/src/panicking.rs:520:19
[INFO] [stdout]   29:     0x5ed4525d2b97 - std::panic::catch_unwind::h5afd514605fde46b
[INFO] [stdout]                                at /rustc/df4ca44d3fbc9301ee17f30f4d474e6ae4b05252/library/std/src/panic.rs:358:14
[INFO] [stdout]   30:     0x5ed4525d2b97 - test::run_test_in_process::h0d5cbfa7067d1720
[INFO] [stdout]                                at /rustc/df4ca44d3fbc9301ee17f30f4d474e6ae4b05252/library/test/src/lib.rs:644:27
[INFO] [stdout]   31:     0x5ed4525d2b97 - test::run_test::{{closure}}::h708eb8872708115d
[INFO] [stdout]                                at /rustc/df4ca44d3fbc9301ee17f30f4d474e6ae4b05252/library/test/src/lib.rs:565:43
[INFO] [stdout]   32:     0x5ed4525962b4 - test::run_test::{{closure}}::h392c51cee94713ab
[INFO] [stdout]                                at /rustc/df4ca44d3fbc9301ee17f30f4d474e6ae4b05252/library/test/src/lib.rs:595:41
[INFO] [stdout]   33:     0x5ed4525962b4 - std::sys::backtrace::__rust_begin_short_backtrace::h2f40290710935a8b
[INFO] [stdout]                                at /rustc/df4ca44d3fbc9301ee17f30f4d474e6ae4b05252/library/std/src/sys/backtrace.rs:154:18
[INFO] [stdout]   34:     0x5ed452599a5e - std::thread::Builder::spawn_unchecked_::{{closure}}::{{closure}}::h3fd968d89053a903
[INFO] [stdout]                                at /rustc/df4ca44d3fbc9301ee17f30f4d474e6ae4b05252/library/std/src/thread/mod.rs:541:17
[INFO] [stdout]   35:     0x5ed452599a5e - <core::panic::unwind_safe::AssertUnwindSafe<F> as core::ops::function::FnOnce<()>>::call_once::h743f637ba4229880
[INFO] [stdout]                                at /rustc/df4ca44d3fbc9301ee17f30f4d474e6ae4b05252/library/core/src/panic/unwind_safe.rs:272:9
[INFO] [stdout]   36:     0x5ed452599a5e - std::panicking::try::do_call::h07440897322525a6
[INFO] [stdout]                                at /rustc/df4ca44d3fbc9301ee17f30f4d474e6ae4b05252/library/std/src/panicking.rs:557:40
[INFO] [stdout]   37:     0x5ed452599a5e - std::panicking::try::he5a2e00188156637
[INFO] [stdout]                                at /rustc/df4ca44d3fbc9301ee17f30f4d474e6ae4b05252/library/std/src/panicking.rs:520:19
[INFO] [stdout]   38:     0x5ed452599a5e - std::panic::catch_unwind::hbaf3cae49b3c6433
[INFO] [stdout]                                at /rustc/df4ca44d3fbc9301ee17f30f4d474e6ae4b05252/library/std/src/panic.rs:358:14
[INFO] [stdout]   39:     0x5ed452599a5e - std::thread::Builder::spawn_unchecked_::{{closure}}::h8e141ea224820bce
[INFO] [stdout]                                at /rustc/df4ca44d3fbc9301ee17f30f4d474e6ae4b05252/library/std/src/thread/mod.rs:540:30
[INFO] [stdout]   40:     0x5ed452599a5e - core::ops::function::FnOnce::call_once{{vtable.shim}}::h90d312fedd7b8ea8
[INFO] [stdout]                                at /rustc/df4ca44d3fbc9301ee17f30f4d474e6ae4b05252/library/core/src/ops/function.rs:250:5
[INFO] [stdout]   41:     0x5ed45260923b - <alloc::boxed::Box<F,A> as core::ops::function::FnOnce<Args>>::call_once::h69aa08ddb6adb8b6
[INFO] [stdout]                                at /rustc/df4ca44d3fbc9301ee17f30f4d474e6ae4b05252/library/alloc/src/boxed.rs:2454:9
[INFO] [stdout]   42:     0x5ed45260923b - <alloc::boxed::Box<F,A> as core::ops::function::FnOnce<Args>>::call_once::h5aa36efdb79c806f
[INFO] [stdout]                                at /rustc/df4ca44d3fbc9301ee17f30f4d474e6ae4b05252/library/alloc/src/boxed.rs:2454:9
[INFO] [stdout]   43:     0x5ed45260923b - std::sys::pal::unix::thread::Thread::new::thread_start::h6cd80a1b4be5158d
[INFO] [stdout]                                at /rustc/df4ca44d3fbc9301ee17f30f4d474e6ae4b05252/library/std/src/sys/pal/unix/thread.rs:105:17
[INFO] [stdout]   44:     0x7a440d94dac3 - <unknown>
[INFO] [stdout]   45:     0x7a440d9dea04 - clone
[INFO] [stdout]   46:                0x0 - <unknown>
[INFO] [stdout] 
[INFO] [stdout] 
[INFO] [stdout] failures:
[INFO] [stdout]     five::tests::test_solve_two
[INFO] [stdout]     ten::tests::two
[INFO] [stdout]     twenty::tests::one
[INFO] [stdout] 
[INFO] [stdout] test result: FAILED. 37 passed; 3 failed; 0 ignored; 0 measured; 0 filtered out; finished in 0.02s
[INFO] [stdout] 
[INFO] [stderr] error: test failed, to rerun pass `--lib`
[INFO] running `Command { std: "docker" "inspect" "56b141cc89f71aa1c0a96a26c1f2206ad572b7dd4d7b786df751994f8e03fc57", kill_on_drop: false }`
[INFO] running `Command { std: "docker" "rm" "-f" "56b141cc89f71aa1c0a96a26c1f2206ad572b7dd4d7b786df751994f8e03fc57", kill_on_drop: false }`
[INFO] [stdout] 56b141cc89f71aa1c0a96a26c1f2206ad572b7dd4d7b786df751994f8e03fc57
