[INFO] cloning repository https://github.com/Stridsvagn69420/apputil
[INFO] running `Command { std: "git" "-c" "credential.helper=" "-c" "credential.helper=/workspace/cargo-home/bin/git-credential-null" "clone" "--bare" "https://github.com/Stridsvagn69420/apputil" "/workspace/cache/git-repos/https%3A%2F%2Fgithub.com%2FStridsvagn69420%2Fapputil", kill_on_drop: false }`
[INFO] [stderr] Cloning into bare repository '/workspace/cache/git-repos/https%3A%2F%2Fgithub.com%2FStridsvagn69420%2Fapputil'...
[INFO] running `Command { std: "git" "rev-parse" "HEAD", kill_on_drop: false }`
[INFO] [stdout] acaf26a1dadf4c13d2e65f076b04df38b362dcba
[INFO] testing Stridsvagn69420/apputil/acaf26a1dadf4c13d2e65f076b04df38b362dcba against nightly-2024-10-28+rustflags=-Zrandomize-layout for randomize-layout
[INFO] running `Command { std: "git" "clone" "/workspace/cache/git-repos/https%3A%2F%2Fgithub.com%2FStridsvagn69420%2Fapputil" "/workspace/builds/worker-7-tc2/source", kill_on_drop: false }`
[INFO] [stderr] Cloning into '/workspace/builds/worker-7-tc2/source'...
[INFO] [stderr] done.
[INFO] validating manifest of git repo https://github.com/Stridsvagn69420/apputil on toolchain nightly-2024-10-28
[INFO] running `Command { std: CARGO_HOME="/workspace/cargo-home" RUSTUP_HOME="/workspace/rustup-home" "/workspace/cargo-home/bin/cargo" "+nightly-2024-10-28" "metadata" "--manifest-path" "Cargo.toml" "--no-deps", kill_on_drop: false }`
[INFO] started tweaking git repo https://github.com/Stridsvagn69420/apputil
[INFO] finished tweaking git repo https://github.com/Stridsvagn69420/apputil
[INFO] tweaked toml for git repo https://github.com/Stridsvagn69420/apputil written to /workspace/builds/worker-7-tc2/source/Cargo.toml
[INFO] crate git repo https://github.com/Stridsvagn69420/apputil already has a lockfile, it will not be regenerated
[INFO] running `Command { std: CARGO_HOME="/workspace/cargo-home" RUSTUP_HOME="/workspace/rustup-home" "/workspace/cargo-home/bin/cargo" "+nightly-2024-10-28" "fetch" "--manifest-path" "Cargo.toml", kill_on_drop: false }`
[INFO] running `Command { std: "docker" "create" "-v" "/var/lib/crater-agent-workspace/builds/worker-7-tc2/target:/opt/rustwide/target:rw,Z" "-v" "/var/lib/crater-agent-workspace/builds/worker-7-tc2/source:/opt/rustwide/workdir:ro,Z" "-v" "/var/lib/crater-agent-workspace/cargo-home:/opt/rustwide/cargo-home:ro,Z" "-v" "/var/lib/crater-agent-workspace/rustup-home:/opt/rustwide/rustup-home:ro,Z" "-e" "SOURCE_DIR=/opt/rustwide/workdir" "-e" "CARGO_TARGET_DIR=/opt/rustwide/target" "-e" "CARGO_HOME=/opt/rustwide/cargo-home" "-e" "RUSTUP_HOME=/opt/rustwide/rustup-home" "-w" "/opt/rustwide/workdir" "-m" "1610612736" "--user" "0:0" "--network" "none" "ghcr.io/rust-lang/crates-build-env/linux@sha256:4a844ea9eb2546a2d2c7022eacef16ef2e8229c7fbb2c7d4d55a9ceca922f72d" "/opt/rustwide/cargo-home/bin/cargo" "+nightly-2024-10-28" "metadata" "--no-deps" "--format-version=1", kill_on_drop: false }`
[INFO] [stdout] b20e3fcd260e28dfcd10846aa35c2ef45441e2ff82a2bc43ef7bfd0e7dc8d68e
[INFO] running `Command { std: "docker" "start" "-a" "b20e3fcd260e28dfcd10846aa35c2ef45441e2ff82a2bc43ef7bfd0e7dc8d68e", kill_on_drop: false }`
[INFO] running `Command { std: "docker" "inspect" "b20e3fcd260e28dfcd10846aa35c2ef45441e2ff82a2bc43ef7bfd0e7dc8d68e", kill_on_drop: false }`
[INFO] running `Command { std: "docker" "rm" "-f" "b20e3fcd260e28dfcd10846aa35c2ef45441e2ff82a2bc43ef7bfd0e7dc8d68e", kill_on_drop: false }`
[INFO] [stdout] b20e3fcd260e28dfcd10846aa35c2ef45441e2ff82a2bc43ef7bfd0e7dc8d68e
[INFO] running `Command { std: "docker" "create" "-v" "/var/lib/crater-agent-workspace/builds/worker-7-tc2/target:/opt/rustwide/target:rw,Z" "-v" "/var/lib/crater-agent-workspace/builds/worker-7-tc2/source:/opt/rustwide/workdir:ro,Z" "-v" "/var/lib/crater-agent-workspace/cargo-home:/opt/rustwide/cargo-home:ro,Z" "-v" "/var/lib/crater-agent-workspace/rustup-home:/opt/rustwide/rustup-home:ro,Z" "-e" "SOURCE_DIR=/opt/rustwide/workdir" "-e" "CARGO_TARGET_DIR=/opt/rustwide/target" "-e" "CARGO_INCREMENTAL=0" "-e" "RUST_BACKTRACE=full" "-e" "RUSTFLAGS=--cap-lints=forbid -Zrandomize-layout" "-e" "RUSTDOCFLAGS=--cap-lints=forbid" "-e" "CARGO_HOME=/opt/rustwide/cargo-home" "-e" "RUSTUP_HOME=/opt/rustwide/rustup-home" "-w" "/opt/rustwide/workdir" "-m" "1610612736" "--user" "0:0" "--network" "none" "ghcr.io/rust-lang/crates-build-env/linux@sha256:4a844ea9eb2546a2d2c7022eacef16ef2e8229c7fbb2c7d4d55a9ceca922f72d" "/opt/rustwide/cargo-home/bin/cargo" "+nightly-2024-10-28" "build" "--frozen" "--message-format=json", kill_on_drop: false }`
[INFO] [stdout] 4ea424057661b87f8cbd0b681bf151f23a56f939bb713847ce3fe06d4f5a5db6
[INFO] running `Command { std: "docker" "start" "-a" "4ea424057661b87f8cbd0b681bf151f23a56f939bb713847ce3fe06d4f5a5db6", kill_on_drop: false }`
[INFO] [stderr]    Compiling apputils v0.1.6 (/opt/rustwide/workdir)
[INFO] [stderr]     Finished `dev` profile [unoptimized + debuginfo] target(s) in 0.06s
[INFO] running `Command { std: "docker" "inspect" "4ea424057661b87f8cbd0b681bf151f23a56f939bb713847ce3fe06d4f5a5db6", kill_on_drop: false }`
[INFO] running `Command { std: "docker" "rm" "-f" "4ea424057661b87f8cbd0b681bf151f23a56f939bb713847ce3fe06d4f5a5db6", kill_on_drop: false }`
[INFO] [stdout] 4ea424057661b87f8cbd0b681bf151f23a56f939bb713847ce3fe06d4f5a5db6
[INFO] running `Command { std: "docker" "create" "-v" "/var/lib/crater-agent-workspace/builds/worker-7-tc2/target:/opt/rustwide/target:rw,Z" "-v" "/var/lib/crater-agent-workspace/builds/worker-7-tc2/source:/opt/rustwide/workdir:ro,Z" "-v" "/var/lib/crater-agent-workspace/cargo-home:/opt/rustwide/cargo-home:ro,Z" "-v" "/var/lib/crater-agent-workspace/rustup-home:/opt/rustwide/rustup-home:ro,Z" "-e" "SOURCE_DIR=/opt/rustwide/workdir" "-e" "CARGO_TARGET_DIR=/opt/rustwide/target" "-e" "CARGO_INCREMENTAL=0" "-e" "RUST_BACKTRACE=full" "-e" "RUSTFLAGS=--cap-lints=forbid -Zrandomize-layout" "-e" "RUSTDOCFLAGS=--cap-lints=forbid" "-e" "CARGO_HOME=/opt/rustwide/cargo-home" "-e" "RUSTUP_HOME=/opt/rustwide/rustup-home" "-w" "/opt/rustwide/workdir" "-m" "1610612736" "--user" "0:0" "--network" "none" "ghcr.io/rust-lang/crates-build-env/linux@sha256:4a844ea9eb2546a2d2c7022eacef16ef2e8229c7fbb2c7d4d55a9ceca922f72d" "/opt/rustwide/cargo-home/bin/cargo" "+nightly-2024-10-28" "test" "--frozen" "--no-run" "--message-format=json", kill_on_drop: false }`
[INFO] [stdout] 0332ed8af20e11de1a652eb36ed606bda888a3006eca2cbc1d8f535413e7d065
[INFO] running `Command { std: "docker" "start" "-a" "0332ed8af20e11de1a652eb36ed606bda888a3006eca2cbc1d8f535413e7d065", kill_on_drop: false }`
[INFO] [stderr]    Compiling apputils v0.1.6 (/opt/rustwide/workdir)
[INFO] [stderr]     Finished `test` profile [unoptimized + debuginfo] target(s) in 0.11s
[INFO] running `Command { std: "docker" "inspect" "0332ed8af20e11de1a652eb36ed606bda888a3006eca2cbc1d8f535413e7d065", kill_on_drop: false }`
[INFO] running `Command { std: "docker" "rm" "-f" "0332ed8af20e11de1a652eb36ed606bda888a3006eca2cbc1d8f535413e7d065", kill_on_drop: false }`
[INFO] [stdout] 0332ed8af20e11de1a652eb36ed606bda888a3006eca2cbc1d8f535413e7d065
[INFO] running `Command { std: "docker" "create" "-v" "/var/lib/crater-agent-workspace/builds/worker-7-tc2/target:/opt/rustwide/target:rw,Z" "-v" "/var/lib/crater-agent-workspace/builds/worker-7-tc2/source:/opt/rustwide/workdir:ro,Z" "-v" "/var/lib/crater-agent-workspace/cargo-home:/opt/rustwide/cargo-home:ro,Z" "-v" "/var/lib/crater-agent-workspace/rustup-home:/opt/rustwide/rustup-home:ro,Z" "-e" "SOURCE_DIR=/opt/rustwide/workdir" "-e" "CARGO_TARGET_DIR=/opt/rustwide/target" "-e" "CARGO_INCREMENTAL=0" "-e" "RUST_BACKTRACE=full" "-e" "RUSTFLAGS=--cap-lints=forbid -Zrandomize-layout" "-e" "RUSTDOCFLAGS=--cap-lints=forbid" "-e" "CARGO_HOME=/opt/rustwide/cargo-home" "-e" "RUSTUP_HOME=/opt/rustwide/rustup-home" "-w" "/opt/rustwide/workdir" "-m" "1610612736" "--user" "0:0" "--network" "none" "ghcr.io/rust-lang/crates-build-env/linux@sha256:4a844ea9eb2546a2d2c7022eacef16ef2e8229c7fbb2c7d4d55a9ceca922f72d" "/opt/rustwide/cargo-home/bin/cargo" "+nightly-2024-10-28" "test" "--frozen", kill_on_drop: false }`
[INFO] [stdout] 3e8fee4b1366dd6dbbce0d659508f7b4a335e8bfb4d8b009d599cb6a57f55a18
[INFO] running `Command { std: "docker" "start" "-a" "3e8fee4b1366dd6dbbce0d659508f7b4a335e8bfb4d8b009d599cb6a57f55a18", kill_on_drop: false }`
[INFO] [stderr]     Finished `test` profile [unoptimized + debuginfo] target(s) in 0.00s
[INFO] [stderr]      Running unittests src/lib.rs (/opt/rustwide/target/debug/deps/apputils-917b8302d80adbbe)
[INFO] [stdout] 
[INFO] [stdout] running 0 tests
[INFO] [stdout] 
[INFO] [stdout] test result: ok. 0 passed; 0 failed; 0 ignored; 0 measured; 0 filtered out; finished in 0.00s
[INFO] [stdout] 
[INFO] [stderr]    Doc-tests apputils
[INFO] [stdout] 
[INFO] [stdout] running 2 tests
[INFO] [stdout] test src/lib.rs - (line 31) ... FAILED
[INFO] [stdout] test src/lib.rs - (line 18) ... ok
[INFO] [stdout] 
[INFO] [stdout] failures:
[INFO] [stdout] 
[INFO] [stdout] ---- src/lib.rs - (line 31) stdout ----
[INFO] [stdout] error[E0599]: no method named `unwrap` found for struct `PathBuf` in the current scope
[INFO] [stdout]   --> src/lib.rs:43:36
[INFO] [stdout]    |
[INFO] [stdout] 15 | assert_eq!(cfg_path, config_home().unwrap().join(APP_NAME).join(CONFIG_FILE)); // e.g. ~/.config/wallpaper-dl/config.toml
[INFO] [stdout]    |                                    ^^^^^^ method not found in `PathBuf`
[INFO] [stdout] 
[INFO] [stdout] error[E0599]: no method named `unwrap` found for struct `PathBuf` in the current scope
[INFO] [stdout]   --> src/lib.rs:44:33
[INFO] [stdout]    |
[INFO] [stdout] 16 | assert_eq!(db_path, data_home().unwrap().join(APP_NAME).join(DB_FILE));        // e.g. ~/.local/share/wallpaper-dl/wallpapers.toml
[INFO] [stdout]    |                                 ^^^^^^ method not found in `PathBuf`
[INFO] [stdout] 
[INFO] [stdout] error: aborting due to 2 previous errors
[INFO] [stdout] 
[INFO] [stdout] For more information about this error, try `rustc --explain E0599`.
[INFO] [stdout] Couldn't compile the test.
[INFO] [stdout] 
[INFO] [stdout] failures:
[INFO] [stdout]     src/lib.rs - (line 31)
[INFO] [stdout] 
[INFO] [stdout] test result: FAILED. 1 passed; 1 failed; 0 ignored; 0 measured; 0 filtered out; finished in 0.06s
[INFO] [stdout] 
[INFO] [stderr] error: doctest failed, to rerun pass `--doc`
[INFO] running `Command { std: "docker" "inspect" "3e8fee4b1366dd6dbbce0d659508f7b4a335e8bfb4d8b009d599cb6a57f55a18", kill_on_drop: false }`
[INFO] running `Command { std: "docker" "rm" "-f" "3e8fee4b1366dd6dbbce0d659508f7b4a335e8bfb4d8b009d599cb6a57f55a18", kill_on_drop: false }`
[INFO] [stdout] 3e8fee4b1366dd6dbbce0d659508f7b4a335e8bfb4d8b009d599cb6a57f55a18
