[INFO] cloning repository https://github.com/SmallMing6675/compiler
[INFO] running `Command { std: "git" "-c" "credential.helper=" "-c" "credential.helper=/workspace/cargo-home/bin/git-credential-null" "clone" "--bare" "https://github.com/SmallMing6675/compiler" "/workspace/cache/git-repos/https%3A%2F%2Fgithub.com%2FSmallMing6675%2Fcompiler", kill_on_drop: false }`
[INFO] [stderr] Cloning into bare repository '/workspace/cache/git-repos/https%3A%2F%2Fgithub.com%2FSmallMing6675%2Fcompiler'...
[INFO] running `Command { std: "git" "rev-parse" "HEAD", kill_on_drop: false }`
[INFO] [stdout] c4f41096a0fcb354005d8d07532b22fd606af155
[INFO] testing SmallMing6675/compiler/c4f41096a0fcb354005d8d07532b22fd606af155 against nightly-2024-10-28 for randomize-layout
[INFO] running `Command { std: "git" "clone" "/workspace/cache/git-repos/https%3A%2F%2Fgithub.com%2FSmallMing6675%2Fcompiler" "/workspace/builds/worker-2-tc1/source", kill_on_drop: false }`
[INFO] [stderr] Cloning into '/workspace/builds/worker-2-tc1/source'...
[INFO] [stderr] done.
[INFO] validating manifest of git repo https://github.com/SmallMing6675/compiler on toolchain nightly-2024-10-28
[INFO] running `Command { std: CARGO_HOME="/workspace/cargo-home" RUSTUP_HOME="/workspace/rustup-home" "/workspace/cargo-home/bin/cargo" "+nightly-2024-10-28" "metadata" "--manifest-path" "Cargo.toml" "--no-deps", kill_on_drop: false }`
[INFO] started tweaking git repo https://github.com/SmallMing6675/compiler
[INFO] finished tweaking git repo https://github.com/SmallMing6675/compiler
[INFO] tweaked toml for git repo https://github.com/SmallMing6675/compiler written to /workspace/builds/worker-2-tc1/source/Cargo.toml
[INFO] crate git repo https://github.com/SmallMing6675/compiler already has a lockfile, it will not be regenerated
[INFO] running `Command { std: CARGO_HOME="/workspace/cargo-home" RUSTUP_HOME="/workspace/rustup-home" "/workspace/cargo-home/bin/cargo" "+nightly-2024-10-28" "fetch" "--manifest-path" "Cargo.toml", kill_on_drop: false }`
[INFO] running `Command { std: "docker" "create" "-v" "/var/lib/crater-agent-workspace/builds/worker-2-tc1/target:/opt/rustwide/target:rw,Z" "-v" "/var/lib/crater-agent-workspace/builds/worker-2-tc1/source:/opt/rustwide/workdir:ro,Z" "-v" "/var/lib/crater-agent-workspace/cargo-home:/opt/rustwide/cargo-home:ro,Z" "-v" "/var/lib/crater-agent-workspace/rustup-home:/opt/rustwide/rustup-home:ro,Z" "-e" "SOURCE_DIR=/opt/rustwide/workdir" "-e" "CARGO_TARGET_DIR=/opt/rustwide/target" "-e" "CARGO_HOME=/opt/rustwide/cargo-home" "-e" "RUSTUP_HOME=/opt/rustwide/rustup-home" "-w" "/opt/rustwide/workdir" "-m" "1610612736" "--user" "0:0" "--network" "none" "ghcr.io/rust-lang/crates-build-env/linux@sha256:4a844ea9eb2546a2d2c7022eacef16ef2e8229c7fbb2c7d4d55a9ceca922f72d" "/opt/rustwide/cargo-home/bin/cargo" "+nightly-2024-10-28" "metadata" "--no-deps" "--format-version=1", kill_on_drop: false }`
[INFO] [stdout] cad157c0b8450b41ae2c3e5dc8efce2a8596a0e547fea5ca87d0ad6713164a89
[INFO] running `Command { std: "docker" "start" "-a" "cad157c0b8450b41ae2c3e5dc8efce2a8596a0e547fea5ca87d0ad6713164a89", kill_on_drop: false }`
[INFO] running `Command { std: "docker" "inspect" "cad157c0b8450b41ae2c3e5dc8efce2a8596a0e547fea5ca87d0ad6713164a89", kill_on_drop: false }`
[INFO] running `Command { std: "docker" "rm" "-f" "cad157c0b8450b41ae2c3e5dc8efce2a8596a0e547fea5ca87d0ad6713164a89", kill_on_drop: false }`
[INFO] [stdout] cad157c0b8450b41ae2c3e5dc8efce2a8596a0e547fea5ca87d0ad6713164a89
[INFO] running `Command { std: "docker" "create" "-v" "/var/lib/crater-agent-workspace/builds/worker-2-tc1/target:/opt/rustwide/target:rw,Z" "-v" "/var/lib/crater-agent-workspace/builds/worker-2-tc1/source:/opt/rustwide/workdir:ro,Z" "-v" "/var/lib/crater-agent-workspace/cargo-home:/opt/rustwide/cargo-home:ro,Z" "-v" "/var/lib/crater-agent-workspace/rustup-home:/opt/rustwide/rustup-home:ro,Z" "-e" "SOURCE_DIR=/opt/rustwide/workdir" "-e" "CARGO_TARGET_DIR=/opt/rustwide/target" "-e" "CARGO_INCREMENTAL=0" "-e" "RUST_BACKTRACE=full" "-e" "RUSTFLAGS=--cap-lints=forbid" "-e" "RUSTDOCFLAGS=--cap-lints=forbid" "-e" "CARGO_HOME=/opt/rustwide/cargo-home" "-e" "RUSTUP_HOME=/opt/rustwide/rustup-home" "-w" "/opt/rustwide/workdir" "-m" "1610612736" "--user" "0:0" "--network" "none" "ghcr.io/rust-lang/crates-build-env/linux@sha256:4a844ea9eb2546a2d2c7022eacef16ef2e8229c7fbb2c7d4d55a9ceca922f72d" "/opt/rustwide/cargo-home/bin/cargo" "+nightly-2024-10-28" "build" "--frozen" "--message-format=json", kill_on_drop: false }`
[INFO] [stdout] 2b19112e3e652fba66d60082dc9db8000e0a5d258a21bb005addddefa17b8767
[INFO] running `Command { std: "docker" "start" "-a" "2b19112e3e652fba66d60082dc9db8000e0a5d258a21bb005addddefa17b8767", kill_on_drop: false }`
[INFO] [stderr]    Compiling lazy_static v1.4.0
[INFO] [stderr]    Compiling compiler v0.1.0 (/opt/rustwide/workdir)
[INFO] [stderr]     Finished `dev` profile [unoptimized + debuginfo] target(s) in 0.44s
[INFO] running `Command { std: "docker" "inspect" "2b19112e3e652fba66d60082dc9db8000e0a5d258a21bb005addddefa17b8767", kill_on_drop: false }`
[INFO] running `Command { std: "docker" "rm" "-f" "2b19112e3e652fba66d60082dc9db8000e0a5d258a21bb005addddefa17b8767", kill_on_drop: false }`
[INFO] [stdout] 2b19112e3e652fba66d60082dc9db8000e0a5d258a21bb005addddefa17b8767
[INFO] running `Command { std: "docker" "create" "-v" "/var/lib/crater-agent-workspace/builds/worker-2-tc1/target:/opt/rustwide/target:rw,Z" "-v" "/var/lib/crater-agent-workspace/builds/worker-2-tc1/source:/opt/rustwide/workdir:ro,Z" "-v" "/var/lib/crater-agent-workspace/cargo-home:/opt/rustwide/cargo-home:ro,Z" "-v" "/var/lib/crater-agent-workspace/rustup-home:/opt/rustwide/rustup-home:ro,Z" "-e" "SOURCE_DIR=/opt/rustwide/workdir" "-e" "CARGO_TARGET_DIR=/opt/rustwide/target" "-e" "CARGO_INCREMENTAL=0" "-e" "RUST_BACKTRACE=full" "-e" "RUSTFLAGS=--cap-lints=forbid" "-e" "RUSTDOCFLAGS=--cap-lints=forbid" "-e" "CARGO_HOME=/opt/rustwide/cargo-home" "-e" "RUSTUP_HOME=/opt/rustwide/rustup-home" "-w" "/opt/rustwide/workdir" "-m" "1610612736" "--user" "0:0" "--network" "none" "ghcr.io/rust-lang/crates-build-env/linux@sha256:4a844ea9eb2546a2d2c7022eacef16ef2e8229c7fbb2c7d4d55a9ceca922f72d" "/opt/rustwide/cargo-home/bin/cargo" "+nightly-2024-10-28" "test" "--frozen" "--no-run" "--message-format=json", kill_on_drop: false }`
[INFO] [stdout] aa2becd60fdaab6a10d33bf030dc92e0aedc92207666a818e31d7457e7264816
[INFO] running `Command { std: "docker" "start" "-a" "aa2becd60fdaab6a10d33bf030dc92e0aedc92207666a818e31d7457e7264816", kill_on_drop: false }`
[INFO] [stderr]    Compiling compiler v0.1.0 (/opt/rustwide/workdir)
[INFO] [stderr]     Finished `test` profile [unoptimized + debuginfo] target(s) in 0.40s
[INFO] running `Command { std: "docker" "inspect" "aa2becd60fdaab6a10d33bf030dc92e0aedc92207666a818e31d7457e7264816", kill_on_drop: false }`
[INFO] running `Command { std: "docker" "rm" "-f" "aa2becd60fdaab6a10d33bf030dc92e0aedc92207666a818e31d7457e7264816", kill_on_drop: false }`
[INFO] [stdout] aa2becd60fdaab6a10d33bf030dc92e0aedc92207666a818e31d7457e7264816
[INFO] running `Command { std: "docker" "create" "-v" "/var/lib/crater-agent-workspace/builds/worker-2-tc1/target:/opt/rustwide/target:rw,Z" "-v" "/var/lib/crater-agent-workspace/builds/worker-2-tc1/source:/opt/rustwide/workdir:ro,Z" "-v" "/var/lib/crater-agent-workspace/cargo-home:/opt/rustwide/cargo-home:ro,Z" "-v" "/var/lib/crater-agent-workspace/rustup-home:/opt/rustwide/rustup-home:ro,Z" "-e" "SOURCE_DIR=/opt/rustwide/workdir" "-e" "CARGO_TARGET_DIR=/opt/rustwide/target" "-e" "CARGO_INCREMENTAL=0" "-e" "RUST_BACKTRACE=full" "-e" "RUSTFLAGS=--cap-lints=forbid" "-e" "RUSTDOCFLAGS=--cap-lints=forbid" "-e" "CARGO_HOME=/opt/rustwide/cargo-home" "-e" "RUSTUP_HOME=/opt/rustwide/rustup-home" "-w" "/opt/rustwide/workdir" "-m" "1610612736" "--user" "0:0" "--network" "none" "ghcr.io/rust-lang/crates-build-env/linux@sha256:4a844ea9eb2546a2d2c7022eacef16ef2e8229c7fbb2c7d4d55a9ceca922f72d" "/opt/rustwide/cargo-home/bin/cargo" "+nightly-2024-10-28" "test" "--frozen", kill_on_drop: false }`
[INFO] [stdout] 4c732323d7482ca7ab4253ed01de79dcdcc330ec098935baa62ed7b991b0711a
[INFO] running `Command { std: "docker" "start" "-a" "4c732323d7482ca7ab4253ed01de79dcdcc330ec098935baa62ed7b991b0711a", kill_on_drop: false }`
[INFO] [stderr]     Finished `test` profile [unoptimized + debuginfo] target(s) in 0.00s
[INFO] [stderr]      Running unittests src/lib.rs (/opt/rustwide/target/debug/deps/compiler-178494fb9b2c6d05)
[INFO] [stdout] 
[INFO] [stdout] running 31 tests
[INFO] [stdout] test eval::tests::tests::test_environment_delete_existing ... ok
[INFO] [stdout] test eval::tests::tests::test_environment_delete_non_existing ... ok
[INFO] [stdout] test eval::tests::tests::test_environment_set_get ... ok
[INFO] [stdout] test eval::tests::tests::test_environment_set_overwrite ... ok
[INFO] [stdout] test eval::tests::tests::test_eval_literal_bool_false ... ok
[INFO] [stdout] test eval::tests::tests::test_eval_literal_bool_true ... ok
[INFO] [stdout] test eval::tests::tests::test_eval_literal_float ... ok
[INFO] [stdout] test eval::tests::tests::test_eval_literal_int ... ok
[INFO] [stdout] test eval::tests::tests::test_eval_literal_string ... ok
[INFO] [stdout] test eval::tests::tests::test_eval_variable_usage_existing ... ok
[INFO] [stdout] test eval::tests::tests::test_eval_variable_usage_non_existing ... ok
[INFO] [stdout] test lex::tests::tests::test_lex_list ... ok
[INFO] [stdout] test lex::tests::tests::test_lex_invalid_character ... ok
[INFO] [stdout] test lex::tests::tests::test_lex_comment ... ok
[INFO] [stdout] test lex::tests::tests::test_lex_variable_assignment ... ok
[INFO] [stdout] test lex::tests::tests::test_lex_number_literal ... ok
[INFO] [stdout] test lex::tests::tests::test_lex_variable_usage ... ok
[INFO] [stdout] test parse::tests::tests::test_function_call ... ok
[INFO] [stdout] test lex::tests::tests::test_lex_string_literal ... ok
[INFO] [stdout] test lex::tests::tests::test_lex_valid_input ... ok
[INFO] [stdout] test parse::tests::tests::test_if_expression_without_else ... ok
[INFO] [stdout] test parse::tests::tests::test_parse_arithmetic_expression ... ok
[INFO] [stdout] test parse::tests::tests::test_parse_list_creation ... ok
[INFO] [stdout] test parse::tests::tests::test_parse_unexpected_eof ... ok
[INFO] [stdout] test parse::tests::tests::test_parse_match_expression ... ok
[INFO] [stdout] test parse::tests::tests::test_if_expression ... ok
[INFO] [stdout] test parse::tests::tests::test_type_declaration ... ok
[INFO] [stdout] test parse::tests::tests::test_list_type_declaration ... ok
[INFO] [stdout] test parse::tests::tests::test_variable_declaration ... ok
[INFO] [stdout] test parse::tests::tests::test_variable_deletion ... ok
[INFO] [stdout] test parse::tests::tests::test_recursive_functions ... FAILED
[INFO] [stdout] 
[INFO] [stdout] failures:
[INFO] [stdout] 
[INFO] [stdout] ---- parse::tests::tests::test_recursive_functions stdout ----
[INFO] [stdout] thread 'parse::tests::tests::test_recursive_functions' panicked at src/parse/tests.rs:180:9:
[INFO] [stdout] [
[INFO] [stdout]     VariableDeclaration(
[INFO] [stdout]         "fib",
[INFO] [stdout]         InlineFunction(
[INFO] [stdout]             [
[INFO] [stdout]                 Parameter {
[INFO] [stdout]                     identifier: "x",
[INFO] [stdout]                     type_: None,
[INFO] [stdout]                 },
[INFO] [stdout]             ],
[INFO] [stdout]             FunctionCall(
[INFO] [stdout]                 VariableUsage(
[INFO] [stdout]                     "fib",
[INFO] [stdout]                     None,
[INFO] [stdout]                 ),
[INFO] [stdout]                 FunctionCall(
[INFO] [stdout]                     VariableUsage(
[INFO] [stdout]                         "x",
[INFO] [stdout]                         None,
[INFO] [stdout]                     ),
[INFO] [stdout]                     Literal(
[INFO] [stdout]                         Int(
[INFO] [stdout]                             -1,
[INFO] [stdout]                         ),
[INFO] [stdout]                     ),
[INFO] [stdout]                 ),
[INFO] [stdout]             ),
[INFO] [stdout]         ),
[INFO] [stdout]         None,
[INFO] [stdout]     ),
[INFO] [stdout]     FunctionCall(
[INFO] [stdout]         VariableUsage(
[INFO] [stdout]             "fib",
[INFO] [stdout]             None,
[INFO] [stdout]         ),
[INFO] [stdout]         FunctionCall(
[INFO] [stdout]             VariableUsage(
[INFO] [stdout]                 "x",
[INFO] [stdout]                 None,
[INFO] [stdout]             ),
[INFO] [stdout]             Literal(
[INFO] [stdout]                 Int(
[INFO] [stdout]                     -2,
[INFO] [stdout]                 ),
[INFO] [stdout]             ),
[INFO] [stdout]         ),
[INFO] [stdout]     ),
[INFO] [stdout] ]
[INFO] [stdout] stack backtrace:
[INFO] [stdout]    0:     0x5946a611a92a - std::backtrace_rs::backtrace::libunwind::trace::h207520d6e9873551
[INFO] [stdout]                                at /rustc/df4ca44d3fbc9301ee17f30f4d474e6ae4b05252/library/std/src/../../backtrace/src/backtrace/libunwind.rs:116:5
[INFO] [stdout]    1:     0x5946a611a92a - std::backtrace_rs::backtrace::trace_unsynchronized::h2ed7433f370e3eca
[INFO] [stdout]                                at /rustc/df4ca44d3fbc9301ee17f30f4d474e6ae4b05252/library/std/src/../../backtrace/src/backtrace/mod.rs:66:5
[INFO] [stdout]    2:     0x5946a611a92a - std::sys::backtrace::_print_fmt::h916fac51166b18d7
[INFO] [stdout]                                at /rustc/df4ca44d3fbc9301ee17f30f4d474e6ae4b05252/library/std/src/sys/backtrace.rs:66:9
[INFO] [stdout]    3:     0x5946a611a92a - <std::sys::backtrace::BacktraceLock::print::DisplayBacktrace as core::fmt::Display>::fmt::ha0a4c9b8ce3802e6
[INFO] [stdout]                                at /rustc/df4ca44d3fbc9301ee17f30f4d474e6ae4b05252/library/std/src/sys/backtrace.rs:39:26
[INFO] [stdout]    4:     0x5946a61425c3 - core::fmt::rt::Argument::fmt::h4cfc8587d52b3eb5
[INFO] [stdout]                                at /rustc/df4ca44d3fbc9301ee17f30f4d474e6ae4b05252/library/core/src/fmt/rt.rs:177:76
[INFO] [stdout]    5:     0x5946a61425c3 - core::fmt::write::h522cc39e5b36ae9f
[INFO] [stdout]                                at /rustc/df4ca44d3fbc9301ee17f30f4d474e6ae4b05252/library/core/src/fmt/mod.rs:1190:21
[INFO] [stdout]    6:     0x5946a6117593 - std::io::Write::write_fmt::h7d3c26752da97734
[INFO] [stdout]                                at /rustc/df4ca44d3fbc9301ee17f30f4d474e6ae4b05252/library/std/src/io/mod.rs:1839:15
[INFO] [stdout]    7:     0x5946a611a772 - std::sys::backtrace::BacktraceLock::print::h4b9e00b29e9c0942
[INFO] [stdout]                                at /rustc/df4ca44d3fbc9301ee17f30f4d474e6ae4b05252/library/std/src/sys/backtrace.rs:42:9
[INFO] [stdout]    8:     0x5946a611bdba - std::panicking::default_hook::{{closure}}::hb59b88280d0324d9
[INFO] [stdout]                                at /rustc/df4ca44d3fbc9301ee17f30f4d474e6ae4b05252/library/std/src/panicking.rs:268:22
[INFO] [stdout]    9:     0x5946a611bbc4 - std::panicking::default_hook::he1dd496665be4a29
[INFO] [stdout]                                at /rustc/df4ca44d3fbc9301ee17f30f4d474e6ae4b05252/library/std/src/panicking.rs:292:9
[INFO] [stdout]   10:     0x5946a60e59b9 - <alloc::boxed::Box<F,A> as core::ops::function::Fn<Args>>::call::h4ff71de18744e1dc
[INFO] [stdout]                                at /rustc/df4ca44d3fbc9301ee17f30f4d474e6ae4b05252/library/alloc/src/boxed.rs:2468:9
[INFO] [stdout]   11:     0x5946a60e59b9 - test::test_main::{{closure}}::hcf7c055ce117aa81
[INFO] [stdout]                                at /rustc/df4ca44d3fbc9301ee17f30f4d474e6ae4b05252/library/test/src/lib.rs:133:21
[INFO] [stdout]   12:     0x5946a611c4b8 - <alloc::boxed::Box<F,A> as core::ops::function::Fn<Args>>::call::h1d66c6bbd60c9692
[INFO] [stdout]                                at /rustc/df4ca44d3fbc9301ee17f30f4d474e6ae4b05252/library/alloc/src/boxed.rs:2468:9
[INFO] [stdout]   13:     0x5946a611c4b8 - std::panicking::rust_panic_with_hook::h2ff17fe8f26dfcf8
[INFO] [stdout]                                at /rustc/df4ca44d3fbc9301ee17f30f4d474e6ae4b05252/library/std/src/panicking.rs:809:13
[INFO] [stdout]   14:     0x5946a611c27a - std::panicking::begin_panic_handler::{{closure}}::h4fad77951c07e101
[INFO] [stdout]                                at /rustc/df4ca44d3fbc9301ee17f30f4d474e6ae4b05252/library/std/src/panicking.rs:674:13
[INFO] [stdout]   15:     0x5946a611ae09 - std::sys::backtrace::__rust_end_short_backtrace::hb1a25b3da5d0ea08
[INFO] [stdout]                                at /rustc/df4ca44d3fbc9301ee17f30f4d474e6ae4b05252/library/std/src/sys/backtrace.rs:170:18
[INFO] [stdout]   16:     0x5946a611bf0c - rust_begin_unwind
[INFO] [stdout]                                at /rustc/df4ca44d3fbc9301ee17f30f4d474e6ae4b05252/library/std/src/panicking.rs:665:5
[INFO] [stdout]   17:     0x5946a61409b0 - core::panicking::panic_fmt::ha9db07b529f9b256
[INFO] [stdout]                                at /rustc/df4ca44d3fbc9301ee17f30f4d474e6ae4b05252/library/core/src/panicking.rs:75:14
[INFO] [stdout]   18:     0x5946a60a941e - compiler::parse::tests::tests::test_recursive_functions::hccc7d270cb6c665a
[INFO] [stdout]                                at /opt/rustwide/workdir/src/parse/tests.rs:180:9
[INFO] [stdout]   19:     0x5946a60a9057 - compiler::parse::tests::tests::test_recursive_functions::{{closure}}::h1ba3b1b51ff68fb2
[INFO] [stdout]                                at /opt/rustwide/workdir/src/parse/tests.rs:176:34
[INFO] [stdout]   20:     0x5946a608c0f6 - core::ops::function::FnOnce::call_once::h63188c6dc5730731
[INFO] [stdout]                                at /rustc/df4ca44d3fbc9301ee17f30f4d474e6ae4b05252/library/core/src/ops/function.rs:250:5
[INFO] [stdout]   21:     0x5946a60ea28b - core::ops::function::FnOnce::call_once::h22c3ba5715e93f05
[INFO] [stdout]                                at /rustc/df4ca44d3fbc9301ee17f30f4d474e6ae4b05252/library/core/src/ops/function.rs:250:5
[INFO] [stdout]   22:     0x5946a60ea28b - test::__rust_begin_short_backtrace::h8e82d8113d0da17f
[INFO] [stdout]                                at /rustc/df4ca44d3fbc9301ee17f30f4d474e6ae4b05252/library/test/src/lib.rs:621:18
[INFO] [stdout]   23:     0x5946a60e9c07 - test::run_test_in_process::{{closure}}::h33235f4f20b7b7c7
[INFO] [stdout]                                at /rustc/df4ca44d3fbc9301ee17f30f4d474e6ae4b05252/library/test/src/lib.rs:644:60
[INFO] [stdout]   24:     0x5946a60e9c07 - <core::panic::unwind_safe::AssertUnwindSafe<F> as core::ops::function::FnOnce<()>>::call_once::hb5043206310c586f
[INFO] [stdout]                                at /rustc/df4ca44d3fbc9301ee17f30f4d474e6ae4b05252/library/core/src/panic/unwind_safe.rs:272:9
[INFO] [stdout]   25:     0x5946a60e9c07 - std::panicking::try::do_call::h9ad4731a60ab23e2
[INFO] [stdout]                                at /rustc/df4ca44d3fbc9301ee17f30f4d474e6ae4b05252/library/std/src/panicking.rs:557:40
[INFO] [stdout]   26:     0x5946a60e9c07 - std::panicking::try::h3824d23db772a716
[INFO] [stdout]                                at /rustc/df4ca44d3fbc9301ee17f30f4d474e6ae4b05252/library/std/src/panicking.rs:520:19
[INFO] [stdout]   27:     0x5946a60e9c07 - std::panic::catch_unwind::h5afd514605fde46b
[INFO] [stdout]                                at /rustc/df4ca44d3fbc9301ee17f30f4d474e6ae4b05252/library/std/src/panic.rs:358:14
[INFO] [stdout]   28:     0x5946a60e9c07 - test::run_test_in_process::h0d5cbfa7067d1720
[INFO] [stdout]                                at /rustc/df4ca44d3fbc9301ee17f30f4d474e6ae4b05252/library/test/src/lib.rs:644:27
[INFO] [stdout]   29:     0x5946a60e9c07 - test::run_test::{{closure}}::h708eb8872708115d
[INFO] [stdout]                                at /rustc/df4ca44d3fbc9301ee17f30f4d474e6ae4b05252/library/test/src/lib.rs:565:43
[INFO] [stdout]   30:     0x5946a60ad324 - test::run_test::{{closure}}::h392c51cee94713ab
[INFO] [stdout]                                at /rustc/df4ca44d3fbc9301ee17f30f4d474e6ae4b05252/library/test/src/lib.rs:595:41
[INFO] [stdout]   31:     0x5946a60ad324 - std::sys::backtrace::__rust_begin_short_backtrace::h2f40290710935a8b
[INFO] [stdout]                                at /rustc/df4ca44d3fbc9301ee17f30f4d474e6ae4b05252/library/std/src/sys/backtrace.rs:154:18
[INFO] [stdout]   32:     0x5946a60b0ace - std::thread::Builder::spawn_unchecked_::{{closure}}::{{closure}}::h3fd968d89053a903
[INFO] [stdout]                                at /rustc/df4ca44d3fbc9301ee17f30f4d474e6ae4b05252/library/std/src/thread/mod.rs:541:17
[INFO] [stdout]   33:     0x5946a60b0ace - <core::panic::unwind_safe::AssertUnwindSafe<F> as core::ops::function::FnOnce<()>>::call_once::h743f637ba4229880
[INFO] [stdout]                                at /rustc/df4ca44d3fbc9301ee17f30f4d474e6ae4b05252/library/core/src/panic/unwind_safe.rs:272:9
[INFO] [stdout]   34:     0x5946a60b0ace - std::panicking::try::do_call::h07440897322525a6
[INFO] [stdout]                                at /rustc/df4ca44d3fbc9301ee17f30f4d474e6ae4b05252/library/std/src/panicking.rs:557:40
[INFO] [stdout]   35:     0x5946a60b0ace - std::panicking::try::he5a2e00188156637
[INFO] [stdout]                                at /rustc/df4ca44d3fbc9301ee17f30f4d474e6ae4b05252/library/std/src/panicking.rs:520:19
[INFO] [stdout]   36:     0x5946a60b0ace - std::panic::catch_unwind::hbaf3cae49b3c6433
[INFO] [stdout]                                at /rustc/df4ca44d3fbc9301ee17f30f4d474e6ae4b05252/library/std/src/panic.rs:358:14
[INFO] [stdout]   37:     0x5946a60b0ace - std::thread::Builder::spawn_unchecked_::{{closure}}::h8e141ea224820bce
[INFO] [stdout]                                at /rustc/df4ca44d3fbc9301ee17f30f4d474e6ae4b05252/library/std/src/thread/mod.rs:540:30
[INFO] [stdout]   38:     0x5946a60b0ace - core::ops::function::FnOnce::call_once{{vtable.shim}}::h90d312fedd7b8ea8
[INFO] [stdout]                                at /rustc/df4ca44d3fbc9301ee17f30f4d474e6ae4b05252/library/core/src/ops/function.rs:250:5
[INFO] [stdout]   39:     0x5946a61202ab - <alloc::boxed::Box<F,A> as core::ops::function::FnOnce<Args>>::call_once::h69aa08ddb6adb8b6
[INFO] [stdout]                                at /rustc/df4ca44d3fbc9301ee17f30f4d474e6ae4b05252/library/alloc/src/boxed.rs:2454:9
[INFO] [stdout]   40:     0x5946a61202ab - <alloc::boxed::Box<F,A> as core::ops::function::FnOnce<Args>>::call_once::h5aa36efdb79c806f
[INFO] [stdout]                                at /rustc/df4ca44d3fbc9301ee17f30f4d474e6ae4b05252/library/alloc/src/boxed.rs:2454:9
[INFO] [stdout]   41:     0x5946a61202ab - std::sys::pal::unix::thread::Thread::new::thread_start::h6cd80a1b4be5158d
[INFO] [stdout]                                at /rustc/df4ca44d3fbc9301ee17f30f4d474e6ae4b05252/library/std/src/sys/pal/unix/thread.rs:105:17
[INFO] [stdout]   42:     0x7b18d3a6aac3 - <unknown>
[INFO] [stdout]   43:     0x7b18d3afba04 - clone
[INFO] [stdout]   44:                0x0 - <unknown>
[INFO] [stdout] 
[INFO] [stdout] 
[INFO] [stdout] failures:
[INFO] [stdout]     parse::tests::tests::test_recursive_functions
[INFO] [stdout] 
[INFO] [stdout] test result: FAILED. 30 passed; 1 failed; 0 ignored; 0 measured; 0 filtered out; finished in 0.01s
[INFO] [stdout] 
[INFO] [stderr] error: test failed, to rerun pass `--lib`
[INFO] running `Command { std: "docker" "inspect" "4c732323d7482ca7ab4253ed01de79dcdcc330ec098935baa62ed7b991b0711a", kill_on_drop: false }`
[INFO] running `Command { std: "docker" "rm" "-f" "4c732323d7482ca7ab4253ed01de79dcdcc330ec098935baa62ed7b991b0711a", kill_on_drop: false }`
[INFO] [stdout] 4c732323d7482ca7ab4253ed01de79dcdcc330ec098935baa62ed7b991b0711a
