[INFO] cloning repository https://github.com/SkylarLJY/rust-redis
[INFO] running `Command { std: "git" "-c" "credential.helper=" "-c" "credential.helper=/workspace/cargo-home/bin/git-credential-null" "clone" "--bare" "https://github.com/SkylarLJY/rust-redis" "/workspace/cache/git-repos/https%3A%2F%2Fgithub.com%2FSkylarLJY%2Frust-redis", kill_on_drop: false }`
[INFO] [stderr] Cloning into bare repository '/workspace/cache/git-repos/https%3A%2F%2Fgithub.com%2FSkylarLJY%2Frust-redis'...
[INFO] running `Command { std: "git" "rev-parse" "HEAD", kill_on_drop: false }`
[INFO] [stdout] 230aaffcdb617a2b38c99945b45477534b5a7914
[INFO] testing SkylarLJY/rust-redis/230aaffcdb617a2b38c99945b45477534b5a7914 against nightly-2024-10-28 for randomize-layout
[INFO] running `Command { std: "git" "clone" "/workspace/cache/git-repos/https%3A%2F%2Fgithub.com%2FSkylarLJY%2Frust-redis" "/workspace/builds/worker-1-tc1/source", kill_on_drop: false }`
[INFO] [stderr] Cloning into '/workspace/builds/worker-1-tc1/source'...
[INFO] [stderr] done.
[INFO] validating manifest of git repo https://github.com/SkylarLJY/rust-redis on toolchain nightly-2024-10-28
[INFO] running `Command { std: CARGO_HOME="/workspace/cargo-home" RUSTUP_HOME="/workspace/rustup-home" "/workspace/cargo-home/bin/cargo" "+nightly-2024-10-28" "metadata" "--manifest-path" "Cargo.toml" "--no-deps", kill_on_drop: false }`
[INFO] started tweaking git repo https://github.com/SkylarLJY/rust-redis
[INFO] finished tweaking git repo https://github.com/SkylarLJY/rust-redis
[INFO] tweaked toml for git repo https://github.com/SkylarLJY/rust-redis written to /workspace/builds/worker-1-tc1/source/Cargo.toml
[INFO] crate git repo https://github.com/SkylarLJY/rust-redis already has a lockfile, it will not be regenerated
[INFO] running `Command { std: CARGO_HOME="/workspace/cargo-home" RUSTUP_HOME="/workspace/rustup-home" "/workspace/cargo-home/bin/cargo" "+nightly-2024-10-28" "fetch" "--manifest-path" "Cargo.toml", kill_on_drop: false }`
[INFO] [stderr]  Downloading crates ...
[INFO] [stderr]   Downloaded scc v2.2.4
[INFO] running `Command { std: "docker" "create" "-v" "/var/lib/crater-agent-workspace/builds/worker-1-tc1/target:/opt/rustwide/target:rw,Z" "-v" "/var/lib/crater-agent-workspace/builds/worker-1-tc1/source:/opt/rustwide/workdir:ro,Z" "-v" "/var/lib/crater-agent-workspace/cargo-home:/opt/rustwide/cargo-home:ro,Z" "-v" "/var/lib/crater-agent-workspace/rustup-home:/opt/rustwide/rustup-home:ro,Z" "-e" "SOURCE_DIR=/opt/rustwide/workdir" "-e" "CARGO_TARGET_DIR=/opt/rustwide/target" "-e" "CARGO_HOME=/opt/rustwide/cargo-home" "-e" "RUSTUP_HOME=/opt/rustwide/rustup-home" "-w" "/opt/rustwide/workdir" "-m" "1610612736" "--user" "0:0" "--network" "none" "ghcr.io/rust-lang/crates-build-env/linux@sha256:4a844ea9eb2546a2d2c7022eacef16ef2e8229c7fbb2c7d4d55a9ceca922f72d" "/opt/rustwide/cargo-home/bin/cargo" "+nightly-2024-10-28" "metadata" "--no-deps" "--format-version=1", kill_on_drop: false }`
[INFO] [stdout] 9f6e6ade3b8d4c31d95a65433d696d85687f7a2321ae13e7f1bd55da39b1b47d
[INFO] running `Command { std: "docker" "start" "-a" "9f6e6ade3b8d4c31d95a65433d696d85687f7a2321ae13e7f1bd55da39b1b47d", kill_on_drop: false }`
[INFO] running `Command { std: "docker" "inspect" "9f6e6ade3b8d4c31d95a65433d696d85687f7a2321ae13e7f1bd55da39b1b47d", kill_on_drop: false }`
[INFO] running `Command { std: "docker" "rm" "-f" "9f6e6ade3b8d4c31d95a65433d696d85687f7a2321ae13e7f1bd55da39b1b47d", kill_on_drop: false }`
[INFO] [stdout] 9f6e6ade3b8d4c31d95a65433d696d85687f7a2321ae13e7f1bd55da39b1b47d
[INFO] running `Command { std: "docker" "create" "-v" "/var/lib/crater-agent-workspace/builds/worker-1-tc1/target:/opt/rustwide/target:rw,Z" "-v" "/var/lib/crater-agent-workspace/builds/worker-1-tc1/source:/opt/rustwide/workdir:ro,Z" "-v" "/var/lib/crater-agent-workspace/cargo-home:/opt/rustwide/cargo-home:ro,Z" "-v" "/var/lib/crater-agent-workspace/rustup-home:/opt/rustwide/rustup-home:ro,Z" "-e" "SOURCE_DIR=/opt/rustwide/workdir" "-e" "CARGO_TARGET_DIR=/opt/rustwide/target" "-e" "CARGO_INCREMENTAL=0" "-e" "RUST_BACKTRACE=full" "-e" "RUSTFLAGS=--cap-lints=forbid" "-e" "RUSTDOCFLAGS=--cap-lints=forbid" "-e" "CARGO_HOME=/opt/rustwide/cargo-home" "-e" "RUSTUP_HOME=/opt/rustwide/rustup-home" "-w" "/opt/rustwide/workdir" "-m" "1610612736" "--user" "0:0" "--network" "none" "ghcr.io/rust-lang/crates-build-env/linux@sha256:4a844ea9eb2546a2d2c7022eacef16ef2e8229c7fbb2c7d4d55a9ceca922f72d" "/opt/rustwide/cargo-home/bin/cargo" "+nightly-2024-10-28" "build" "--frozen" "--message-format=json", kill_on_drop: false }`
[INFO] [stdout] 6ac49c8ccbf85ccda6d977dcf3d3581a3341432c185b8a33e01747faf0ceba66
[INFO] running `Command { std: "docker" "start" "-a" "6ac49c8ccbf85ccda6d977dcf3d3581a3341432c185b8a33e01747faf0ceba66", kill_on_drop: false }`
[INFO] [stderr]    Compiling proc-macro2 v1.0.86
[INFO] [stderr]    Compiling num-traits v0.2.19
[INFO] [stderr]    Compiling futures-core v0.3.31
[INFO] [stderr]    Compiling futures-sink v0.3.31
[INFO] [stderr]    Compiling pin-project-lite v0.2.15
[INFO] [stderr]    Compiling tinyvec v1.8.0
[INFO] [stderr]    Compiling serde v1.0.213
[INFO] [stderr]    Compiling smallvec v1.13.2
[INFO] [stderr]    Compiling unicode-bidi v0.3.17
[INFO] [stderr]    Compiling aho-corasick v1.1.3
[INFO] [stderr]    Compiling regex-syntax v0.8.5
[INFO] [stderr]    Compiling ryu v1.0.18
[INFO] [stderr]    Compiling serde_json v1.0.132
[INFO] [stderr]    Compiling sdd v3.0.4
[INFO] [stderr]    Compiling combine v4.6.7
[INFO] [stderr]    Compiling socket2 v0.5.7
[INFO] [stderr]    Compiling iana-time-zone v0.1.61
[INFO] [stderr]    Compiling log v0.4.22
[INFO] [stderr]    Compiling futures-channel v0.3.31
[INFO] [stderr]    Compiling sha1_smol v1.0.1
[INFO] [stderr]    Compiling arc-swap v1.7.1
[INFO] [stderr]    Compiling parking_lot_core v0.9.10
[INFO] [stderr]    Compiling lazy_static v1.5.0
[INFO] [stderr]    Compiling futures-util v0.3.31
[INFO] [stderr]    Compiling parking_lot v0.12.3
[INFO] [stderr]    Compiling scc v2.2.4
[INFO] [stderr]    Compiling quote v1.0.37
[INFO] [stderr]    Compiling unicode-normalization v0.1.24
[INFO] [stderr]    Compiling syn v2.0.85
[INFO] [stderr]    Compiling num-integer v0.1.46
[INFO] [stderr]    Compiling chrono v0.4.38
[INFO] [stderr]    Compiling num-bigint v0.4.6
[INFO] [stderr]    Compiling idna v0.5.0
[INFO] [stderr]    Compiling url v2.5.2
[INFO] [stderr]    Compiling regex-automata v0.4.8
[INFO] [stderr]    Compiling futures-executor v0.3.31
[INFO] [stderr]    Compiling futures v0.3.31
[INFO] [stderr]    Compiling serial_test_derive v3.1.1
[INFO] [stderr]    Compiling serde_derive v1.0.213
[INFO] [stderr]    Compiling serial_test v3.1.1
[INFO] [stderr]    Compiling regex v1.11.1
[INFO] [stderr]    Compiling redis v0.27.5
[INFO] [stderr]    Compiling redis_server v0.1.0 (/opt/rustwide/workdir)
[INFO] [stdout] warning: unused import: `DateTime`
[INFO] [stdout]  --> src/resp/datastore.rs:1:14
[INFO] [stdout]   |
[INFO] [stdout] 1 | use chrono::{DateTime, Utc};
[INFO] [stdout]   |              ^^^^^^^^
[INFO] [stdout]   |
[INFO] [stdout]   = note: `#[warn(unused_imports)]` on by default
[INFO] [stdout] 
[INFO] [stdout] 
[INFO] [stdout] warning: unused variable: `key`
[INFO] [stdout]   --> src/resp/commands.rs:88:25
[INFO] [stdout]    |
[INFO] [stdout] 88 |                     let key = cmd.get(2).ok_or(UserInputError::InvalidInput(
[INFO] [stdout]    |                         ^^^ help: if this is intentional, prefix it with an underscore: `_key`
[INFO] [stdout]    |
[INFO] [stdout]    = note: `#[warn(unused_variables)]` on by default
[INFO] [stdout] 
[INFO] [stdout] 
[INFO] [stdout] warning: unused variable: `val`
[INFO] [stdout]   --> src/resp/commands.rs:91:25
[INFO] [stdout]    |
[INFO] [stdout] 91 |                     let val = cmd.get(3).ok_or(UserInputError::InvalidInput(
[INFO] [stdout]    |                         ^^^ help: if this is intentional, prefix it with an underscore: `_val`
[INFO] [stdout] 
[INFO] [stdout] 
[INFO] [stdout] warning: unused variable: `v`
[INFO] [stdout]   --> src/resp/datastore.rs:36:18
[INFO] [stdout]    |
[INFO] [stdout] 36 |             Some(v) => {
[INFO] [stdout]    |                  ^ help: if this is intentional, prefix it with an underscore: `_v`
[INFO] [stdout] 
[INFO] [stdout] 
[INFO] [stdout] warning: unused variable: `keepttl`
[INFO] [stdout]    --> src/resp/datastore.rs:117:9
[INFO] [stdout]     |
[INFO] [stdout] 117 |     let keepttl = options.iter().find(|x| x.to_uppercase() == "KEEPTTL");
[INFO] [stdout]     |         ^^^^^^^ help: if this is intentional, prefix it with an underscore: `_keepttl`
[INFO] [stdout] 
[INFO] [stdout] 
[INFO] [stdout] warning: unused variable: `k`
[INFO] [stdout]   --> src/resp/redisconfig.rs:29:14
[INFO] [stdout]    |
[INFO] [stdout] 29 |         let (k, v) = line.split_once(" ").unwrap();
[INFO] [stdout]    |              ^ help: if this is intentional, prefix it with an underscore: `_k`
[INFO] [stdout] 
[INFO] [stdout] 
[INFO] [stdout] warning: unused variable: `v`
[INFO] [stdout]   --> src/resp/redisconfig.rs:29:17
[INFO] [stdout]    |
[INFO] [stdout] 29 |         let (k, v) = line.split_once(" ").unwrap();
[INFO] [stdout]    |                 ^ help: if this is intentional, prefix it with an underscore: `_v`
[INFO] [stdout] 
[INFO] [stdout] 
[INFO] [stdout] warning: unnecessary `unsafe` block
[INFO] [stdout]   --> src/resp/redisconfig.rs:36:5
[INFO] [stdout]    |
[INFO] [stdout] 36 |     unsafe { REDIS_CONFIG.get(key).cloned() }
[INFO] [stdout]    |     ^^^^^^ unnecessary `unsafe` block
[INFO] [stdout]    |
[INFO] [stdout]    = note: `#[warn(unused_unsafe)]` on by default
[INFO] [stdout] 
[INFO] [stdout] 
[INFO] [stdout] warning: static `REDIS_CONN` is never used
[INFO] [stdout]    --> src/resp/commands.rs:112:12
[INFO] [stdout]     |
[INFO] [stdout] 112 | static mut REDIS_CONN: Lazy<Connection> = Lazy::new(|| {
[INFO] [stdout]     |            ^^^^^^^^^^
[INFO] [stdout]     |
[INFO] [stdout]     = note: `#[warn(dead_code)]` on by default
[INFO] [stdout] 
[INFO] [stdout] 
[INFO] [stdout] warning: constant `CONFIG_FILE_PATH` is never used
[INFO] [stdout]   --> src/resp/constants.rs:11:11
[INFO] [stdout]    |
[INFO] [stdout] 11 | pub const CONFIG_FILE_PATH: &'static str = "redis.conf";
[INFO] [stdout]    |           ^^^^^^^^^^^^^^^^
[INFO] [stdout] 
[INFO] [stdout] 
[INFO] [stdout] warning: variants `DataStoreError` and `ConfigError` are never constructed
[INFO] [stdout]   --> src/resp/errors.rs:56:5
[INFO] [stdout]    |
[INFO] [stdout] 51 | pub enum ServerError {
[INFO] [stdout]    |          ----------- variants in this enum
[INFO] [stdout] ...
[INFO] [stdout] 56 |     DataStoreError(DataStoreError),
[INFO] [stdout]    |     ^^^^^^^^^^^^^^
[INFO] [stdout] 57 |     UserInputError(UserInputError),
[INFO] [stdout] 58 |     ConfigError(String),
[INFO] [stdout]    |     ^^^^^^^^^^^
[INFO] [stdout]    |
[INFO] [stdout]    = note: `ServerError` has a derived impl for the trait `Debug`, but this is intentionally ignored during dead code analysis
[INFO] [stdout] 
[INFO] [stdout] 
[INFO] [stdout] warning: function `parse_config_file` is never used
[INFO] [stdout]   --> src/resp/redisconfig.rs:21:8
[INFO] [stdout]    |
[INFO] [stdout] 21 | pub fn parse_config_file() -> Option<ServerError> {
[INFO] [stdout]    |        ^^^^^^^^^^^^^^^^^
[INFO] [stdout] 
[INFO] [stdout] 
[INFO] [stderr]     Finished `dev` profile [unoptimized + debuginfo] target(s) in 13.06s
[INFO] running `Command { std: "docker" "inspect" "6ac49c8ccbf85ccda6d977dcf3d3581a3341432c185b8a33e01747faf0ceba66", kill_on_drop: false }`
[INFO] running `Command { std: "docker" "rm" "-f" "6ac49c8ccbf85ccda6d977dcf3d3581a3341432c185b8a33e01747faf0ceba66", kill_on_drop: false }`
[INFO] [stdout] 6ac49c8ccbf85ccda6d977dcf3d3581a3341432c185b8a33e01747faf0ceba66
[INFO] running `Command { std: "docker" "create" "-v" "/var/lib/crater-agent-workspace/builds/worker-1-tc1/target:/opt/rustwide/target:rw,Z" "-v" "/var/lib/crater-agent-workspace/builds/worker-1-tc1/source:/opt/rustwide/workdir:ro,Z" "-v" "/var/lib/crater-agent-workspace/cargo-home:/opt/rustwide/cargo-home:ro,Z" "-v" "/var/lib/crater-agent-workspace/rustup-home:/opt/rustwide/rustup-home:ro,Z" "-e" "SOURCE_DIR=/opt/rustwide/workdir" "-e" "CARGO_TARGET_DIR=/opt/rustwide/target" "-e" "CARGO_INCREMENTAL=0" "-e" "RUST_BACKTRACE=full" "-e" "RUSTFLAGS=--cap-lints=forbid" "-e" "RUSTDOCFLAGS=--cap-lints=forbid" "-e" "CARGO_HOME=/opt/rustwide/cargo-home" "-e" "RUSTUP_HOME=/opt/rustwide/rustup-home" "-w" "/opt/rustwide/workdir" "-m" "1610612736" "--user" "0:0" "--network" "none" "ghcr.io/rust-lang/crates-build-env/linux@sha256:4a844ea9eb2546a2d2c7022eacef16ef2e8229c7fbb2c7d4d55a9ceca922f72d" "/opt/rustwide/cargo-home/bin/cargo" "+nightly-2024-10-28" "test" "--frozen" "--no-run" "--message-format=json", kill_on_drop: false }`
[INFO] [stdout] 1531fa10fe9668ce874cdb5c0355efad63c168d4a918016cf2b427df3a472608
[INFO] running `Command { std: "docker" "start" "-a" "1531fa10fe9668ce874cdb5c0355efad63c168d4a918016cf2b427df3a472608", kill_on_drop: false }`
[INFO] [stderr]    Compiling redis_server v0.1.0 (/opt/rustwide/workdir)
[INFO] [stdout] warning: unused import: `DateTime`
[INFO] [stdout]  --> src/resp/datastore.rs:1:14
[INFO] [stdout]   |
[INFO] [stdout] 1 | use chrono::{DateTime, Utc};
[INFO] [stdout]   |              ^^^^^^^^
[INFO] [stdout]   |
[INFO] [stdout]   = note: `#[warn(unused_imports)]` on by default
[INFO] [stdout] 
[INFO] [stdout] 
[INFO] [stdout] warning: unused variable: `key`
[INFO] [stdout]   --> src/resp/commands.rs:88:25
[INFO] [stdout]    |
[INFO] [stdout] 88 |                     let key = cmd.get(2).ok_or(UserInputError::InvalidInput(
[INFO] [stdout]    |                         ^^^ help: if this is intentional, prefix it with an underscore: `_key`
[INFO] [stdout]    |
[INFO] [stdout]    = note: `#[warn(unused_variables)]` on by default
[INFO] [stdout] 
[INFO] [stdout] 
[INFO] [stdout] warning: unused variable: `val`
[INFO] [stdout]   --> src/resp/commands.rs:91:25
[INFO] [stdout]    |
[INFO] [stdout] 91 |                     let val = cmd.get(3).ok_or(UserInputError::InvalidInput(
[INFO] [stdout]    |                         ^^^ help: if this is intentional, prefix it with an underscore: `_val`
[INFO] [stdout] 
[INFO] [stdout] 
[INFO] [stdout] warning: unused variable: `v`
[INFO] [stdout]   --> src/resp/datastore.rs:36:18
[INFO] [stdout]    |
[INFO] [stdout] 36 |             Some(v) => {
[INFO] [stdout]    |                  ^ help: if this is intentional, prefix it with an underscore: `_v`
[INFO] [stdout] 
[INFO] [stdout] 
[INFO] [stdout] warning: unused variable: `keepttl`
[INFO] [stdout]    --> src/resp/datastore.rs:117:9
[INFO] [stdout]     |
[INFO] [stdout] 117 |     let keepttl = options.iter().find(|x| x.to_uppercase() == "KEEPTTL");
[INFO] [stdout]     |         ^^^^^^^ help: if this is intentional, prefix it with an underscore: `_keepttl`
[INFO] [stdout] 
[INFO] [stdout] 
[INFO] [stdout] warning: unused variable: `lock`
[INFO] [stdout]    --> src/resp/datastore.rs:239:13
[INFO] [stdout]     |
[INFO] [stdout] 239 |         let lock = DATA.lock();
[INFO] [stdout]     |             ^^^^ help: if this is intentional, prefix it with an underscore: `_lock`
[INFO] [stdout] 
[INFO] [stdout] 
[INFO] [stdout] warning: unused variable: `k`
[INFO] [stdout]   --> src/resp/redisconfig.rs:29:14
[INFO] [stdout]    |
[INFO] [stdout] 29 |         let (k, v) = line.split_once(" ").unwrap();
[INFO] [stdout]    |              ^ help: if this is intentional, prefix it with an underscore: `_k`
[INFO] [stdout] 
[INFO] [stdout] 
[INFO] [stdout] warning: unused variable: `v`
[INFO] [stdout]   --> src/resp/redisconfig.rs:29:17
[INFO] [stdout]    |
[INFO] [stdout] 29 |         let (k, v) = line.split_once(" ").unwrap();
[INFO] [stdout]    |                 ^ help: if this is intentional, prefix it with an underscore: `_v`
[INFO] [stdout] 
[INFO] [stdout] 
[INFO] [stdout] warning: unnecessary `unsafe` block
[INFO] [stdout]   --> src/resp/redisconfig.rs:36:5
[INFO] [stdout]    |
[INFO] [stdout] 36 |     unsafe { REDIS_CONFIG.get(key).cloned() }
[INFO] [stdout]    |     ^^^^^^ unnecessary `unsafe` block
[INFO] [stdout]    |
[INFO] [stdout]    = note: `#[warn(unused_unsafe)]` on by default
[INFO] [stdout] 
[INFO] [stdout] 
[INFO] [stdout] warning: constant `CONFIG_FILE_PATH` is never used
[INFO] [stdout]   --> src/resp/constants.rs:11:11
[INFO] [stdout]    |
[INFO] [stdout] 11 | pub const CONFIG_FILE_PATH: &'static str = "redis.conf";
[INFO] [stdout]    |           ^^^^^^^^^^^^^^^^
[INFO] [stdout]    |
[INFO] [stdout]    = note: `#[warn(dead_code)]` on by default
[INFO] [stdout] 
[INFO] [stdout] 
[INFO] [stdout] warning: variants `DataStoreError` and `ConfigError` are never constructed
[INFO] [stdout]   --> src/resp/errors.rs:56:5
[INFO] [stdout]    |
[INFO] [stdout] 51 | pub enum ServerError {
[INFO] [stdout]    |          ----------- variants in this enum
[INFO] [stdout] ...
[INFO] [stdout] 56 |     DataStoreError(DataStoreError),
[INFO] [stdout]    |     ^^^^^^^^^^^^^^
[INFO] [stdout] 57 |     UserInputError(UserInputError),
[INFO] [stdout] 58 |     ConfigError(String),
[INFO] [stdout]    |     ^^^^^^^^^^^
[INFO] [stdout]    |
[INFO] [stdout]    = note: `ServerError` has a derived impl for the trait `Debug`, but this is intentionally ignored during dead code analysis
[INFO] [stdout] 
[INFO] [stdout] 
[INFO] [stdout] warning: function `parse_config_file` is never used
[INFO] [stdout]   --> src/resp/redisconfig.rs:21:8
[INFO] [stdout]    |
[INFO] [stdout] 21 | pub fn parse_config_file() -> Option<ServerError> {
[INFO] [stdout]    |        ^^^^^^^^^^^^^^^^^
[INFO] [stdout] 
[INFO] [stdout] 
[INFO] [stdout] warning: creating a mutable reference to mutable static is discouraged
[INFO] [stdout]    --> src/resp/commands.rs:149:51
[INFO] [stdout]     |
[INFO] [stdout] 149 |         let redis_res: Value = cmd.query(unsafe { &mut REDIS_CONN }).expect("ERR");
[INFO] [stdout]     |                                                   ^^^^^^^^^^^^^^^ mutable reference to mutable static
[INFO] [stdout]     |
[INFO] [stdout]     = note: for more information, see <https://doc.rust-lang.org/nightly/edition-guide/rust-2024/static-mut-references.html>
[INFO] [stdout]     = note: mutable references to mutable statics are dangerous; it's undefined behavior if any other pointer to the static is used or if any other reference is created for the static while the mutable reference lives
[INFO] [stdout]     = note: `#[warn(static_mut_refs)]` on by default
[INFO] [stdout] help: use `&raw mut` instead to create a raw pointer
[INFO] [stdout]     |
[INFO] [stdout] 149 |         let redis_res: Value = cmd.query(unsafe { &raw mut REDIS_CONN }).expect("ERR");
[INFO] [stdout]     |                                                   ~~~~~~~~
[INFO] [stdout] 
[INFO] [stdout] 
[INFO] [stderr]     Finished `test` profile [unoptimized + debuginfo] target(s) in 0.60s
[INFO] running `Command { std: "docker" "inspect" "1531fa10fe9668ce874cdb5c0355efad63c168d4a918016cf2b427df3a472608", kill_on_drop: false }`
[INFO] running `Command { std: "docker" "rm" "-f" "1531fa10fe9668ce874cdb5c0355efad63c168d4a918016cf2b427df3a472608", kill_on_drop: false }`
[INFO] [stdout] 1531fa10fe9668ce874cdb5c0355efad63c168d4a918016cf2b427df3a472608
[INFO] running `Command { std: "docker" "create" "-v" "/var/lib/crater-agent-workspace/builds/worker-1-tc1/target:/opt/rustwide/target:rw,Z" "-v" "/var/lib/crater-agent-workspace/builds/worker-1-tc1/source:/opt/rustwide/workdir:ro,Z" "-v" "/var/lib/crater-agent-workspace/cargo-home:/opt/rustwide/cargo-home:ro,Z" "-v" "/var/lib/crater-agent-workspace/rustup-home:/opt/rustwide/rustup-home:ro,Z" "-e" "SOURCE_DIR=/opt/rustwide/workdir" "-e" "CARGO_TARGET_DIR=/opt/rustwide/target" "-e" "CARGO_INCREMENTAL=0" "-e" "RUST_BACKTRACE=full" "-e" "RUSTFLAGS=--cap-lints=forbid" "-e" "RUSTDOCFLAGS=--cap-lints=forbid" "-e" "CARGO_HOME=/opt/rustwide/cargo-home" "-e" "RUSTUP_HOME=/opt/rustwide/rustup-home" "-w" "/opt/rustwide/workdir" "-m" "1610612736" "--user" "0:0" "--network" "none" "ghcr.io/rust-lang/crates-build-env/linux@sha256:4a844ea9eb2546a2d2c7022eacef16ef2e8229c7fbb2c7d4d55a9ceca922f72d" "/opt/rustwide/cargo-home/bin/cargo" "+nightly-2024-10-28" "test" "--frozen", kill_on_drop: false }`
[INFO] [stdout] 5145cc10e700cafac11e2fbf45170a09dfa3d18b8450dacf0305e62212642f5d
[INFO] running `Command { std: "docker" "start" "-a" "5145cc10e700cafac11e2fbf45170a09dfa3d18b8450dacf0305e62212642f5d", kill_on_drop: false }`
[INFO] [stderr] warning: unused import: `DateTime`
[INFO] [stderr]  --> src/resp/datastore.rs:1:14
[INFO] [stderr]   |
[INFO] [stderr] 1 | use chrono::{DateTime, Utc};
[INFO] [stderr]   |              ^^^^^^^^
[INFO] [stderr]   |
[INFO] [stderr]   = note: `#[warn(unused_imports)]` on by default
[INFO] [stderr] 
[INFO] [stderr] warning: unused variable: `key`
[INFO] [stderr]   --> src/resp/commands.rs:88:25
[INFO] [stderr]    |
[INFO] [stderr] 88 |                     let key = cmd.get(2).ok_or(UserInputError::InvalidInput(
[INFO] [stderr]    |                         ^^^ help: if this is intentional, prefix it with an underscore: `_key`
[INFO] [stderr]    |
[INFO] [stderr]    = note: `#[warn(unused_variables)]` on by default
[INFO] [stderr] 
[INFO] [stderr] warning: unused variable: `val`
[INFO] [stderr]   --> src/resp/commands.rs:91:25
[INFO] [stderr]    |
[INFO] [stderr] 91 |                     let val = cmd.get(3).ok_or(UserInputError::InvalidInput(
[INFO] [stderr]    |                         ^^^ help: if this is intentional, prefix it with an underscore: `_val`
[INFO] [stderr] 
[INFO] [stderr] warning: unused variable: `v`
[INFO] [stderr]   --> src/resp/datastore.rs:36:18
[INFO] [stderr]    |
[INFO] [stderr] 36 |             Some(v) => {
[INFO] [stderr]    |                  ^ help: if this is intentional, prefix it with an underscore: `_v`
[INFO] [stderr] 
[INFO] [stderr] warning: unused variable: `keepttl`
[INFO] [stderr]    --> src/resp/datastore.rs:117:9
[INFO] [stderr]     |
[INFO] [stderr] 117 |     let keepttl = options.iter().find(|x| x.to_uppercase() == "KEEPTTL");
[INFO] [stderr]     |         ^^^^^^^ help: if this is intentional, prefix it with an underscore: `_keepttl`
[INFO] [stderr] 
[INFO] [stderr] warning: unused variable: `lock`
[INFO] [stderr]    --> src/resp/datastore.rs:239:13
[INFO] [stderr]     |
[INFO] [stderr] 239 |         let lock = DATA.lock();
[INFO] [stderr]     |             ^^^^ help: if this is intentional, prefix it with an underscore: `_lock`
[INFO] [stderr] 
[INFO] [stderr] warning: unused variable: `k`
[INFO] [stderr]   --> src/resp/redisconfig.rs:29:14
[INFO] [stderr]    |
[INFO] [stderr] 29 |         let (k, v) = line.split_once(" ").unwrap();
[INFO] [stderr]    |              ^ help: if this is intentional, prefix it with an underscore: `_k`
[INFO] [stderr] 
[INFO] [stderr] warning: unused variable: `v`
[INFO] [stderr]   --> src/resp/redisconfig.rs:29:17
[INFO] [stderr]    |
[INFO] [stderr] 29 |         let (k, v) = line.split_once(" ").unwrap();
[INFO] [stderr]    |                 ^ help: if this is intentional, prefix it with an underscore: `_v`
[INFO] [stderr] 
[INFO] [stderr] warning: unnecessary `unsafe` block
[INFO] [stderr]   --> src/resp/redisconfig.rs:36:5
[INFO] [stderr]    |
[INFO] [stderr] 36 |     unsafe { REDIS_CONFIG.get(key).cloned() }
[INFO] [stderr]    |     ^^^^^^ unnecessary `unsafe` block
[INFO] [stderr]    |
[INFO] [stderr]    = note: `#[warn(unused_unsafe)]` on by default
[INFO] [stderr] 
[INFO] [stderr] warning: constant `CONFIG_FILE_PATH` is never used
[INFO] [stderr]   --> src/resp/constants.rs:11:11
[INFO] [stderr]    |
[INFO] [stderr] 11 | pub const CONFIG_FILE_PATH: &'static str = "redis.conf";
[INFO] [stderr]    |           ^^^^^^^^^^^^^^^^
[INFO] [stderr]    |
[INFO] [stderr]    = note: `#[warn(dead_code)]` on by default
[INFO] [stderr] 
[INFO] [stderr] warning: variants `DataStoreError` and `ConfigError` are never constructed
[INFO] [stderr]   --> src/resp/errors.rs:56:5
[INFO] [stderr]    |
[INFO] [stderr] 51 | pub enum ServerError {
[INFO] [stderr]    |          ----------- variants in this enum
[INFO] [stderr] ...
[INFO] [stderr] 56 |     DataStoreError(DataStoreError),
[INFO] [stderr]    |     ^^^^^^^^^^^^^^
[INFO] [stderr] 57 |     UserInputError(UserInputError),
[INFO] [stderr] 58 |     ConfigError(String),
[INFO] [stderr]    |     ^^^^^^^^^^^
[INFO] [stderr]    |
[INFO] [stderr]    = note: `ServerError` has a derived impl for the trait `Debug`, but this is intentionally ignored during dead code analysis
[INFO] [stderr] 
[INFO] [stderr] warning: function `parse_config_file` is never used
[INFO] [stderr]   --> src/resp/redisconfig.rs:21:8
[INFO] [stderr]    |
[INFO] [stderr] 21 | pub fn parse_config_file() -> Option<ServerError> {
[INFO] [stderr]    |        ^^^^^^^^^^^^^^^^^
[INFO] [stderr] 
[INFO] [stderr] warning: creating a mutable reference to mutable static is discouraged
[INFO] [stderr]    --> src/resp/commands.rs:149:51
[INFO] [stderr]     |
[INFO] [stderr] 149 |         let redis_res: Value = cmd.query(unsafe { &mut REDIS_CONN }).expect("ERR");
[INFO] [stderr]     |                                                   ^^^^^^^^^^^^^^^ mutable reference to mutable static
[INFO] [stderr]     |
[INFO] [stderr]     = note: for more information, see <https://doc.rust-lang.org/nightly/edition-guide/rust-2024/static-mut-references.html>
[INFO] [stderr]     = note: mutable references to mutable statics are dangerous; it's undefined behavior if any other pointer to the static is used or if any other reference is created for the static while the mutable reference lives
[INFO] [stderr]     = note: `#[warn(static_mut_refs)]` on by default
[INFO] [stderr] help: use `&raw mut` instead to create a raw pointer
[INFO] [stderr]     |
[INFO] [stderr] 149 |         let redis_res: Value = cmd.query(unsafe { &raw mut REDIS_CONN }).expect("ERR");
[INFO] [stderr]     |                                                   ~~~~~~~~
[INFO] [stderr] 
[INFO] [stderr] warning: `redis_server` (bin "redis_server" test) generated 13 warnings (run `cargo fix --bin "redis_server" --tests` to apply 1 suggestion)
[INFO] [stderr]     Finished `test` profile [unoptimized + debuginfo] target(s) in 0.05s
[INFO] [stderr]      Running unittests src/main.rs (/opt/rustwide/target/debug/deps/redis_server-1367ddae581657b5)
[INFO] [stdout] 
[INFO] [stdout] running 23 tests
[INFO] [stdout] test resp::commands::tests::test_set_with_expire ... ok
[INFO] [stdout] test resp::datastore::tests::test_get_value_key_not_found ... ok
[INFO] [stdout] test resp::deserialize::tests::error_cases::test_deserialize_array_actual_length_too_short ... ok
[INFO] [stdout] test resp::deserialize::tests::error_cases::test_deserialize_bulk_string_wrong_length ... ok
[INFO] [stdout] test resp::deserialize::tests::error_cases::test_deserialize_invalid_input ... ok
[INFO] [stdout] test resp::deserialize::tests::valid_inputs::test_deserialize_array_of_bulk_string ... ok
[INFO] [stdout] test resp::deserialize::tests::valid_inputs::test_deserialize_array_simple ... ok
[INFO] [stdout] test resp::deserialize::tests::valid_inputs::test_deserialize_bulk_string_with_newline ... ok
[INFO] [stdout] test resp::deserialize::tests::valid_inputs::test_deserialize_nested_array ... ok
[INFO] [stdout] test resp::deserialize::tests::valid_inputs::test_deserialize_mixed_array ... ok
[INFO] [stdout] test resp::deserialize::tests::valid_inputs::test_deserialize_null_array ... ok
[INFO] [stdout] test resp::deserialize::tests::valid_inputs::test_deserialize_null_bulk_string ... ok
[INFO] [stdout] test resp::deserialize::tests::valid_inputs::test_deserialize_simple_string ... ok
[INFO] [stdout] test resp::resp_value::tests::test_serialize_array_of_bulk_string ... ok
[INFO] [stdout] test resp::resp_value::tests::test_serialize_array_simple ... ok
[INFO] [stdout] test resp::resp_value::tests::test_serialize_null_array ... ok
[INFO] [stdout] test resp::resp_value::tests::test_serialize_null_bulk_string ... ok
[INFO] [stdout] test resp::resp_value::tests::test_serialize_simple_string ... ok
[INFO] [stdout] test resp::commands::tests::test_get_config ... FAILED
[INFO] [stdout] test resp::datastore::tests::test_get_expired_key ... ok
[INFO] [stdout] test resp::datastore::tests::test_set_value ... ok
[INFO] [stdout] test resp::datastore::tests::test_set_value_lock_error ... ok
[INFO] [stdout] test resp::datastore::tests::test_get_value ... ok
[INFO] [stdout] 
[INFO] [stdout] failures:
[INFO] [stdout] 
[INFO] [stdout] ---- resp::commands::tests::test_get_config stdout ----
[INFO] [stdout] thread 'resp::commands::tests::test_get_config' panicked at src/resp/commands.rs:116:10:
[INFO] [stdout] Failed to get redis connection: Connection refused (os error 111)
[INFO] [stdout] stack backtrace:
[INFO] [stdout]    0:     0x639737ba400a - std::backtrace_rs::backtrace::libunwind::trace::h207520d6e9873551
[INFO] [stdout]                                at /rustc/df4ca44d3fbc9301ee17f30f4d474e6ae4b05252/library/std/src/../../backtrace/src/backtrace/libunwind.rs:116:5
[INFO] [stdout]    1:     0x639737ba400a - std::backtrace_rs::backtrace::trace_unsynchronized::h2ed7433f370e3eca
[INFO] [stdout]                                at /rustc/df4ca44d3fbc9301ee17f30f4d474e6ae4b05252/library/std/src/../../backtrace/src/backtrace/mod.rs:66:5
[INFO] [stdout]    2:     0x639737ba400a - std::sys::backtrace::_print_fmt::h916fac51166b18d7
[INFO] [stdout]                                at /rustc/df4ca44d3fbc9301ee17f30f4d474e6ae4b05252/library/std/src/sys/backtrace.rs:66:9
[INFO] [stdout]    3:     0x639737ba400a - <std::sys::backtrace::BacktraceLock::print::DisplayBacktrace as core::fmt::Display>::fmt::ha0a4c9b8ce3802e6
[INFO] [stdout]                                at /rustc/df4ca44d3fbc9301ee17f30f4d474e6ae4b05252/library/std/src/sys/backtrace.rs:39:26
[INFO] [stdout]    4:     0x639737bcf3a3 - core::fmt::rt::Argument::fmt::h4cfc8587d52b3eb5
[INFO] [stdout]                                at /rustc/df4ca44d3fbc9301ee17f30f4d474e6ae4b05252/library/core/src/fmt/rt.rs:177:76
[INFO] [stdout]    5:     0x639737bcf3a3 - core::fmt::write::h522cc39e5b36ae9f
[INFO] [stdout]                                at /rustc/df4ca44d3fbc9301ee17f30f4d474e6ae4b05252/library/core/src/fmt/mod.rs:1190:21
[INFO] [stdout]    6:     0x639737b9fe93 - std::io::Write::write_fmt::h7d3c26752da97734
[INFO] [stdout]                                at /rustc/df4ca44d3fbc9301ee17f30f4d474e6ae4b05252/library/std/src/io/mod.rs:1839:15
[INFO] [stdout]    7:     0x639737ba3e52 - std::sys::backtrace::BacktraceLock::print::h4b9e00b29e9c0942
[INFO] [stdout]                                at /rustc/df4ca44d3fbc9301ee17f30f4d474e6ae4b05252/library/std/src/sys/backtrace.rs:42:9
[INFO] [stdout]    8:     0x639737ba549a - std::panicking::default_hook::{{closure}}::hb59b88280d0324d9
[INFO] [stdout]                                at /rustc/df4ca44d3fbc9301ee17f30f4d474e6ae4b05252/library/std/src/panicking.rs:268:22
[INFO] [stdout]    9:     0x639737ba52a4 - std::panicking::default_hook::he1dd496665be4a29
[INFO] [stdout]                                at /rustc/df4ca44d3fbc9301ee17f30f4d474e6ae4b05252/library/std/src/panicking.rs:292:9
[INFO] [stdout]   10:     0x639737a29d99 - <alloc::boxed::Box<F,A> as core::ops::function::Fn<Args>>::call::h4ff71de18744e1dc
[INFO] [stdout]                                at /rustc/df4ca44d3fbc9301ee17f30f4d474e6ae4b05252/library/alloc/src/boxed.rs:2468:9
[INFO] [stdout]   11:     0x639737a29d99 - test::test_main::{{closure}}::hcf7c055ce117aa81
[INFO] [stdout]                                at /rustc/df4ca44d3fbc9301ee17f30f4d474e6ae4b05252/library/test/src/lib.rs:133:21
[INFO] [stdout]   12:     0x639737ba5b98 - <alloc::boxed::Box<F,A> as core::ops::function::Fn<Args>>::call::h1d66c6bbd60c9692
[INFO] [stdout]                                at /rustc/df4ca44d3fbc9301ee17f30f4d474e6ae4b05252/library/alloc/src/boxed.rs:2468:9
[INFO] [stdout]   13:     0x639737ba5b98 - std::panicking::rust_panic_with_hook::h2ff17fe8f26dfcf8
[INFO] [stdout]                                at /rustc/df4ca44d3fbc9301ee17f30f4d474e6ae4b05252/library/std/src/panicking.rs:809:13
[INFO] [stdout]   14:     0x639737ba595a - std::panicking::begin_panic_handler::{{closure}}::h4fad77951c07e101
[INFO] [stdout]                                at /rustc/df4ca44d3fbc9301ee17f30f4d474e6ae4b05252/library/std/src/panicking.rs:674:13
[INFO] [stdout]   15:     0x639737ba44e9 - std::sys::backtrace::__rust_end_short_backtrace::hb1a25b3da5d0ea08
[INFO] [stdout]                                at /rustc/df4ca44d3fbc9301ee17f30f4d474e6ae4b05252/library/std/src/sys/backtrace.rs:170:18
[INFO] [stdout]   16:     0x639737ba55ec - rust_begin_unwind
[INFO] [stdout]                                at /rustc/df4ca44d3fbc9301ee17f30f4d474e6ae4b05252/library/std/src/panicking.rs:665:5
[INFO] [stdout]   17:     0x639737bcd8c0 - core::panicking::panic_fmt::ha9db07b529f9b256
[INFO] [stdout]                                at /rustc/df4ca44d3fbc9301ee17f30f4d474e6ae4b05252/library/core/src/panicking.rs:75:14
[INFO] [stdout]   18:     0x639737bcdd06 - core::result::unwrap_failed::h5e8218e4d4338b8a
[INFO] [stdout]                                at /rustc/df4ca44d3fbc9301ee17f30f4d474e6ae4b05252/library/core/src/result.rs:1698:5
[INFO] [stdout]   19:     0x6397379e4460 - core::result::Result<T,E>::expect::hc9886b47c674e7da
[INFO] [stdout]                                at /rustc/df4ca44d3fbc9301ee17f30f4d474e6ae4b05252/library/core/src/result.rs:1060:23
[INFO] [stdout]   20:     0x6397379e791b - redis_server::resp::commands::REDIS_CONN::{{closure}}::h23e179ef371fc1e1
[INFO] [stdout]                                at /opt/rustwide/workdir/src/resp/commands.rs:114:5
[INFO] [stdout]   21:     0x6397379dbd86 - core::ops::function::FnOnce::call_once::h01be99da2b33ac2f
[INFO] [stdout]                                at /rustc/df4ca44d3fbc9301ee17f30f4d474e6ae4b05252/library/core/src/ops/function.rs:250:5
[INFO] [stdout]   22:     0x6397379dbfe2 - core::ops::function::FnOnce::call_once::h2931c8276ca7c113
[INFO] [stdout]                                at /rustc/df4ca44d3fbc9301ee17f30f4d474e6ae4b05252/library/core/src/ops/function.rs:250:5
[INFO] [stdout]   23:     0x6397379eda6c - once_cell::sync::Lazy<T,F>::force_mut::h803e54339677ed45
[INFO] [stdout]                                at /opt/rustwide/cargo-home/registry/src/index.crates.io-6f17d22bba15001f/once_cell-1.20.2/src/lib.rs:1330:32
[INFO] [stdout]   24:     0x6397379ec9da - <once_cell::sync::Lazy<T,F> as core::ops::deref::DerefMut>::deref_mut::h72dc54b68bedbb62
[INFO] [stdout]                                at /opt/rustwide/cargo-home/registry/src/index.crates.io-6f17d22bba15001f/once_cell-1.20.2/src/lib.rs:1382:13
[INFO] [stdout]   25:     0x6397379e9dcf - <T as redis::connection::ConnectionLike>::req_command::h6c628435bfa33fc6
[INFO] [stdout]                                at /opt/rustwide/cargo-home/registry/src/index.crates.io-6f17d22bba15001f/redis-0.27.5/src/connection.rs:1592:9
[INFO] [stdout]   26:     0x639737a9c9fe - redis::cmd::Cmd::query::h5ee4a3f8fde8ea46
[INFO] [stdout]                                at /opt/rustwide/cargo-home/registry/src/index.crates.io-6f17d22bba15001f/redis-0.27.5/src/cmd.rs:425:15
[INFO] [stdout]   27:     0x6397379e17a5 - redis_server::resp::commands::tests::test_get_config::hcbb050a28e0f36b6
[INFO] [stdout]                                at /opt/rustwide/workdir/src/resp/commands.rs:149:32
[INFO] [stdout]   28:     0x6397379e16a7 - redis_server::resp::commands::tests::test_get_config::{{closure}}::habab6981a5a30ef8
[INFO] [stdout]                                at /opt/rustwide/workdir/src/resp/commands.rs:146:25
[INFO] [stdout]   29:     0x6397379dc006 - core::ops::function::FnOnce::call_once::h2bf0aaf622aecac1
[INFO] [stdout]                                at /rustc/df4ca44d3fbc9301ee17f30f4d474e6ae4b05252/library/core/src/ops/function.rs:250:5
[INFO] [stdout]   30:     0x639737a2e66b - core::ops::function::FnOnce::call_once::h22c3ba5715e93f05
[INFO] [stdout]                                at /rustc/df4ca44d3fbc9301ee17f30f4d474e6ae4b05252/library/core/src/ops/function.rs:250:5
[INFO] [stdout]   31:     0x639737a2e66b - test::__rust_begin_short_backtrace::h8e82d8113d0da17f
[INFO] [stdout]                                at /rustc/df4ca44d3fbc9301ee17f30f4d474e6ae4b05252/library/test/src/lib.rs:621:18
[INFO] [stdout]   32:     0x639737a2dfe7 - test::run_test_in_process::{{closure}}::h33235f4f20b7b7c7
[INFO] [stdout]                                at /rustc/df4ca44d3fbc9301ee17f30f4d474e6ae4b05252/library/test/src/lib.rs:644:60
[INFO] [stdout]   33:     0x639737a2dfe7 - <core::panic::unwind_safe::AssertUnwindSafe<F> as core::ops::function::FnOnce<()>>::call_once::hb5043206310c586f
[INFO] [stdout]                                at /rustc/df4ca44d3fbc9301ee17f30f4d474e6ae4b05252/library/core/src/panic/unwind_safe.rs:272:9
[INFO] [stdout]   34:     0x639737a2dfe7 - std::panicking::try::do_call::h9ad4731a60ab23e2
[INFO] [stdout]                                at /rustc/df4ca44d3fbc9301ee17f30f4d474e6ae4b05252/library/std/src/panicking.rs:557:40
[INFO] [stdout]   35:     0x639737a2dfe7 - std::panicking::try::h3824d23db772a716
[INFO] [stdout]                                at /rustc/df4ca44d3fbc9301ee17f30f4d474e6ae4b05252/library/std/src/panicking.rs:520:19
[INFO] [stdout]   36:     0x639737a2dfe7 - std::panic::catch_unwind::h5afd514605fde46b
[INFO] [stdout]                                at /rustc/df4ca44d3fbc9301ee17f30f4d474e6ae4b05252/library/std/src/panic.rs:358:14
[INFO] [stdout]   37:     0x639737a2dfe7 - test::run_test_in_process::h0d5cbfa7067d1720
[INFO] [stdout]                                at /rustc/df4ca44d3fbc9301ee17f30f4d474e6ae4b05252/library/test/src/lib.rs:644:27
[INFO] [stdout]   38:     0x639737a2dfe7 - test::run_test::{{closure}}::h708eb8872708115d
[INFO] [stdout]                                at /rustc/df4ca44d3fbc9301ee17f30f4d474e6ae4b05252/library/test/src/lib.rs:565:43
[INFO] [stdout]   39:     0x6397379f1704 - test::run_test::{{closure}}::h392c51cee94713ab
[INFO] [stdout]                                at /rustc/df4ca44d3fbc9301ee17f30f4d474e6ae4b05252/library/test/src/lib.rs:595:41
[INFO] [stdout]   40:     0x6397379f1704 - std::sys::backtrace::__rust_begin_short_backtrace::h2f40290710935a8b
[INFO] [stdout]                                at /rustc/df4ca44d3fbc9301ee17f30f4d474e6ae4b05252/library/std/src/sys/backtrace.rs:154:18
[INFO] [stdout]   41:     0x6397379f4eae - std::thread::Builder::spawn_unchecked_::{{closure}}::{{closure}}::h3fd968d89053a903
[INFO] [stdout]                                at /rustc/df4ca44d3fbc9301ee17f30f4d474e6ae4b05252/library/std/src/thread/mod.rs:541:17
[INFO] [stdout]   42:     0x6397379f4eae - <core::panic::unwind_safe::AssertUnwindSafe<F> as core::ops::function::FnOnce<()>>::call_once::h743f637ba4229880
[INFO] [stdout]                                at /rustc/df4ca44d3fbc9301ee17f30f4d474e6ae4b05252/library/core/src/panic/unwind_safe.rs:272:9
[INFO] [stdout]   43:     0x6397379f4eae - std::panicking::try::do_call::h07440897322525a6
[INFO] [stdout]                                at /rustc/df4ca44d3fbc9301ee17f30f4d474e6ae4b05252/library/std/src/panicking.rs:557:40
[INFO] [stdout]   44:     0x6397379f4eae - std::panicking::try::he5a2e00188156637
[INFO] [stdout]                                at /rustc/df4ca44d3fbc9301ee17f30f4d474e6ae4b05252/library/std/src/panicking.rs:520:19
[INFO] [stdout]   45:     0x6397379f4eae - std::panic::catch_unwind::hbaf3cae49b3c6433
[INFO] [stdout]                                at /rustc/df4ca44d3fbc9301ee17f30f4d474e6ae4b05252/library/std/src/panic.rs:358:14
[INFO] [stdout]   46:     0x6397379f4eae - std::thread::Builder::spawn_unchecked_::{{closure}}::h8e141ea224820bce
[INFO] [stdout]                                at /rustc/df4ca44d3fbc9301ee17f30f4d474e6ae4b05252/library/std/src/thread/mod.rs:540:30
[INFO] [stdout]   47:     0x6397379f4eae - core::ops::function::FnOnce::call_once{{vtable.shim}}::h90d312fedd7b8ea8
[INFO] [stdout]                                at /rustc/df4ca44d3fbc9301ee17f30f4d474e6ae4b05252/library/core/src/ops/function.rs:250:5
[INFO] [stdout]   48:     0x639737ba9a6b - <alloc::boxed::Box<F,A> as core::ops::function::FnOnce<Args>>::call_once::h69aa08ddb6adb8b6
[INFO] [stdout]                                at /rustc/df4ca44d3fbc9301ee17f30f4d474e6ae4b05252/library/alloc/src/boxed.rs:2454:9
[INFO] [stdout]   49:     0x639737ba9a6b - <alloc::boxed::Box<F,A> as core::ops::function::FnOnce<Args>>::call_once::h5aa36efdb79c806f
[INFO] [stdout]                                at /rustc/df4ca44d3fbc9301ee17f30f4d474e6ae4b05252/library/alloc/src/boxed.rs:2454:9
[INFO] [stdout]   50:     0x639737ba9a6b - std::sys::pal::unix::thread::Thread::new::thread_start::h6cd80a1b4be5158d
[INFO] [stdout]                                at /rustc/df4ca44d3fbc9301ee17f30f4d474e6ae4b05252/library/std/src/sys/pal/unix/thread.rs:105:17
[INFO] [stdout]   51:     0x77ba37ea1ac3 - <unknown>
[INFO] [stdout]   52:     0x77ba37f32a04 - clone
[INFO] [stdout]   53:                0x0 - <unknown>
[INFO] [stdout] 
[INFO] [stdout] 
[INFO] [stdout] failures:
[INFO] [stdout]     resp::commands::tests::test_get_config
[INFO] [stdout] 
[INFO] [stdout] test result: FAILED. 22 passed; 1 failed; 0 ignored; 0 measured; 0 filtered out; finished in 3.00s
[INFO] [stdout] 
[INFO] [stderr] error: test failed, to rerun pass `--bin redis_server`
[INFO] running `Command { std: "docker" "inspect" "5145cc10e700cafac11e2fbf45170a09dfa3d18b8450dacf0305e62212642f5d", kill_on_drop: false }`
[INFO] running `Command { std: "docker" "rm" "-f" "5145cc10e700cafac11e2fbf45170a09dfa3d18b8450dacf0305e62212642f5d", kill_on_drop: false }`
[INFO] [stdout] 5145cc10e700cafac11e2fbf45170a09dfa3d18b8450dacf0305e62212642f5d
