[INFO] cloning repository https://github.com/SixArm/asv-to-usv
[INFO] running `Command { std: "git" "-c" "credential.helper=" "-c" "credential.helper=/workspace/cargo-home/bin/git-credential-null" "clone" "--bare" "https://github.com/SixArm/asv-to-usv" "/workspace/cache/git-repos/https%3A%2F%2Fgithub.com%2FSixArm%2Fasv-to-usv", kill_on_drop: false }`
[INFO] [stderr] Cloning into bare repository '/workspace/cache/git-repos/https%3A%2F%2Fgithub.com%2FSixArm%2Fasv-to-usv'...
[INFO] running `Command { std: "git" "rev-parse" "HEAD", kill_on_drop: false }`
[INFO] [stdout] 0ead7ab930f9e7a38ec094e1ca079d06febd73d4
[INFO] testing SixArm/asv-to-usv/0ead7ab930f9e7a38ec094e1ca079d06febd73d4 against nightly-2024-10-28+rustflags=-Zrandomize-layout for randomize-layout
[INFO] running `Command { std: "git" "clone" "/workspace/cache/git-repos/https%3A%2F%2Fgithub.com%2FSixArm%2Fasv-to-usv" "/workspace/builds/worker-1-tc2/source", kill_on_drop: false }`
[INFO] [stderr] Cloning into '/workspace/builds/worker-1-tc2/source'...
[INFO] [stderr] done.
[INFO] validating manifest of git repo https://github.com/SixArm/asv-to-usv on toolchain nightly-2024-10-28
[INFO] running `Command { std: CARGO_HOME="/workspace/cargo-home" RUSTUP_HOME="/workspace/rustup-home" "/workspace/cargo-home/bin/cargo" "+nightly-2024-10-28" "metadata" "--manifest-path" "Cargo.toml" "--no-deps", kill_on_drop: false }`
[INFO] started tweaking git repo https://github.com/SixArm/asv-to-usv
[INFO] finished tweaking git repo https://github.com/SixArm/asv-to-usv
[INFO] tweaked toml for git repo https://github.com/SixArm/asv-to-usv written to /workspace/builds/worker-1-tc2/source/Cargo.toml
[INFO] crate git repo https://github.com/SixArm/asv-to-usv already has a lockfile, it will not be regenerated
[INFO] running `Command { std: CARGO_HOME="/workspace/cargo-home" RUSTUP_HOME="/workspace/rustup-home" "/workspace/cargo-home/bin/cargo" "+nightly-2024-10-28" "fetch" "--manifest-path" "Cargo.toml", kill_on_drop: false }`
[INFO] running `Command { std: "docker" "create" "-v" "/var/lib/crater-agent-workspace/builds/worker-1-tc2/target:/opt/rustwide/target:rw,Z" "-v" "/var/lib/crater-agent-workspace/builds/worker-1-tc2/source:/opt/rustwide/workdir:ro,Z" "-v" "/var/lib/crater-agent-workspace/cargo-home:/opt/rustwide/cargo-home:ro,Z" "-v" "/var/lib/crater-agent-workspace/rustup-home:/opt/rustwide/rustup-home:ro,Z" "-e" "SOURCE_DIR=/opt/rustwide/workdir" "-e" "CARGO_TARGET_DIR=/opt/rustwide/target" "-e" "CARGO_HOME=/opt/rustwide/cargo-home" "-e" "RUSTUP_HOME=/opt/rustwide/rustup-home" "-w" "/opt/rustwide/workdir" "-m" "1610612736" "--user" "0:0" "--network" "none" "ghcr.io/rust-lang/crates-build-env/linux@sha256:4a844ea9eb2546a2d2c7022eacef16ef2e8229c7fbb2c7d4d55a9ceca922f72d" "/opt/rustwide/cargo-home/bin/cargo" "+nightly-2024-10-28" "metadata" "--no-deps" "--format-version=1", kill_on_drop: false }`
[INFO] [stdout] 76180a7c82d8916f96e4b230168f452bedb6447d5e3747f3d6f025453a2bdce3
[INFO] running `Command { std: "docker" "start" "-a" "76180a7c82d8916f96e4b230168f452bedb6447d5e3747f3d6f025453a2bdce3", kill_on_drop: false }`
[INFO] running `Command { std: "docker" "inspect" "76180a7c82d8916f96e4b230168f452bedb6447d5e3747f3d6f025453a2bdce3", kill_on_drop: false }`
[INFO] running `Command { std: "docker" "rm" "-f" "76180a7c82d8916f96e4b230168f452bedb6447d5e3747f3d6f025453a2bdce3", kill_on_drop: false }`
[INFO] [stdout] 76180a7c82d8916f96e4b230168f452bedb6447d5e3747f3d6f025453a2bdce3
[INFO] running `Command { std: "docker" "create" "-v" "/var/lib/crater-agent-workspace/builds/worker-1-tc2/target:/opt/rustwide/target:rw,Z" "-v" "/var/lib/crater-agent-workspace/builds/worker-1-tc2/source:/opt/rustwide/workdir:ro,Z" "-v" "/var/lib/crater-agent-workspace/cargo-home:/opt/rustwide/cargo-home:ro,Z" "-v" "/var/lib/crater-agent-workspace/rustup-home:/opt/rustwide/rustup-home:ro,Z" "-e" "SOURCE_DIR=/opt/rustwide/workdir" "-e" "CARGO_TARGET_DIR=/opt/rustwide/target" "-e" "CARGO_INCREMENTAL=0" "-e" "RUST_BACKTRACE=full" "-e" "RUSTFLAGS=--cap-lints=forbid -Zrandomize-layout" "-e" "RUSTDOCFLAGS=--cap-lints=forbid" "-e" "CARGO_HOME=/opt/rustwide/cargo-home" "-e" "RUSTUP_HOME=/opt/rustwide/rustup-home" "-w" "/opt/rustwide/workdir" "-m" "1610612736" "--user" "0:0" "--network" "none" "ghcr.io/rust-lang/crates-build-env/linux@sha256:4a844ea9eb2546a2d2c7022eacef16ef2e8229c7fbb2c7d4d55a9ceca922f72d" "/opt/rustwide/cargo-home/bin/cargo" "+nightly-2024-10-28" "build" "--frozen" "--message-format=json", kill_on_drop: false }`
[INFO] [stdout] b1a9e279f0d35af5bafe1b6809657e821a19a8ba424733bbe84107a0b8b9e817
[INFO] running `Command { std: "docker" "start" "-a" "b1a9e279f0d35af5bafe1b6809657e821a19a8ba424733bbe84107a0b8b9e817", kill_on_drop: false }`
[INFO] [stderr]    Compiling utf8parse v0.2.1
[INFO] [stderr]    Compiling memchr v2.7.2
[INFO] [stderr]    Compiling colorchoice v1.0.0
[INFO] [stderr]    Compiling anstyle v1.0.6
[INFO] [stderr]    Compiling regex-syntax v0.8.3
[INFO] [stderr]    Compiling anstyle-query v1.0.2
[INFO] [stderr]    Compiling clap_lex v0.7.0
[INFO] [stderr]    Compiling strsim v0.11.1
[INFO] [stderr]    Compiling log v0.4.21
[INFO] [stderr]    Compiling humantime v2.1.0
[INFO] [stderr]    Compiling usv v0.19.1
[INFO] [stderr]    Compiling anstyle-parse v0.2.3
[INFO] [stderr]    Compiling anstream v0.6.13
[INFO] [stderr]    Compiling clap_builder v4.5.2
[INFO] [stderr]    Compiling aho-corasick v1.1.3
[INFO] [stderr]    Compiling regex-automata v0.4.6
[INFO] [stderr]    Compiling clap v4.5.4
[INFO] [stderr]    Compiling regex v1.10.4
[INFO] [stderr]    Compiling env_filter v0.1.0
[INFO] [stderr]    Compiling env_logger v0.11.3
[INFO] [stderr]    Compiling asv-to-usv v1.5.2 (/opt/rustwide/workdir)
[INFO] [stdout] warning: unused `#[macro_use]` import
[INFO] [stdout]    --> src/main.rs:165:1
[INFO] [stdout]     |
[INFO] [stdout] 165 | #[macro_use]
[INFO] [stdout]     | ^^^^^^^^^^^^
[INFO] [stdout]     |
[INFO] [stdout]     = note: `#[warn(unused_imports)]` on by default
[INFO] [stdout] 
[INFO] [stdout] 
[INFO] [stdout] warning: unused import: `builder::styling::Style`
[INFO] [stdout]   --> src/app/clap.rs:12:12
[INFO] [stdout]    |
[INFO] [stdout] 12 | use clap::{builder::styling::Style, Arg};
[INFO] [stdout]    |            ^^^^^^^^^^^^^^^^^^^^^^^
[INFO] [stdout] 
[INFO] [stdout] 
[INFO] [stdout] warning: field `log_level` is never read
[INFO] [stdout]   --> src/app/args.rs:19:16
[INFO] [stdout]    |
[INFO] [stdout] 11 | pub struct Args {
[INFO] [stdout]    |            ---- field in this struct
[INFO] [stdout] ...
[INFO] [stdout] 19 |     pub(crate) log_level: Option<::log::Level>,
[INFO] [stdout]    |                ^^^^^^^^^
[INFO] [stdout]    |
[INFO] [stdout]    = note: `Args` has a derived impl for the trait `Debug`, but this is intentionally ignored during dead code analysis
[INFO] [stdout]    = note: `#[warn(dead_code)]` on by default
[INFO] [stdout] 
[INFO] [stdout] 
[INFO] [stderr]     Finished `dev` profile [unoptimized + debuginfo] target(s) in 3.68s
[INFO] running `Command { std: "docker" "inspect" "b1a9e279f0d35af5bafe1b6809657e821a19a8ba424733bbe84107a0b8b9e817", kill_on_drop: false }`
[INFO] running `Command { std: "docker" "rm" "-f" "b1a9e279f0d35af5bafe1b6809657e821a19a8ba424733bbe84107a0b8b9e817", kill_on_drop: false }`
[INFO] [stdout] b1a9e279f0d35af5bafe1b6809657e821a19a8ba424733bbe84107a0b8b9e817
[INFO] running `Command { std: "docker" "create" "-v" "/var/lib/crater-agent-workspace/builds/worker-1-tc2/target:/opt/rustwide/target:rw,Z" "-v" "/var/lib/crater-agent-workspace/builds/worker-1-tc2/source:/opt/rustwide/workdir:ro,Z" "-v" "/var/lib/crater-agent-workspace/cargo-home:/opt/rustwide/cargo-home:ro,Z" "-v" "/var/lib/crater-agent-workspace/rustup-home:/opt/rustwide/rustup-home:ro,Z" "-e" "SOURCE_DIR=/opt/rustwide/workdir" "-e" "CARGO_TARGET_DIR=/opt/rustwide/target" "-e" "CARGO_INCREMENTAL=0" "-e" "RUST_BACKTRACE=full" "-e" "RUSTFLAGS=--cap-lints=forbid -Zrandomize-layout" "-e" "RUSTDOCFLAGS=--cap-lints=forbid" "-e" "CARGO_HOME=/opt/rustwide/cargo-home" "-e" "RUSTUP_HOME=/opt/rustwide/rustup-home" "-w" "/opt/rustwide/workdir" "-m" "1610612736" "--user" "0:0" "--network" "none" "ghcr.io/rust-lang/crates-build-env/linux@sha256:4a844ea9eb2546a2d2c7022eacef16ef2e8229c7fbb2c7d4d55a9ceca922f72d" "/opt/rustwide/cargo-home/bin/cargo" "+nightly-2024-10-28" "test" "--frozen" "--no-run" "--message-format=json", kill_on_drop: false }`
[INFO] [stdout] 9e32f6ad3c15ff266f252183721d5cffc8f9f718c7ac1e21fe37b2aea165c6bc
[INFO] running `Command { std: "docker" "start" "-a" "9e32f6ad3c15ff266f252183721d5cffc8f9f718c7ac1e21fe37b2aea165c6bc", kill_on_drop: false }`
[INFO] [stderr]    Compiling proc-macro2 v1.0.79
[INFO] [stderr]    Compiling unicode-ident v1.0.12
[INFO] [stderr]    Compiling libc v0.2.153
[INFO] [stderr]    Compiling cfg-if v1.0.0
[INFO] [stderr]    Compiling crossbeam-utils v0.8.19
[INFO] [stderr]    Compiling serde v1.0.197
[INFO] [stderr]    Compiling autocfg v1.2.0
[INFO] [stderr]    Compiling serde_json v1.0.115
[INFO] [stderr]    Compiling rayon-core v1.12.1
[INFO] [stderr]    Compiling either v1.10.0
[INFO] [stderr]    Compiling ryu v1.0.17
[INFO] [stderr]    Compiling ciborium-io v0.2.2
[INFO] [stderr]    Compiling itoa v1.0.11
[INFO] [stderr]    Compiling plotters-backend v0.3.5
[INFO] [stderr]    Compiling cast v0.3.0
[INFO] [stderr]    Compiling ppv-lite86 v0.2.17
[INFO] [stderr]    Compiling half v2.4.1
[INFO] [stderr]    Compiling same-file v1.0.6
[INFO] [stderr]    Compiling anes v0.1.6
[INFO] [stderr]    Compiling once_cell v1.19.0
[INFO] [stderr]    Compiling oorandom v11.1.3
[INFO] [stderr]    Compiling walkdir v2.5.0
[INFO] [stdout] warning: unused `#[macro_use]` import
[INFO] [stdout]    --> src/main.rs:165:1
[INFO] [stdout]     |
[INFO] [stdout] 165 | #[macro_use]
[INFO] [stdout]     | ^^^^^^^^^^^^
[INFO] [stdout]     |
[INFO] [stdout]     = note: `#[warn(unused_imports)]` on by default
[INFO] [stdout] 
[INFO] [stdout] 
[INFO] [stdout] warning: unused import: `builder::styling::Style`
[INFO] [stdout]   --> src/app/clap.rs:12:12
[INFO] [stdout]    |
[INFO] [stdout] 12 | use clap::{builder::styling::Style, Arg};
[INFO] [stdout]    |            ^^^^^^^^^^^^^^^^^^^^^^^
[INFO] [stdout] 
[INFO] [stdout] 
[INFO] [stdout] warning: field `log_level` is never read
[INFO] [stdout]   --> src/app/args.rs:19:16
[INFO] [stdout]    |
[INFO] [stdout] 11 | pub struct Args {
[INFO] [stdout]    |            ---- field in this struct
[INFO] [stdout] ...
[INFO] [stdout] 19 |     pub(crate) log_level: Option<::log::Level>,
[INFO] [stdout]    |                ^^^^^^^^^
[INFO] [stdout]    |
[INFO] [stdout]    = note: `Args` has a derived impl for the trait `Debug`, but this is intentionally ignored during dead code analysis
[INFO] [stdout]    = note: `#[warn(dead_code)]` on by default
[INFO] [stdout] 
[INFO] [stdout] 
[INFO] [stderr]    Compiling itertools v0.10.5
[INFO] [stderr]    Compiling plotters-svg v0.3.5
[INFO] [stderr]    Compiling num-traits v0.2.18
[INFO] [stderr]    Compiling ciborium-ll v0.2.2
[INFO] [stderr]    Compiling crossbeam-epoch v0.9.18
[INFO] [stderr]    Compiling quote v1.0.36
[INFO] [stderr]    Compiling getrandom v0.2.14
[INFO] [stderr]    Compiling is-terminal v0.4.12
[INFO] [stderr]    Compiling syn v2.0.58
[INFO] [stderr]    Compiling crossbeam-deque v0.8.5
[INFO] [stderr]    Compiling rand_core v0.6.4
[INFO] [stderr]    Compiling rand_chacha v0.3.1
[INFO] [stderr]    Compiling rand v0.8.5
[INFO] [stderr]    Compiling rayon v1.10.0
[INFO] [stderr]    Compiling plotters v0.3.5
[INFO] [stderr]    Compiling criterion-plot v0.5.0
[INFO] [stderr]    Compiling serde_derive v1.0.197
[INFO] [stderr]    Compiling ciborium v0.2.2
[INFO] [stderr]    Compiling tinytemplate v1.2.1
[INFO] [stderr]    Compiling criterion v0.5.1
[INFO] [stderr]    Compiling asv-to-usv v1.5.2 (/opt/rustwide/workdir)
[INFO] [stdout] warning: unused `#[macro_use]` import
[INFO] [stdout]    --> src/main.rs:165:1
[INFO] [stdout]     |
[INFO] [stdout] 165 | #[macro_use]
[INFO] [stdout]     | ^^^^^^^^^^^^
[INFO] [stdout]     |
[INFO] [stdout]     = note: `#[warn(unused_imports)]` on by default
[INFO] [stdout] 
[INFO] [stdout] 
[INFO] [stdout] warning: unused import: `builder::styling::Style`
[INFO] [stdout]   --> src/app/clap.rs:12:12
[INFO] [stdout]    |
[INFO] [stdout] 12 | use clap::{builder::styling::Style, Arg};
[INFO] [stdout]    |            ^^^^^^^^^^^^^^^^^^^^^^^
[INFO] [stdout] 
[INFO] [stdout] 
[INFO] [stdout] warning: field `log_level` is never read
[INFO] [stdout]   --> src/app/args.rs:19:16
[INFO] [stdout]    |
[INFO] [stdout] 11 | pub struct Args {
[INFO] [stdout]    |            ---- field in this struct
[INFO] [stdout] ...
[INFO] [stdout] 19 |     pub(crate) log_level: Option<::log::Level>,
[INFO] [stdout]    |                ^^^^^^^^^
[INFO] [stdout]    |
[INFO] [stdout]    = note: `Args` has a derived impl for the trait `Debug`, but this is intentionally ignored during dead code analysis
[INFO] [stdout]    = note: `#[warn(dead_code)]` on by default
[INFO] [stdout] 
[INFO] [stdout] 
[INFO] [stderr]     Finished `test` profile [unoptimized + debuginfo] target(s) in 9.62s
[INFO] running `Command { std: "docker" "inspect" "9e32f6ad3c15ff266f252183721d5cffc8f9f718c7ac1e21fe37b2aea165c6bc", kill_on_drop: false }`
[INFO] running `Command { std: "docker" "rm" "-f" "9e32f6ad3c15ff266f252183721d5cffc8f9f718c7ac1e21fe37b2aea165c6bc", kill_on_drop: false }`
[INFO] [stdout] 9e32f6ad3c15ff266f252183721d5cffc8f9f718c7ac1e21fe37b2aea165c6bc
[INFO] running `Command { std: "docker" "create" "-v" "/var/lib/crater-agent-workspace/builds/worker-1-tc2/target:/opt/rustwide/target:rw,Z" "-v" "/var/lib/crater-agent-workspace/builds/worker-1-tc2/source:/opt/rustwide/workdir:ro,Z" "-v" "/var/lib/crater-agent-workspace/cargo-home:/opt/rustwide/cargo-home:ro,Z" "-v" "/var/lib/crater-agent-workspace/rustup-home:/opt/rustwide/rustup-home:ro,Z" "-e" "SOURCE_DIR=/opt/rustwide/workdir" "-e" "CARGO_TARGET_DIR=/opt/rustwide/target" "-e" "CARGO_INCREMENTAL=0" "-e" "RUST_BACKTRACE=full" "-e" "RUSTFLAGS=--cap-lints=forbid -Zrandomize-layout" "-e" "RUSTDOCFLAGS=--cap-lints=forbid" "-e" "CARGO_HOME=/opt/rustwide/cargo-home" "-e" "RUSTUP_HOME=/opt/rustwide/rustup-home" "-w" "/opt/rustwide/workdir" "-m" "1610612736" "--user" "0:0" "--network" "none" "ghcr.io/rust-lang/crates-build-env/linux@sha256:4a844ea9eb2546a2d2c7022eacef16ef2e8229c7fbb2c7d4d55a9ceca922f72d" "/opt/rustwide/cargo-home/bin/cargo" "+nightly-2024-10-28" "test" "--frozen", kill_on_drop: false }`
[INFO] [stdout] ddebd6595717f99c64d26a24c0bca1b56fd277c7a225f5b2b8f538b81faa0188
[INFO] running `Command { std: "docker" "start" "-a" "ddebd6595717f99c64d26a24c0bca1b56fd277c7a225f5b2b8f538b81faa0188", kill_on_drop: false }`
[INFO] [stderr] warning: unused `#[macro_use]` import
[INFO] [stderr]    --> src/main.rs:165:1
[INFO] [stderr]     |
[INFO] [stderr] 165 | #[macro_use]
[INFO] [stderr]     | ^^^^^^^^^^^^
[INFO] [stderr]     |
[INFO] [stderr]     = note: `#[warn(unused_imports)]` on by default
[INFO] [stderr] 
[INFO] [stderr] warning: unused import: `builder::styling::Style`
[INFO] [stderr]   --> src/app/clap.rs:12:12
[INFO] [stderr]    |
[INFO] [stderr] 12 | use clap::{builder::styling::Style, Arg};
[INFO] [stderr]    |            ^^^^^^^^^^^^^^^^^^^^^^^
[INFO] [stderr] 
[INFO] [stderr] warning: field `log_level` is never read
[INFO] [stderr]   --> src/app/args.rs:19:16
[INFO] [stderr]    |
[INFO] [stderr] 11 | pub struct Args {
[INFO] [stderr]    |            ---- field in this struct
[INFO] [stderr] ...
[INFO] [stderr] 19 |     pub(crate) log_level: Option<::log::Level>,
[INFO] [stderr]    |                ^^^^^^^^^
[INFO] [stderr]    |
[INFO] [stderr]    = note: `Args` has a derived impl for the trait `Debug`, but this is intentionally ignored during dead code analysis
[INFO] [stderr]    = note: `#[warn(dead_code)]` on by default
[INFO] [stderr] 
[INFO] [stderr] warning: `asv-to-usv` (bin "asv-to-usv") generated 3 warnings (run `cargo fix --bin "asv-to-usv"` to apply 1 suggestion)
[INFO] [stderr] warning: `asv-to-usv` (bin "asv-to-usv" test) generated 3 warnings (3 duplicates)
[INFO] [stderr]     Finished `test` profile [unoptimized + debuginfo] target(s) in 0.05s
[INFO] [stderr]      Running unittests src/lib.rs (/opt/rustwide/target/debug/deps/asv_to_usv-253681315e679d2d)
[INFO] [stdout] 
[INFO] [stdout] running 1 test
[INFO] [stdout] test tests::asv_to_usv_test ... ok
[INFO] [stdout] 
[INFO] [stdout] test result: ok. 1 passed; 0 failed; 0 ignored; 0 measured; 0 filtered out; finished in 0.00s
[INFO] [stdout] 
[INFO] [stderr]      Running unittests src/main.rs (/opt/rustwide/target/debug/deps/asv_to_usv-8121d0f781978d19)
[INFO] [stdout] 
[INFO] [stdout] running 0 tests
[INFO] [stdout] 
[INFO] [stdout] test result: ok. 0 passed; 0 failed; 0 ignored; 0 measured; 0 filtered out; finished in 0.00s
[INFO] [stdout] 
[INFO] [stderr]      Running tests/command.rs (/opt/rustwide/target/debug/deps/command-8863d4660369a73b)
[INFO] [stdout] 
[INFO] [stdout] running 1 test
[INFO] [stdout] test command ... FAILED
[INFO] [stdout] 
[INFO] [stdout] failures:
[INFO] [stdout] 
[INFO] [stdout] ---- command stdout ----
[INFO] [stdout] thread 'command' panicked at tests/common/mod.rs:70:6:
[INFO] [stdout] command: Os { code: 2, kind: NotFound, message: "No such file or directory" }
[INFO] [stdout] stack backtrace:
[INFO] [stdout]    0:     0x58a2c38a933a - std::backtrace_rs::backtrace::libunwind::trace::h207520d6e9873551
[INFO] [stdout]                                at /rustc/df4ca44d3fbc9301ee17f30f4d474e6ae4b05252/library/std/src/../../backtrace/src/backtrace/libunwind.rs:116:5
[INFO] [stdout]    1:     0x58a2c38a933a - std::backtrace_rs::backtrace::trace_unsynchronized::h2ed7433f370e3eca
[INFO] [stdout]                                at /rustc/df4ca44d3fbc9301ee17f30f4d474e6ae4b05252/library/std/src/../../backtrace/src/backtrace/mod.rs:66:5
[INFO] [stdout]    2:     0x58a2c38a933a - std::sys::backtrace::_print_fmt::h916fac51166b18d7
[INFO] [stdout]                                at /rustc/df4ca44d3fbc9301ee17f30f4d474e6ae4b05252/library/std/src/sys/backtrace.rs:66:9
[INFO] [stdout]    3:     0x58a2c38a933a - <std::sys::backtrace::BacktraceLock::print::DisplayBacktrace as core::fmt::Display>::fmt::ha0a4c9b8ce3802e6
[INFO] [stdout]                                at /rustc/df4ca44d3fbc9301ee17f30f4d474e6ae4b05252/library/std/src/sys/backtrace.rs:39:26
[INFO] [stdout]    4:     0x58a2c38cf903 - core::fmt::rt::Argument::fmt::h4cfc8587d52b3eb5
[INFO] [stdout]                                at /rustc/df4ca44d3fbc9301ee17f30f4d474e6ae4b05252/library/core/src/fmt/rt.rs:177:76
[INFO] [stdout]    5:     0x58a2c38cf903 - core::fmt::write::h522cc39e5b36ae9f
[INFO] [stdout]                                at /rustc/df4ca44d3fbc9301ee17f30f4d474e6ae4b05252/library/core/src/fmt/mod.rs:1190:21
[INFO] [stdout]    6:     0x58a2c38a5c63 - std::io::Write::write_fmt::h7d3c26752da97734
[INFO] [stdout]                                at /rustc/df4ca44d3fbc9301ee17f30f4d474e6ae4b05252/library/std/src/io/mod.rs:1839:15
[INFO] [stdout]    7:     0x58a2c38a9182 - std::sys::backtrace::BacktraceLock::print::h4b9e00b29e9c0942
[INFO] [stdout]                                at /rustc/df4ca44d3fbc9301ee17f30f4d474e6ae4b05252/library/std/src/sys/backtrace.rs:42:9
[INFO] [stdout]    8:     0x58a2c38aa7ca - std::panicking::default_hook::{{closure}}::hb59b88280d0324d9
[INFO] [stdout]                                at /rustc/df4ca44d3fbc9301ee17f30f4d474e6ae4b05252/library/std/src/panicking.rs:268:22
[INFO] [stdout]    9:     0x58a2c38aa5d4 - std::panicking::default_hook::he1dd496665be4a29
[INFO] [stdout]                                at /rustc/df4ca44d3fbc9301ee17f30f4d474e6ae4b05252/library/std/src/panicking.rs:292:9
[INFO] [stdout]   10:     0x58a2c38715f9 - <alloc::boxed::Box<F,A> as core::ops::function::Fn<Args>>::call::h4ff71de18744e1dc
[INFO] [stdout]                                at /rustc/df4ca44d3fbc9301ee17f30f4d474e6ae4b05252/library/alloc/src/boxed.rs:2468:9
[INFO] [stdout]   11:     0x58a2c38715f9 - test::test_main::{{closure}}::hcf7c055ce117aa81
[INFO] [stdout]                                at /rustc/df4ca44d3fbc9301ee17f30f4d474e6ae4b05252/library/test/src/lib.rs:133:21
[INFO] [stdout]   12:     0x58a2c38aaec8 - <alloc::boxed::Box<F,A> as core::ops::function::Fn<Args>>::call::h1d66c6bbd60c9692
[INFO] [stdout]                                at /rustc/df4ca44d3fbc9301ee17f30f4d474e6ae4b05252/library/alloc/src/boxed.rs:2468:9
[INFO] [stdout]   13:     0x58a2c38aaec8 - std::panicking::rust_panic_with_hook::h2ff17fe8f26dfcf8
[INFO] [stdout]                                at /rustc/df4ca44d3fbc9301ee17f30f4d474e6ae4b05252/library/std/src/panicking.rs:809:13
[INFO] [stdout]   14:     0x58a2c38aac8a - std::panicking::begin_panic_handler::{{closure}}::h4fad77951c07e101
[INFO] [stdout]                                at /rustc/df4ca44d3fbc9301ee17f30f4d474e6ae4b05252/library/std/src/panicking.rs:674:13
[INFO] [stdout]   15:     0x58a2c38a9819 - std::sys::backtrace::__rust_end_short_backtrace::hb1a25b3da5d0ea08
[INFO] [stdout]                                at /rustc/df4ca44d3fbc9301ee17f30f4d474e6ae4b05252/library/std/src/sys/backtrace.rs:170:18
[INFO] [stdout]   16:     0x58a2c38aa91c - rust_begin_unwind
[INFO] [stdout]                                at /rustc/df4ca44d3fbc9301ee17f30f4d474e6ae4b05252/library/std/src/panicking.rs:665:5
[INFO] [stdout]   17:     0x58a2c38ce300 - core::panicking::panic_fmt::ha9db07b529f9b256
[INFO] [stdout]                                at /rustc/df4ca44d3fbc9301ee17f30f4d474e6ae4b05252/library/core/src/panicking.rs:75:14
[INFO] [stdout]   18:     0x58a2c38ce746 - core::result::unwrap_failed::h5e8218e4d4338b8a
[INFO] [stdout]                                at /rustc/df4ca44d3fbc9301ee17f30f4d474e6ae4b05252/library/core/src/result.rs:1698:5
[INFO] [stdout]   19:     0x58a2c3833dd5 - core::result::Result<T,E>::expect::h6994a69ea89758ce
[INFO] [stdout]                                at /rustc/df4ca44d3fbc9301ee17f30f4d474e6ae4b05252/library/core/src/result.rs:1060:23
[INFO] [stdout]   20:     0x58a2c38370f2 - command::common::command_io_bytes_to_string::hd0b32a456dc790d6
[INFO] [stdout]                                at /opt/rustwide/workdir/tests/common/mod.rs:66:21
[INFO] [stdout]   21:     0x58a2c38373ea - command::common::command_io_str_to_string::hb5936334c869ac33
[INFO] [stdout]                                at /opt/rustwide/workdir/tests/common/mod.rs:84:5
[INFO] [stdout]   22:     0x58a2c3837473 - command::command::h76587d06b5037245
[INFO] [stdout]                                at /opt/rustwide/workdir/tests/command.rs:8:18
[INFO] [stdout]   23:     0x58a2c3837417 - command::command::{{closure}}::h9fafa7aad7b2ee34
[INFO] [stdout]                                at /opt/rustwide/workdir/tests/command.rs:6:13
[INFO] [stdout]   24:     0x58a2c38327d6 - core::ops::function::FnOnce::call_once::h747b9952f335f8b6
[INFO] [stdout]                                at /rustc/df4ca44d3fbc9301ee17f30f4d474e6ae4b05252/library/core/src/ops/function.rs:250:5
[INFO] [stdout]   25:     0x58a2c3875ecb - core::ops::function::FnOnce::call_once::h22c3ba5715e93f05
[INFO] [stdout]                                at /rustc/df4ca44d3fbc9301ee17f30f4d474e6ae4b05252/library/core/src/ops/function.rs:250:5
[INFO] [stdout]   26:     0x58a2c3875ecb - test::__rust_begin_short_backtrace::h8e82d8113d0da17f
[INFO] [stdout]                                at /rustc/df4ca44d3fbc9301ee17f30f4d474e6ae4b05252/library/test/src/lib.rs:621:18
[INFO] [stdout]   27:     0x58a2c3875847 - test::run_test_in_process::{{closure}}::h33235f4f20b7b7c7
[INFO] [stdout]                                at /rustc/df4ca44d3fbc9301ee17f30f4d474e6ae4b05252/library/test/src/lib.rs:644:60
[INFO] [stdout]   28:     0x58a2c3875847 - <core::panic::unwind_safe::AssertUnwindSafe<F> as core::ops::function::FnOnce<()>>::call_once::hb5043206310c586f
[INFO] [stdout]                                at /rustc/df4ca44d3fbc9301ee17f30f4d474e6ae4b05252/library/core/src/panic/unwind_safe.rs:272:9
[INFO] [stdout]   29:     0x58a2c3875847 - std::panicking::try::do_call::h9ad4731a60ab23e2
[INFO] [stdout]                                at /rustc/df4ca44d3fbc9301ee17f30f4d474e6ae4b05252/library/std/src/panicking.rs:557:40
[INFO] [stdout]   30:     0x58a2c3875847 - std::panicking::try::h3824d23db772a716
[INFO] [stdout]                                at /rustc/df4ca44d3fbc9301ee17f30f4d474e6ae4b05252/library/std/src/panicking.rs:520:19
[INFO] [stdout]   31:     0x58a2c3875847 - std::panic::catch_unwind::h5afd514605fde46b
[INFO] [stdout]                                at /rustc/df4ca44d3fbc9301ee17f30f4d474e6ae4b05252/library/std/src/panic.rs:358:14
[INFO] [stdout]   32:     0x58a2c3875847 - test::run_test_in_process::h0d5cbfa7067d1720
[INFO] [stdout]                                at /rustc/df4ca44d3fbc9301ee17f30f4d474e6ae4b05252/library/test/src/lib.rs:644:27
[INFO] [stdout]   33:     0x58a2c3875847 - test::run_test::{{closure}}::h708eb8872708115d
[INFO] [stdout]                                at /rustc/df4ca44d3fbc9301ee17f30f4d474e6ae4b05252/library/test/src/lib.rs:565:43
[INFO] [stdout]   34:     0x58a2c3838f64 - test::run_test::{{closure}}::h392c51cee94713ab
[INFO] [stdout]                                at /rustc/df4ca44d3fbc9301ee17f30f4d474e6ae4b05252/library/test/src/lib.rs:595:41
[INFO] [stdout]   35:     0x58a2c3838f64 - std::sys::backtrace::__rust_begin_short_backtrace::h2f40290710935a8b
[INFO] [stdout]                                at /rustc/df4ca44d3fbc9301ee17f30f4d474e6ae4b05252/library/std/src/sys/backtrace.rs:154:18
[INFO] [stdout]   36:     0x58a2c383c70e - std::thread::Builder::spawn_unchecked_::{{closure}}::{{closure}}::h3fd968d89053a903
[INFO] [stdout]                                at /rustc/df4ca44d3fbc9301ee17f30f4d474e6ae4b05252/library/std/src/thread/mod.rs:541:17
[INFO] [stdout]   37:     0x58a2c383c70e - <core::panic::unwind_safe::AssertUnwindSafe<F> as core::ops::function::FnOnce<()>>::call_once::h743f637ba4229880
[INFO] [stdout]                                at /rustc/df4ca44d3fbc9301ee17f30f4d474e6ae4b05252/library/core/src/panic/unwind_safe.rs:272:9
[INFO] [stdout]   38:     0x58a2c383c70e - std::panicking::try::do_call::h07440897322525a6
[INFO] [stdout]                                at /rustc/df4ca44d3fbc9301ee17f30f4d474e6ae4b05252/library/std/src/panicking.rs:557:40
[INFO] [stdout]   39:     0x58a2c383c70e - std::panicking::try::he5a2e00188156637
[INFO] [stdout]                                at /rustc/df4ca44d3fbc9301ee17f30f4d474e6ae4b05252/library/std/src/panicking.rs:520:19
[INFO] [stdout]   40:     0x58a2c383c70e - std::panic::catch_unwind::hbaf3cae49b3c6433
[INFO] [stdout]                                at /rustc/df4ca44d3fbc9301ee17f30f4d474e6ae4b05252/library/std/src/panic.rs:358:14
[INFO] [stdout]   41:     0x58a2c383c70e - std::thread::Builder::spawn_unchecked_::{{closure}}::h8e141ea224820bce
[INFO] [stdout]                                at /rustc/df4ca44d3fbc9301ee17f30f4d474e6ae4b05252/library/std/src/thread/mod.rs:540:30
[INFO] [stdout]   42:     0x58a2c383c70e - core::ops::function::FnOnce::call_once{{vtable.shim}}::h90d312fedd7b8ea8
[INFO] [stdout]                                at /rustc/df4ca44d3fbc9301ee17f30f4d474e6ae4b05252/library/core/src/ops/function.rs:250:5
[INFO] [stdout]   43:     0x58a2c38aed0b - <alloc::boxed::Box<F,A> as core::ops::function::FnOnce<Args>>::call_once::h69aa08ddb6adb8b6
[INFO] [stdout]                                at /rustc/df4ca44d3fbc9301ee17f30f4d474e6ae4b05252/library/alloc/src/boxed.rs:2454:9
[INFO] [stdout]   44:     0x58a2c38aed0b - <alloc::boxed::Box<F,A> as core::ops::function::FnOnce<Args>>::call_once::h5aa36efdb79c806f
[INFO] [stdout]                                at /rustc/df4ca44d3fbc9301ee17f30f4d474e6ae4b05252/library/alloc/src/boxed.rs:2454:9
[INFO] [stdout]   45:     0x58a2c38aed0b - std::sys::pal::unix::thread::Thread::new::thread_start::h6cd80a1b4be5158d
[INFO] [stdout]                                at /rustc/df4ca44d3fbc9301ee17f30f4d474e6ae4b05252/library/std/src/sys/pal/unix/thread.rs:105:17
[INFO] [stdout]   46:     0x729fd4dd6ac3 - <unknown>
[INFO] [stdout]   47:     0x729fd4e67a04 - clone
[INFO] [stdout]   48:                0x0 - <unknown>
[INFO] [stdout] 
[INFO] [stdout] 
[INFO] [stdout] failures:
[INFO] [stdout]     command
[INFO] [stdout] 
[INFO] [stdout] test result: FAILED. 0 passed; 1 failed; 0 ignored; 0 measured; 0 filtered out; finished in 0.01s
[INFO] [stdout] 
[INFO] [stderr] error: test failed, to rerun pass `--test command`
[INFO] running `Command { std: "docker" "inspect" "ddebd6595717f99c64d26a24c0bca1b56fd277c7a225f5b2b8f538b81faa0188", kill_on_drop: false }`
[INFO] running `Command { std: "docker" "rm" "-f" "ddebd6595717f99c64d26a24c0bca1b56fd277c7a225f5b2b8f538b81faa0188", kill_on_drop: false }`
[INFO] [stdout] ddebd6595717f99c64d26a24c0bca1b56fd277c7a225f5b2b8f538b81faa0188
