[INFO] cloning repository https://github.com/Scarjit/randomrepo
[INFO] running `Command { std: "git" "-c" "credential.helper=" "-c" "credential.helper=/workspace/cargo-home/bin/git-credential-null" "clone" "--bare" "https://github.com/Scarjit/randomrepo" "/workspace/cache/git-repos/https%3A%2F%2Fgithub.com%2FScarjit%2Frandomrepo", kill_on_drop: false }`
[INFO] [stderr] Cloning into bare repository '/workspace/cache/git-repos/https%3A%2F%2Fgithub.com%2FScarjit%2Frandomrepo'...
[INFO] running `Command { std: "git" "rev-parse" "HEAD", kill_on_drop: false }`
[INFO] [stdout] 26dcc3851d21fd545b5c9cd758b44502326b27c0
[INFO] testing Scarjit/randomrepo/26dcc3851d21fd545b5c9cd758b44502326b27c0 against nightly-2024-10-28+rustflags=-Zrandomize-layout for randomize-layout
[INFO] running `Command { std: "git" "clone" "/workspace/cache/git-repos/https%3A%2F%2Fgithub.com%2FScarjit%2Frandomrepo" "/workspace/builds/worker-7-tc2/source", kill_on_drop: false }`
[INFO] [stderr] Cloning into '/workspace/builds/worker-7-tc2/source'...
[INFO] [stderr] done.
[INFO] validating manifest of git repo https://github.com/Scarjit/randomrepo on toolchain nightly-2024-10-28
[INFO] running `Command { std: CARGO_HOME="/workspace/cargo-home" RUSTUP_HOME="/workspace/rustup-home" "/workspace/cargo-home/bin/cargo" "+nightly-2024-10-28" "metadata" "--manifest-path" "Cargo.toml" "--no-deps", kill_on_drop: false }`
[INFO] started tweaking git repo https://github.com/Scarjit/randomrepo
[INFO] finished tweaking git repo https://github.com/Scarjit/randomrepo
[INFO] tweaked toml for git repo https://github.com/Scarjit/randomrepo written to /workspace/builds/worker-7-tc2/source/Cargo.toml
[INFO] crate git repo https://github.com/Scarjit/randomrepo already has a lockfile, it will not be regenerated
[INFO] running `Command { std: CARGO_HOME="/workspace/cargo-home" RUSTUP_HOME="/workspace/rustup-home" "/workspace/cargo-home/bin/cargo" "+nightly-2024-10-28" "fetch" "--manifest-path" "Cargo.toml", kill_on_drop: false }`
[INFO] [stderr] warning: `panic` setting is ignored for `test` profile
[INFO] running `Command { std: "docker" "create" "-v" "/var/lib/crater-agent-workspace/builds/worker-7-tc2/target:/opt/rustwide/target:rw,Z" "-v" "/var/lib/crater-agent-workspace/builds/worker-7-tc2/source:/opt/rustwide/workdir:ro,Z" "-v" "/var/lib/crater-agent-workspace/cargo-home:/opt/rustwide/cargo-home:ro,Z" "-v" "/var/lib/crater-agent-workspace/rustup-home:/opt/rustwide/rustup-home:ro,Z" "-e" "SOURCE_DIR=/opt/rustwide/workdir" "-e" "CARGO_TARGET_DIR=/opt/rustwide/target" "-e" "CARGO_HOME=/opt/rustwide/cargo-home" "-e" "RUSTUP_HOME=/opt/rustwide/rustup-home" "-w" "/opt/rustwide/workdir" "-m" "1610612736" "--user" "0:0" "--network" "none" "ghcr.io/rust-lang/crates-build-env/linux@sha256:4a844ea9eb2546a2d2c7022eacef16ef2e8229c7fbb2c7d4d55a9ceca922f72d" "/opt/rustwide/cargo-home/bin/cargo" "+nightly-2024-10-28" "metadata" "--no-deps" "--format-version=1", kill_on_drop: false }`
[INFO] [stdout] 7a714376fbdbc4a6690f942f00f0b3c6f3bdf34b00bbea563fb533d67f4ba854
[INFO] running `Command { std: "docker" "start" "-a" "7a714376fbdbc4a6690f942f00f0b3c6f3bdf34b00bbea563fb533d67f4ba854", kill_on_drop: false }`
[INFO] running `Command { std: "docker" "inspect" "7a714376fbdbc4a6690f942f00f0b3c6f3bdf34b00bbea563fb533d67f4ba854", kill_on_drop: false }`
[INFO] running `Command { std: "docker" "rm" "-f" "7a714376fbdbc4a6690f942f00f0b3c6f3bdf34b00bbea563fb533d67f4ba854", kill_on_drop: false }`
[INFO] [stdout] 7a714376fbdbc4a6690f942f00f0b3c6f3bdf34b00bbea563fb533d67f4ba854
[INFO] running `Command { std: "docker" "create" "-v" "/var/lib/crater-agent-workspace/builds/worker-7-tc2/target:/opt/rustwide/target:rw,Z" "-v" "/var/lib/crater-agent-workspace/builds/worker-7-tc2/source:/opt/rustwide/workdir:ro,Z" "-v" "/var/lib/crater-agent-workspace/cargo-home:/opt/rustwide/cargo-home:ro,Z" "-v" "/var/lib/crater-agent-workspace/rustup-home:/opt/rustwide/rustup-home:ro,Z" "-e" "SOURCE_DIR=/opt/rustwide/workdir" "-e" "CARGO_TARGET_DIR=/opt/rustwide/target" "-e" "CARGO_INCREMENTAL=0" "-e" "RUST_BACKTRACE=full" "-e" "RUSTFLAGS=--cap-lints=forbid -Zrandomize-layout" "-e" "RUSTDOCFLAGS=--cap-lints=forbid" "-e" "CARGO_HOME=/opt/rustwide/cargo-home" "-e" "RUSTUP_HOME=/opt/rustwide/rustup-home" "-w" "/opt/rustwide/workdir" "-m" "1610612736" "--user" "0:0" "--network" "none" "ghcr.io/rust-lang/crates-build-env/linux@sha256:4a844ea9eb2546a2d2c7022eacef16ef2e8229c7fbb2c7d4d55a9ceca922f72d" "/opt/rustwide/cargo-home/bin/cargo" "+nightly-2024-10-28" "build" "--frozen" "--message-format=json", kill_on_drop: false }`
[INFO] [stdout] 7173a4592bada9b1a33c5e8bdd85b006c2d818634dad19c912c3448eaf0c0674
[INFO] running `Command { std: "docker" "start" "-a" "7173a4592bada9b1a33c5e8bdd85b006c2d818634dad19c912c3448eaf0c0674", kill_on_drop: false }`
[INFO] [stderr] warning: `panic` setting is ignored for `test` profile
[INFO] [stderr]    Compiling libc v0.2.98
[INFO] [stderr]    Compiling autocfg v1.0.1
[INFO] [stderr]    Compiling memchr v2.4.0
[INFO] [stderr]    Compiling proc-macro2 v1.0.28
[INFO] [stderr]    Compiling typenum v1.13.0
[INFO] [stderr]    Compiling futures-core v0.3.16
[INFO] [stderr]    Compiling unicode-xid v0.2.2
[INFO] [stderr]    Compiling version_check v0.9.3
[INFO] [stderr]    Compiling syn v1.0.74
[INFO] [stderr]    Compiling pin-project-lite v0.2.7
[INFO] [stderr]    Compiling generic-array v0.14.4
[INFO] [stderr]    Compiling futures-io v0.3.16
[INFO] [stderr]    Compiling proc-macro-hack v0.5.19
[INFO] [stderr]    Compiling futures-macro v0.3.16
[INFO] [stderr]    Compiling proc-macro-nested v0.1.7
[INFO] [stderr]    Compiling log v0.4.14
[INFO] [stderr]    Compiling tinyvec_macros v0.1.0
[INFO] [stderr]    Compiling futures-sink v0.3.16
[INFO] [stderr]    Compiling ppv-lite86 v0.2.10
[INFO] [stderr]    Compiling futures-channel v0.3.16
[INFO] [stderr]    Compiling futures-task v0.3.16
[INFO] [stderr]    Compiling quote v1.0.9
[INFO] [stderr]    Compiling tinyvec v1.3.1
[INFO] [stderr]    Compiling getrandom v0.2.3
[INFO] [stderr]    Compiling rand_core v0.6.3
[INFO] [stderr]    Compiling futures-util v0.3.16
[INFO] [stderr]    Compiling instant v0.1.10
[INFO] [stderr]    Compiling subtle v2.4.1
[INFO] [stderr]    Compiling matches v0.1.8
[INFO] [stderr]    Compiling bytes v1.0.1
[INFO] [stderr]    Compiling rand_chacha v0.3.1
[INFO] [stderr]    Compiling once_cell v1.8.0
[INFO] [stderr]    Compiling opaque-debug v0.3.0
[INFO] [stderr]    Compiling scopeguard v1.1.0
[INFO] [stderr]    Compiling smallvec v1.6.1
[INFO] [stderr]    Compiling lock_api v0.4.4
[INFO] [stderr]    Compiling rand v0.8.4
[INFO] [stderr]    Compiling parking_lot_core v0.8.3
[INFO] [stderr]    Compiling unicode-bidi v0.3.5
[INFO] [stderr]    Compiling digest v0.9.0
[INFO] [stderr]    Compiling block-buffer v0.9.0
[INFO] [stderr]    Compiling unicode-normalization v0.1.19
[INFO] [stderr]    Compiling crypto-mac v0.10.1
[INFO] [stderr]    Compiling tokio v1.13.1
[INFO] [stderr]    Compiling event-listener v2.5.1
[INFO] [stderr]    Compiling slab v0.4.3
[INFO] [stderr]    Compiling cache-padded v1.1.1
[INFO] [stderr]    Compiling cpufeatures v0.1.5
[INFO] [stderr]    Compiling libm v0.2.1
[INFO] [stderr]    Compiling pin-utils v0.1.0
[INFO] [stderr]    Compiling concurrent-queue v1.2.2
[INFO] [stderr]    Compiling sha2 v0.9.5
[INFO] [stderr]    Compiling mio v0.7.13
[INFO] [stderr]    Compiling hmac v0.10.1
[INFO] [stderr]    Compiling md-5 v0.9.1
[INFO] [stderr]    Compiling parking_lot v0.11.1
[INFO] [stderr]    Compiling signal-hook-registry v1.4.0
[INFO] [stderr]    Compiling num_cpus v1.13.0
[INFO] [stderr]    Compiling num-traits v0.2.14
[INFO] [stderr]    Compiling stringprep v0.1.2
[INFO] [stderr]    Compiling async-trait v0.1.50
[INFO] [stderr]    Compiling fastrand v1.5.0
[INFO] [stderr]    Compiling base64 v0.13.0
[INFO] [stderr]    Compiling byteorder v1.4.3
[INFO] [stderr]    Compiling waker-fn v1.1.0
[INFO] [stderr]    Compiling siphasher v0.3.6
[INFO] [stderr]    Compiling parking v2.0.0
[INFO] [stderr]    Compiling fallible-iterator v0.2.0
[INFO] [stderr]    Compiling phf_shared v0.8.0
[INFO] [stderr]    Compiling futures-lite v1.12.0
[INFO] [stderr]    Compiling async-channel v1.6.1
[INFO] [stderr]    Compiling rand v0.4.6
[INFO] [stderr]    Compiling async-task v4.0.3
[INFO] [stderr]    Compiling atomic-waker v1.0.0
[INFO] [stderr]    Compiling postgres-protocol v0.6.1
[INFO] [stderr]    Compiling phf v0.8.0
[INFO] [stderr]    Compiling async-lock v2.4.0
[INFO] [stderr]    Compiling socket2 v0.4.0
[INFO] [stderr]    Compiling percent-encoding v2.1.0
[INFO] [stderr]    Compiling dot v0.1.4
[INFO] [stderr]    Compiling rand v0.3.23
[INFO] [stderr]    Compiling postgres-types v0.2.1
[INFO] [stderr]    Compiling graph-generators v0.1.0
[INFO] [stderr]    Compiling blocking v1.0.2
[INFO] [stderr]    Compiling async-fs v1.5.0
[INFO] [stderr]    Compiling rand_distr v0.4.1
[INFO] [stderr]    Compiling tokio-macros v1.3.0
[INFO] [stderr]    Compiling futures-executor v0.3.16
[INFO] [stderr]    Compiling futures v0.3.16
[INFO] [stderr]    Compiling tokio-util v0.6.7
[INFO] [stderr]    Compiling tokio-postgres v0.7.2
[INFO] [stderr]    Compiling pgTest v0.1.0 (/opt/rustwide/workdir)
[INFO] [stdout] warning: crate `pgTest` should have a snake case name
[INFO] [stdout]   |
[INFO] [stdout]   = help: convert the identifier to snake case: `pg_test`
[INFO] [stdout]   = note: `#[warn(non_snake_case)]` on by default
[INFO] [stdout] 
[INFO] [stdout] 
[INFO] [stderr]     Finished `dev` profile [unoptimized + debuginfo] target(s) in 7.61s
[INFO] running `Command { std: "docker" "inspect" "7173a4592bada9b1a33c5e8bdd85b006c2d818634dad19c912c3448eaf0c0674", kill_on_drop: false }`
[INFO] running `Command { std: "docker" "rm" "-f" "7173a4592bada9b1a33c5e8bdd85b006c2d818634dad19c912c3448eaf0c0674", kill_on_drop: false }`
[INFO] [stdout] 7173a4592bada9b1a33c5e8bdd85b006c2d818634dad19c912c3448eaf0c0674
[INFO] running `Command { std: "docker" "create" "-v" "/var/lib/crater-agent-workspace/builds/worker-7-tc2/target:/opt/rustwide/target:rw,Z" "-v" "/var/lib/crater-agent-workspace/builds/worker-7-tc2/source:/opt/rustwide/workdir:ro,Z" "-v" "/var/lib/crater-agent-workspace/cargo-home:/opt/rustwide/cargo-home:ro,Z" "-v" "/var/lib/crater-agent-workspace/rustup-home:/opt/rustwide/rustup-home:ro,Z" "-e" "SOURCE_DIR=/opt/rustwide/workdir" "-e" "CARGO_TARGET_DIR=/opt/rustwide/target" "-e" "CARGO_INCREMENTAL=0" "-e" "RUST_BACKTRACE=full" "-e" "RUSTFLAGS=--cap-lints=forbid -Zrandomize-layout" "-e" "RUSTDOCFLAGS=--cap-lints=forbid" "-e" "CARGO_HOME=/opt/rustwide/cargo-home" "-e" "RUSTUP_HOME=/opt/rustwide/rustup-home" "-w" "/opt/rustwide/workdir" "-m" "1610612736" "--user" "0:0" "--network" "none" "ghcr.io/rust-lang/crates-build-env/linux@sha256:4a844ea9eb2546a2d2c7022eacef16ef2e8229c7fbb2c7d4d55a9ceca922f72d" "/opt/rustwide/cargo-home/bin/cargo" "+nightly-2024-10-28" "test" "--frozen" "--no-run" "--message-format=json", kill_on_drop: false }`
[INFO] [stdout] 128a8ed774a578aeb53f4c4c48ec4b20adaf53dfcb3e0a5765bc587d9cdd896d
[INFO] running `Command { std: "docker" "start" "-a" "128a8ed774a578aeb53f4c4c48ec4b20adaf53dfcb3e0a5765bc587d9cdd896d", kill_on_drop: false }`
[INFO] [stderr] warning: `panic` setting is ignored for `test` profile
[INFO] [stderr]    Compiling libc v0.2.98
[INFO] [stderr]    Compiling autocfg v1.0.1
[INFO] [stderr]    Compiling cfg-if v1.0.0
[INFO] [stderr]    Compiling proc-macro2 v1.0.28
[INFO] [stderr]    Compiling memchr v2.4.0
[INFO] [stderr]    Compiling typenum v1.13.0
[INFO] [stderr]    Compiling futures-core v0.3.16
[INFO] [stderr]    Compiling unicode-xid v0.2.2
[INFO] [stderr]    Compiling version_check v0.9.3
[INFO] [stderr]    Compiling syn v1.0.74
[INFO] [stderr]    Compiling pin-project-lite v0.2.7
[INFO] [stderr]    Compiling proc-macro-hack v0.5.19
[INFO] [stderr]    Compiling futures-io v0.3.16
[INFO] [stderr]    Compiling futures-macro v0.3.16
[INFO] [stderr]    Compiling generic-array v0.14.4
[INFO] [stderr]    Compiling tinyvec_macros v0.1.0
[INFO] [stderr]    Compiling futures-task v0.3.16
[INFO] [stderr]    Compiling futures-channel v0.3.16
[INFO] [stderr]    Compiling log v0.4.14
[INFO] [stderr]    Compiling ppv-lite86 v0.2.10
[INFO] [stderr]    Compiling proc-macro-nested v0.1.7
[INFO] [stderr]    Compiling futures-sink v0.3.16
[INFO] [stderr]    Compiling quote v1.0.9
[INFO] [stderr]    Compiling getrandom v0.2.3
[INFO] [stderr]    Compiling tinyvec v1.3.1
[INFO] [stderr]    Compiling rand_core v0.6.3
[INFO] [stderr]    Compiling futures-util v0.3.16
[INFO] [stderr]    Compiling instant v0.1.10
[INFO] [stderr]    Compiling subtle v2.4.1
[INFO] [stderr]    Compiling smallvec v1.6.1
[INFO] [stderr]    Compiling matches v0.1.8
[INFO] [stderr]    Compiling rand_chacha v0.3.1
[INFO] [stderr]    Compiling bytes v1.0.1
[INFO] [stderr]    Compiling once_cell v1.8.0
[INFO] [stderr]    Compiling scopeguard v1.1.0
[INFO] [stderr]    Compiling opaque-debug v0.3.0
[INFO] [stderr]    Compiling lock_api v0.4.4
[INFO] [stderr]    Compiling rand v0.8.4
[INFO] [stderr]    Compiling parking_lot_core v0.8.3
[INFO] [stderr]    Compiling unicode-bidi v0.3.5
[INFO] [stderr]    Compiling digest v0.9.0
[INFO] [stderr]    Compiling block-buffer v0.9.0
[INFO] [stderr]    Compiling crypto-mac v0.10.1
[INFO] [stderr]    Compiling tokio v1.13.1
[INFO] [stderr]    Compiling unicode-normalization v0.1.19
[INFO] [stderr]    Compiling pin-utils v0.1.0
[INFO] [stderr]    Compiling cpufeatures v0.1.5
[INFO] [stderr]    Compiling event-listener v2.5.1
[INFO] [stderr]    Compiling slab v0.4.3
[INFO] [stderr]    Compiling libm v0.2.1
[INFO] [stderr]    Compiling cache-padded v1.1.1
[INFO] [stderr]    Compiling concurrent-queue v1.2.2
[INFO] [stderr]    Compiling sha2 v0.9.5
[INFO] [stderr]    Compiling mio v0.7.13
[INFO] [stderr]    Compiling md-5 v0.9.1
[INFO] [stderr]    Compiling hmac v0.10.1
[INFO] [stderr]    Compiling parking_lot v0.11.1
[INFO] [stderr]    Compiling signal-hook-registry v1.4.0
[INFO] [stderr]    Compiling num_cpus v1.13.0
[INFO] [stderr]    Compiling num-traits v0.2.14
[INFO] [stderr]    Compiling byteorder v1.4.3
[INFO] [stderr]    Compiling stringprep v0.1.2
[INFO] [stderr]    Compiling base64 v0.13.0
[INFO] [stderr]    Compiling parking v2.0.0
[INFO] [stderr]    Compiling siphasher v0.3.6
[INFO] [stderr]    Compiling async-trait v0.1.50
[INFO] [stderr]    Compiling fastrand v1.5.0
[INFO] [stderr]    Compiling fallible-iterator v0.2.0
[INFO] [stderr]    Compiling waker-fn v1.1.0
[INFO] [stderr]    Compiling phf_shared v0.8.0
[INFO] [stderr]    Compiling async-channel v1.6.1
[INFO] [stderr]    Compiling futures-lite v1.12.0
[INFO] [stderr]    Compiling rand v0.4.6
[INFO] [stderr]    Compiling atomic-waker v1.0.0
[INFO] [stderr]    Compiling async-task v4.0.3
[INFO] [stderr]    Compiling phf v0.8.0
[INFO] [stderr]    Compiling postgres-protocol v0.6.1
[INFO] [stderr]    Compiling async-lock v2.4.0
[INFO] [stderr]    Compiling socket2 v0.4.0
[INFO] [stderr]    Compiling percent-encoding v2.1.0
[INFO] [stderr]    Compiling postgres-types v0.2.1
[INFO] [stderr]    Compiling rand v0.3.23
[INFO] [stderr]    Compiling graph-generators v0.1.0
[INFO] [stderr]    Compiling blocking v1.0.2
[INFO] [stderr]    Compiling dot v0.1.4
[INFO] [stderr]    Compiling async-fs v1.5.0
[INFO] [stderr]    Compiling rand_distr v0.4.1
[INFO] [stderr]    Compiling tokio-macros v1.3.0
[INFO] [stderr]    Compiling futures-executor v0.3.16
[INFO] [stderr]    Compiling futures v0.3.16
[INFO] [stderr]    Compiling tokio-util v0.6.7
[INFO] [stderr]    Compiling tokio-postgres v0.7.2
[INFO] [stderr]    Compiling pgTest v0.1.0 (/opt/rustwide/workdir)
[INFO] [stdout] warning: crate `pgTest` should have a snake case name
[INFO] [stdout]   |
[INFO] [stdout]   = help: convert the identifier to snake case: `pg_test`
[INFO] [stdout]   = note: `#[warn(non_snake_case)]` on by default
[INFO] [stdout] 
[INFO] [stdout] 
[INFO] [stderr]     Finished `test` profile [optimized] target(s) in 31.23s
[INFO] running `Command { std: "docker" "inspect" "128a8ed774a578aeb53f4c4c48ec4b20adaf53dfcb3e0a5765bc587d9cdd896d", kill_on_drop: false }`
[INFO] running `Command { std: "docker" "rm" "-f" "128a8ed774a578aeb53f4c4c48ec4b20adaf53dfcb3e0a5765bc587d9cdd896d", kill_on_drop: false }`
[INFO] [stdout] 128a8ed774a578aeb53f4c4c48ec4b20adaf53dfcb3e0a5765bc587d9cdd896d
[INFO] running `Command { std: "docker" "create" "-v" "/var/lib/crater-agent-workspace/builds/worker-7-tc2/target:/opt/rustwide/target:rw,Z" "-v" "/var/lib/crater-agent-workspace/builds/worker-7-tc2/source:/opt/rustwide/workdir:ro,Z" "-v" "/var/lib/crater-agent-workspace/cargo-home:/opt/rustwide/cargo-home:ro,Z" "-v" "/var/lib/crater-agent-workspace/rustup-home:/opt/rustwide/rustup-home:ro,Z" "-e" "SOURCE_DIR=/opt/rustwide/workdir" "-e" "CARGO_TARGET_DIR=/opt/rustwide/target" "-e" "CARGO_INCREMENTAL=0" "-e" "RUST_BACKTRACE=full" "-e" "RUSTFLAGS=--cap-lints=forbid -Zrandomize-layout" "-e" "RUSTDOCFLAGS=--cap-lints=forbid" "-e" "CARGO_HOME=/opt/rustwide/cargo-home" "-e" "RUSTUP_HOME=/opt/rustwide/rustup-home" "-w" "/opt/rustwide/workdir" "-m" "1610612736" "--user" "0:0" "--network" "none" "ghcr.io/rust-lang/crates-build-env/linux@sha256:4a844ea9eb2546a2d2c7022eacef16ef2e8229c7fbb2c7d4d55a9ceca922f72d" "/opt/rustwide/cargo-home/bin/cargo" "+nightly-2024-10-28" "test" "--frozen", kill_on_drop: false }`
[INFO] [stdout] 2c9928af691de32d5e70ba4fe0bb2f647cbf74f7ebaafbc7f0cbd289aa3307d2
[INFO] running `Command { std: "docker" "start" "-a" "2c9928af691de32d5e70ba4fe0bb2f647cbf74f7ebaafbc7f0cbd289aa3307d2", kill_on_drop: false }`
[INFO] [stderr] warning: `panic` setting is ignored for `test` profile
[INFO] [stderr] warning: crate `pgTest` should have a snake case name
[INFO] [stderr]   |
[INFO] [stderr]   = help: convert the identifier to snake case: `pg_test`
[INFO] [stderr]   = note: `#[warn(non_snake_case)]` on by default
[INFO] [stderr] 
[INFO] [stderr] warning: `pgTest` (lib) generated 1 warning
[INFO] [stderr]     Finished `test` profile [optimized] target(s) in 0.18s
[INFO] [stderr]      Running unittests src/lib.rs (/opt/rustwide/target/debug/deps/pgTest-98d75bad7008e75c)
[INFO] [stdout] 
[INFO] [stdout] running 3 tests
[INFO] [stdout] test tests::get_childen_of_starter ... FAILED
[INFO] [stdout] test tests::load_simple_data ... FAILED
[INFO] [stdout] test tests::generate_data ... FAILED
[INFO] [stdout] 
[INFO] [stdout] failures:
[INFO] [stdout] 
[INFO] [stdout] ---- tests::get_childen_of_starter stdout ----
[INFO] [stdout] thread 'tests::get_childen_of_starter' panicked at src/lib.rs:81:113:
[INFO] [stdout] called `Result::unwrap()` on an `Err` value: Error { kind: Connect, cause: Some(Os { code: 99, kind: AddrNotAvailable, message: "Cannot assign requested address" }) }
[INFO] [stdout] stack backtrace:
[INFO] [stdout]    0:     0x5bec76e1eb4c - <std::sys::backtrace::BacktraceLock::print::DisplayBacktrace as core::fmt::Display>::fmt::ha0a4c9b8ce3802e6
[INFO] [stdout]    1:     0x5bec76db9f23 - core::fmt::write::h522cc39e5b36ae9f
[INFO] [stdout]    2:     0x5bec76e15a72 - std::io::Write::write_fmt::h7d3c26752da97734
[INFO] [stdout]    3:     0x5bec76e25492 - std::sys::backtrace::BacktraceLock::print::h4b9e00b29e9c0942
[INFO] [stdout]    4:     0x5bec76e25306 - std::panicking::default_hook::{{closure}}::hb59b88280d0324d9
[INFO] [stdout]    5:     0x5bec76e25072 - std::panicking::default_hook::he1dd496665be4a29
[INFO] [stdout]    6:     0x5bec76e25759 - std::panicking::rust_panic_with_hook::h2ff17fe8f26dfcf8
[INFO] [stdout]    7:     0x5bec76e25568 - std::panicking::begin_panic_handler::{{closure}}::h4fad77951c07e101
[INFO] [stdout]    8:     0x5bec76e254c9 - std::sys::backtrace::__rust_end_short_backtrace::hb1a25b3da5d0ea08
[INFO] [stdout]    9:     0x5bec76e254bc - rust_begin_unwind
[INFO] [stdout]   10:     0x5bec76db8d0f - core::panicking::panic_fmt::ha9db07b529f9b256
[INFO] [stdout]   11:     0x5bec76dbb985 - core::result::unwrap_failed::h5e8218e4d4338b8a
[INFO] [stdout]   12:     0x5bec76da294d - pgTest::tests::get_conn::{{closure}}::h0291485e28b48048
[INFO] [stdout]   13:     0x5bec76dadbfe - pgTest::tests::get_childen_of_starter::{{closure}}::h4e87b115bd0d3c84
[INFO] [stdout]   14:     0x5bec76d8a9e5 - core::ops::function::FnOnce::call_once::he600b7d1d71d81a2
[INFO] [stdout]   15:     0x5bec76e4443b - test::__rust_begin_short_backtrace::h8e82d8113d0da17f
[INFO] [stdout]   16:     0x5bec76e41508 - test::run_test::{{closure}}::h708eb8872708115d
[INFO] [stdout]   17:     0x5bec76e4488c - std::sys::backtrace::__rust_begin_short_backtrace::h2f40290710935a8b
[INFO] [stdout]   18:     0x5bec76e4464a - core::ops::function::FnOnce::call_once{{vtable.shim}}::h90d312fedd7b8ea8
[INFO] [stdout]   19:     0x5bec76e25fdb - std::sys::pal::unix::thread::Thread::new::thread_start::h6cd80a1b4be5158d
[INFO] [stdout]   20:     0x752196b28ac3 - <unknown>
[INFO] [stdout]   21:     0x752196bb9a04 - clone
[INFO] [stdout]   22:                0x0 - <unknown>
[INFO] [stdout] 
[INFO] [stdout] ---- tests::load_simple_data stdout ----
[INFO] [stdout] thread 'tests::load_simple_data' panicked at src/lib.rs:81:113:
[INFO] [stdout] called `Result::unwrap()` on an `Err` value: Error { kind: Connect, cause: Some(Os { code: 99, kind: AddrNotAvailable, message: "Cannot assign requested address" }) }
[INFO] [stdout] stack backtrace:
[INFO] [stdout]    0:     0x5bec76e1eb4c - <std::sys::backtrace::BacktraceLock::print::DisplayBacktrace as core::fmt::Display>::fmt::ha0a4c9b8ce3802e6
[INFO] [stdout]    1:     0x5bec76db9f23 - core::fmt::write::h522cc39e5b36ae9f
[INFO] [stdout]    2:     0x5bec76e15a72 - std::io::Write::write_fmt::h7d3c26752da97734
[INFO] [stdout]    3:     0x5bec76e25492 - std::sys::backtrace::BacktraceLock::print::h4b9e00b29e9c0942
[INFO] [stdout]    4:     0x5bec76e25306 - std::panicking::default_hook::{{closure}}::hb59b88280d0324d9
[INFO] [stdout]    5:     0x5bec76e25072 - std::panicking::default_hook::he1dd496665be4a29
[INFO] [stdout]    6:     0x5bec76e25759 - std::panicking::rust_panic_with_hook::h2ff17fe8f26dfcf8
[INFO] [stdout]    7:     0x5bec76e25568 - std::panicking::begin_panic_handler::{{closure}}::h4fad77951c07e101
[INFO] [stdout]    8:     0x5bec76e254c9 - std::sys::backtrace::__rust_end_short_backtrace::hb1a25b3da5d0ea08
[INFO] [stdout]    9:     0x5bec76e254bc - rust_begin_unwind
[INFO] [stdout]   10:     0x5bec76db8d0f - core::panicking::panic_fmt::ha9db07b529f9b256
[INFO] [stdout]   11:     0x5bec76dbb985 - core::result::unwrap_failed::h5e8218e4d4338b8a
[INFO] [stdout]   12:     0x5bec76da294d - pgTest::tests::get_conn::{{closure}}::h0291485e28b48048
[INFO] [stdout]   13:     0x5bec76dabdee - pgTest::tests::load_simple_data::{{closure}}::hac75e9f8deafd360
[INFO] [stdout]   14:     0x5bec76d893e5 - core::ops::function::FnOnce::call_once::hd3136f92c77abc82
[INFO] [stdout]   15:     0x5bec76e4443b - test::__rust_begin_short_backtrace::h8e82d8113d0da17f
[INFO] [stdout]   16:     0x5bec76e41508 - test::run_test::{{closure}}::h708eb8872708115d
[INFO] [stdout]   17:     0x5bec76e4488c - std::sys::backtrace::__rust_begin_short_backtrace::h2f40290710935a8b
[INFO] [stdout]   18:     0x5bec76e4464a - core::ops::function::FnOnce::call_once{{vtable.shim}}::h90d312fedd7b8ea8
[INFO] [stdout]   19:     0x5bec76e25fdb - std::sys::pal::unix::thread::Thread::new::thread_start::h6cd80a1b4be5158d
[INFO] [stdout]   20:     0x752196b28ac3 - <unknown>
[INFO] [stdout]   21:     0x752196bb9a04 - clone
[INFO] [stdout]   22:                0x0 - <unknown>
[INFO] [stdout] 
[INFO] [stdout] ---- tests::generate_data stdout ----
[INFO] [stdout] Generating graph with
[INFO] [stdout] 	Initial children:		3
[INFO] [stdout] 	Std Dev:				7.079297794705822
[INFO] [stdout] 	Std Increase factor:	0.9649915360155408
[INFO] [stdout] 	Mutator percentage:	0.9649915360155408
[INFO] [stdout] 	Nodes:					600334
[INFO] [stdout] 	Edges:					600331
[INFO] [stdout] thread 'tests::generate_data' panicked at src/generator.rs:77:50:
[INFO] [stdout] called `Result::unwrap()` on an `Err` value: Os { code: 2, kind: NotFound, message: "No such file or directory" }
[INFO] [stdout] stack backtrace:
[INFO] [stdout]    0:     0x5bec76e1eb4c - <std::sys::backtrace::BacktraceLock::print::DisplayBacktrace as core::fmt::Display>::fmt::ha0a4c9b8ce3802e6
[INFO] [stdout]    1:     0x5bec76db9f23 - core::fmt::write::h522cc39e5b36ae9f
[INFO] [stdout]    2:     0x5bec76e15a72 - std::io::Write::write_fmt::h7d3c26752da97734
[INFO] [stdout]    3:     0x5bec76e25492 - std::sys::backtrace::BacktraceLock::print::h4b9e00b29e9c0942
[INFO] [stdout]    4:     0x5bec76e25306 - std::panicking::default_hook::{{closure}}::hb59b88280d0324d9
[INFO] [stdout]    5:     0x5bec76e25072 - std::panicking::default_hook::he1dd496665be4a29
[INFO] [stdout]    6:     0x5bec76e25759 - std::panicking::rust_panic_with_hook::h2ff17fe8f26dfcf8
[INFO] [stdout]    7:     0x5bec76e25568 - std::panicking::begin_panic_handler::{{closure}}::h4fad77951c07e101
[INFO] [stdout]    8:     0x5bec76e254c9 - std::sys::backtrace::__rust_end_short_backtrace::hb1a25b3da5d0ea08
[INFO] [stdout]    9:     0x5bec76e254bc - rust_begin_unwind
[INFO] [stdout]   10:     0x5bec76db8d0f - core::panicking::panic_fmt::ha9db07b529f9b256
[INFO] [stdout]   11:     0x5bec76dbb985 - core::result::unwrap_failed::h5e8218e4d4338b8a
[INFO] [stdout]   12:     0x5bec76da7930 - pgTest::tests::generate_data::{{closure}}::hc1fdbbd719e0b3dc
[INFO] [stdout]   13:     0x5bec76d87d82 - core::ops::function::FnOnce::call_once::h0b139ef106f10ed1
[INFO] [stdout]   14:     0x5bec76e4443b - test::__rust_begin_short_backtrace::h8e82d8113d0da17f
[INFO] [stdout]   15:     0x5bec76e41508 - test::run_test::{{closure}}::h708eb8872708115d
[INFO] [stdout]   16:     0x5bec76e4488c - std::sys::backtrace::__rust_begin_short_backtrace::h2f40290710935a8b
[INFO] [stdout]   17:     0x5bec76e4464a - core::ops::function::FnOnce::call_once{{vtable.shim}}::h90d312fedd7b8ea8
[INFO] [stdout]   18:     0x5bec76e25fdb - std::sys::pal::unix::thread::Thread::new::thread_start::h6cd80a1b4be5158d
[INFO] [stdout]   19:     0x752196b28ac3 - <unknown>
[INFO] [stdout]   20:     0x752196bb9a04 - clone
[INFO] [stdout]   21:                0x0 - <unknown>
[INFO] [stdout] 
[INFO] [stdout] 
[INFO] [stdout] failures:
[INFO] [stdout]     tests::generate_data
[INFO] [stdout]     tests::get_childen_of_starter
[INFO] [stdout]     tests::load_simple_data
[INFO] [stdout] 
[INFO] [stdout] test result: FAILED. 0 passed; 3 failed; 0 ignored; 0 measured; 0 filtered out; finished in 0.02s
[INFO] [stdout] 
[INFO] [stderr] error: test failed, to rerun pass `--lib`
[INFO] running `Command { std: "docker" "inspect" "2c9928af691de32d5e70ba4fe0bb2f647cbf74f7ebaafbc7f0cbd289aa3307d2", kill_on_drop: false }`
[INFO] running `Command { std: "docker" "rm" "-f" "2c9928af691de32d5e70ba4fe0bb2f647cbf74f7ebaafbc7f0cbd289aa3307d2", kill_on_drop: false }`
[INFO] [stdout] 2c9928af691de32d5e70ba4fe0bb2f647cbf74f7ebaafbc7f0cbd289aa3307d2
