[INFO] cloning repository https://github.com/SatoKentaNayoro/ckb_sdk_test
[INFO] running `Command { std: "git" "-c" "credential.helper=" "-c" "credential.helper=/workspace/cargo-home/bin/git-credential-null" "clone" "--bare" "https://github.com/SatoKentaNayoro/ckb_sdk_test" "/workspace/cache/git-repos/https%3A%2F%2Fgithub.com%2FSatoKentaNayoro%2Fckb_sdk_test", kill_on_drop: false }`
[INFO] [stderr] Cloning into bare repository '/workspace/cache/git-repos/https%3A%2F%2Fgithub.com%2FSatoKentaNayoro%2Fckb_sdk_test'...
[INFO] running `Command { std: "git" "rev-parse" "HEAD", kill_on_drop: false }`
[INFO] [stdout] 260715c9e49de9b39569cb217a96659d033899b1
[INFO] testing SatoKentaNayoro/ckb_sdk_test/260715c9e49de9b39569cb217a96659d033899b1 against nightly-2024-10-28 for randomize-layout
[INFO] running `Command { std: "git" "clone" "/workspace/cache/git-repos/https%3A%2F%2Fgithub.com%2FSatoKentaNayoro%2Fckb_sdk_test" "/workspace/builds/worker-6-tc1/source", kill_on_drop: false }`
[INFO] [stderr] Cloning into '/workspace/builds/worker-6-tc1/source'...
[INFO] [stderr] done.
[INFO] validating manifest of git repo https://github.com/SatoKentaNayoro/ckb_sdk_test on toolchain nightly-2024-10-28
[INFO] running `Command { std: CARGO_HOME="/workspace/cargo-home" RUSTUP_HOME="/workspace/rustup-home" "/workspace/cargo-home/bin/cargo" "+nightly-2024-10-28" "metadata" "--manifest-path" "Cargo.toml" "--no-deps", kill_on_drop: false }`
[INFO] started tweaking git repo https://github.com/SatoKentaNayoro/ckb_sdk_test
[INFO] finished tweaking git repo https://github.com/SatoKentaNayoro/ckb_sdk_test
[INFO] tweaked toml for git repo https://github.com/SatoKentaNayoro/ckb_sdk_test written to /workspace/builds/worker-6-tc1/source/Cargo.toml
[INFO] crate git repo https://github.com/SatoKentaNayoro/ckb_sdk_test already has a lockfile, it will not be regenerated
[INFO] running `Command { std: CARGO_HOME="/workspace/cargo-home" RUSTUP_HOME="/workspace/rustup-home" "/workspace/cargo-home/bin/cargo" "+nightly-2024-10-28" "fetch" "--manifest-path" "Cargo.toml", kill_on_drop: false }`
[INFO] [stderr]     Updating crates.io index
[INFO] [stderr]  Downloading crates ...
[INFO] [stderr]   Downloaded ckb-occupied-capacity v0.115.0-rc2
[INFO] [stderr]   Downloaded ckb-occupied-capacity-macros v0.115.0-rc2
[INFO] [stderr]   Downloaded ckb-types v0.115.0-rc2
[INFO] [stderr]   Downloaded ckb-pow v0.115.0-rc2
[INFO] [stderr]   Downloaded ckb-logger v0.115.0-rc2
[INFO] [stderr]   Downloaded reflink-copy v0.1.17
[INFO] [stderr]   Downloaded ckb-traits v0.115.0-rc2
[INFO] [stderr]   Downloaded enum-repr-derive v0.2.0
[INFO] [stderr]   Downloaded ckb-crypto v0.115.0-rc2
[INFO] [stderr]   Downloaded includedir_codegen v0.6.0
[INFO] [stderr]   Downloaded ckb-hash v0.115.0-rc2
[INFO] [stderr]   Downloaded ckb-channel v0.115.0-rc2
[INFO] [stderr]   Downloaded ckb-rational v0.115.0-rc2
[INFO] [stderr]   Downloaded golomb-coded-set v0.2.1
[INFO] [stderr]   Downloaded ckb-gen-types v0.115.0-rc2
[INFO] [stderr]   Downloaded merkle-cbt v0.3.2
[INFO] [stderr]   Downloaded goblin v0.4.0
[INFO] [stderr]   Downloaded ckb-mock-tx-types v0.115.0-rc2
[INFO] [stderr]   Downloaded ckb-constant v0.115.0-rc2
[INFO] [stderr]   Downloaded derive-getters v0.2.1
[INFO] [stderr]   Downloaded cacache v12.0.0
[INFO] [stderr]   Downloaded ckb_schemars v0.8.19
[INFO] [stderr]   Downloaded ckb-jsonrpc-types v0.115.0-rc2
[INFO] [stderr]   Downloaded ckb-resource v0.115.0-rc2
[INFO] [stderr]   Downloaded ckb-vm v0.24.9
[INFO] [stderr]   Downloaded ckb-fixed-hash-core v0.115.0-rc2
[INFO] [stderr]   Downloaded sparse-merkle-tree v0.6.1
[INFO] [stderr]   Downloaded blake2b-ref v0.3.1
[INFO] [stderr]   Downloaded ckb-dao-utils v0.115.0-rc2
[INFO] [stderr]   Downloaded ckb-chain-spec v0.115.0-rc2
[INFO] [stderr]   Downloaded ckb_schemars_derive v0.8.19
[INFO] [stderr]   Downloaded blake2b-rs v0.2.0
[INFO] [stderr]   Downloaded ssri v9.2.0
[INFO] [stderr]   Downloaded includedir v0.6.0
[INFO] [stderr]   Downloaded ckb-vm-definitions v0.24.9
[INFO] [stderr]   Downloaded ckb-error v0.115.0-rc2
[INFO] [stderr]   Downloaded ckb-fixed-hash-macros v0.115.0-rc2
[INFO] [stderr]   Downloaded ckb-fixed-hash v0.115.0-rc2
[INFO] [stderr]   Downloaded ckb-occupied-capacity-core v0.115.0-rc2
[INFO] [stderr]   Downloaded faster-hex v0.6.1
[INFO] [stderr]   Downloaded molecule v0.7.5
[INFO] [stderr]   Downloaded ckb-system-scripts v0.5.4
[INFO] [stderr]   Downloaded ckb-script v0.115.0-rc2
[INFO] [stderr]   Downloaded ckb-sdk v3.1.1
[INFO] running `Command { std: "docker" "create" "-v" "/var/lib/crater-agent-workspace/builds/worker-6-tc1/target:/opt/rustwide/target:rw,Z" "-v" "/var/lib/crater-agent-workspace/builds/worker-6-tc1/source:/opt/rustwide/workdir:ro,Z" "-v" "/var/lib/crater-agent-workspace/cargo-home:/opt/rustwide/cargo-home:ro,Z" "-v" "/var/lib/crater-agent-workspace/rustup-home:/opt/rustwide/rustup-home:ro,Z" "-e" "SOURCE_DIR=/opt/rustwide/workdir" "-e" "CARGO_TARGET_DIR=/opt/rustwide/target" "-e" "CARGO_HOME=/opt/rustwide/cargo-home" "-e" "RUSTUP_HOME=/opt/rustwide/rustup-home" "-w" "/opt/rustwide/workdir" "-m" "1610612736" "--user" "0:0" "--network" "none" "ghcr.io/rust-lang/crates-build-env/linux@sha256:4a844ea9eb2546a2d2c7022eacef16ef2e8229c7fbb2c7d4d55a9ceca922f72d" "/opt/rustwide/cargo-home/bin/cargo" "+nightly-2024-10-28" "metadata" "--no-deps" "--format-version=1", kill_on_drop: false }`
[INFO] [stdout] ad994a71d6ab7d8f0f78816612174831b4542d1b656be8062679aeedd0ed34bf
[INFO] running `Command { std: "docker" "start" "-a" "ad994a71d6ab7d8f0f78816612174831b4542d1b656be8062679aeedd0ed34bf", kill_on_drop: false }`
[INFO] running `Command { std: "docker" "inspect" "ad994a71d6ab7d8f0f78816612174831b4542d1b656be8062679aeedd0ed34bf", kill_on_drop: false }`
[INFO] running `Command { std: "docker" "rm" "-f" "ad994a71d6ab7d8f0f78816612174831b4542d1b656be8062679aeedd0ed34bf", kill_on_drop: false }`
[INFO] [stdout] ad994a71d6ab7d8f0f78816612174831b4542d1b656be8062679aeedd0ed34bf
[INFO] running `Command { std: "docker" "create" "-v" "/var/lib/crater-agent-workspace/builds/worker-6-tc1/target:/opt/rustwide/target:rw,Z" "-v" "/var/lib/crater-agent-workspace/builds/worker-6-tc1/source:/opt/rustwide/workdir:ro,Z" "-v" "/var/lib/crater-agent-workspace/cargo-home:/opt/rustwide/cargo-home:ro,Z" "-v" "/var/lib/crater-agent-workspace/rustup-home:/opt/rustwide/rustup-home:ro,Z" "-e" "SOURCE_DIR=/opt/rustwide/workdir" "-e" "CARGO_TARGET_DIR=/opt/rustwide/target" "-e" "CARGO_INCREMENTAL=0" "-e" "RUST_BACKTRACE=full" "-e" "RUSTFLAGS=--cap-lints=forbid" "-e" "RUSTDOCFLAGS=--cap-lints=forbid" "-e" "CARGO_HOME=/opt/rustwide/cargo-home" "-e" "RUSTUP_HOME=/opt/rustwide/rustup-home" "-w" "/opt/rustwide/workdir" "-m" "1610612736" "--user" "0:0" "--network" "none" "ghcr.io/rust-lang/crates-build-env/linux@sha256:4a844ea9eb2546a2d2c7022eacef16ef2e8229c7fbb2c7d4d55a9ceca922f72d" "/opt/rustwide/cargo-home/bin/cargo" "+nightly-2024-10-28" "build" "--frozen" "--message-format=json", kill_on_drop: false }`
[INFO] [stdout] 6256894b7291ec0475550deadd174eb9f66b726d6f22cebbeb6716f978f5899d
[INFO] running `Command { std: "docker" "start" "-a" "6256894b7291ec0475550deadd174eb9f66b726d6f22cebbeb6716f978f5899d", kill_on_drop: false }`
[INFO] [stderr]    Compiling proc-macro2 v1.0.82
[INFO] [stderr]    Compiling serde v1.0.201
[INFO] [stderr]    Compiling syn v1.0.109
[INFO] [stderr]    Compiling cc v1.0.97
[INFO] [stderr]    Compiling getrandom v0.1.16
[INFO] [stderr]    Compiling libc v0.2.154
[INFO] [stderr]    Compiling thiserror v1.0.60
[INFO] [stderr]    Compiling serde_json v1.0.117
[INFO] [stderr]    Compiling ryu v1.0.18
[INFO] [stderr]    Compiling heapsize v0.4.2
[INFO] [stderr]    Compiling faster-hex v0.6.1
[INFO] [stderr]    Compiling cty v0.2.2
[INFO] [stderr]    Compiling ckb_schemars v0.8.19
[INFO] [stderr]    Compiling autocfg v1.3.0
[INFO] [stderr]    Compiling dyn-clone v1.0.17
[INFO] [stderr]    Compiling anyhow v1.0.83
[INFO] [stderr]    Compiling convert_case v0.4.0
[INFO] [stderr]    Compiling crossbeam-utils v0.8.19
[INFO] [stderr]    Compiling paste v1.0.15
[INFO] [stderr]    Compiling blake2b-ref v0.3.1
[INFO] [stderr]    Compiling typenum v1.17.0
[INFO] [stderr]    Compiling phf_shared v0.8.0
[INFO] [stderr]    Compiling generic-array v0.14.7
[INFO] [stderr]    Compiling crc32fast v1.4.0
[INFO] [stderr]    Compiling golomb-coded-set v0.2.1
[INFO] [stderr]    Compiling rand_core v0.5.1
[INFO] [stderr]    Compiling merkle-cbt v0.3.2
[INFO] [stderr]    Compiling ckb-merkle-mountain-range v0.5.2
[INFO] [stderr]    Compiling slab v0.4.9
[INFO] [stderr]    Compiling ckb-constant v0.115.0-rc2
[INFO] [stderr]    Compiling bit-vec v0.6.3
[INFO] [stderr]    Compiling adler v1.0.2
[INFO] [stderr]    Compiling futures-channel v0.3.30
[INFO] [stderr]    Compiling futures-task v0.3.30
[INFO] [stderr]    Compiling rand_pcg v0.2.1
[INFO] [stderr]    Compiling rand_chacha v0.2.2
[INFO] [stderr]    Compiling miniz_oxide v0.7.2
[INFO] [stderr]    Compiling bitflags v2.5.0
[INFO] [stderr]    Compiling futures-io v0.3.30
[INFO] [stderr]    Compiling walkdir v2.5.0
[INFO] [stderr]    Compiling pkg-config v0.3.30
[INFO] [stderr]    Compiling vcpkg v0.2.15
[INFO] [stderr]    Compiling quote v1.0.36
[INFO] [stderr]    Compiling rand v0.7.3
[INFO] [stderr]    Compiling phf v0.8.0
[INFO] [stderr]    Compiling crossbeam-channel v0.5.12
[INFO] [stderr]    Compiling cpufeatures v0.2.12
[INFO] [stderr]    Compiling rustix v0.38.34
[INFO] [stderr]    Compiling foreign-types-shared v0.1.1
[INFO] [stderr]    Compiling openssl v0.10.64
[INFO] [stderr]    Compiling linux-raw-sys v0.4.13
[INFO] [stderr]    Compiling syn v2.0.63
[INFO] [stderr]    Compiling foreign-types v0.3.2
[INFO] [stderr]    Compiling unicode-width v0.1.12
[INFO] [stderr]    Compiling tinyvec_macros v0.1.1
[INFO] [stderr]    Compiling byteorder v1.5.0
[INFO] [stderr]    Compiling native-tls v0.2.11
[INFO] [stderr]    Compiling flate2 v1.0.30
[INFO] [stderr]    Compiling tinyvec v1.6.0
[INFO] [stderr]    Compiling tracing v0.1.40
[INFO] [stderr]    Compiling lock_api v0.4.12
[INFO] [stderr]    Compiling ahash v0.7.8
[INFO] [stderr]    Compiling ckb-channel v0.115.0-rc2
[INFO] [stderr]    Compiling xxhash-rust v0.8.10
[INFO] [stderr]    Compiling fastrand v2.1.0
[INFO] [stderr]    Compiling blake2b-rs v0.2.0
[INFO] [stderr]    Compiling includedir v0.6.0
[INFO] [stderr]    Compiling secp256k1-sys v0.6.1
[INFO] [stderr]    Compiling openssl-sys v0.9.102
[INFO] [stderr]    Compiling hex v0.4.3
[INFO] [stderr]    Compiling openssl-probe v0.1.5
[INFO] [stderr]    Compiling plain v0.2.3
[INFO] [stderr]    Compiling ckb-vm v0.24.9
[INFO] [stderr]    Compiling getrandom v0.2.15
[INFO] [stderr]    Compiling memmap2 v0.5.10
[INFO] [stderr]    Compiling either v1.11.0
[INFO] [stderr]    Compiling unicode-bidi v0.3.15
[INFO] [stderr]    Compiling eaglesong v0.1.0
[INFO] [stderr]    Compiling proc-macro-error-attr v1.0.4
[INFO] [stderr]    Compiling sparse-merkle-tree v0.6.1
[INFO] [stderr]    Compiling crypto-common v0.1.6
[INFO] [stderr]    Compiling block-buffer v0.10.4
[INFO] [stderr]    Compiling unicode-normalization v0.1.23
[INFO] [stderr]    Compiling ckb-vm-definitions v0.24.9
[INFO] [stderr]    Compiling ckb-logger v0.115.0-rc2
[INFO] [stderr]    Compiling ckb-script v0.115.0-rc2
[INFO] [stderr]    Compiling hashbrown v0.12.3
[INFO] [stderr]    Compiling rustls-pemfile v1.0.4
[INFO] [stderr]    Compiling digest v0.10.7
[INFO] [stderr]    Compiling encoding_rs v0.8.34
[INFO] [stderr]    Compiling ckb-hash v0.115.0-rc2
[INFO] [stderr]    Compiling ipnet v2.9.0
[INFO] [stderr]    Compiling cfg-if v0.1.10
[INFO] [stderr]    Compiling keccak v0.1.5
[INFO] [stderr]    Compiling parking_lot v0.12.2
[INFO] [stderr]    Compiling phf_generator v0.8.0
[INFO] [stderr]    Compiling sha-1 v0.10.1
[INFO] [stderr]    Compiling sha2 v0.10.8
[INFO] [stderr]    Compiling phf_codegen v0.8.0
[INFO] [stderr]    Compiling includedir_codegen v0.6.0
[INFO] [stderr]    Compiling sha1 v0.10.6
[INFO] [stderr]    Compiling sha3 v0.10.8
[INFO] [stderr]    Compiling idna v0.5.0
[INFO] [stderr]    Compiling lru v0.7.8
[INFO] [stderr]    Compiling dashmap v5.5.3
[INFO] [stderr]    Compiling bech32 v0.8.1
[INFO] [stderr]    Compiling ckb-system-scripts v0.5.4
[INFO] [stderr]    Compiling serde_derive_internals v0.26.0
[INFO] [stderr]    Compiling proc-macro-error v1.0.4
[INFO] [stderr]    Compiling url v2.5.0
[INFO] [stderr]    Compiling reflink-copy v0.1.17
[INFO] [stderr]    Compiling tempfile v3.10.1
[INFO] [stderr]    Compiling numext-constructor v0.1.6
[INFO] [stderr]    Compiling derive_more v0.99.17
[INFO] [stderr]    Compiling scroll_derive v0.10.5
[INFO] [stderr]    Compiling enum-repr-derive v0.2.0
[INFO] [stderr]    Compiling derive-getters v0.2.1
[INFO] [stderr]    Compiling ckb_schemars_derive v0.8.19
[INFO] [stderr]    Compiling scroll v0.10.2
[INFO] [stderr]    Compiling goblin v0.2.3
[INFO] [stderr]    Compiling goblin v0.4.0
[INFO] [stderr]    Compiling serde_derive v1.0.201
[INFO] [stderr]    Compiling thiserror-impl v1.0.60
[INFO] [stderr]    Compiling tokio-macros v2.2.0
[INFO] [stderr]    Compiling futures-macro v0.3.30
[INFO] [stderr]    Compiling miette-derive v5.10.0
[INFO] [stderr]    Compiling openssl-macros v0.1.1
[INFO] [stderr]    Compiling secp256k1 v0.24.3
[INFO] [stderr]    Compiling futures-util v0.3.30
[INFO] [stderr]    Compiling miette v5.10.0
[INFO] [stderr]    Compiling futures-executor v0.3.30
[INFO] [stderr]    Compiling futures v0.3.30
[INFO] [stderr]    Compiling bytes v1.6.0
[INFO] [stderr]    Compiling numext-fixed-uint-core v0.1.6
[INFO] [stderr]    Compiling ckb-occupied-capacity-core v0.115.0-rc2
[INFO] [stderr]    Compiling ssri v9.2.0
[INFO] [stderr]    Compiling toml v0.5.11
[INFO] [stderr]    Compiling serde_urlencoded v0.7.1
[INFO] [stderr]    Compiling ckb-occupied-capacity-macros v0.115.0-rc2
[INFO] [stderr]    Compiling ckb-occupied-capacity v0.115.0-rc2
[INFO] [stderr]    Compiling ckb-error v0.115.0-rc2
[INFO] [stderr]    Compiling molecule v0.7.5
[INFO] [stderr]    Compiling tokio v1.37.0
[INFO] [stderr]    Compiling http v0.2.12
[INFO] [stderr]    Compiling jsonrpc-core v18.0.0
[INFO] [stderr]    Compiling http-body v0.4.6
[INFO] [stderr]    Compiling ckb-fixed-hash-core v0.115.0-rc2
[INFO] [stderr]    Compiling ckb-fixed-hash-macros v0.115.0-rc2
[INFO] [stderr]    Compiling ckb-fixed-hash v0.115.0-rc2
[INFO] [stderr]    Compiling ckb-crypto v0.115.0-rc2
[INFO] [stderr]    Compiling tokio-util v0.7.11
[INFO] [stderr]    Compiling tokio-stream v0.1.15
[INFO] [stderr]    Compiling tokio-native-tls v0.3.1
[INFO] [stderr]    Compiling h2 v0.3.26
[INFO] [stderr]    Compiling cacache v12.0.0
[INFO] [stderr]    Compiling numext-fixed-uint-hack v0.1.6
[INFO] [stderr]    Compiling numext-fixed-uint v0.1.6
[INFO] [stderr]    Compiling ckb-gen-types v0.115.0-rc2
[INFO] [stderr]    Compiling ckb-rational v0.115.0-rc2
[INFO] [stderr]    Compiling hyper v0.14.28
[INFO] [stderr]    Compiling hyper-tls v0.5.0
[INFO] [stderr]    Compiling reqwest v0.11.27
[INFO] [stderr]    Compiling ckb-types v0.115.0-rc2
[INFO] [stderr]    Compiling ckb-traits v0.115.0-rc2
[INFO] [stderr]    Compiling ckb-jsonrpc-types v0.115.0-rc2
[INFO] [stderr]    Compiling ckb-pow v0.115.0-rc2
[INFO] [stderr]    Compiling ckb-dao-utils v0.115.0-rc2
[INFO] [stderr]    Compiling ckb-resource v0.115.0-rc2
[INFO] [stderr]    Compiling ckb-chain-spec v0.115.0-rc2
[INFO] [stderr]    Compiling ckb-mock-tx-types v0.115.0-rc2
[INFO] [stderr]    Compiling ckb-sdk v3.1.1
[INFO] [stderr]    Compiling ckb_sdk_test v0.1.0 (/opt/rustwide/workdir)
[INFO] [stderr]     Finished `dev` profile [unoptimized + debuginfo] target(s) in 31.05s
[INFO] running `Command { std: "docker" "inspect" "6256894b7291ec0475550deadd174eb9f66b726d6f22cebbeb6716f978f5899d", kill_on_drop: false }`
[INFO] running `Command { std: "docker" "rm" "-f" "6256894b7291ec0475550deadd174eb9f66b726d6f22cebbeb6716f978f5899d", kill_on_drop: false }`
[INFO] [stdout] 6256894b7291ec0475550deadd174eb9f66b726d6f22cebbeb6716f978f5899d
[INFO] running `Command { std: "docker" "create" "-v" "/var/lib/crater-agent-workspace/builds/worker-6-tc1/target:/opt/rustwide/target:rw,Z" "-v" "/var/lib/crater-agent-workspace/builds/worker-6-tc1/source:/opt/rustwide/workdir:ro,Z" "-v" "/var/lib/crater-agent-workspace/cargo-home:/opt/rustwide/cargo-home:ro,Z" "-v" "/var/lib/crater-agent-workspace/rustup-home:/opt/rustwide/rustup-home:ro,Z" "-e" "SOURCE_DIR=/opt/rustwide/workdir" "-e" "CARGO_TARGET_DIR=/opt/rustwide/target" "-e" "CARGO_INCREMENTAL=0" "-e" "RUST_BACKTRACE=full" "-e" "RUSTFLAGS=--cap-lints=forbid" "-e" "RUSTDOCFLAGS=--cap-lints=forbid" "-e" "CARGO_HOME=/opt/rustwide/cargo-home" "-e" "RUSTUP_HOME=/opt/rustwide/rustup-home" "-w" "/opt/rustwide/workdir" "-m" "1610612736" "--user" "0:0" "--network" "none" "ghcr.io/rust-lang/crates-build-env/linux@sha256:4a844ea9eb2546a2d2c7022eacef16ef2e8229c7fbb2c7d4d55a9ceca922f72d" "/opt/rustwide/cargo-home/bin/cargo" "+nightly-2024-10-28" "test" "--frozen" "--no-run" "--message-format=json", kill_on_drop: false }`
[INFO] [stdout] f28cfae120d383dbed61111fdd643eb8a3290dcf4da6ac491163aa1f987ba1ba
[INFO] running `Command { std: "docker" "start" "-a" "f28cfae120d383dbed61111fdd643eb8a3290dcf4da6ac491163aa1f987ba1ba", kill_on_drop: false }`
[INFO] [stderr]    Compiling dotenv v0.15.0
[INFO] [stderr]    Compiling ckb_sdk_test v0.1.0 (/opt/rustwide/workdir)
[INFO] [stdout] warning: unused import: `FeeRate`
[INFO] [stdout]  --> tests/test_deploy_xudt.rs:8:42
[INFO] [stdout]   |
[INFO] [stdout] 8 | use ckb_types::core::{Capacity, DepType, FeeRate, ScriptHashType, TransactionBuilder};
[INFO] [stdout]   |                                          ^^^^^^^
[INFO] [stdout]   |
[INFO] [stdout]   = note: `#[warn(unused_imports)]` on by default
[INFO] [stdout] 
[INFO] [stdout] 
[INFO] [stdout] warning: unused variable: `outputs_validator`
[INFO] [stdout]    --> tests/test_deploy_xudt.rs:223:9
[INFO] [stdout]     |
[INFO] [stdout] 223 |     let outputs_validator = Some(ckb_jsonrpc_types::OutputsValidator::Passthrough);
[INFO] [stdout]     |         ^^^^^^^^^^^^^^^^^ help: if this is intentional, prefix it with an underscore: `_outputs_validator`
[INFO] [stdout]     |
[INFO] [stdout]     = note: `#[warn(unused_variables)]` on by default
[INFO] [stdout] 
[INFO] [stdout] 
[INFO] [stderr]     Finished `test` profile [unoptimized + debuginfo] target(s) in 2.87s
[INFO] running `Command { std: "docker" "inspect" "f28cfae120d383dbed61111fdd643eb8a3290dcf4da6ac491163aa1f987ba1ba", kill_on_drop: false }`
[INFO] running `Command { std: "docker" "rm" "-f" "f28cfae120d383dbed61111fdd643eb8a3290dcf4da6ac491163aa1f987ba1ba", kill_on_drop: false }`
[INFO] [stdout] f28cfae120d383dbed61111fdd643eb8a3290dcf4da6ac491163aa1f987ba1ba
[INFO] running `Command { std: "docker" "create" "-v" "/var/lib/crater-agent-workspace/builds/worker-6-tc1/target:/opt/rustwide/target:rw,Z" "-v" "/var/lib/crater-agent-workspace/builds/worker-6-tc1/source:/opt/rustwide/workdir:ro,Z" "-v" "/var/lib/crater-agent-workspace/cargo-home:/opt/rustwide/cargo-home:ro,Z" "-v" "/var/lib/crater-agent-workspace/rustup-home:/opt/rustwide/rustup-home:ro,Z" "-e" "SOURCE_DIR=/opt/rustwide/workdir" "-e" "CARGO_TARGET_DIR=/opt/rustwide/target" "-e" "CARGO_INCREMENTAL=0" "-e" "RUST_BACKTRACE=full" "-e" "RUSTFLAGS=--cap-lints=forbid" "-e" "RUSTDOCFLAGS=--cap-lints=forbid" "-e" "CARGO_HOME=/opt/rustwide/cargo-home" "-e" "RUSTUP_HOME=/opt/rustwide/rustup-home" "-w" "/opt/rustwide/workdir" "-m" "1610612736" "--user" "0:0" "--network" "none" "ghcr.io/rust-lang/crates-build-env/linux@sha256:4a844ea9eb2546a2d2c7022eacef16ef2e8229c7fbb2c7d4d55a9ceca922f72d" "/opt/rustwide/cargo-home/bin/cargo" "+nightly-2024-10-28" "test" "--frozen", kill_on_drop: false }`
[INFO] [stdout] a71d19b3fc10d956c85bbaddba55ee5f8412bed2f1a95b786b757be316b25599
[INFO] running `Command { std: "docker" "start" "-a" "a71d19b3fc10d956c85bbaddba55ee5f8412bed2f1a95b786b757be316b25599", kill_on_drop: false }`
[INFO] [stderr] warning: unused import: `FeeRate`
[INFO] [stderr]  --> tests/test_deploy_xudt.rs:8:42
[INFO] [stderr]   |
[INFO] [stderr] 8 | use ckb_types::core::{Capacity, DepType, FeeRate, ScriptHashType, TransactionBuilder};
[INFO] [stderr]   |                                          ^^^^^^^
[INFO] [stderr]   |
[INFO] [stderr]   = note: `#[warn(unused_imports)]` on by default
[INFO] [stderr] 
[INFO] [stderr] warning: unused variable: `outputs_validator`
[INFO] [stderr]    --> tests/test_deploy_xudt.rs:223:9
[INFO] [stderr]     |
[INFO] [stderr] 223 |     let outputs_validator = Some(ckb_jsonrpc_types::OutputsValidator::Passthrough);
[INFO] [stderr]     |         ^^^^^^^^^^^^^^^^^ help: if this is intentional, prefix it with an underscore: `_outputs_validator`
[INFO] [stderr]     |
[INFO] [stderr]     = note: `#[warn(unused_variables)]` on by default
[INFO] [stderr] 
[INFO] [stderr] warning: `ckb_sdk_test` (test "test_deploy_xudt") generated 2 warnings (run `cargo fix --test "test_deploy_xudt"` to apply 1 suggestion)
[INFO] [stderr]     Finished `test` profile [unoptimized + debuginfo] target(s) in 0.15s
[INFO] [stderr]      Running unittests src/lib.rs (/opt/rustwide/target/debug/deps/ckb_test-44abd40b07cf61a1)
[INFO] [stdout] 
[INFO] [stdout] running 0 tests
[INFO] [stdout] 
[INFO] [stdout] test result: ok. 0 passed; 0 failed; 0 ignored; 0 measured; 0 filtered out; finished in 0.00s
[INFO] [stdout] 
[INFO] [stderr]      Running tests/chain_transfer_sighash.rs (/opt/rustwide/target/debug/deps/chain_transfer_sighash-05389be4a6b1edf6)
[INFO] [stdout] 
[INFO] [stdout] running 1 test
[INFO] [stdout] test test_chain_transfer_sighash ... FAILED
[INFO] [stdout] 
[INFO] [stdout] failures:
[INFO] [stdout] 
[INFO] [stdout] ---- test_chain_transfer_sighash stdout ----
[INFO] [stdout] thread 'test_chain_transfer_sighash' panicked at tests/chain_transfer_sighash.rs:78:19:
[INFO] [stdout] called `Option::unwrap()` on a `None` value
[INFO] [stdout] stack backtrace:
[INFO] [stdout]    0:     0x561ffd86bf0a - std::backtrace_rs::backtrace::libunwind::trace::h207520d6e9873551
[INFO] [stdout]                                at /rustc/df4ca44d3fbc9301ee17f30f4d474e6ae4b05252/library/std/src/../../backtrace/src/backtrace/libunwind.rs:116:5
[INFO] [stdout]    1:     0x561ffd86bf0a - std::backtrace_rs::backtrace::trace_unsynchronized::h2ed7433f370e3eca
[INFO] [stdout]                                at /rustc/df4ca44d3fbc9301ee17f30f4d474e6ae4b05252/library/std/src/../../backtrace/src/backtrace/mod.rs:66:5
[INFO] [stdout]    2:     0x561ffd86bf0a - std::sys::backtrace::_print_fmt::h916fac51166b18d7
[INFO] [stdout]                                at /rustc/df4ca44d3fbc9301ee17f30f4d474e6ae4b05252/library/std/src/sys/backtrace.rs:66:9
[INFO] [stdout]    3:     0x561ffd86bf0a - <std::sys::backtrace::BacktraceLock::print::DisplayBacktrace as core::fmt::Display>::fmt::ha0a4c9b8ce3802e6
[INFO] [stdout]                                at /rustc/df4ca44d3fbc9301ee17f30f4d474e6ae4b05252/library/std/src/sys/backtrace.rs:39:26
[INFO] [stdout]    4:     0x561ffd8969b3 - core::fmt::rt::Argument::fmt::h4cfc8587d52b3eb5
[INFO] [stdout]                                at /rustc/df4ca44d3fbc9301ee17f30f4d474e6ae4b05252/library/core/src/fmt/rt.rs:177:76
[INFO] [stdout]    5:     0x561ffd8969b3 - core::fmt::write::h522cc39e5b36ae9f
[INFO] [stdout]                                at /rustc/df4ca44d3fbc9301ee17f30f4d474e6ae4b05252/library/core/src/fmt/mod.rs:1190:21
[INFO] [stdout]    6:     0x561ffd867cf3 - std::io::Write::write_fmt::h7d3c26752da97734
[INFO] [stdout]                                at /rustc/df4ca44d3fbc9301ee17f30f4d474e6ae4b05252/library/std/src/io/mod.rs:1839:15
[INFO] [stdout]    7:     0x561ffd86bd52 - std::sys::backtrace::BacktraceLock::print::h4b9e00b29e9c0942
[INFO] [stdout]                                at /rustc/df4ca44d3fbc9301ee17f30f4d474e6ae4b05252/library/std/src/sys/backtrace.rs:42:9
[INFO] [stdout]    8:     0x561ffd86d39a - std::panicking::default_hook::{{closure}}::hb59b88280d0324d9
[INFO] [stdout]                                at /rustc/df4ca44d3fbc9301ee17f30f4d474e6ae4b05252/library/std/src/panicking.rs:268:22
[INFO] [stdout]    9:     0x561ffd86d1a4 - std::panicking::default_hook::he1dd496665be4a29
[INFO] [stdout]                                at /rustc/df4ca44d3fbc9301ee17f30f4d474e6ae4b05252/library/std/src/panicking.rs:292:9
[INFO] [stdout]   10:     0x561ffd291af9 - <alloc::boxed::Box<F,A> as core::ops::function::Fn<Args>>::call::h4ff71de18744e1dc
[INFO] [stdout]                                at /rustc/df4ca44d3fbc9301ee17f30f4d474e6ae4b05252/library/alloc/src/boxed.rs:2468:9
[INFO] [stdout]   11:     0x561ffd291af9 - test::test_main::{{closure}}::hcf7c055ce117aa81
[INFO] [stdout]                                at /rustc/df4ca44d3fbc9301ee17f30f4d474e6ae4b05252/library/test/src/lib.rs:133:21
[INFO] [stdout]   12:     0x561ffd86da98 - <alloc::boxed::Box<F,A> as core::ops::function::Fn<Args>>::call::h1d66c6bbd60c9692
[INFO] [stdout]                                at /rustc/df4ca44d3fbc9301ee17f30f4d474e6ae4b05252/library/alloc/src/boxed.rs:2468:9
[INFO] [stdout]   13:     0x561ffd86da98 - std::panicking::rust_panic_with_hook::h2ff17fe8f26dfcf8
[INFO] [stdout]                                at /rustc/df4ca44d3fbc9301ee17f30f4d474e6ae4b05252/library/std/src/panicking.rs:809:13
[INFO] [stdout]   14:     0x561ffd86d826 - std::panicking::begin_panic_handler::{{closure}}::h4fad77951c07e101
[INFO] [stdout]                                at /rustc/df4ca44d3fbc9301ee17f30f4d474e6ae4b05252/library/std/src/panicking.rs:667:13
[INFO] [stdout]   15:     0x561ffd86c3e9 - std::sys::backtrace::__rust_end_short_backtrace::hb1a25b3da5d0ea08
[INFO] [stdout]                                at /rustc/df4ca44d3fbc9301ee17f30f4d474e6ae4b05252/library/std/src/sys/backtrace.rs:170:18
[INFO] [stdout]   16:     0x561ffd86d4ec - rust_begin_unwind
[INFO] [stdout]                                at /rustc/df4ca44d3fbc9301ee17f30f4d474e6ae4b05252/library/std/src/panicking.rs:665:5
[INFO] [stdout]   17:     0x561ffd894bc0 - core::panicking::panic_fmt::ha9db07b529f9b256
[INFO] [stdout]                                at /rustc/df4ca44d3fbc9301ee17f30f4d474e6ae4b05252/library/core/src/panicking.rs:75:14
[INFO] [stdout]   18:     0x561ffd894c4c - core::panicking::panic::h993086813d94accc
[INFO] [stdout]                                at /rustc/df4ca44d3fbc9301ee17f30f4d474e6ae4b05252/library/core/src/panicking.rs:152:5
[INFO] [stdout]   19:     0x561ffd894b39 - core::option::unwrap_failed::h7d84639b8a1a5da9
[INFO] [stdout]                                at /rustc/df4ca44d3fbc9301ee17f30f4d474e6ae4b05252/library/core/src/option.rs:2008:5
[INFO] [stdout]   20:     0x561ffd25504d - core::option::Option<T>::unwrap::h7c1dedd0f4f40a08
[INFO] [stdout]                                at /rustc/df4ca44d3fbc9301ee17f30f4d474e6ae4b05252/library/core/src/option.rs:971:21
[INFO] [stdout]   21:     0x561ffd25504d - chain_transfer_sighash::test_chain_transfer_sighash::h536b9fd11ca2be0d
[INFO] [stdout]                                at /opt/rustwide/workdir/tests/chain_transfer_sighash.rs:78:5
[INFO] [stdout]   22:     0x561ffd254f57 - chain_transfer_sighash::test_chain_transfer_sighash::{{closure}}::hc24472d8026e36f3
[INFO] [stdout]                                at /opt/rustwide/workdir/tests/chain_transfer_sighash.rs:77:33
[INFO] [stdout]   23:     0x561ffd246d96 - core::ops::function::FnOnce::call_once::hebbca91091eaa85f
[INFO] [stdout]                                at /rustc/df4ca44d3fbc9301ee17f30f4d474e6ae4b05252/library/core/src/ops/function.rs:250:5
[INFO] [stdout]   24:     0x561ffd2963cb - core::ops::function::FnOnce::call_once::h22c3ba5715e93f05
[INFO] [stdout]                                at /rustc/df4ca44d3fbc9301ee17f30f4d474e6ae4b05252/library/core/src/ops/function.rs:250:5
[INFO] [stdout]   25:     0x561ffd2963cb - test::__rust_begin_short_backtrace::h8e82d8113d0da17f
[INFO] [stdout]                                at /rustc/df4ca44d3fbc9301ee17f30f4d474e6ae4b05252/library/test/src/lib.rs:621:18
[INFO] [stdout]   26:     0x561ffd295d47 - test::run_test_in_process::{{closure}}::h33235f4f20b7b7c7
[INFO] [stdout]                                at /rustc/df4ca44d3fbc9301ee17f30f4d474e6ae4b05252/library/test/src/lib.rs:644:60
[INFO] [stdout]   27:     0x561ffd295d47 - <core::panic::unwind_safe::AssertUnwindSafe<F> as core::ops::function::FnOnce<()>>::call_once::hb5043206310c586f
[INFO] [stdout]                                at /rustc/df4ca44d3fbc9301ee17f30f4d474e6ae4b05252/library/core/src/panic/unwind_safe.rs:272:9
[INFO] [stdout]   28:     0x561ffd295d47 - std::panicking::try::do_call::h9ad4731a60ab23e2
[INFO] [stdout]                                at /rustc/df4ca44d3fbc9301ee17f30f4d474e6ae4b05252/library/std/src/panicking.rs:557:40
[INFO] [stdout]   29:     0x561ffd295d47 - std::panicking::try::h3824d23db772a716
[INFO] [stdout]                                at /rustc/df4ca44d3fbc9301ee17f30f4d474e6ae4b05252/library/std/src/panicking.rs:520:19
[INFO] [stdout]   30:     0x561ffd295d47 - std::panic::catch_unwind::h5afd514605fde46b
[INFO] [stdout]                                at /rustc/df4ca44d3fbc9301ee17f30f4d474e6ae4b05252/library/std/src/panic.rs:358:14
[INFO] [stdout]   31:     0x561ffd295d47 - test::run_test_in_process::h0d5cbfa7067d1720
[INFO] [stdout]                                at /rustc/df4ca44d3fbc9301ee17f30f4d474e6ae4b05252/library/test/src/lib.rs:644:27
[INFO] [stdout]   32:     0x561ffd295d47 - test::run_test::{{closure}}::h708eb8872708115d
[INFO] [stdout]                                at /rustc/df4ca44d3fbc9301ee17f30f4d474e6ae4b05252/library/test/src/lib.rs:565:43
[INFO] [stdout]   33:     0x561ffd259464 - test::run_test::{{closure}}::h392c51cee94713ab
[INFO] [stdout]                                at /rustc/df4ca44d3fbc9301ee17f30f4d474e6ae4b05252/library/test/src/lib.rs:595:41
[INFO] [stdout]   34:     0x561ffd259464 - std::sys::backtrace::__rust_begin_short_backtrace::h2f40290710935a8b
[INFO] [stdout]                                at /rustc/df4ca44d3fbc9301ee17f30f4d474e6ae4b05252/library/std/src/sys/backtrace.rs:154:18
[INFO] [stdout]   35:     0x561ffd25cc0e - std::thread::Builder::spawn_unchecked_::{{closure}}::{{closure}}::h3fd968d89053a903
[INFO] [stdout]                                at /rustc/df4ca44d3fbc9301ee17f30f4d474e6ae4b05252/library/std/src/thread/mod.rs:541:17
[INFO] [stdout]   36:     0x561ffd25cc0e - <core::panic::unwind_safe::AssertUnwindSafe<F> as core::ops::function::FnOnce<()>>::call_once::h743f637ba4229880
[INFO] [stdout]                                at /rustc/df4ca44d3fbc9301ee17f30f4d474e6ae4b05252/library/core/src/panic/unwind_safe.rs:272:9
[INFO] [stdout]   37:     0x561ffd25cc0e - std::panicking::try::do_call::h07440897322525a6
[INFO] [stdout]                                at /rustc/df4ca44d3fbc9301ee17f30f4d474e6ae4b05252/library/std/src/panicking.rs:557:40
[INFO] [stdout]   38:     0x561ffd25cc0e - std::panicking::try::he5a2e00188156637
[INFO] [stdout]                                at /rustc/df4ca44d3fbc9301ee17f30f4d474e6ae4b05252/library/std/src/panicking.rs:520:19
[INFO] [stdout]   39:     0x561ffd25cc0e - std::panic::catch_unwind::hbaf3cae49b3c6433
[INFO] [stdout]                                at /rustc/df4ca44d3fbc9301ee17f30f4d474e6ae4b05252/library/std/src/panic.rs:358:14
[INFO] [stdout]   40:     0x561ffd25cc0e - std::thread::Builder::spawn_unchecked_::{{closure}}::h8e141ea224820bce
[INFO] [stdout]                                at /rustc/df4ca44d3fbc9301ee17f30f4d474e6ae4b05252/library/std/src/thread/mod.rs:540:30
[INFO] [stdout]   41:     0x561ffd25cc0e - core::ops::function::FnOnce::call_once{{vtable.shim}}::h90d312fedd7b8ea8
[INFO] [stdout]                                at /rustc/df4ca44d3fbc9301ee17f30f4d474e6ae4b05252/library/core/src/ops/function.rs:250:5
[INFO] [stdout]   42:     0x561ffd871ccb - <alloc::boxed::Box<F,A> as core::ops::function::FnOnce<Args>>::call_once::h69aa08ddb6adb8b6
[INFO] [stdout]                                at /rustc/df4ca44d3fbc9301ee17f30f4d474e6ae4b05252/library/alloc/src/boxed.rs:2454:9
[INFO] [stdout]   43:     0x561ffd871ccb - <alloc::boxed::Box<F,A> as core::ops::function::FnOnce<Args>>::call_once::h5aa36efdb79c806f
[INFO] [stdout]                                at /rustc/df4ca44d3fbc9301ee17f30f4d474e6ae4b05252/library/alloc/src/boxed.rs:2454:9
[INFO] [stdout]   44:     0x561ffd871ccb - std::sys::pal::unix::thread::Thread::new::thread_start::h6cd80a1b4be5158d
[INFO] [stdout]                                at /rustc/df4ca44d3fbc9301ee17f30f4d474e6ae4b05252/library/std/src/sys/pal/unix/thread.rs:105:17
[INFO] [stdout]   45:     0x78bee6cccac3 - <unknown>
[INFO] [stdout]   46:     0x78bee6d5da04 - clone
[INFO] [stdout]   47:                0x0 - <unknown>
[INFO] [stdout] 
[INFO] [stdout] 
[INFO] [stdout] failures:
[INFO] [stdout]     test_chain_transfer_sighash
[INFO] [stdout] 
[INFO] [stdout] test result: FAILED. 0 passed; 1 failed; 0 ignored; 0 measured; 0 filtered out; finished in 0.06s
[INFO] [stdout] 
[INFO] [stderr] error: test failed, to rerun pass `--test chain_transfer_sighash`
[INFO] running `Command { std: "docker" "inspect" "a71d19b3fc10d956c85bbaddba55ee5f8412bed2f1a95b786b757be316b25599", kill_on_drop: false }`
[INFO] running `Command { std: "docker" "rm" "-f" "a71d19b3fc10d956c85bbaddba55ee5f8412bed2f1a95b786b757be316b25599", kill_on_drop: false }`
[INFO] [stdout] a71d19b3fc10d956c85bbaddba55ee5f8412bed2f1a95b786b757be316b25599
