[INFO] cloning repository https://github.com/Saplyn/yew-lmth
[INFO] running `Command { std: "git" "-c" "credential.helper=" "-c" "credential.helper=/workspace/cargo-home/bin/git-credential-null" "clone" "--bare" "https://github.com/Saplyn/yew-lmth" "/workspace/cache/git-repos/https%3A%2F%2Fgithub.com%2FSaplyn%2Fyew-lmth", kill_on_drop: false }`
[INFO] [stderr] Cloning into bare repository '/workspace/cache/git-repos/https%3A%2F%2Fgithub.com%2FSaplyn%2Fyew-lmth'...
[INFO] running `Command { std: "git" "rev-parse" "HEAD", kill_on_drop: false }`
[INFO] [stdout] 4b8832f7480cac16edb93614b7e41e6b040e4aa0
[INFO] testing Saplyn/yew-lmth/4b8832f7480cac16edb93614b7e41e6b040e4aa0 against nightly-2024-10-28 for randomize-layout
[INFO] running `Command { std: "git" "clone" "/workspace/cache/git-repos/https%3A%2F%2Fgithub.com%2FSaplyn%2Fyew-lmth" "/workspace/builds/worker-6-tc1/source", kill_on_drop: false }`
[INFO] [stderr] Cloning into '/workspace/builds/worker-6-tc1/source'...
[INFO] [stderr] done.
[INFO] validating manifest of git repo https://github.com/Saplyn/yew-lmth on toolchain nightly-2024-10-28
[INFO] running `Command { std: CARGO_HOME="/workspace/cargo-home" RUSTUP_HOME="/workspace/rustup-home" "/workspace/cargo-home/bin/cargo" "+nightly-2024-10-28" "metadata" "--manifest-path" "Cargo.toml" "--no-deps", kill_on_drop: false }`
[INFO] started tweaking git repo https://github.com/Saplyn/yew-lmth
[INFO] finished tweaking git repo https://github.com/Saplyn/yew-lmth
[INFO] tweaked toml for git repo https://github.com/Saplyn/yew-lmth written to /workspace/builds/worker-6-tc1/source/Cargo.toml
[INFO] crate git repo https://github.com/Saplyn/yew-lmth already has a lockfile, it will not be regenerated
[INFO] running `Command { std: CARGO_HOME="/workspace/cargo-home" RUSTUP_HOME="/workspace/rustup-home" "/workspace/cargo-home/bin/cargo" "+nightly-2024-10-28" "fetch" "--manifest-path" "Cargo.toml", kill_on_drop: false }`
[INFO] [stderr]  Downloading crates ...
[INFO] [stderr]   Downloaded yew-router v0.18.0
[INFO] [stderr]   Downloaded yew-router-macro v0.18.0
[INFO] running `Command { std: "docker" "create" "-v" "/var/lib/crater-agent-workspace/builds/worker-6-tc1/target:/opt/rustwide/target:rw,Z" "-v" "/var/lib/crater-agent-workspace/builds/worker-6-tc1/source:/opt/rustwide/workdir:ro,Z" "-v" "/var/lib/crater-agent-workspace/cargo-home:/opt/rustwide/cargo-home:ro,Z" "-v" "/var/lib/crater-agent-workspace/rustup-home:/opt/rustwide/rustup-home:ro,Z" "-e" "SOURCE_DIR=/opt/rustwide/workdir" "-e" "CARGO_TARGET_DIR=/opt/rustwide/target" "-e" "CARGO_HOME=/opt/rustwide/cargo-home" "-e" "RUSTUP_HOME=/opt/rustwide/rustup-home" "-w" "/opt/rustwide/workdir" "-m" "1610612736" "--user" "0:0" "--network" "none" "ghcr.io/rust-lang/crates-build-env/linux@sha256:4a844ea9eb2546a2d2c7022eacef16ef2e8229c7fbb2c7d4d55a9ceca922f72d" "/opt/rustwide/cargo-home/bin/cargo" "+nightly-2024-10-28" "metadata" "--no-deps" "--format-version=1", kill_on_drop: false }`
[INFO] [stdout] c0134ca0a7411859c249a8dac146b9575999f3a2508899c5c2e97f8152294e89
[INFO] running `Command { std: "docker" "start" "-a" "c0134ca0a7411859c249a8dac146b9575999f3a2508899c5c2e97f8152294e89", kill_on_drop: false }`
[INFO] running `Command { std: "docker" "inspect" "c0134ca0a7411859c249a8dac146b9575999f3a2508899c5c2e97f8152294e89", kill_on_drop: false }`
[INFO] running `Command { std: "docker" "rm" "-f" "c0134ca0a7411859c249a8dac146b9575999f3a2508899c5c2e97f8152294e89", kill_on_drop: false }`
[INFO] [stdout] c0134ca0a7411859c249a8dac146b9575999f3a2508899c5c2e97f8152294e89
[INFO] running `Command { std: "docker" "create" "-v" "/var/lib/crater-agent-workspace/builds/worker-6-tc1/target:/opt/rustwide/target:rw,Z" "-v" "/var/lib/crater-agent-workspace/builds/worker-6-tc1/source:/opt/rustwide/workdir:ro,Z" "-v" "/var/lib/crater-agent-workspace/cargo-home:/opt/rustwide/cargo-home:ro,Z" "-v" "/var/lib/crater-agent-workspace/rustup-home:/opt/rustwide/rustup-home:ro,Z" "-e" "SOURCE_DIR=/opt/rustwide/workdir" "-e" "CARGO_TARGET_DIR=/opt/rustwide/target" "-e" "CARGO_INCREMENTAL=0" "-e" "RUST_BACKTRACE=full" "-e" "RUSTFLAGS=--cap-lints=forbid" "-e" "RUSTDOCFLAGS=--cap-lints=forbid" "-e" "CARGO_HOME=/opt/rustwide/cargo-home" "-e" "RUSTUP_HOME=/opt/rustwide/rustup-home" "-w" "/opt/rustwide/workdir" "-m" "1610612736" "--user" "0:0" "--network" "none" "ghcr.io/rust-lang/crates-build-env/linux@sha256:4a844ea9eb2546a2d2c7022eacef16ef2e8229c7fbb2c7d4d55a9ceca922f72d" "/opt/rustwide/cargo-home/bin/cargo" "+nightly-2024-10-28" "build" "--frozen" "--message-format=json", kill_on_drop: false }`
[INFO] [stdout] 784f6a4d31a68f05e4cce73a29aa6495ddf415014189e340229a17014ba705f0
[INFO] running `Command { std: "docker" "start" "-a" "784f6a4d31a68f05e4cce73a29aa6495ddf415014189e340229a17014ba705f0", kill_on_drop: false }`
[INFO] [stderr]    Compiling proc-macro2 v1.0.78
[INFO] [stderr]    Compiling unicode-ident v1.0.12
[INFO] [stderr]    Compiling quote v1.0.35
[INFO] [stderr]    Compiling syn v2.0.48
[INFO] [stderr]    Compiling yew-lmth v0.1.0 (/opt/rustwide/workdir)
[INFO] [stderr]     Finished `dev` profile [unoptimized + debuginfo] target(s) in 2.76s
[INFO] running `Command { std: "docker" "inspect" "784f6a4d31a68f05e4cce73a29aa6495ddf415014189e340229a17014ba705f0", kill_on_drop: false }`
[INFO] running `Command { std: "docker" "rm" "-f" "784f6a4d31a68f05e4cce73a29aa6495ddf415014189e340229a17014ba705f0", kill_on_drop: false }`
[INFO] [stdout] 784f6a4d31a68f05e4cce73a29aa6495ddf415014189e340229a17014ba705f0
[INFO] running `Command { std: "docker" "create" "-v" "/var/lib/crater-agent-workspace/builds/worker-6-tc1/target:/opt/rustwide/target:rw,Z" "-v" "/var/lib/crater-agent-workspace/builds/worker-6-tc1/source:/opt/rustwide/workdir:ro,Z" "-v" "/var/lib/crater-agent-workspace/cargo-home:/opt/rustwide/cargo-home:ro,Z" "-v" "/var/lib/crater-agent-workspace/rustup-home:/opt/rustwide/rustup-home:ro,Z" "-e" "SOURCE_DIR=/opt/rustwide/workdir" "-e" "CARGO_TARGET_DIR=/opt/rustwide/target" "-e" "CARGO_INCREMENTAL=0" "-e" "RUST_BACKTRACE=full" "-e" "RUSTFLAGS=--cap-lints=forbid" "-e" "RUSTDOCFLAGS=--cap-lints=forbid" "-e" "CARGO_HOME=/opt/rustwide/cargo-home" "-e" "RUSTUP_HOME=/opt/rustwide/rustup-home" "-w" "/opt/rustwide/workdir" "-m" "1610612736" "--user" "0:0" "--network" "none" "ghcr.io/rust-lang/crates-build-env/linux@sha256:4a844ea9eb2546a2d2c7022eacef16ef2e8229c7fbb2c7d4d55a9ceca922f72d" "/opt/rustwide/cargo-home/bin/cargo" "+nightly-2024-10-28" "test" "--frozen" "--no-run" "--message-format=json", kill_on_drop: false }`
[INFO] [stdout] ab64b4674a5065fed3202c6026e7244eca3f6588027802d3a4d361184c1b19ff
[INFO] running `Command { std: "docker" "start" "-a" "ab64b4674a5065fed3202c6026e7244eca3f6588027802d3a4d361184c1b19ff", kill_on_drop: false }`
[INFO] [stderr]    Compiling yew-lmth v0.1.0 (/opt/rustwide/workdir)
[INFO] [stderr]     Finished `test` profile [unoptimized + debuginfo] target(s) in 0.33s
[INFO] running `Command { std: "docker" "inspect" "ab64b4674a5065fed3202c6026e7244eca3f6588027802d3a4d361184c1b19ff", kill_on_drop: false }`
[INFO] running `Command { std: "docker" "rm" "-f" "ab64b4674a5065fed3202c6026e7244eca3f6588027802d3a4d361184c1b19ff", kill_on_drop: false }`
[INFO] [stdout] ab64b4674a5065fed3202c6026e7244eca3f6588027802d3a4d361184c1b19ff
[INFO] running `Command { std: "docker" "create" "-v" "/var/lib/crater-agent-workspace/builds/worker-6-tc1/target:/opt/rustwide/target:rw,Z" "-v" "/var/lib/crater-agent-workspace/builds/worker-6-tc1/source:/opt/rustwide/workdir:ro,Z" "-v" "/var/lib/crater-agent-workspace/cargo-home:/opt/rustwide/cargo-home:ro,Z" "-v" "/var/lib/crater-agent-workspace/rustup-home:/opt/rustwide/rustup-home:ro,Z" "-e" "SOURCE_DIR=/opt/rustwide/workdir" "-e" "CARGO_TARGET_DIR=/opt/rustwide/target" "-e" "CARGO_INCREMENTAL=0" "-e" "RUST_BACKTRACE=full" "-e" "RUSTFLAGS=--cap-lints=forbid" "-e" "RUSTDOCFLAGS=--cap-lints=forbid" "-e" "CARGO_HOME=/opt/rustwide/cargo-home" "-e" "RUSTUP_HOME=/opt/rustwide/rustup-home" "-w" "/opt/rustwide/workdir" "-m" "1610612736" "--user" "0:0" "--network" "none" "ghcr.io/rust-lang/crates-build-env/linux@sha256:4a844ea9eb2546a2d2c7022eacef16ef2e8229c7fbb2c7d4d55a9ceca922f72d" "/opt/rustwide/cargo-home/bin/cargo" "+nightly-2024-10-28" "test" "--frozen", kill_on_drop: false }`
[INFO] [stdout] 1624775d6b3e246187712ca4ecfd09a4a99542e3c3e9c466f86491d77cce1037
[INFO] running `Command { std: "docker" "start" "-a" "1624775d6b3e246187712ca4ecfd09a4a99542e3c3e9c466f86491d77cce1037", kill_on_drop: false }`
[INFO] [stderr]     Finished `test` profile [unoptimized + debuginfo] target(s) in 0.03s
[INFO] [stderr]      Running unittests src/lib.rs (/opt/rustwide/target/debug/deps/yew_lmth-6bcf21f1d01f362f)
[INFO] [stdout] 
[INFO] [stdout] running 22 tests
[INFO] [stdout] test tests::lmth::attr_bind ... ok
[INFO] [stdout] test tests::lmth::attr_sugar_single_attr ... ok
[INFO] [stdout] test tests::lmth::attr_sugar_multi_attrs ... ok
[INFO] [stdout] test tests::lmth::child_elems ... ok
[INFO] [stdout] test tests::lmth::empty ... ok
[INFO] [stdout] test tests::lmth::compose_and_nested ... ok
[INFO] [stdout] test tests::lmth::empty_fragment ... ok
[INFO] [stdout] test tests::lmth::dyn_tag ... ok
[INFO] [stdout] test tests::lmth::deeply_nested ... ok
[INFO] [stdout] test tests::lmth::fn_token_str ... ok
[INFO] [stdout] test tests::lmth::fragment_multi_contents ... ok
[INFO] [stdout] test tests::lmth::if_else_render ... ok
[INFO] [stdout] test tests::lmth::if_let_else_render ... ok
[INFO] [stdout] test tests::lmth::fragment_single_content ... ok
[INFO] [stdout] test tests::lmth::no_attr ... ok
[INFO] [stdout] test tests::lmth::if_let_render ... ok
[INFO] [stdout] test tests::lmth::if_render ... ok
[INFO] [stdout] test tests::lmth::single_dyn_attr_no_content ... ok
[INFO] [stdout] test tests::lmth::single_dyn_attr_with_content ... ok
[INFO] [stdout] test tests::lmth::simple_code_content ... ok
[INFO] [stdout] test tests::lmth::void_no_attr ... ok
[INFO] [stdout] test tests::lmth::void_signle_dyn_attr ... ok
[INFO] [stdout] 
[INFO] [stdout] test result: ok. 22 passed; 0 failed; 0 ignored; 0 measured; 0 filtered out; finished in 0.00s
[INFO] [stdout] 
[INFO] [stderr]    Doc-tests yew_lmth
[INFO] [stdout] 
[INFO] [stdout] running 1 test
[INFO] [stdout] test src/lib.rs - lmth (line 59) ... FAILED
[INFO] [stdout] 
[INFO] [stdout] failures:
[INFO] [stdout] 
[INFO] [stdout] ---- src/lib.rs - lmth (line 59) stdout ----
[INFO] [stdout] error[E0433]: failed to resolve: use of undeclared crate or module `yew`
[INFO] [stdout]   --> src/lib.rs:63:1
[INFO] [stdout]    |
[INFO] [stdout] 7  | / lmth! {
[INFO] [stdout] 8  | |     div (class="container") {
[INFO] [stdout] 9  | |        h1 { "Hello, world!" }
[INFO] [stdout] 10 | |        button (onclick: handle_click()) { "Click me!" }
[INFO] [stdout] 11 | |     }
[INFO] [stdout] 12 | | }
[INFO] [stdout]    | |_^ use of undeclared crate or module `yew`
[INFO] [stdout]    |
[INFO] [stdout]    = note: this error originates in the macro `lmth` (in Nightly builds, run with -Z macro-backtrace for more info)
[INFO] [stdout] 
[INFO] [stdout] error: aborting due to 1 previous error
[INFO] [stdout] 
[INFO] [stdout] For more information about this error, try `rustc --explain E0433`.
[INFO] [stdout] Couldn't compile the test.
[INFO] [stdout] 
[INFO] [stdout] failures:
[INFO] [stdout]     src/lib.rs - lmth (line 59)
[INFO] [stdout] 
[INFO] [stdout] test result: FAILED. 0 passed; 1 failed; 0 ignored; 0 measured; 0 filtered out; finished in 0.02s
[INFO] [stdout] 
[INFO] [stderr] error: doctest failed, to rerun pass `--doc`
[INFO] running `Command { std: "docker" "inspect" "1624775d6b3e246187712ca4ecfd09a4a99542e3c3e9c466f86491d77cce1037", kill_on_drop: false }`
[INFO] running `Command { std: "docker" "rm" "-f" "1624775d6b3e246187712ca4ecfd09a4a99542e3c3e9c466f86491d77cce1037", kill_on_drop: false }`
[INFO] [stdout] 1624775d6b3e246187712ca4ecfd09a4a99542e3c3e9c466f86491d77cce1037
