[INFO] cloning repository https://github.com/Salemmous/snellbaas
[INFO] running `Command { std: "git" "-c" "credential.helper=" "-c" "credential.helper=/workspace/cargo-home/bin/git-credential-null" "clone" "--bare" "https://github.com/Salemmous/snellbaas" "/workspace/cache/git-repos/https%3A%2F%2Fgithub.com%2FSalemmous%2Fsnellbaas", kill_on_drop: false }`
[INFO] [stderr] Cloning into bare repository '/workspace/cache/git-repos/https%3A%2F%2Fgithub.com%2FSalemmous%2Fsnellbaas'...
[INFO] running `Command { std: "git" "rev-parse" "HEAD", kill_on_drop: false }`
[INFO] [stdout] f42e815df36cfc9ecc6e9537147639dc40712593
[INFO] testing Salemmous/snellbaas/f42e815df36cfc9ecc6e9537147639dc40712593 against nightly-2024-10-28 for randomize-layout
[INFO] running `Command { std: "git" "clone" "/workspace/cache/git-repos/https%3A%2F%2Fgithub.com%2FSalemmous%2Fsnellbaas" "/workspace/builds/worker-7-tc1/source", kill_on_drop: false }`
[INFO] [stderr] Cloning into '/workspace/builds/worker-7-tc1/source'...
[INFO] [stderr] done.
[INFO] validating manifest of git repo https://github.com/Salemmous/snellbaas on toolchain nightly-2024-10-28
[INFO] running `Command { std: CARGO_HOME="/workspace/cargo-home" RUSTUP_HOME="/workspace/rustup-home" "/workspace/cargo-home/bin/cargo" "+nightly-2024-10-28" "metadata" "--manifest-path" "Cargo.toml" "--no-deps", kill_on_drop: false }`
[INFO] started tweaking git repo https://github.com/Salemmous/snellbaas
[INFO] finished tweaking git repo https://github.com/Salemmous/snellbaas
[INFO] tweaked toml for git repo https://github.com/Salemmous/snellbaas written to /workspace/builds/worker-7-tc1/source/Cargo.toml
[INFO] crate git repo https://github.com/Salemmous/snellbaas already has a lockfile, it will not be regenerated
[INFO] running `Command { std: CARGO_HOME="/workspace/cargo-home" RUSTUP_HOME="/workspace/rustup-home" "/workspace/cargo-home/bin/cargo" "+nightly-2024-10-28" "fetch" "--manifest-path" "Cargo.toml", kill_on_drop: false }`
[INFO] [stderr]     Updating crates.io index
[INFO] [stderr]  Downloading crates ...
[INFO] [stderr]   Downloaded askama_escape v0.10.1
[INFO] [stderr]   Downloaded actix-cors v0.6.0-beta.2
[INFO] [stderr]   Downloaded serde_qs v0.8.4
[INFO] [stderr]   Downloaded actix-web-validator v2.1.1
[INFO] [stderr]   Downloaded actix-files v0.6.0-beta.7
[INFO] running `Command { std: "docker" "create" "-v" "/var/lib/crater-agent-workspace/builds/worker-7-tc1/target:/opt/rustwide/target:rw,Z" "-v" "/var/lib/crater-agent-workspace/builds/worker-7-tc1/source:/opt/rustwide/workdir:ro,Z" "-v" "/var/lib/crater-agent-workspace/cargo-home:/opt/rustwide/cargo-home:ro,Z" "-v" "/var/lib/crater-agent-workspace/rustup-home:/opt/rustwide/rustup-home:ro,Z" "-e" "SOURCE_DIR=/opt/rustwide/workdir" "-e" "CARGO_TARGET_DIR=/opt/rustwide/target" "-e" "CARGO_HOME=/opt/rustwide/cargo-home" "-e" "RUSTUP_HOME=/opt/rustwide/rustup-home" "-w" "/opt/rustwide/workdir" "-m" "1610612736" "--user" "0:0" "--network" "none" "ghcr.io/rust-lang/crates-build-env/linux@sha256:4a844ea9eb2546a2d2c7022eacef16ef2e8229c7fbb2c7d4d55a9ceca922f72d" "/opt/rustwide/cargo-home/bin/cargo" "+nightly-2024-10-28" "metadata" "--no-deps" "--format-version=1", kill_on_drop: false }`
[INFO] [stdout] 29e416e5f6a6f8900d9ecc380dae0389c49aad0f9063d073ea39516754b75eef
[INFO] running `Command { std: "docker" "start" "-a" "29e416e5f6a6f8900d9ecc380dae0389c49aad0f9063d073ea39516754b75eef", kill_on_drop: false }`
[INFO] running `Command { std: "docker" "inspect" "29e416e5f6a6f8900d9ecc380dae0389c49aad0f9063d073ea39516754b75eef", kill_on_drop: false }`
[INFO] running `Command { std: "docker" "rm" "-f" "29e416e5f6a6f8900d9ecc380dae0389c49aad0f9063d073ea39516754b75eef", kill_on_drop: false }`
[INFO] [stdout] 29e416e5f6a6f8900d9ecc380dae0389c49aad0f9063d073ea39516754b75eef
[INFO] running `Command { std: "docker" "create" "-v" "/var/lib/crater-agent-workspace/builds/worker-7-tc1/target:/opt/rustwide/target:rw,Z" "-v" "/var/lib/crater-agent-workspace/builds/worker-7-tc1/source:/opt/rustwide/workdir:ro,Z" "-v" "/var/lib/crater-agent-workspace/cargo-home:/opt/rustwide/cargo-home:ro,Z" "-v" "/var/lib/crater-agent-workspace/rustup-home:/opt/rustwide/rustup-home:ro,Z" "-e" "SOURCE_DIR=/opt/rustwide/workdir" "-e" "CARGO_TARGET_DIR=/opt/rustwide/target" "-e" "CARGO_INCREMENTAL=0" "-e" "RUST_BACKTRACE=full" "-e" "RUSTFLAGS=--cap-lints=forbid" "-e" "RUSTDOCFLAGS=--cap-lints=forbid" "-e" "CARGO_HOME=/opt/rustwide/cargo-home" "-e" "RUSTUP_HOME=/opt/rustwide/rustup-home" "-w" "/opt/rustwide/workdir" "-m" "1610612736" "--user" "0:0" "--network" "none" "ghcr.io/rust-lang/crates-build-env/linux@sha256:4a844ea9eb2546a2d2c7022eacef16ef2e8229c7fbb2c7d4d55a9ceca922f72d" "/opt/rustwide/cargo-home/bin/cargo" "+nightly-2024-10-28" "build" "--frozen" "--message-format=json", kill_on_drop: false }`
[INFO] [stdout] c91bedbd4490d509288a7e5bbc22e254db6f529803b1d9b622a7bbb4ee01522c
[INFO] running `Command { std: "docker" "start" "-a" "c91bedbd4490d509288a7e5bbc22e254db6f529803b1d9b622a7bbb4ee01522c", kill_on_drop: false }`
[INFO] [stderr]    Compiling libc v0.2.102
[INFO] [stderr]    Compiling proc-macro2 v1.0.29
[INFO] [stderr]    Compiling unicode-xid v0.2.2
[INFO] [stderr]    Compiling syn v1.0.77
[INFO] [stderr]    Compiling autocfg v1.0.1
[INFO] [stderr]    Compiling version_check v0.9.3
[INFO] [stderr]    Compiling memchr v2.4.1
[INFO] [stderr]    Compiling log v0.4.14
[INFO] [stderr]    Compiling futures-core v0.3.17
[INFO] [stderr]    Compiling pin-project-lite v0.2.7
[INFO] [stderr]    Compiling proc-macro-hack v0.5.19
[INFO] [stderr]    Compiling futures-sink v0.3.17
[INFO] [stderr]    Compiling lazy_static v1.4.0
[INFO] [stderr]    Compiling slab v0.4.4
[INFO] [stderr]    Compiling smallvec v1.6.1
[INFO] [stderr]    Compiling parking_lot_core v0.8.5
[INFO] [stderr]    Compiling futures-channel v0.3.17
[INFO] [stderr]    Compiling futures-macro v0.3.17
[INFO] [stderr]    Compiling instant v0.1.11
[INFO] [stderr]    Compiling futures-task v0.3.17
[INFO] [stderr]    Compiling scopeguard v1.1.0
[INFO] [stderr]    Compiling proc-macro-nested v0.1.7
[INFO] [stderr]    Compiling lock_api v0.4.5
[INFO] [stderr]    Compiling quote v1.0.9
[INFO] [stderr]    Compiling signal-hook-registry v1.4.0
[INFO] [stderr]    Compiling jobserver v0.1.24
[INFO] [stderr]    Compiling num_cpus v1.13.0
[INFO] [stderr]    Compiling cc v1.0.70
[INFO] [stderr]    Compiling futures-util v0.3.17
[INFO] [stderr]    Compiling parking_lot v0.11.2
[INFO] [stderr]    Compiling futures-io v0.3.17
[INFO] [stderr]    Compiling bytes v1.1.0
[INFO] [stderr]    Compiling pin-utils v0.1.0
[INFO] [stderr]    Compiling once_cell v1.8.0
[INFO] [stderr]    Compiling serde_derive v1.0.130
[INFO] [stderr]    Compiling itoa v0.4.8
[INFO] [stderr]    Compiling typenum v1.14.0
[INFO] [stderr]    Compiling generic-array v0.14.4
[INFO] [stderr]    Compiling fnv v1.0.7
[INFO] [stderr]    Compiling serde v1.0.130
[INFO] [stderr]    Compiling percent-encoding v2.1.0
[INFO] [stderr]    Compiling tinyvec_macros v0.1.0
[INFO] [stderr]    Compiling tinyvec v1.5.0
[INFO] [stderr]    Compiling matches v0.1.9
[INFO] [stderr]    Compiling ppv-lite86 v0.2.10
[INFO] [stderr]    Compiling cfg-if v0.1.10
[INFO] [stderr]    Compiling iovec v0.1.4
[INFO] [stderr]    Compiling net2 v0.2.37
[INFO] [stderr]    Compiling aho-corasick v0.7.18
[INFO] [stderr]    Compiling indexmap v1.7.0
[INFO] [stderr]    Compiling unicode-bidi v0.3.6
[INFO] [stderr]    Compiling regex-syntax v0.6.25
[INFO] [stderr]    Compiling mio v0.6.23
[INFO] [stderr]    Compiling form_urlencoded v1.0.1
[INFO] [stderr]    Compiling bitflags v1.3.2
[INFO] [stderr]    Compiling hashbrown v0.11.2
[INFO] [stderr]    Compiling convert_case v0.4.0
[INFO] [stderr]    Compiling unicode-normalization v0.1.19
[INFO] [stderr]    Compiling mio-uds v0.6.8
[INFO] [stderr]    Compiling ryu v1.0.5
[INFO] [stderr]    Compiling pin-project-lite v0.1.12
[INFO] [stderr]    Compiling bytes v0.5.6
[INFO] [stderr]    Compiling http v0.2.5
[INFO] [stderr]    Compiling standback v0.2.17
[INFO] [stderr]    Compiling tokio v1.12.0
[INFO] [stderr]    Compiling base64 v0.13.0
[INFO] [stderr]    Compiling idna v0.2.3
[INFO] [stderr]    Compiling tokio v0.2.25
[INFO] [stderr]    Compiling mio v0.7.13
[INFO] [stderr]    Compiling opaque-debug v0.3.0
[INFO] [stderr]    Compiling pin-project-internal v0.4.28
[INFO] [stderr]    Compiling serde_json v1.0.68
[INFO] [stderr]    Compiling regex v1.5.4
[INFO] [stderr]    Compiling url v2.2.2
[INFO] [stderr]    Compiling digest v0.9.0
[INFO] [stderr]    Compiling getrandom v0.2.3
[INFO] [stderr]    Compiling const_fn v0.4.8
[INFO] [stderr]    Compiling block-buffer v0.9.0
[INFO] [stderr]    Compiling time v0.2.27
[INFO] [stderr]    Compiling tracing-core v0.1.20
[INFO] [stderr]    Compiling either v1.6.1
[INFO] [stderr]    Compiling unicode-segmentation v1.8.0
[INFO] [stderr]    Compiling getrandom v0.1.16
[INFO] [stderr]    Compiling async-trait v0.1.51
[INFO] [stderr]    Compiling heck v0.3.3
[INFO] [stderr]    Compiling tracing v0.1.28
[INFO] [stderr]    Compiling brotli-sys v0.3.2
[INFO] [stderr]    Compiling threadpool v1.8.1
[INFO] [stderr]    Compiling miniz_oxide v0.4.4
[INFO] [stderr]    Compiling crc32fast v1.2.1
[INFO] [stderr]    Compiling cpufeatures v0.2.1
[INFO] [stderr]    Compiling match_cfg v0.1.0
[INFO] [stderr]    Compiling adler v1.0.2
[INFO] [stderr]    Compiling httparse v1.5.1
[INFO] [stderr]    Compiling encoding_rs v0.8.28
[INFO] [stderr]    Compiling copyless v0.1.5
[INFO] [stderr]    Compiling rand_core v0.5.1
[INFO] [stderr]    Compiling tokio-util v0.3.1
[INFO] [stderr]    Compiling hostname v0.3.1
[INFO] [stderr]    Compiling sha-1 v0.9.8
[INFO] [stderr]    Compiling rand_core v0.6.3
[INFO] [stderr]    Compiling bytestring v1.0.0
[INFO] [stderr]    Compiling quick-error v1.2.3
[INFO] [stderr]    Compiling linked-hash-map v0.5.4
[INFO] [stderr]    Compiling mime v0.3.16
[INFO] [stderr]    Compiling resolv-conf v0.7.0
[INFO] [stderr]    Compiling flate2 v1.0.22
[INFO] [stderr]    Compiling lru-cache v0.1.2
[INFO] [stderr]    Compiling rand_chacha v0.3.1
[INFO] [stderr]    Compiling rand_chacha v0.2.2
[INFO] [stderr]    Compiling ring v0.16.20
[INFO] [stderr]    Compiling zstd-sys v1.5.0+zstd.1.4.9
[INFO] [stderr]    Compiling num-traits v0.2.14
[INFO] [stderr]    Compiling rand v0.7.3
[INFO] [stderr]    Compiling rand v0.8.4
[INFO] [stderr]    Compiling ahash v0.7.4
[INFO] [stderr]    Compiling num-integer v0.1.44
[INFO] [stderr]    Compiling untrusted v0.7.1
[INFO] [stderr]    Compiling spin v0.5.2
[INFO] [stderr]    Compiling local-waker v0.1.1
[INFO] [stderr]    Compiling byteorder v1.4.3
[INFO] [stderr]    Compiling cookie v0.14.4
[INFO] [stderr]    Compiling zstd-safe v3.1.0+zstd.1.4.9
[INFO] [stderr]    Compiling derive_more v0.99.16
[INFO] [stderr]    Compiling tokio-macros v1.3.0
[INFO] [stderr]    Compiling time-macros-impl v0.1.2
[INFO] [stderr]    Compiling thiserror-impl v1.0.29
[INFO] [stderr]    Compiling time-macros v0.1.1
[INFO] [stderr]    Compiling pin-project-internal v1.0.8
[INFO] [stderr]    Compiling thiserror v1.0.29
[INFO] [stderr]    Compiling actix-macros v0.1.3
[INFO] [stderr]    Compiling pin-project v0.4.28
[INFO] [stderr]    Compiling enum-as-inner v0.3.3
[INFO] [stderr]    Compiling pin-project v1.0.8
[INFO] [stderr]    Compiling actix-codec v0.3.0
[INFO] [stderr]    Compiling actix-macros v0.2.1
[INFO] [stderr]    Compiling paste v1.0.5
[INFO] [stderr]    Compiling actix-threadpool v0.3.3
[INFO] [stderr]    Compiling tracing-futures v0.2.5
[INFO] [stderr]    Compiling tokio-util v0.6.8
[INFO] [stderr]    Compiling actix-rt v2.2.0
[INFO] [stderr]    Compiling actix-service v2.0.0
[INFO] [stderr]    Compiling actix-rt v1.1.1
[INFO] [stderr]    Compiling futures-executor v0.3.17
[INFO] [stderr]    Compiling actix-service v1.0.6
[INFO] [stderr]    Compiling futures v0.3.17
[INFO] [stderr]    Compiling trust-dns-proto v0.19.7
[INFO] [stderr]    Compiling actix-utils v2.0.0
[INFO] [stderr]    Compiling actix-utils v3.0.0
[INFO] [stderr]    Compiling ident_case v1.0.1
[INFO] [stderr]    Compiling strsim v0.10.0
[INFO] [stderr]    Compiling actix-codec v0.4.0
[INFO] [stderr]    Compiling darling_core v0.13.0
[INFO] [stderr]    Compiling h2 v0.2.7
[INFO] [stderr]    Compiling fxhash v0.2.1
[INFO] [stderr]    Compiling socket2 v0.3.19
[INFO] [stderr]    Compiling time v0.1.43
[INFO] [stderr]    Compiling proc-macro-error-attr v1.0.4
[INFO] [stderr]    Compiling cookie v0.15.1
[INFO] [stderr]    Compiling unicase v2.6.0
[INFO] [stderr]    Compiling trust-dns-resolver v0.19.7
[INFO] [stderr]    Compiling language-tags v0.2.2
[INFO] [stderr]    Compiling firestorm v0.4.6
[INFO] [stderr]    Compiling chrono v0.4.19
[INFO] [stderr]    Compiling actix-server v1.0.4
[INFO] [stderr]    Compiling actix-tls v3.0.0-beta.5
[INFO] [stderr]    Compiling darling_macro v0.13.0
[INFO] [stderr]    Compiling actix-connect v2.0.0
[INFO] [stderr]    Compiling h2 v0.3.4
[INFO] [stderr]    Compiling local-channel v0.1.2
[INFO] [stderr]    Compiling socket2 v0.4.2
[INFO] [stderr]    Compiling proc-macro-error v1.0.4
[INFO] [stderr]    Compiling num-bigint v0.2.6
[INFO] [stderr]    Compiling subtle v2.4.1
[INFO] [stderr]    Compiling language-tags v0.3.2
[INFO] [stderr]    Compiling rustversion v1.0.5
[INFO] [stderr]    Compiling crypto-mac v0.11.1
[INFO] [stderr]    Compiling actix-testing v1.0.1
[INFO] [stderr]    Compiling darling v0.13.0
[INFO] [stderr]    Compiling serde_urlencoded v0.7.0
[INFO] [stderr]    Compiling actix-router v0.5.0-beta.2
[INFO] [stderr]    Compiling actix-router v0.2.7
[INFO] [stderr]    Compiling actix-web-codegen v0.5.0-beta.4
[INFO] [stderr]    Compiling actix-tls v2.0.0
[INFO] [stderr]    Compiling actix-server v2.0.0-beta.5
[INFO] [stderr]    Compiling actix-web-codegen v0.4.0
[INFO] [stderr]    Compiling data-encoding v2.3.2
[INFO] [stderr]    Compiling ipnet v2.3.1
[INFO] [stderr]    Compiling mime_guess v2.0.3
[INFO] [stderr]    Compiling serde_bytes v0.11.5
[INFO] [stderr]    Compiling trust-dns-proto v0.20.3
[INFO] [stderr]    Compiling serde_with_macros v1.5.0
[INFO] [stderr]    Compiling validator_types v0.14.0
[INFO] [stderr]    Compiling uuid v0.8.2
[INFO] [stderr]    Compiling cipher v0.3.0
[INFO] [stderr]    Compiling hex v0.4.3
[INFO] [stderr]    Compiling if_chain v1.0.2
[INFO] [stderr]    Compiling validator_types v0.12.0
[INFO] [stderr]    Compiling validator v0.12.0
[INFO] [stderr]    Compiling serde_with v1.10.0
[INFO] [stderr]    Compiling validator_derive v0.14.0
[INFO] [stderr]    Compiling bson v2.0.0
[INFO] [stderr]    Compiling simple_asn1 v0.4.1
[INFO] [stderr]    Compiling blowfish v0.8.0
[INFO] [stderr]    Compiling pbkdf2 v0.8.0
[INFO] [stderr]    Compiling hmac v0.11.0
[INFO] [stderr]    Compiling derivative v2.2.0
[INFO] [stderr]    Compiling typed-builder v0.9.1
[INFO] [stderr]    Compiling trust-dns-resolver v0.20.3
[INFO] [stderr]    Compiling sha2 v0.9.8
[INFO] [stderr]    Compiling pem v0.8.3
[INFO] [stderr]    Compiling md-5 v0.9.1
[INFO] [stderr]    Compiling stringprep v0.1.2
[INFO] [stderr]    Compiling os_info v3.0.7
[INFO] [stderr]    Compiling take_mut v0.2.2
[INFO] [stderr]    Compiling base64 v0.12.3
[INFO] [stderr]    Compiling validator v0.14.0
[INFO] [stderr]    Compiling bcrypt v0.10.1
[INFO] [stderr]    Compiling error v0.1.0 (/opt/rustwide/workdir/error)
[INFO] [stderr]    Compiling atty v0.2.14
[INFO] [stderr]    Compiling askama_escape v0.10.1
[INFO] [stderr]    Compiling http-range v0.1.4
[INFO] [stderr]    Compiling humantime v2.1.0
[INFO] [stderr]    Compiling termcolor v1.1.2
[INFO] [stderr]    Compiling dotenv v0.15.0
[INFO] [stderr]    Compiling env_logger v0.9.0
[INFO] [stderr]    Compiling webpki v0.21.4
[INFO] [stderr]    Compiling sct v0.6.1
[INFO] [stderr]    Compiling rustls v0.19.1
[INFO] [stderr]    Compiling webpki-roots v0.21.1
[INFO] [stderr]    Compiling jsonwebtoken v7.2.0
[INFO] [stderr]    Compiling brotli2 v0.3.2
[INFO] [stderr]    Compiling actix-http v2.2.1
[INFO] [stderr]    Compiling tokio-rustls v0.22.0
[INFO] [stderr]    Compiling mongodb v2.0.0
[INFO] [stderr]    Compiling awc v2.0.3
[INFO] [stderr]    Compiling actix-web v3.3.2
[INFO] [stderr]    Compiling serde_qs v0.8.4
[INFO] [stderr]    Compiling actix-web-validator v2.1.1
[INFO] [stderr]    Compiling zstd v0.7.0+zstd.1.4.9
[INFO] [stderr]    Compiling actix-http v3.0.0-beta.10
[INFO] [stderr]    Compiling actix-web v4.0.0-beta.9
[INFO] [stderr]    Compiling actix-cors v0.6.0-beta.2
[INFO] [stderr]    Compiling auth v0.1.0 (/opt/rustwide/workdir/auth)
[INFO] [stderr]    Compiling actix-files v0.6.0-beta.7
[INFO] [stderr]    Compiling console v0.1.0 (/opt/rustwide/workdir/console)
[INFO] [stderr]     Finished `dev` profile [unoptimized + debuginfo] target(s) in 1m 39s
[INFO] [stderr] warning: the following packages contain code that will be rejected by a future version of Rust: bson v2.0.0
[INFO] [stderr] note: to see what the problems were, use the option `--future-incompat-report`, or run `cargo report future-incompatibilities --id 1`
[INFO] running `Command { std: "docker" "inspect" "c91bedbd4490d509288a7e5bbc22e254db6f529803b1d9b622a7bbb4ee01522c", kill_on_drop: false }`
[INFO] running `Command { std: "docker" "rm" "-f" "c91bedbd4490d509288a7e5bbc22e254db6f529803b1d9b622a7bbb4ee01522c", kill_on_drop: false }`
[INFO] [stdout] c91bedbd4490d509288a7e5bbc22e254db6f529803b1d9b622a7bbb4ee01522c
[INFO] running `Command { std: "docker" "create" "-v" "/var/lib/crater-agent-workspace/builds/worker-7-tc1/target:/opt/rustwide/target:rw,Z" "-v" "/var/lib/crater-agent-workspace/builds/worker-7-tc1/source:/opt/rustwide/workdir:ro,Z" "-v" "/var/lib/crater-agent-workspace/cargo-home:/opt/rustwide/cargo-home:ro,Z" "-v" "/var/lib/crater-agent-workspace/rustup-home:/opt/rustwide/rustup-home:ro,Z" "-e" "SOURCE_DIR=/opt/rustwide/workdir" "-e" "CARGO_TARGET_DIR=/opt/rustwide/target" "-e" "CARGO_INCREMENTAL=0" "-e" "RUST_BACKTRACE=full" "-e" "RUSTFLAGS=--cap-lints=forbid" "-e" "RUSTDOCFLAGS=--cap-lints=forbid" "-e" "CARGO_HOME=/opt/rustwide/cargo-home" "-e" "RUSTUP_HOME=/opt/rustwide/rustup-home" "-w" "/opt/rustwide/workdir" "-m" "1610612736" "--user" "0:0" "--network" "none" "ghcr.io/rust-lang/crates-build-env/linux@sha256:4a844ea9eb2546a2d2c7022eacef16ef2e8229c7fbb2c7d4d55a9ceca922f72d" "/opt/rustwide/cargo-home/bin/cargo" "+nightly-2024-10-28" "test" "--frozen" "--no-run" "--message-format=json", kill_on_drop: false }`
[INFO] [stdout] f4298d50ea18ce685cb056acf537fcc610f4927a218df1b4fc5b62a38487d006
[INFO] running `Command { std: "docker" "start" "-a" "f4298d50ea18ce685cb056acf537fcc610f4927a218df1b4fc5b62a38487d006", kill_on_drop: false }`
[INFO] [stderr]    Compiling auth v0.1.0 (/opt/rustwide/workdir/auth)
[INFO] [stderr]    Compiling error v0.1.0 (/opt/rustwide/workdir/error)
[INFO] [stderr]    Compiling console v0.1.0 (/opt/rustwide/workdir/console)
[INFO] [stdout] warning: unused variable: `service`
[INFO] [stdout]   --> auth/src/lib.rs:27:13
[INFO] [stdout]    |
[INFO] [stdout] 27 |         let service =
[INFO] [stdout]    |             ^^^^^^^ help: if this is intentional, prefix it with an underscore: `_service`
[INFO] [stdout]    |
[INFO] [stdout]    = note: `#[warn(unused_variables)]` on by default
[INFO] [stdout] 
[INFO] [stdout] 
[INFO] [stderr]     Finished `test` profile [unoptimized + debuginfo] target(s) in 1.81s
[INFO] [stderr] warning: the following packages contain code that will be rejected by a future version of Rust: bson v2.0.0
[INFO] [stderr] note: to see what the problems were, use the option `--future-incompat-report`, or run `cargo report future-incompatibilities --id 1`
[INFO] running `Command { std: "docker" "inspect" "f4298d50ea18ce685cb056acf537fcc610f4927a218df1b4fc5b62a38487d006", kill_on_drop: false }`
[INFO] running `Command { std: "docker" "rm" "-f" "f4298d50ea18ce685cb056acf537fcc610f4927a218df1b4fc5b62a38487d006", kill_on_drop: false }`
[INFO] [stdout] f4298d50ea18ce685cb056acf537fcc610f4927a218df1b4fc5b62a38487d006
[INFO] running `Command { std: "docker" "create" "-v" "/var/lib/crater-agent-workspace/builds/worker-7-tc1/target:/opt/rustwide/target:rw,Z" "-v" "/var/lib/crater-agent-workspace/builds/worker-7-tc1/source:/opt/rustwide/workdir:ro,Z" "-v" "/var/lib/crater-agent-workspace/cargo-home:/opt/rustwide/cargo-home:ro,Z" "-v" "/var/lib/crater-agent-workspace/rustup-home:/opt/rustwide/rustup-home:ro,Z" "-e" "SOURCE_DIR=/opt/rustwide/workdir" "-e" "CARGO_TARGET_DIR=/opt/rustwide/target" "-e" "CARGO_INCREMENTAL=0" "-e" "RUST_BACKTRACE=full" "-e" "RUSTFLAGS=--cap-lints=forbid" "-e" "RUSTDOCFLAGS=--cap-lints=forbid" "-e" "CARGO_HOME=/opt/rustwide/cargo-home" "-e" "RUSTUP_HOME=/opt/rustwide/rustup-home" "-w" "/opt/rustwide/workdir" "-m" "1610612736" "--user" "0:0" "--network" "none" "ghcr.io/rust-lang/crates-build-env/linux@sha256:4a844ea9eb2546a2d2c7022eacef16ef2e8229c7fbb2c7d4d55a9ceca922f72d" "/opt/rustwide/cargo-home/bin/cargo" "+nightly-2024-10-28" "test" "--frozen", kill_on_drop: false }`
[INFO] [stdout] 5dadb0ed8d298b678ad27e703840e50e0675e444d71c029c55c0e34522793cc3
[INFO] running `Command { std: "docker" "start" "-a" "5dadb0ed8d298b678ad27e703840e50e0675e444d71c029c55c0e34522793cc3", kill_on_drop: false }`
[INFO] [stderr] warning: unused variable: `service`
[INFO] [stderr]   --> auth/src/lib.rs:27:13
[INFO] [stderr]    |
[INFO] [stderr] 27 |         let service =
[INFO] [stderr]    |             ^^^^^^^ help: if this is intentional, prefix it with an underscore: `_service`
[INFO] [stderr]    |
[INFO] [stderr]    = note: `#[warn(unused_variables)]` on by default
[INFO] [stderr] 
[INFO] [stderr] warning: `auth` (lib test) generated 1 warning
[INFO] [stderr]     Finished `test` profile [unoptimized + debuginfo] target(s) in 0.25s
[INFO] [stderr] warning: the following packages contain code that will be rejected by a future version of Rust: bson v2.0.0
[INFO] [stderr] note: to see what the problems were, use the option `--future-incompat-report`, or run `cargo report future-incompatibilities --id 1`
[INFO] [stderr]      Running unittests src/lib.rs (/opt/rustwide/target/debug/deps/auth-437e664f7f2984c3)
[INFO] [stdout] 
[INFO] [stdout] running 1 test
[INFO] [stdout] test tests::test_connection ... FAILED
[INFO] [stdout] 
[INFO] [stdout] failures:
[INFO] [stdout] 
[INFO] [stdout] ---- tests::test_connection stdout ----
[INFO] [stdout] thread 'tests::test_connection' panicked at auth/src/lib.rs:26:9:
[INFO] [stdout] assertion failed: db.is_ok()
[INFO] [stdout] stack backtrace:
[INFO] [stdout]    0:     0x6043cfaa99ca - std::backtrace_rs::backtrace::libunwind::trace::h207520d6e9873551
[INFO] [stdout]                                at /rustc/df4ca44d3fbc9301ee17f30f4d474e6ae4b05252/library/std/src/../../backtrace/src/backtrace/libunwind.rs:116:5
[INFO] [stdout]    1:     0x6043cfaa99ca - std::backtrace_rs::backtrace::trace_unsynchronized::h2ed7433f370e3eca
[INFO] [stdout]                                at /rustc/df4ca44d3fbc9301ee17f30f4d474e6ae4b05252/library/std/src/../../backtrace/src/backtrace/mod.rs:66:5
[INFO] [stdout]    2:     0x6043cfaa99ca - std::sys::backtrace::_print_fmt::h916fac51166b18d7
[INFO] [stdout]                                at /rustc/df4ca44d3fbc9301ee17f30f4d474e6ae4b05252/library/std/src/sys/backtrace.rs:66:9
[INFO] [stdout]    3:     0x6043cfaa99ca - <std::sys::backtrace::BacktraceLock::print::DisplayBacktrace as core::fmt::Display>::fmt::ha0a4c9b8ce3802e6
[INFO] [stdout]                                at /rustc/df4ca44d3fbc9301ee17f30f4d474e6ae4b05252/library/std/src/sys/backtrace.rs:39:26
[INFO] [stdout]    4:     0x6043cfad4f53 - core::fmt::rt::Argument::fmt::h4cfc8587d52b3eb5
[INFO] [stdout]                                at /rustc/df4ca44d3fbc9301ee17f30f4d474e6ae4b05252/library/core/src/fmt/rt.rs:177:76
[INFO] [stdout]    5:     0x6043cfad4f53 - core::fmt::write::h522cc39e5b36ae9f
[INFO] [stdout]                                at /rustc/df4ca44d3fbc9301ee17f30f4d474e6ae4b05252/library/core/src/fmt/mod.rs:1190:21
[INFO] [stdout]    6:     0x6043cfaa5b33 - std::io::Write::write_fmt::h7d3c26752da97734
[INFO] [stdout]                                at /rustc/df4ca44d3fbc9301ee17f30f4d474e6ae4b05252/library/std/src/io/mod.rs:1839:15
[INFO] [stdout]    7:     0x6043cfaa9812 - std::sys::backtrace::BacktraceLock::print::h4b9e00b29e9c0942
[INFO] [stdout]                                at /rustc/df4ca44d3fbc9301ee17f30f4d474e6ae4b05252/library/std/src/sys/backtrace.rs:42:9
[INFO] [stdout]    8:     0x6043cfaaae5a - std::panicking::default_hook::{{closure}}::hb59b88280d0324d9
[INFO] [stdout]                                at /rustc/df4ca44d3fbc9301ee17f30f4d474e6ae4b05252/library/std/src/panicking.rs:268:22
[INFO] [stdout]    9:     0x6043cfaaac64 - std::panicking::default_hook::he1dd496665be4a29
[INFO] [stdout]                                at /rustc/df4ca44d3fbc9301ee17f30f4d474e6ae4b05252/library/std/src/panicking.rs:292:9
[INFO] [stdout]   10:     0x6043cf3db159 - <alloc::boxed::Box<F,A> as core::ops::function::Fn<Args>>::call::h4ff71de18744e1dc
[INFO] [stdout]                                at /rustc/df4ca44d3fbc9301ee17f30f4d474e6ae4b05252/library/alloc/src/boxed.rs:2468:9
[INFO] [stdout]   11:     0x6043cf3db159 - test::test_main::{{closure}}::hcf7c055ce117aa81
[INFO] [stdout]                                at /rustc/df4ca44d3fbc9301ee17f30f4d474e6ae4b05252/library/test/src/lib.rs:133:21
[INFO] [stdout]   12:     0x6043cfaab558 - <alloc::boxed::Box<F,A> as core::ops::function::Fn<Args>>::call::h1d66c6bbd60c9692
[INFO] [stdout]                                at /rustc/df4ca44d3fbc9301ee17f30f4d474e6ae4b05252/library/alloc/src/boxed.rs:2468:9
[INFO] [stdout]   13:     0x6043cfaab558 - std::panicking::rust_panic_with_hook::h2ff17fe8f26dfcf8
[INFO] [stdout]                                at /rustc/df4ca44d3fbc9301ee17f30f4d474e6ae4b05252/library/std/src/panicking.rs:809:13
[INFO] [stdout]   14:     0x6043cfaab2e6 - std::panicking::begin_panic_handler::{{closure}}::h4fad77951c07e101
[INFO] [stdout]                                at /rustc/df4ca44d3fbc9301ee17f30f4d474e6ae4b05252/library/std/src/panicking.rs:667:13
[INFO] [stdout]   15:     0x6043cfaa9ea9 - std::sys::backtrace::__rust_end_short_backtrace::hb1a25b3da5d0ea08
[INFO] [stdout]                                at /rustc/df4ca44d3fbc9301ee17f30f4d474e6ae4b05252/library/std/src/sys/backtrace.rs:170:18
[INFO] [stdout]   16:     0x6043cfaaafac - rust_begin_unwind
[INFO] [stdout]                                at /rustc/df4ca44d3fbc9301ee17f30f4d474e6ae4b05252/library/std/src/panicking.rs:665:5
[INFO] [stdout]   17:     0x6043cfad2e80 - core::panicking::panic_fmt::ha9db07b529f9b256
[INFO] [stdout]                                at /rustc/df4ca44d3fbc9301ee17f30f4d474e6ae4b05252/library/core/src/panicking.rs:75:14
[INFO] [stdout]   18:     0x6043cfad2f0c - core::panicking::panic::h993086813d94accc
[INFO] [stdout]                                at /rustc/df4ca44d3fbc9301ee17f30f4d474e6ae4b05252/library/core/src/panicking.rs:152:5
[INFO] [stdout]   19:     0x6043cf39a2dc - auth::tests::test_connection::{{closure}}::h1c67b8a271052fef
[INFO] [stdout]                                at /opt/rustwide/workdir/auth/src/lib.rs:26:9
[INFO] [stdout]   20:     0x6043cf39e6ed - <core::pin::Pin<P> as core::future::future::Future>::poll::heedb6a82d43758f8
[INFO] [stdout]                                at /rustc/df4ca44d3fbc9301ee17f30f4d474e6ae4b05252/library/core/src/future/future.rs:123:9
[INFO] [stdout]   21:     0x6043cf395dff - tokio::runtime::basic_scheduler::Inner<P>::block_on::{{closure}}::{{closure}}::hc93ae825c0c80777
[INFO] [stdout]                                at /opt/rustwide/cargo-home/registry/src/index.crates.io-6f17d22bba15001f/tokio-1.12.0/src/runtime/basic_scheduler.rs:230:62
[INFO] [stdout]   22:     0x6043cf39d9f3 - tokio::coop::with_budget::{{closure}}::h8d25109e182c7ae2
[INFO] [stdout]                                at /opt/rustwide/cargo-home/registry/src/index.crates.io-6f17d22bba15001f/tokio-1.12.0/src/coop.rs:106:9
[INFO] [stdout]   23:     0x6043cf39b94a - std::thread::local::LocalKey<T>::try_with::h13fa4697fc70e05c
[INFO] [stdout]                                at /rustc/df4ca44d3fbc9301ee17f30f4d474e6ae4b05252/library/std/src/thread/local.rs:283:12
[INFO] [stdout]   24:     0x6043cf39b5da - std::thread::local::LocalKey<T>::with::h9b618d24436034d9
[INFO] [stdout]                                at /rustc/df4ca44d3fbc9301ee17f30f4d474e6ae4b05252/library/std/src/thread/local.rs:260:9
[INFO] [stdout]   25:     0x6043cf3954ad - tokio::coop::with_budget::hf51cdf1f9ca16624
[INFO] [stdout]                                at /opt/rustwide/cargo-home/registry/src/index.crates.io-6f17d22bba15001f/tokio-1.12.0/src/coop.rs:99:5
[INFO] [stdout]   26:     0x6043cf3954ad - tokio::coop::budget::h2c533bc62b2f99f8
[INFO] [stdout]                                at /opt/rustwide/cargo-home/registry/src/index.crates.io-6f17d22bba15001f/tokio-1.12.0/src/coop.rs:76:5
[INFO] [stdout]   27:     0x6043cf3954ad - tokio::runtime::basic_scheduler::Inner<P>::block_on::{{closure}}::hc1fcbf41bcc93f31
[INFO] [stdout]                                at /opt/rustwide/cargo-home/registry/src/index.crates.io-6f17d22bba15001f/tokio-1.12.0/src/runtime/basic_scheduler.rs:230:39
[INFO] [stdout]   28:     0x6043cf39666a - tokio::runtime::basic_scheduler::enter::{{closure}}::ha640c643267ccae6
[INFO] [stdout]                                at /opt/rustwide/cargo-home/registry/src/index.crates.io-6f17d22bba15001f/tokio-1.12.0/src/runtime/basic_scheduler.rs:339:29
[INFO] [stdout]   29:     0x6043cf394fc5 - tokio::macros::scoped_tls::ScopedKey<T>::set::h7cf8d18a87d0b91d
[INFO] [stdout]                                at /opt/rustwide/cargo-home/registry/src/index.crates.io-6f17d22bba15001f/tokio-1.12.0/src/macros/scoped_tls.rs:61:9
[INFO] [stdout]   30:     0x6043cf3965fc - tokio::runtime::basic_scheduler::enter::h74c4f4570a6a5a99
[INFO] [stdout]                                at /opt/rustwide/cargo-home/registry/src/index.crates.io-6f17d22bba15001f/tokio-1.12.0/src/runtime/basic_scheduler.rs:339:5
[INFO] [stdout]   31:     0x6043cf3951a3 - tokio::runtime::basic_scheduler::Inner<P>::block_on::h42a81e02bf459c11
[INFO] [stdout]                                at /opt/rustwide/cargo-home/registry/src/index.crates.io-6f17d22bba15001f/tokio-1.12.0/src/runtime/basic_scheduler.rs:218:9
[INFO] [stdout]   32:     0x6043cf395ea9 - tokio::runtime::basic_scheduler::InnerGuard<P>::block_on::hdb1ace55f997d7e1
[INFO] [stdout]                                at /opt/rustwide/cargo-home/registry/src/index.crates.io-6f17d22bba15001f/tokio-1.12.0/src/runtime/basic_scheduler.rs:489:9
[INFO] [stdout]   33:     0x6043cf395f93 - tokio::runtime::basic_scheduler::BasicScheduler<P>::block_on::hdd6751ab450a1a35
[INFO] [stdout]                                at /opt/rustwide/cargo-home/registry/src/index.crates.io-6f17d22bba15001f/tokio-1.12.0/src/runtime/basic_scheduler.rs:178:24
[INFO] [stdout]   34:     0x6043cf39e5a2 - tokio::runtime::Runtime::block_on::h8782e9f71a327cb4
[INFO] [stdout]                                at /opt/rustwide/cargo-home/registry/src/index.crates.io-6f17d22bba15001f/tokio-1.12.0/src/runtime/mod.rs:461:46
[INFO] [stdout]   35:     0x6043cf399ef1 - auth::tests::test_connection::h022d1105ef2aba59
[INFO] [stdout]                                at /opt/rustwide/workdir/auth/src/lib.rs:27:9
[INFO] [stdout]   36:     0x6043cf399e07 - auth::tests::test_connection::{{closure}}::hbc057a23e1af7726
[INFO] [stdout]                                at /opt/rustwide/workdir/auth/src/lib.rs:24:31
[INFO] [stdout]   37:     0x6043cf393056 - core::ops::function::FnOnce::call_once::h9110ac6c94e46f52
[INFO] [stdout]                                at /rustc/df4ca44d3fbc9301ee17f30f4d474e6ae4b05252/library/core/src/ops/function.rs:250:5
[INFO] [stdout]   38:     0x6043cf3dfa2b - core::ops::function::FnOnce::call_once::h22c3ba5715e93f05
[INFO] [stdout]                                at /rustc/df4ca44d3fbc9301ee17f30f4d474e6ae4b05252/library/core/src/ops/function.rs:250:5
[INFO] [stdout]   39:     0x6043cf3dfa2b - test::__rust_begin_short_backtrace::h8e82d8113d0da17f
[INFO] [stdout]                                at /rustc/df4ca44d3fbc9301ee17f30f4d474e6ae4b05252/library/test/src/lib.rs:621:18
[INFO] [stdout]   40:     0x6043cf3df3a7 - test::run_test_in_process::{{closure}}::h33235f4f20b7b7c7
[INFO] [stdout]                                at /rustc/df4ca44d3fbc9301ee17f30f4d474e6ae4b05252/library/test/src/lib.rs:644:60
[INFO] [stdout]   41:     0x6043cf3df3a7 - <core::panic::unwind_safe::AssertUnwindSafe<F> as core::ops::function::FnOnce<()>>::call_once::hb5043206310c586f
[INFO] [stdout]                                at /rustc/df4ca44d3fbc9301ee17f30f4d474e6ae4b05252/library/core/src/panic/unwind_safe.rs:272:9
[INFO] [stdout]   42:     0x6043cf3df3a7 - std::panicking::try::do_call::h9ad4731a60ab23e2
[INFO] [stdout]                                at /rustc/df4ca44d3fbc9301ee17f30f4d474e6ae4b05252/library/std/src/panicking.rs:557:40
[INFO] [stdout]   43:     0x6043cf3df3a7 - std::panicking::try::h3824d23db772a716
[INFO] [stdout]                                at /rustc/df4ca44d3fbc9301ee17f30f4d474e6ae4b05252/library/std/src/panicking.rs:520:19
[INFO] [stdout]   44:     0x6043cf3df3a7 - std::panic::catch_unwind::h5afd514605fde46b
[INFO] [stdout]                                at /rustc/df4ca44d3fbc9301ee17f30f4d474e6ae4b05252/library/std/src/panic.rs:358:14
[INFO] [stdout]   45:     0x6043cf3df3a7 - test::run_test_in_process::h0d5cbfa7067d1720
[INFO] [stdout]                                at /rustc/df4ca44d3fbc9301ee17f30f4d474e6ae4b05252/library/test/src/lib.rs:644:27
[INFO] [stdout]   46:     0x6043cf3df3a7 - test::run_test::{{closure}}::h708eb8872708115d
[INFO] [stdout]                                at /rustc/df4ca44d3fbc9301ee17f30f4d474e6ae4b05252/library/test/src/lib.rs:565:43
[INFO] [stdout]   47:     0x6043cf3a2ac4 - test::run_test::{{closure}}::h392c51cee94713ab
[INFO] [stdout]                                at /rustc/df4ca44d3fbc9301ee17f30f4d474e6ae4b05252/library/test/src/lib.rs:595:41
[INFO] [stdout]   48:     0x6043cf3a2ac4 - std::sys::backtrace::__rust_begin_short_backtrace::h2f40290710935a8b
[INFO] [stdout]                                at /rustc/df4ca44d3fbc9301ee17f30f4d474e6ae4b05252/library/std/src/sys/backtrace.rs:154:18
[INFO] [stdout]   49:     0x6043cf3a626e - std::thread::Builder::spawn_unchecked_::{{closure}}::{{closure}}::h3fd968d89053a903
[INFO] [stdout]                                at /rustc/df4ca44d3fbc9301ee17f30f4d474e6ae4b05252/library/std/src/thread/mod.rs:541:17
[INFO] [stdout]   50:     0x6043cf3a626e - <core::panic::unwind_safe::AssertUnwindSafe<F> as core::ops::function::FnOnce<()>>::call_once::h743f637ba4229880
[INFO] [stdout]                                at /rustc/df4ca44d3fbc9301ee17f30f4d474e6ae4b05252/library/core/src/panic/unwind_safe.rs:272:9
[INFO] [stdout]   51:     0x6043cf3a626e - std::panicking::try::do_call::h07440897322525a6
[INFO] [stdout]                                at /rustc/df4ca44d3fbc9301ee17f30f4d474e6ae4b05252/library/std/src/panicking.rs:557:40
[INFO] [stdout]   52:     0x6043cf3a626e - std::panicking::try::he5a2e00188156637
[INFO] [stdout]                                at /rustc/df4ca44d3fbc9301ee17f30f4d474e6ae4b05252/library/std/src/panicking.rs:520:19
[INFO] [stdout]   53:     0x6043cf3a626e - std::panic::catch_unwind::hbaf3cae49b3c6433
[INFO] [stdout]                                at /rustc/df4ca44d3fbc9301ee17f30f4d474e6ae4b05252/library/std/src/panic.rs:358:14
[INFO] [stdout]   54:     0x6043cf3a626e - std::thread::Builder::spawn_unchecked_::{{closure}}::h8e141ea224820bce
[INFO] [stdout]                                at /rustc/df4ca44d3fbc9301ee17f30f4d474e6ae4b05252/library/std/src/thread/mod.rs:540:30
[INFO] [stdout]   55:     0x6043cf3a626e - core::ops::function::FnOnce::call_once{{vtable.shim}}::h90d312fedd7b8ea8
[INFO] [stdout]                                at /rustc/df4ca44d3fbc9301ee17f30f4d474e6ae4b05252/library/core/src/ops/function.rs:250:5
[INFO] [stdout]   56:     0x6043cfaaf74b - <alloc::boxed::Box<F,A> as core::ops::function::FnOnce<Args>>::call_once::h69aa08ddb6adb8b6
[INFO] [stdout]                                at /rustc/df4ca44d3fbc9301ee17f30f4d474e6ae4b05252/library/alloc/src/boxed.rs:2454:9
[INFO] [stdout]   57:     0x6043cfaaf74b - <alloc::boxed::Box<F,A> as core::ops::function::FnOnce<Args>>::call_once::h5aa36efdb79c806f
[INFO] [stdout]                                at /rustc/df4ca44d3fbc9301ee17f30f4d474e6ae4b05252/library/alloc/src/boxed.rs:2454:9
[INFO] [stdout]   58:     0x6043cfaaf74b - std::sys::pal::unix::thread::Thread::new::thread_start::h6cd80a1b4be5158d
[INFO] [stdout]                                at /rustc/df4ca44d3fbc9301ee17f30f4d474e6ae4b05252/library/std/src/sys/pal/unix/thread.rs:105:17
[INFO] [stdout]   59:     0x77599f698ac3 - <unknown>
[INFO] [stdout]   60:     0x77599f729a04 - clone
[INFO] [stdout]   61:                0x0 - <unknown>
[INFO] [stdout] 
[INFO] [stdout] 
[INFO] [stdout] failures:
[INFO] [stdout]     tests::test_connection
[INFO] [stdout] 
[INFO] [stdout] test result: FAILED. 0 passed; 1 failed; 0 ignored; 0 measured; 0 filtered out; finished in 0.10s
[INFO] [stdout] 
[INFO] [stderr] error: test failed, to rerun pass `-p auth --lib`
[INFO] running `Command { std: "docker" "inspect" "5dadb0ed8d298b678ad27e703840e50e0675e444d71c029c55c0e34522793cc3", kill_on_drop: false }`
[INFO] running `Command { std: "docker" "rm" "-f" "5dadb0ed8d298b678ad27e703840e50e0675e444d71c029c55c0e34522793cc3", kill_on_drop: false }`
[INFO] [stdout] 5dadb0ed8d298b678ad27e703840e50e0675e444d71c029c55c0e34522793cc3
