[INFO] cloning repository https://github.com/Saisumanthv/mx-sdk-rs-0.17.2-versions-changed
[INFO] running `Command { std: "git" "-c" "credential.helper=" "-c" "credential.helper=/workspace/cargo-home/bin/git-credential-null" "clone" "--bare" "https://github.com/Saisumanthv/mx-sdk-rs-0.17.2-versions-changed" "/workspace/cache/git-repos/https%3A%2F%2Fgithub.com%2FSaisumanthv%2Fmx-sdk-rs-0.17.2-versions-changed", kill_on_drop: false }`
[INFO] [stderr] Cloning into bare repository '/workspace/cache/git-repos/https%3A%2F%2Fgithub.com%2FSaisumanthv%2Fmx-sdk-rs-0.17.2-versions-changed'...
[INFO] running `Command { std: "git" "rev-parse" "HEAD", kill_on_drop: false }`
[INFO] [stdout] 382340b8e1955e3a2e43a757365ccdee1c3dd2f4
[INFO] testing Saisumanthv/mx-sdk-rs-0.17.2-versions-changed/382340b8e1955e3a2e43a757365ccdee1c3dd2f4 against nightly-2024-10-28+rustflags=-Zrandomize-layout for randomize-layout
[INFO] running `Command { std: "git" "clone" "/workspace/cache/git-repos/https%3A%2F%2Fgithub.com%2FSaisumanthv%2Fmx-sdk-rs-0.17.2-versions-changed" "/workspace/builds/worker-4-tc2/source", kill_on_drop: false }`
[INFO] [stderr] Cloning into '/workspace/builds/worker-4-tc2/source'...
[INFO] [stderr] done.
[INFO] validating manifest of git repo https://github.com/Saisumanthv/mx-sdk-rs-0.17.2-versions-changed on toolchain nightly-2024-10-28
[INFO] running `Command { std: CARGO_HOME="/workspace/cargo-home" RUSTUP_HOME="/workspace/rustup-home" "/workspace/cargo-home/bin/cargo" "+nightly-2024-10-28" "metadata" "--manifest-path" "Cargo.toml" "--no-deps", kill_on_drop: false }`
[INFO] started tweaking git repo https://github.com/Saisumanthv/mx-sdk-rs-0.17.2-versions-changed
[INFO] finished tweaking git repo https://github.com/Saisumanthv/mx-sdk-rs-0.17.2-versions-changed
[INFO] tweaked toml for git repo https://github.com/Saisumanthv/mx-sdk-rs-0.17.2-versions-changed written to /workspace/builds/worker-4-tc2/source/Cargo.toml
[INFO] crate git repo https://github.com/Saisumanthv/mx-sdk-rs-0.17.2-versions-changed already has a lockfile, it will not be regenerated
[INFO] running `Command { std: CARGO_HOME="/workspace/cargo-home" RUSTUP_HOME="/workspace/rustup-home" "/workspace/cargo-home/bin/cargo" "+nightly-2024-10-28" "fetch" "--manifest-path" "Cargo.toml", kill_on_drop: false }`
[INFO] running `Command { std: "docker" "create" "-v" "/var/lib/crater-agent-workspace/builds/worker-4-tc2/target:/opt/rustwide/target:rw,Z" "-v" "/var/lib/crater-agent-workspace/builds/worker-4-tc2/source:/opt/rustwide/workdir:ro,Z" "-v" "/var/lib/crater-agent-workspace/cargo-home:/opt/rustwide/cargo-home:ro,Z" "-v" "/var/lib/crater-agent-workspace/rustup-home:/opt/rustwide/rustup-home:ro,Z" "-e" "SOURCE_DIR=/opt/rustwide/workdir" "-e" "CARGO_TARGET_DIR=/opt/rustwide/target" "-e" "CARGO_HOME=/opt/rustwide/cargo-home" "-e" "RUSTUP_HOME=/opt/rustwide/rustup-home" "-w" "/opt/rustwide/workdir" "-m" "1610612736" "--user" "0:0" "--network" "none" "ghcr.io/rust-lang/crates-build-env/linux@sha256:4a844ea9eb2546a2d2c7022eacef16ef2e8229c7fbb2c7d4d55a9ceca922f72d" "/opt/rustwide/cargo-home/bin/cargo" "+nightly-2024-10-28" "metadata" "--no-deps" "--format-version=1", kill_on_drop: false }`
[INFO] [stdout] 5e2e501d7403739169a150e869d66ade145878f458fcb012f6a1fd2b0bf28fcf
[INFO] running `Command { std: "docker" "start" "-a" "5e2e501d7403739169a150e869d66ade145878f458fcb012f6a1fd2b0bf28fcf", kill_on_drop: false }`
[INFO] running `Command { std: "docker" "inspect" "5e2e501d7403739169a150e869d66ade145878f458fcb012f6a1fd2b0bf28fcf", kill_on_drop: false }`
[INFO] running `Command { std: "docker" "rm" "-f" "5e2e501d7403739169a150e869d66ade145878f458fcb012f6a1fd2b0bf28fcf", kill_on_drop: false }`
[INFO] [stdout] 5e2e501d7403739169a150e869d66ade145878f458fcb012f6a1fd2b0bf28fcf
[INFO] running `Command { std: "docker" "create" "-v" "/var/lib/crater-agent-workspace/builds/worker-4-tc2/target:/opt/rustwide/target:rw,Z" "-v" "/var/lib/crater-agent-workspace/builds/worker-4-tc2/source:/opt/rustwide/workdir:ro,Z" "-v" "/var/lib/crater-agent-workspace/cargo-home:/opt/rustwide/cargo-home:ro,Z" "-v" "/var/lib/crater-agent-workspace/rustup-home:/opt/rustwide/rustup-home:ro,Z" "-e" "SOURCE_DIR=/opt/rustwide/workdir" "-e" "CARGO_TARGET_DIR=/opt/rustwide/target" "-e" "CARGO_INCREMENTAL=0" "-e" "RUST_BACKTRACE=full" "-e" "RUSTFLAGS=--cap-lints=forbid -Zrandomize-layout" "-e" "RUSTDOCFLAGS=--cap-lints=forbid" "-e" "CARGO_HOME=/opt/rustwide/cargo-home" "-e" "RUSTUP_HOME=/opt/rustwide/rustup-home" "-w" "/opt/rustwide/workdir" "-m" "1610612736" "--user" "0:0" "--network" "none" "ghcr.io/rust-lang/crates-build-env/linux@sha256:4a844ea9eb2546a2d2c7022eacef16ef2e8229c7fbb2c7d4d55a9ceca922f72d" "/opt/rustwide/cargo-home/bin/cargo" "+nightly-2024-10-28" "build" "--frozen" "--message-format=json", kill_on_drop: false }`
[INFO] [stdout] 0ca30f7735db532d9a53b1024c54b388a65b55d8bde92bbdd2e80e3608f1f463
[INFO] running `Command { std: "docker" "start" "-a" "0ca30f7735db532d9a53b1024c54b388a65b55d8bde92bbdd2e80e3608f1f463", kill_on_drop: false }`
[INFO] [stderr]    Compiling proc-macro2 v1.0.78
[INFO] [stderr]    Compiling unicode-ident v1.0.12
[INFO] [stderr]    Compiling syn v1.0.109
[INFO] [stderr]    Compiling libc v0.2.152
[INFO] [stderr]    Compiling hex v0.4.3
[INFO] [stderr]    Compiling wee_alloc v0.4.5
[INFO] [stderr]    Compiling cfg-if v0.1.10
[INFO] [stderr]    Compiling memory_units v0.4.0
[INFO] [stderr]    Compiling arrayvec v0.5.2
[INFO] [stderr]    Compiling ahash v0.4.8
[INFO] [stderr]    Compiling hex-literal v0.3.4
[INFO] [stderr]    Compiling autocfg v1.1.0
[INFO] [stderr]    Compiling typenum v1.17.0
[INFO] [stderr]    Compiling version_check v0.9.4
[INFO] [stderr]    Compiling block-padding v0.2.1
[INFO] [stderr]    Compiling serde v1.0.195
[INFO] [stderr]    Compiling opaque-debug v0.3.0
[INFO] [stderr]    Compiling serde_json v1.0.111
[INFO] [stderr]    Compiling itoa v1.0.10
[INFO] [stderr]    Compiling keccak v0.1.5
[INFO] [stderr]    Compiling ryu v1.0.16
[INFO] [stderr]    Compiling cfg-if v1.0.0
[INFO] [stderr]    Compiling cpufeatures v0.2.12
[INFO] [stderr]    Compiling random v0.0.0 (/opt/rustwide/workdir/contracts/examples/crypto-kitties/common/random)
[INFO] [stderr]    Compiling test-gen v0.0.0 (/opt/rustwide/workdir/tools/test-gen)
[INFO] [stderr]    Compiling hashbrown v0.9.1
[INFO] [stderr]    Compiling generic-array v0.14.7
[INFO] [stderr]    Compiling num-traits v0.2.17
[INFO] [stderr]    Compiling num-integer v0.1.45
[INFO] [stderr]    Compiling num-bigint v0.4.4
[INFO] [stderr]    Compiling quote v1.0.35
[INFO] [stderr]    Compiling syn v2.0.48
[INFO] [stderr]    Compiling digest v0.9.0
[INFO] [stderr]    Compiling block-buffer v0.9.0
[INFO] [stderr]    Compiling sha3 v0.9.1
[INFO] [stderr]    Compiling sha2 v0.9.9
[INFO] [stderr]    Compiling serde_derive v1.0.195
[INFO] [stderr]    Compiling dharitri-codec-derive v0.0.7 (/opt/rustwide/workdir/dharitri-codec-derive)
[INFO] [stderr]    Compiling dharitri-wasm-derive v0.1.3 (/opt/rustwide/workdir/dharitri-wasm-derive)
[INFO] [stdout] warning: unused import: `method_parse::*`
[INFO] [stdout]   --> dharitri-wasm-derive/src/parse/mod.rs:16:9
[INFO] [stdout]    |
[INFO] [stdout] 16 | pub use method_parse::*;
[INFO] [stdout]    |         ^^^^^^^^^^^^^^^
[INFO] [stdout]    |
[INFO] [stdout]    = note: `#[warn(unused_imports)]` on by default
[INFO] [stdout] 
[INFO] [stdout] 
[INFO] [stdout] warning: unused import: `supertrait_parse::*`
[INFO] [stdout]   --> dharitri-wasm-derive/src/parse/mod.rs:19:9
[INFO] [stdout]    |
[INFO] [stdout] 19 | pub use supertrait_parse::*;
[INFO] [stdout]    |         ^^^^^^^^^^^^^^^^^^^
[INFO] [stdout] 
[INFO] [stdout] 
[INFO] [stderr]    Compiling dharitri-codec v0.0.7 (/opt/rustwide/workdir/dharitri-codec)
[INFO] [stderr]    Compiling dharitri-wasm v0.1.3 (/opt/rustwide/workdir/dharitri-wasm)
[INFO] [stdout] warning: unused import: `error_api_uncallable::*`
[INFO] [stdout]  --> dharitri-wasm/src/api/uncallable/mod.rs:9:9
[INFO] [stdout]   |
[INFO] [stdout] 9 | pub use error_api_uncallable::*;
[INFO] [stdout]   |         ^^^^^^^^^^^^^^^^^^^^^^^
[INFO] [stdout]   |
[INFO] [stdout]   = note: `#[warn(unused_imports)]` on by default
[INFO] [stdout] 
[INFO] [stdout] 
[INFO] [stdout] warning: unused import: `send_api_uncallable::*`
[INFO] [stdout]   --> dharitri-wasm/src/api/uncallable/mod.rs:10:9
[INFO] [stdout]    |
[INFO] [stdout] 10 | pub use send_api_uncallable::*;
[INFO] [stdout]    |         ^^^^^^^^^^^^^^^^^^^^^^
[INFO] [stdout] 
[INFO] [stdout] 
[INFO] [stdout] warning: unused import: `storage_api_uncallable::*`
[INFO] [stdout]   --> dharitri-wasm/src/api/uncallable/mod.rs:11:9
[INFO] [stdout]    |
[INFO] [stdout] 11 | pub use storage_api_uncallable::*;
[INFO] [stdout]    |         ^^^^^^^^^^^^^^^^^^^^^^^^^
[INFO] [stdout] 
[INFO] [stdout] 
[INFO] [stdout] warning: the feature `control_flow_enum` has been stable since 1.83.0 and no longer requires an attribute to enable
[INFO] [stdout]  --> dharitri-wasm/src/lib.rs:4:12
[INFO] [stdout]   |
[INFO] [stdout] 4 | #![feature(control_flow_enum)]
[INFO] [stdout]   |            ^^^^^^^^^^^^^^^^^
[INFO] [stdout]   |
[INFO] [stdout]   = note: `#[warn(stable_features)]` on by default
[INFO] [stdout] 
[INFO] [stdout] 
[INFO] [stderr]    Compiling denali v0.0.6 (/opt/rustwide/workdir/denali)
[INFO] [stderr]    Compiling erc1155-user-mock v0.0.0 (/opt/rustwide/workdir/contracts/examples/erc1155-user-mock)
[INFO] [stderr]    Compiling erc20 v0.0.0 (/opt/rustwide/workdir/contracts/examples/erc20)
[INFO] [stderr]    Compiling kitty v0.0.0 (/opt/rustwide/workdir/contracts/examples/crypto-kitties/common/kitty)
[INFO] [stderr]    Compiling vault v0.0.0 (/opt/rustwide/workdir/contracts/feature-tests/async/vault)
[INFO] [stderr]    Compiling dharitri-wasm-module-pause v0.1.3 (/opt/rustwide/workdir/contracts/modules/dharitri-wasm-module-pause)
[INFO] [stderr]    Compiling dharitri-wasm-module-dns v0.1.3 (/opt/rustwide/workdir/contracts/modules/dharitri-wasm-module-dns)
[INFO] [stderr]    Compiling dharitri-wasm-module-features v0.1.3 (/opt/rustwide/workdir/contracts/modules/dharitri-wasm-module-features)
[INFO] [stderr]    Compiling forwarder-raw v0.0.0 (/opt/rustwide/workdir/contracts/feature-tests/async/forwarder-raw)
[INFO] [stderr]    Compiling multisig v0.0.0 (/opt/rustwide/workdir/contracts/examples/multisig)
[INFO] [stderr]    Compiling crowdfunding-dct v0.0.0 (/opt/rustwide/workdir/contracts/examples/crowdfunding-dct)
[INFO] [stderr]    Compiling async-alice v0.0.0 (/opt/rustwide/workdir/contracts/feature-tests/async/async-alice)
[INFO] [stderr]    Compiling moax-dct-swap v0.0.0 (/opt/rustwide/workdir/contracts/examples/moax-dct-swap)
[INFO] [stderr]    Compiling nft-storage-prepay v0.0.0 (/opt/rustwide/workdir/contracts/examples/nft-storage-prepay)
[INFO] [stderr]    Compiling child v0.0.0 (/opt/rustwide/workdir/contracts/feature-tests/execute-on-dest-dct-issue-callback/child)
[INFO] [stderr]    Compiling kitty-genetic-alg v0.0.0 (/opt/rustwide/workdir/contracts/examples/crypto-kitties/kitty-genetic-alg)
[INFO] [stderr]    Compiling forwarder v0.0.0 (/opt/rustwide/workdir/contracts/feature-tests/async/forwarder)
[INFO] [stderr]    Compiling crowdfunding-erc20 v0.0.0 (/opt/rustwide/workdir/contracts/examples/crowdfunding-erc20)
[INFO] [stderr]    Compiling erc1155 v0.0.0 (/opt/rustwide/workdir/contracts/examples/erc1155)
[INFO] [stderr]    Compiling use-module v0.0.0 (/opt/rustwide/workdir/contracts/feature-tests/use-module)
[INFO] [stderr]    Compiling lottery-erc20 v0.0.0 (/opt/rustwide/workdir/contracts/examples/lottery-erc20)
[INFO] [stderr]    Compiling async-bob v0.0.0 (/opt/rustwide/workdir/contracts/feature-tests/async/async-bob)
[INFO] [stderr]    Compiling second-contract v0.0.0 (/opt/rustwide/workdir/contracts/feature-tests/dct-contract-pair/second-contract)
[INFO] [stderr]    Compiling abi-tester v0.0.0 (/opt/rustwide/workdir/contracts/feature-tests/abi-tester)
[INFO] [stderr]    Compiling kitty-ownership v0.0.0 (/opt/rustwide/workdir/contracts/examples/crypto-kitties/kitty-ownership)
[INFO] [stderr]    Compiling dharitri-wasm-debug v0.1.3 (/opt/rustwide/workdir/dharitri-wasm-debug)
[INFO] [stderr]    Compiling dct-nft-marketplace v0.0.0 (/opt/rustwide/workdir/contracts/examples/dct-nft-marketplace)
[INFO] [stderr]    Compiling basic-features v0.0.0 (/opt/rustwide/workdir/contracts/feature-tests/basic-features)
[INFO] [stderr]    Compiling lottery-dct v0.0.0 (/opt/rustwide/workdir/contracts/examples/lottery-dct)
[INFO] [stderr]    Compiling crypto-bubbles v0.0.0 (/opt/rustwide/workdir/contracts/examples/crypto-bubbles)
[INFO] [stdout] warning: unused import: `blockchain_api_mock::*`
[INFO] [stdout]   --> dharitri-wasm-debug/src/api/mod.rs:16:9
[INFO] [stdout]    |
[INFO] [stdout] 16 | pub use blockchain_api_mock::*;
[INFO] [stdout]    |         ^^^^^^^^^^^^^^^^^^^^^^
[INFO] [stdout]    |
[INFO] [stdout]    = note: `#[warn(unused_imports)]` on by default
[INFO] [stdout] 
[INFO] [stdout] 
[INFO] [stdout] warning: unused import: `call_value_api_mock::*`
[INFO] [stdout]   --> dharitri-wasm-debug/src/api/mod.rs:17:9
[INFO] [stdout]    |
[INFO] [stdout] 17 | pub use call_value_api_mock::*;
[INFO] [stdout]    |         ^^^^^^^^^^^^^^^^^^^^^^
[INFO] [stdout] 
[INFO] [stdout] 
[INFO] [stdout] warning: unused import: `contract_self_api_mock::*`
[INFO] [stdout]   --> dharitri-wasm-debug/src/api/mod.rs:18:9
[INFO] [stdout]    |
[INFO] [stdout] 18 | pub use contract_self_api_mock::*;
[INFO] [stdout]    |         ^^^^^^^^^^^^^^^^^^^^^^^^^
[INFO] [stdout] 
[INFO] [stdout] 
[INFO] [stdout] warning: unused import: `crypto_api_mock::*`
[INFO] [stdout]   --> dharitri-wasm-debug/src/api/mod.rs:19:9
[INFO] [stdout]    |
[INFO] [stdout] 19 | pub use crypto_api_mock::*;
[INFO] [stdout]    |         ^^^^^^^^^^^^^^^^^^
[INFO] [stdout] 
[INFO] [stdout] 
[INFO] [stdout] warning: unused import: `endpoint_arg_api_mock::*`
[INFO] [stdout]   --> dharitri-wasm-debug/src/api/mod.rs:20:9
[INFO] [stdout]    |
[INFO] [stdout] 20 | pub use endpoint_arg_api_mock::*;
[INFO] [stdout]    |         ^^^^^^^^^^^^^^^^^^^^^^^^
[INFO] [stdout] 
[INFO] [stdout] 
[INFO] [stdout] warning: unused import: `endpoint_finish_api_mock::*`
[INFO] [stdout]   --> dharitri-wasm-debug/src/api/mod.rs:21:9
[INFO] [stdout]    |
[INFO] [stdout] 21 | pub use endpoint_finish_api_mock::*;
[INFO] [stdout]    |         ^^^^^^^^^^^^^^^^^^^^^^^^^^^
[INFO] [stdout] 
[INFO] [stdout] 
[INFO] [stdout] warning: unused import: `error_api_mock::*`
[INFO] [stdout]   --> dharitri-wasm-debug/src/api/mod.rs:22:9
[INFO] [stdout]    |
[INFO] [stdout] 22 | pub use error_api_mock::*;
[INFO] [stdout]    |         ^^^^^^^^^^^^^^^^^
[INFO] [stdout] 
[INFO] [stdout] 
[INFO] [stdout] warning: unused import: `log_api_mock::*`
[INFO] [stdout]   --> dharitri-wasm-debug/src/api/mod.rs:23:9
[INFO] [stdout]    |
[INFO] [stdout] 23 | pub use log_api_mock::*;
[INFO] [stdout]    |         ^^^^^^^^^^^^^^^
[INFO] [stdout] 
[INFO] [stdout] 
[INFO] [stdout] warning: unused import: `send_api_mock::*`
[INFO] [stdout]   --> dharitri-wasm-debug/src/api/mod.rs:24:9
[INFO] [stdout]    |
[INFO] [stdout] 24 | pub use send_api_mock::*;
[INFO] [stdout]    |         ^^^^^^^^^^^^^^^^
[INFO] [stdout] 
[INFO] [stdout] 
[INFO] [stdout] warning: unused import: `storage_api_mock::*`
[INFO] [stdout]   --> dharitri-wasm-debug/src/api/mod.rs:25:9
[INFO] [stdout]    |
[INFO] [stdout] 25 | pub use storage_api_mock::*;
[INFO] [stdout]    |         ^^^^^^^^^^^^^^^^^^^
[INFO] [stdout] 
[INFO] [stdout] 
[INFO] [stderr]    Compiling erc721 v0.0.0 (/opt/rustwide/workdir/contracts/examples/erc721)
[INFO] [stderr]    Compiling first-contract v0.0.0 (/opt/rustwide/workdir/contracts/feature-tests/dct-contract-pair/first-contract)
[INFO] [stderr]    Compiling erc1155-marketplace v0.0.0 (/opt/rustwide/workdir/contracts/examples/erc1155-marketplace)
[INFO] [stderr]    Compiling adder v0.0.0 (/opt/rustwide/workdir/contracts/examples/adder)
[INFO] [stderr]    Compiling factorial v0.0.0 (/opt/rustwide/workdir/contracts/examples/factorial)
[INFO] [stderr]    Compiling ping-pong-moax v0.0.2 (/opt/rustwide/workdir/contracts/examples/ping-pong-moax)
[INFO] [stderr]    Compiling payable-features v0.0.0 (/opt/rustwide/workdir/contracts/feature-tests/payable-features)
[INFO] [stderr]    Compiling parent v0.0.0 (/opt/rustwide/workdir/contracts/feature-tests/execute-on-dest-dct-issue-callback/parent)
[INFO] [stderr]    Compiling kitty-auction v0.0.0 (/opt/rustwide/workdir/contracts/examples/crypto-kitties/kitty-auction)
[INFO] [stderr]    Compiling dct-contract-pair v0.0.0 (/opt/rustwide/workdir/contracts/feature-tests/dct-contract-pair)
[INFO] [stderr]    Compiling recursive-caller v0.0.0 (/opt/rustwide/workdir/contracts/feature-tests/async/recursive-caller)
[INFO] [stderr]    Compiling local-dct-and-nft v0.0.0 (/opt/rustwide/workdir/contracts/feature-tests/local-dct-and-nft)
[INFO] [stderr]    Compiling str-repeat v0.0.0 (/opt/rustwide/workdir/contracts/benchmarks/str-repeat)
[INFO] [stderr]    Compiling panic-message-features v0.0.0 (/opt/rustwide/workdir/contracts/feature-tests/panic-message-features)
[INFO] [stderr]    Compiling send-tx-repeat v0.0.0 (/opt/rustwide/workdir/contracts/benchmarks/send-tx-repeat)
[INFO] [stderr]    Compiling deploy-two-contracts v0.0.0 (/opt/rustwide/workdir/contracts/feature-tests/deploy-two-contracts)
[INFO] [stderr]    Compiling dharitri-wasm-module-users v0.1.3 (/opt/rustwide/workdir/contracts/modules/dharitri-wasm-module-users)
[INFO] [stderr]    Compiling nft-receiver v0.0.0 (/opt/rustwide/workdir/contracts/feature-tests/nft-receiver)
[INFO] [stderr]    Compiling async v0.0.0 (/opt/rustwide/workdir/contracts/feature-tests/async)
[INFO] [stderr]    Compiling crowdfunding-dct-abi v0.0.0 (/opt/rustwide/workdir/contracts/examples/crowdfunding-dct/abi)
[INFO] [stderr]    Compiling crypto-bubbles-abi v0.0.0 (/opt/rustwide/workdir/contracts/examples/crypto-bubbles/abi)
[INFO] [stderr]    Compiling adder-abi v0.0.0 (/opt/rustwide/workdir/contracts/examples/adder/abi)
[INFO] [stderr]    Compiling factorial-abi v0.0.0 (/opt/rustwide/workdir/contracts/examples/factorial/abi)
[INFO] [stderr]    Compiling erc1155-abi v0.0.0 (/opt/rustwide/workdir/contracts/examples/erc1155/abi)
[INFO] [stderr]    Compiling use-module-abi v0.0.0 (/opt/rustwide/workdir/contracts/feature-tests/use-module/abi)
[INFO] [stderr]    Compiling lottery-dct-abi v0.0.0 (/opt/rustwide/workdir/contracts/examples/lottery-dct/abi)
[INFO] [stderr]    Compiling erc1155-user-mock-abi v0.0.0 (/opt/rustwide/workdir/contracts/examples/erc1155-user-mock/abi)
[INFO] [stderr]    Compiling ping-pong-moax-abi v0.0.0 (/opt/rustwide/workdir/contracts/examples/ping-pong-moax/abi)
[INFO] [stderr]    Compiling erc1155-marketplace-abi v0.0.0 (/opt/rustwide/workdir/contracts/examples/erc1155-marketplace/abi)
[INFO] [stderr]    Compiling dct-nft-marketplace-abi v0.0.0 (/opt/rustwide/workdir/contracts/examples/dct-nft-marketplace/abi)
[INFO] [stderr]    Compiling lottery-erc20-abi v0.0.0 (/opt/rustwide/workdir/contracts/examples/lottery-erc20/abi)
[INFO] [stderr]    Compiling crowdfunding-erc20-abi v0.0.0 (/opt/rustwide/workdir/contracts/examples/crowdfunding-erc20/abi)
[INFO] [stderr]    Compiling erc721-abi v0.0.0 (/opt/rustwide/workdir/contracts/examples/erc721/abi)
[INFO] [stderr]    Compiling nft-storage-prepay-abi v0.0.0 (/opt/rustwide/workdir/contracts/examples/nft-storage-prepay/abi)
[INFO] [stderr]    Compiling erc20-abi v0.0.0 (/opt/rustwide/workdir/contracts/examples/erc20/abi)
[INFO] [stderr]    Compiling moax-dct-swap-abi v0.0.0 (/opt/rustwide/workdir/contracts/examples/moax-dct-swap/abi)
[INFO] [stderr]    Compiling multisig-abi v0.0.0 (/opt/rustwide/workdir/contracts/examples/multisig/abi)
[INFO] [stderr]    Compiling abi-tester-abi v0.0.0 (/opt/rustwide/workdir/contracts/feature-tests/abi-tester/abi)
[INFO] [stderr]    Compiling payable-features-abi v0.0.0 (/opt/rustwide/workdir/contracts/feature-tests/payable-features/abi)
[INFO] [stderr]    Compiling basic-features-abi v0.0.0 (/opt/rustwide/workdir/contracts/feature-tests/basic-features/abi)
[INFO] [stderr]     Finished `dev` profile [unoptimized + debuginfo] target(s) in 18.05s
[INFO] running `Command { std: "docker" "inspect" "0ca30f7735db532d9a53b1024c54b388a65b55d8bde92bbdd2e80e3608f1f463", kill_on_drop: false }`
[INFO] running `Command { std: "docker" "rm" "-f" "0ca30f7735db532d9a53b1024c54b388a65b55d8bde92bbdd2e80e3608f1f463", kill_on_drop: false }`
[INFO] [stdout] 0ca30f7735db532d9a53b1024c54b388a65b55d8bde92bbdd2e80e3608f1f463
[INFO] running `Command { std: "docker" "create" "-v" "/var/lib/crater-agent-workspace/builds/worker-4-tc2/target:/opt/rustwide/target:rw,Z" "-v" "/var/lib/crater-agent-workspace/builds/worker-4-tc2/source:/opt/rustwide/workdir:ro,Z" "-v" "/var/lib/crater-agent-workspace/cargo-home:/opt/rustwide/cargo-home:ro,Z" "-v" "/var/lib/crater-agent-workspace/rustup-home:/opt/rustwide/rustup-home:ro,Z" "-e" "SOURCE_DIR=/opt/rustwide/workdir" "-e" "CARGO_TARGET_DIR=/opt/rustwide/target" "-e" "CARGO_INCREMENTAL=0" "-e" "RUST_BACKTRACE=full" "-e" "RUSTFLAGS=--cap-lints=forbid -Zrandomize-layout" "-e" "RUSTDOCFLAGS=--cap-lints=forbid" "-e" "CARGO_HOME=/opt/rustwide/cargo-home" "-e" "RUSTUP_HOME=/opt/rustwide/rustup-home" "-w" "/opt/rustwide/workdir" "-m" "1610612736" "--user" "0:0" "--network" "none" "ghcr.io/rust-lang/crates-build-env/linux@sha256:4a844ea9eb2546a2d2c7022eacef16ef2e8229c7fbb2c7d4d55a9ceca922f72d" "/opt/rustwide/cargo-home/bin/cargo" "+nightly-2024-10-28" "test" "--frozen" "--no-run" "--message-format=json", kill_on_drop: false }`
[INFO] [stdout] bf5f8ef3d3c5f26a7515220ce92bd91878c02b4ffa34247102ebef920d4a65db
[INFO] running `Command { std: "docker" "start" "-a" "bf5f8ef3d3c5f26a7515220ce92bd91878c02b4ffa34247102ebef920d4a65db", kill_on_drop: false }`
[INFO] [stderr]    Compiling test-gen v0.0.0 (/opt/rustwide/workdir/tools/test-gen)
[INFO] [stderr]    Compiling random v0.0.0 (/opt/rustwide/workdir/contracts/examples/crypto-kitties/common/random)
[INFO] [stderr]    Compiling dharitri-codec-derive v0.0.7 (/opt/rustwide/workdir/dharitri-codec-derive)
[INFO] [stderr]    Compiling dharitri-wasm-derive v0.1.3 (/opt/rustwide/workdir/dharitri-wasm-derive)
[INFO] [stderr]    Compiling denali v0.0.6 (/opt/rustwide/workdir/denali)
[INFO] [stdout] warning: unused import: `method_parse::*`
[INFO] [stdout]   --> dharitri-wasm-derive/src/parse/mod.rs:16:9
[INFO] [stdout]    |
[INFO] [stdout] 16 | pub use method_parse::*;
[INFO] [stdout]    |         ^^^^^^^^^^^^^^^
[INFO] [stdout]    |
[INFO] [stdout]    = note: `#[warn(unused_imports)]` on by default
[INFO] [stdout] 
[INFO] [stdout] 
[INFO] [stdout] warning: unused import: `supertrait_parse::*`
[INFO] [stdout]   --> dharitri-wasm-derive/src/parse/mod.rs:19:9
[INFO] [stdout]    |
[INFO] [stdout] 19 | pub use supertrait_parse::*;
[INFO] [stdout]    |         ^^^^^^^^^^^^^^^^^^^
[INFO] [stdout] 
[INFO] [stdout] 
[INFO] [stdout] warning: unused import: `method_parse::*`
[INFO] [stdout]   --> dharitri-wasm-derive/src/parse/mod.rs:16:9
[INFO] [stdout]    |
[INFO] [stdout] 16 | pub use method_parse::*;
[INFO] [stdout]    |         ^^^^^^^^^^^^^^^
[INFO] [stdout]    |
[INFO] [stdout]    = note: `#[warn(unused_imports)]` on by default
[INFO] [stdout] 
[INFO] [stdout] 
[INFO] [stdout] warning: unused import: `supertrait_parse::*`
[INFO] [stdout]   --> dharitri-wasm-derive/src/parse/mod.rs:19:9
[INFO] [stdout]    |
[INFO] [stdout] 19 | pub use supertrait_parse::*;
[INFO] [stdout]    |         ^^^^^^^^^^^^^^^^^^^
[INFO] [stdout] 
[INFO] [stdout] 
[INFO] [stderr]    Compiling dharitri-codec v0.0.7 (/opt/rustwide/workdir/dharitri-codec)
[INFO] [stderr]    Compiling dharitri-wasm v0.1.3 (/opt/rustwide/workdir/dharitri-wasm)
[INFO] [stdout] warning: unused import: `error_api_uncallable::*`
[INFO] [stdout]  --> dharitri-wasm/src/api/uncallable/mod.rs:9:9
[INFO] [stdout]   |
[INFO] [stdout] 9 | pub use error_api_uncallable::*;
[INFO] [stdout]   |         ^^^^^^^^^^^^^^^^^^^^^^^
[INFO] [stdout]   |
[INFO] [stdout]   = note: `#[warn(unused_imports)]` on by default
[INFO] [stdout] 
[INFO] [stdout] 
[INFO] [stdout] warning: unused import: `send_api_uncallable::*`
[INFO] [stdout]   --> dharitri-wasm/src/api/uncallable/mod.rs:10:9
[INFO] [stdout]    |
[INFO] [stdout] 10 | pub use send_api_uncallable::*;
[INFO] [stdout]    |         ^^^^^^^^^^^^^^^^^^^^^^
[INFO] [stdout] 
[INFO] [stdout] 
[INFO] [stdout] warning: unused import: `storage_api_uncallable::*`
[INFO] [stdout]   --> dharitri-wasm/src/api/uncallable/mod.rs:11:9
[INFO] [stdout]    |
[INFO] [stdout] 11 | pub use storage_api_uncallable::*;
[INFO] [stdout]    |         ^^^^^^^^^^^^^^^^^^^^^^^^^
[INFO] [stdout] 
[INFO] [stdout] 
[INFO] [stdout] warning: the feature `control_flow_enum` has been stable since 1.83.0 and no longer requires an attribute to enable
[INFO] [stdout]  --> dharitri-wasm/src/lib.rs:4:12
[INFO] [stdout]   |
[INFO] [stdout] 4 | #![feature(control_flow_enum)]
[INFO] [stdout]   |            ^^^^^^^^^^^^^^^^^
[INFO] [stdout]   |
[INFO] [stdout]   = note: `#[warn(stable_features)]` on by default
[INFO] [stdout] 
[INFO] [stdout] 
[INFO] [stdout] warning: method `simple_function` is never used
[INFO] [stdout]   --> dharitri-codec/tests/struct_with_generic_derive_test.rs:11:5
[INFO] [stdout]    |
[INFO] [stdout] 10 | trait SimpleTrait {
[INFO] [stdout]    |       ----------- method in this trait
[INFO] [stdout] 11 |     fn simple_function(&self);
[INFO] [stdout]    |        ^^^^^^^^^^^^^^^
[INFO] [stdout]    |
[INFO] [stdout]    = note: `#[warn(dead_code)]` on by default
[INFO] [stdout] 
[INFO] [stdout] 
[INFO] [stdout] warning: unused import: `error_api_uncallable::*`
[INFO] [stdout]  --> dharitri-wasm/src/api/uncallable/mod.rs:9:9
[INFO] [stdout]   |
[INFO] [stdout] 9 | pub use error_api_uncallable::*;
[INFO] [stdout]   |         ^^^^^^^^^^^^^^^^^^^^^^^
[INFO] [stdout]   |
[INFO] [stdout]   = note: `#[warn(unused_imports)]` on by default
[INFO] [stdout] 
[INFO] [stdout] 
[INFO] [stdout] warning: unused import: `send_api_uncallable::*`
[INFO] [stdout]   --> dharitri-wasm/src/api/uncallable/mod.rs:10:9
[INFO] [stdout]    |
[INFO] [stdout] 10 | pub use send_api_uncallable::*;
[INFO] [stdout]    |         ^^^^^^^^^^^^^^^^^^^^^^
[INFO] [stdout] 
[INFO] [stdout] 
[INFO] [stdout] warning: unused import: `storage_api_uncallable::*`
[INFO] [stdout]   --> dharitri-wasm/src/api/uncallable/mod.rs:11:9
[INFO] [stdout]    |
[INFO] [stdout] 11 | pub use storage_api_uncallable::*;
[INFO] [stdout]    |         ^^^^^^^^^^^^^^^^^^^^^^^^^
[INFO] [stdout] 
[INFO] [stdout] 
[INFO] [stdout] warning: the feature `control_flow_enum` has been stable since 1.83.0 and no longer requires an attribute to enable
[INFO] [stdout]  --> dharitri-wasm/src/lib.rs:4:12
[INFO] [stdout]   |
[INFO] [stdout] 4 | #![feature(control_flow_enum)]
[INFO] [stdout]   |            ^^^^^^^^^^^^^^^^^
[INFO] [stdout]   |
[INFO] [stdout]   = note: `#[warn(stable_features)]` on by default
[INFO] [stdout] 
[INFO] [stdout] 
[INFO] [stderr]    Compiling dharitri-wasm-debug v0.1.3 (/opt/rustwide/workdir/dharitri-wasm-debug)
[INFO] [stderr]    Compiling kitty v0.0.0 (/opt/rustwide/workdir/contracts/examples/crypto-kitties/common/kitty)
[INFO] [stderr]    Compiling erc20 v0.0.0 (/opt/rustwide/workdir/contracts/examples/erc20)
[INFO] [stderr]    Compiling erc1155-user-mock v0.0.0 (/opt/rustwide/workdir/contracts/examples/erc1155-user-mock)
[INFO] [stderr]    Compiling vault v0.0.0 (/opt/rustwide/workdir/contracts/feature-tests/async/vault)
[INFO] [stderr]    Compiling dharitri-wasm-module-dns v0.1.3 (/opt/rustwide/workdir/contracts/modules/dharitri-wasm-module-dns)
[INFO] [stderr]    Compiling dharitri-wasm-module-features v0.1.3 (/opt/rustwide/workdir/contracts/modules/dharitri-wasm-module-features)
[INFO] [stderr]    Compiling dharitri-wasm-module-pause v0.1.3 (/opt/rustwide/workdir/contracts/modules/dharitri-wasm-module-pause)
[INFO] [stderr]    Compiling first-contract v0.0.0 (/opt/rustwide/workdir/contracts/feature-tests/dct-contract-pair/first-contract)
[INFO] [stderr]    Compiling second-contract v0.0.0 (/opt/rustwide/workdir/contracts/feature-tests/dct-contract-pair/second-contract)
[INFO] [stderr]    Compiling async-bob v0.0.0 (/opt/rustwide/workdir/contracts/feature-tests/async/async-bob)
[INFO] [stderr]    Compiling forwarder-raw v0.0.0 (/opt/rustwide/workdir/contracts/feature-tests/async/forwarder-raw)
[INFO] [stderr]    Compiling async-alice v0.0.0 (/opt/rustwide/workdir/contracts/feature-tests/async/async-alice)
[INFO] [stderr]    Compiling adder v0.0.0 (/opt/rustwide/workdir/contracts/examples/adder)
[INFO] [stdout] warning: unused import: `blockchain_api_mock::*`
[INFO] [stdout]   --> dharitri-wasm-debug/src/api/mod.rs:16:9
[INFO] [stdout]    |
[INFO] [stdout] 16 | pub use blockchain_api_mock::*;
[INFO] [stdout]    |         ^^^^^^^^^^^^^^^^^^^^^^
[INFO] [stdout]    |
[INFO] [stdout]    = note: `#[warn(unused_imports)]` on by default
[INFO] [stdout] 
[INFO] [stdout] 
[INFO] [stdout] warning: unused import: `call_value_api_mock::*`
[INFO] [stdout]   --> dharitri-wasm-debug/src/api/mod.rs:17:9
[INFO] [stdout]    |
[INFO] [stdout] 17 | pub use call_value_api_mock::*;
[INFO] [stdout]    |         ^^^^^^^^^^^^^^^^^^^^^^
[INFO] [stdout] 
[INFO] [stdout] 
[INFO] [stdout] warning: unused import: `contract_self_api_mock::*`
[INFO] [stdout]   --> dharitri-wasm-debug/src/api/mod.rs:18:9
[INFO] [stdout]    |
[INFO] [stdout] 18 | pub use contract_self_api_mock::*;
[INFO] [stdout]    |         ^^^^^^^^^^^^^^^^^^^^^^^^^
[INFO] [stdout] 
[INFO] [stdout] 
[INFO] [stdout] warning: unused import: `crypto_api_mock::*`
[INFO] [stdout]   --> dharitri-wasm-debug/src/api/mod.rs:19:9
[INFO] [stdout]    |
[INFO] [stdout] 19 | pub use crypto_api_mock::*;
[INFO] [stdout]    |         ^^^^^^^^^^^^^^^^^^
[INFO] [stdout] 
[INFO] [stdout] 
[INFO] [stdout] warning: unused import: `endpoint_arg_api_mock::*`
[INFO] [stdout]   --> dharitri-wasm-debug/src/api/mod.rs:20:9
[INFO] [stdout]    |
[INFO] [stdout] 20 | pub use endpoint_arg_api_mock::*;
[INFO] [stdout]    |         ^^^^^^^^^^^^^^^^^^^^^^^^
[INFO] [stdout] 
[INFO] [stdout] 
[INFO] [stdout] warning: unused import: `endpoint_finish_api_mock::*`
[INFO] [stdout]   --> dharitri-wasm-debug/src/api/mod.rs:21:9
[INFO] [stdout]    |
[INFO] [stdout] 21 | pub use endpoint_finish_api_mock::*;
[INFO] [stdout]    |         ^^^^^^^^^^^^^^^^^^^^^^^^^^^
[INFO] [stdout] 
[INFO] [stdout] 
[INFO] [stdout] warning: unused import: `error_api_mock::*`
[INFO] [stdout]   --> dharitri-wasm-debug/src/api/mod.rs:22:9
[INFO] [stdout]    |
[INFO] [stdout] 22 | pub use error_api_mock::*;
[INFO] [stdout]    |         ^^^^^^^^^^^^^^^^^
[INFO] [stdout] 
[INFO] [stdout] 
[INFO] [stdout] warning: unused import: `log_api_mock::*`
[INFO] [stdout]   --> dharitri-wasm-debug/src/api/mod.rs:23:9
[INFO] [stdout]    |
[INFO] [stdout] 23 | pub use log_api_mock::*;
[INFO] [stdout]    |         ^^^^^^^^^^^^^^^
[INFO] [stdout] 
[INFO] [stdout] 
[INFO] [stdout] warning: unused import: `send_api_mock::*`
[INFO] [stdout]   --> dharitri-wasm-debug/src/api/mod.rs:24:9
[INFO] [stdout]    |
[INFO] [stdout] 24 | pub use send_api_mock::*;
[INFO] [stdout]    |         ^^^^^^^^^^^^^^^^
[INFO] [stdout] 
[INFO] [stdout] 
[INFO] [stdout] warning: unused import: `storage_api_mock::*`
[INFO] [stdout]   --> dharitri-wasm-debug/src/api/mod.rs:25:9
[INFO] [stdout]    |
[INFO] [stdout] 25 | pub use storage_api_mock::*;
[INFO] [stdout]    |         ^^^^^^^^^^^^^^^^^^^
[INFO] [stdout] 
[INFO] [stdout] 
[INFO] [stderr]    Compiling kitty-genetic-alg v0.0.0 (/opt/rustwide/workdir/contracts/examples/crypto-kitties/kitty-genetic-alg)
[INFO] [stderr]    Compiling payable-features v0.0.0 (/opt/rustwide/workdir/contracts/feature-tests/payable-features)
[INFO] [stderr]    Compiling erc1155 v0.0.0 (/opt/rustwide/workdir/contracts/examples/erc1155)
[INFO] [stderr]    Compiling use-module v0.0.0 (/opt/rustwide/workdir/contracts/feature-tests/use-module)
[INFO] [stderr]    Compiling forwarder v0.0.0 (/opt/rustwide/workdir/contracts/feature-tests/async/forwarder)
[INFO] [stderr]    Compiling basic-features v0.0.0 (/opt/rustwide/workdir/contracts/feature-tests/basic-features)
[INFO] [stderr]    Compiling dct-nft-marketplace v0.0.0 (/opt/rustwide/workdir/contracts/examples/dct-nft-marketplace)
[INFO] [stderr]    Compiling crowdfunding-dct v0.0.0 (/opt/rustwide/workdir/contracts/examples/crowdfunding-dct)
[INFO] [stderr]    Compiling crowdfunding-erc20 v0.0.0 (/opt/rustwide/workdir/contracts/examples/crowdfunding-erc20)
[INFO] [stderr]    Compiling kitty-ownership v0.0.0 (/opt/rustwide/workdir/contracts/examples/crypto-kitties/kitty-ownership)
[INFO] [stderr]    Compiling lottery-erc20 v0.0.0 (/opt/rustwide/workdir/contracts/examples/lottery-erc20)
[INFO] [stderr]    Compiling crypto-bubbles v0.0.0 (/opt/rustwide/workdir/contracts/examples/crypto-bubbles)
[INFO] [stderr]    Compiling erc721 v0.0.0 (/opt/rustwide/workdir/contracts/examples/erc721)
[INFO] [stderr]    Compiling ping-pong-moax v0.0.2 (/opt/rustwide/workdir/contracts/examples/ping-pong-moax)
[INFO] [stderr]    Compiling child v0.0.0 (/opt/rustwide/workdir/contracts/feature-tests/execute-on-dest-dct-issue-callback/child)
[INFO] [stderr]    Compiling multisig v0.0.0 (/opt/rustwide/workdir/contracts/examples/multisig)
[INFO] [stderr]    Compiling erc1155-marketplace v0.0.0 (/opt/rustwide/workdir/contracts/examples/erc1155-marketplace)
[INFO] [stderr]    Compiling moax-dct-swap v0.0.0 (/opt/rustwide/workdir/contracts/examples/moax-dct-swap)
[INFO] [stderr]    Compiling lottery-dct v0.0.0 (/opt/rustwide/workdir/contracts/examples/lottery-dct)
[INFO] [stderr]    Compiling dct-contract-pair v0.0.0 (/opt/rustwide/workdir/contracts/feature-tests/dct-contract-pair)
[INFO] [stderr]    Compiling panic-message-features v0.0.0 (/opt/rustwide/workdir/contracts/feature-tests/panic-message-features)
[INFO] [stderr]    Compiling abi-tester v0.0.0 (/opt/rustwide/workdir/contracts/feature-tests/abi-tester)
[INFO] [stderr]    Compiling kitty-auction v0.0.0 (/opt/rustwide/workdir/contracts/examples/crypto-kitties/kitty-auction)
[INFO] [stderr]    Compiling factorial v0.0.0 (/opt/rustwide/workdir/contracts/examples/factorial)
[INFO] [stderr]    Compiling send-tx-repeat v0.0.0 (/opt/rustwide/workdir/contracts/benchmarks/send-tx-repeat)
[INFO] [stderr]    Compiling str-repeat v0.0.0 (/opt/rustwide/workdir/contracts/benchmarks/str-repeat)
[INFO] [stderr]    Compiling nft-storage-prepay v0.0.0 (/opt/rustwide/workdir/contracts/examples/nft-storage-prepay)
[INFO] [stderr]    Compiling parent v0.0.0 (/opt/rustwide/workdir/contracts/feature-tests/execute-on-dest-dct-issue-callback/parent)
[INFO] [stderr]    Compiling recursive-caller v0.0.0 (/opt/rustwide/workdir/contracts/feature-tests/async/recursive-caller)
[INFO] [stderr]    Compiling nft-receiver v0.0.0 (/opt/rustwide/workdir/contracts/feature-tests/nft-receiver)
[INFO] [stderr]    Compiling local-dct-and-nft v0.0.0 (/opt/rustwide/workdir/contracts/feature-tests/local-dct-and-nft)
[INFO] [stderr]    Compiling deploy-two-contracts v0.0.0 (/opt/rustwide/workdir/contracts/feature-tests/deploy-two-contracts)
[INFO] [stderr]    Compiling dharitri-wasm-module-users v0.1.3 (/opt/rustwide/workdir/contracts/modules/dharitri-wasm-module-users)
[INFO] [stdout] warning: unused import: `blockchain_api_mock::*`
[INFO] [stdout]   --> dharitri-wasm-debug/src/api/mod.rs:16:9
[INFO] [stdout]    |
[INFO] [stdout] 16 | pub use blockchain_api_mock::*;
[INFO] [stdout]    |         ^^^^^^^^^^^^^^^^^^^^^^
[INFO] [stdout]    |
[INFO] [stdout]    = note: `#[warn(unused_imports)]` on by default
[INFO] [stdout] 
[INFO] [stdout] 
[INFO] [stdout] warning: unused import: `call_value_api_mock::*`
[INFO] [stdout]   --> dharitri-wasm-debug/src/api/mod.rs:17:9
[INFO] [stdout]    |
[INFO] [stdout] 17 | pub use call_value_api_mock::*;
[INFO] [stdout]    |         ^^^^^^^^^^^^^^^^^^^^^^
[INFO] [stdout] 
[INFO] [stdout] 
[INFO] [stdout] warning: unused import: `contract_self_api_mock::*`
[INFO] [stdout]   --> dharitri-wasm-debug/src/api/mod.rs:18:9
[INFO] [stdout]    |
[INFO] [stdout] 18 | pub use contract_self_api_mock::*;
[INFO] [stdout]    |         ^^^^^^^^^^^^^^^^^^^^^^^^^
[INFO] [stdout] 
[INFO] [stdout] 
[INFO] [stdout] warning: unused import: `crypto_api_mock::*`
[INFO] [stdout]   --> dharitri-wasm-debug/src/api/mod.rs:19:9
[INFO] [stdout]    |
[INFO] [stdout] 19 | pub use crypto_api_mock::*;
[INFO] [stdout]    |         ^^^^^^^^^^^^^^^^^^
[INFO] [stdout] 
[INFO] [stdout] 
[INFO] [stdout] warning: unused import: `endpoint_arg_api_mock::*`
[INFO] [stdout]   --> dharitri-wasm-debug/src/api/mod.rs:20:9
[INFO] [stdout]    |
[INFO] [stdout] 20 | pub use endpoint_arg_api_mock::*;
[INFO] [stdout]    |         ^^^^^^^^^^^^^^^^^^^^^^^^
[INFO] [stdout] 
[INFO] [stdout] 
[INFO] [stdout] warning: unused import: `endpoint_finish_api_mock::*`
[INFO] [stdout]   --> dharitri-wasm-debug/src/api/mod.rs:21:9
[INFO] [stdout]    |
[INFO] [stdout] 21 | pub use endpoint_finish_api_mock::*;
[INFO] [stdout]    |         ^^^^^^^^^^^^^^^^^^^^^^^^^^^
[INFO] [stdout] 
[INFO] [stdout] 
[INFO] [stdout] warning: unused import: `error_api_mock::*`
[INFO] [stdout]   --> dharitri-wasm-debug/src/api/mod.rs:22:9
[INFO] [stdout]    |
[INFO] [stdout] 22 | pub use error_api_mock::*;
[INFO] [stdout]    |         ^^^^^^^^^^^^^^^^^
[INFO] [stdout] 
[INFO] [stdout] 
[INFO] [stdout] warning: unused import: `log_api_mock::*`
[INFO] [stdout]   --> dharitri-wasm-debug/src/api/mod.rs:23:9
[INFO] [stdout]    |
[INFO] [stdout] 23 | pub use log_api_mock::*;
[INFO] [stdout]    |         ^^^^^^^^^^^^^^^
[INFO] [stdout] 
[INFO] [stdout] 
[INFO] [stdout] warning: unused import: `send_api_mock::*`
[INFO] [stdout]   --> dharitri-wasm-debug/src/api/mod.rs:24:9
[INFO] [stdout]    |
[INFO] [stdout] 24 | pub use send_api_mock::*;
[INFO] [stdout]    |         ^^^^^^^^^^^^^^^^
[INFO] [stdout] 
[INFO] [stdout] 
[INFO] [stdout] warning: unused import: `storage_api_mock::*`
[INFO] [stdout]   --> dharitri-wasm-debug/src/api/mod.rs:25:9
[INFO] [stdout]    |
[INFO] [stdout] 25 | pub use storage_api_mock::*;
[INFO] [stdout]    |         ^^^^^^^^^^^^^^^^^^^
[INFO] [stdout] 
[INFO] [stdout] 
[INFO] [stderr]    Compiling async v0.0.0 (/opt/rustwide/workdir/contracts/feature-tests/async)
[INFO] [stderr]    Compiling moax-dct-swap-abi v0.0.0 (/opt/rustwide/workdir/contracts/examples/moax-dct-swap/abi)
[INFO] [stderr]    Compiling erc20-abi v0.0.0 (/opt/rustwide/workdir/contracts/examples/erc20/abi)
[INFO] [stderr]    Compiling lottery-dct-abi v0.0.0 (/opt/rustwide/workdir/contracts/examples/lottery-dct/abi)
[INFO] [stderr]    Compiling erc1155-user-mock-abi v0.0.0 (/opt/rustwide/workdir/contracts/examples/erc1155-user-mock/abi)
[INFO] [stderr]    Compiling adder-abi v0.0.0 (/opt/rustwide/workdir/contracts/examples/adder/abi)
[INFO] [stderr]    Compiling crowdfunding-erc20-abi v0.0.0 (/opt/rustwide/workdir/contracts/examples/crowdfunding-erc20/abi)
[INFO] [stderr]    Compiling erc1155-marketplace-abi v0.0.0 (/opt/rustwide/workdir/contracts/examples/erc1155-marketplace/abi)
[INFO] [stderr]    Compiling abi-tester-abi v0.0.0 (/opt/rustwide/workdir/contracts/feature-tests/abi-tester/abi)
[INFO] [stderr]    Compiling crypto-bubbles-abi v0.0.0 (/opt/rustwide/workdir/contracts/examples/crypto-bubbles/abi)
[INFO] [stderr]    Compiling nft-storage-prepay-abi v0.0.0 (/opt/rustwide/workdir/contracts/examples/nft-storage-prepay/abi)
[INFO] [stderr]    Compiling dct-nft-marketplace-abi v0.0.0 (/opt/rustwide/workdir/contracts/examples/dct-nft-marketplace/abi)
[INFO] [stderr]    Compiling ping-pong-moax-abi v0.0.0 (/opt/rustwide/workdir/contracts/examples/ping-pong-moax/abi)
[INFO] [stderr]    Compiling crowdfunding-dct-abi v0.0.0 (/opt/rustwide/workdir/contracts/examples/crowdfunding-dct/abi)
[INFO] [stderr]    Compiling basic-features-abi v0.0.0 (/opt/rustwide/workdir/contracts/feature-tests/basic-features/abi)
[INFO] [stderr]    Compiling erc1155-abi v0.0.0 (/opt/rustwide/workdir/contracts/examples/erc1155/abi)
[INFO] [stderr]    Compiling payable-features-abi v0.0.0 (/opt/rustwide/workdir/contracts/feature-tests/payable-features/abi)
[INFO] [stderr]    Compiling lottery-erc20-abi v0.0.0 (/opt/rustwide/workdir/contracts/examples/lottery-erc20/abi)
[INFO] [stderr]    Compiling use-module-abi v0.0.0 (/opt/rustwide/workdir/contracts/feature-tests/use-module/abi)
[INFO] [stdout] warning: method `some_async` is never used
[INFO] [stdout]   --> dharitri-wasm-debug/tests/sample_adder.rs:52:6
[INFO] [stdout]    |
[INFO] [stdout] 19 |     pub trait VersionModule: dharitri_wasm::api::ContractBase + Sized
[INFO] [stdout]    |               ------------- method in this trait
[INFO] [stdout] ...
[INFO] [stdout] 52 |         fn some_async(&self) -> AsyncCall<Self::SendApi>;
[INFO] [stdout]    |            ^^^^^^^^^^
[INFO] [stdout]    |
[INFO] [stdout]    = note: `#[warn(dead_code)]` on by default
[INFO] [stdout] 
[INFO] [stdout] 
[INFO] [stdout] warning: method `call_some_async` is never used
[INFO] [stdout]    --> dharitri-wasm-debug/tests/sample_adder.rs:143:6
[INFO] [stdout]     |
[INFO] [stdout] 105 |     pub trait EndpointWrappers: VersionModule + dharitri_wasm::api::ContractPrivateApi
[INFO] [stdout]     |               ---------------- method in this trait
[INFO] [stdout] ...
[INFO] [stdout] 143 |         fn call_some_async(&self) {
[INFO] [stdout]     |            ^^^^^^^^^^^^^^^
[INFO] [stdout] 
[INFO] [stdout] 
[INFO] [stdout] warning: method `version` is never used
[INFO] [stdout]    --> dharitri-wasm-debug/tests/sample_adder.rs:190:6
[INFO] [stdout]     |
[INFO] [stdout] 189 |     pub trait ProxyTrait: dharitri_wasm::api::ProxyObjApi + Sized {
[INFO] [stdout]     |               ---------- method in this trait
[INFO] [stdout] 190 |         fn version(
[INFO] [stdout]     |            ^^^^^^^
[INFO] [stdout] 
[INFO] [stdout] 
[INFO] [stdout] warning: method `callbacks` is never used
[INFO] [stdout]    --> dharitri-wasm-debug/tests/sample_adder.rs:263:6
[INFO] [stdout]     |
[INFO] [stdout] 215 |     pub trait Adder:
[INFO] [stdout]     |               ----- method in this trait
[INFO] [stdout] ...
[INFO] [stdout] 263 |         fn callbacks(&self) -> self::CallbackProxyObj<Self::SendApi>;
[INFO] [stdout]     |            ^^^^^^^^^
[INFO] [stdout] 
[INFO] [stdout] 
[INFO] [stdout] warning: method `add` is never used
[INFO] [stdout]    --> dharitri-wasm-debug/tests/sample_adder.rs:430:6
[INFO] [stdout]     |
[INFO] [stdout] 411 |     pub trait ProxyTrait: dharitri_wasm::api::ProxyObjApi + super::module_1::ProxyTrait {
[INFO] [stdout]     |               ---------- method in this trait
[INFO] [stdout] ...
[INFO] [stdout] 430 |         fn add(
[INFO] [stdout]     |            ^^^
[INFO] [stdout] 
[INFO] [stdout] 
[INFO] [stdout] warning: trait `CallbackProxy` is never used
[INFO] [stdout]    --> dharitri-wasm-debug/tests/sample_adder.rs:856:12
[INFO] [stdout]     |
[INFO] [stdout] 856 |     pub trait CallbackProxy: dharitri_wasm::api::CallbackProxyObjApi + Sized {
[INFO] [stdout]     |               ^^^^^^^^^^^^^
[INFO] [stdout] 
[INFO] [stdout] 
[INFO] [stderr]    Compiling multisig-abi v0.0.0 (/opt/rustwide/workdir/contracts/examples/multisig/abi)
[INFO] [stderr]    Compiling erc721-abi v0.0.0 (/opt/rustwide/workdir/contracts/examples/erc721/abi)
[INFO] [stderr]    Compiling factorial-abi v0.0.0 (/opt/rustwide/workdir/contracts/examples/factorial/abi)
[INFO] [stderr]     Finished `test` profile [unoptimized + debuginfo] target(s) in 16.81s
[INFO] running `Command { std: "docker" "inspect" "bf5f8ef3d3c5f26a7515220ce92bd91878c02b4ffa34247102ebef920d4a65db", kill_on_drop: false }`
[INFO] running `Command { std: "docker" "rm" "-f" "bf5f8ef3d3c5f26a7515220ce92bd91878c02b4ffa34247102ebef920d4a65db", kill_on_drop: false }`
[INFO] [stdout] bf5f8ef3d3c5f26a7515220ce92bd91878c02b4ffa34247102ebef920d4a65db
[INFO] running `Command { std: "docker" "create" "-v" "/var/lib/crater-agent-workspace/builds/worker-4-tc2/target:/opt/rustwide/target:rw,Z" "-v" "/var/lib/crater-agent-workspace/builds/worker-4-tc2/source:/opt/rustwide/workdir:ro,Z" "-v" "/var/lib/crater-agent-workspace/cargo-home:/opt/rustwide/cargo-home:ro,Z" "-v" "/var/lib/crater-agent-workspace/rustup-home:/opt/rustwide/rustup-home:ro,Z" "-e" "SOURCE_DIR=/opt/rustwide/workdir" "-e" "CARGO_TARGET_DIR=/opt/rustwide/target" "-e" "CARGO_INCREMENTAL=0" "-e" "RUST_BACKTRACE=full" "-e" "RUSTFLAGS=--cap-lints=forbid -Zrandomize-layout" "-e" "RUSTDOCFLAGS=--cap-lints=forbid" "-e" "CARGO_HOME=/opt/rustwide/cargo-home" "-e" "RUSTUP_HOME=/opt/rustwide/rustup-home" "-w" "/opt/rustwide/workdir" "-m" "1610612736" "--user" "0:0" "--network" "none" "ghcr.io/rust-lang/crates-build-env/linux@sha256:4a844ea9eb2546a2d2c7022eacef16ef2e8229c7fbb2c7d4d55a9ceca922f72d" "/opt/rustwide/cargo-home/bin/cargo" "+nightly-2024-10-28" "test" "--frozen", kill_on_drop: false }`
[INFO] [stdout] f120193dc0ea44ea232a84fa66cf20271422137fa61adfa0602779c889508b1f
[INFO] running `Command { std: "docker" "start" "-a" "f120193dc0ea44ea232a84fa66cf20271422137fa61adfa0602779c889508b1f", kill_on_drop: false }`
[INFO] [stderr] warning: unused import: `method_parse::*`
[INFO] [stderr]   --> dharitri-wasm-derive/src/parse/mod.rs:16:9
[INFO] [stderr]    |
[INFO] [stderr] 16 | pub use method_parse::*;
[INFO] [stderr]    |         ^^^^^^^^^^^^^^^
[INFO] [stderr]    |
[INFO] [stderr]    = note: `#[warn(unused_imports)]` on by default
[INFO] [stderr] 
[INFO] [stderr] warning: unused import: `supertrait_parse::*`
[INFO] [stderr]   --> dharitri-wasm-derive/src/parse/mod.rs:19:9
[INFO] [stderr]    |
[INFO] [stderr] 19 | pub use supertrait_parse::*;
[INFO] [stderr]    |         ^^^^^^^^^^^^^^^^^^^
[INFO] [stderr] 
[INFO] [stderr] warning: `dharitri-wasm-derive` (lib) generated 2 warnings (run `cargo fix --lib -p dharitri-wasm-derive` to apply 2 suggestions)
[INFO] [stderr] warning: `dharitri-wasm-derive` (lib test) generated 2 warnings (2 duplicates)
[INFO] [stderr] warning: unused import: `error_api_uncallable::*`
[INFO] [stderr]  --> dharitri-wasm/src/api/uncallable/mod.rs:9:9
[INFO] [stderr]   |
[INFO] [stderr] 9 | pub use error_api_uncallable::*;
[INFO] [stderr]   |         ^^^^^^^^^^^^^^^^^^^^^^^
[INFO] [stderr]   |
[INFO] [stderr]   = note: `#[warn(unused_imports)]` on by default
[INFO] [stderr] 
[INFO] [stderr] warning: unused import: `send_api_uncallable::*`
[INFO] [stderr]   --> dharitri-wasm/src/api/uncallable/mod.rs:10:9
[INFO] [stderr]    |
[INFO] [stderr] 10 | pub use send_api_uncallable::*;
[INFO] [stderr]    |         ^^^^^^^^^^^^^^^^^^^^^^
[INFO] [stderr] 
[INFO] [stderr] warning: unused import: `storage_api_uncallable::*`
[INFO] [stderr]   --> dharitri-wasm/src/api/uncallable/mod.rs:11:9
[INFO] [stderr]    |
[INFO] [stderr] 11 | pub use storage_api_uncallable::*;
[INFO] [stderr]    |         ^^^^^^^^^^^^^^^^^^^^^^^^^
[INFO] [stderr] 
[INFO] [stderr] warning: the feature `control_flow_enum` has been stable since 1.83.0 and no longer requires an attribute to enable
[INFO] [stderr]  --> dharitri-wasm/src/lib.rs:4:12
[INFO] [stderr]   |
[INFO] [stderr] 4 | #![feature(control_flow_enum)]
[INFO] [stderr]   |            ^^^^^^^^^^^^^^^^^
[INFO] [stderr]   |
[INFO] [stderr]   = note: `#[warn(stable_features)]` on by default
[INFO] [stderr] 
[INFO] [stderr] warning: method `simple_function` is never used
[INFO] [stderr]   --> dharitri-codec/tests/struct_with_generic_derive_test.rs:11:5
[INFO] [stderr]    |
[INFO] [stderr] 10 | trait SimpleTrait {
[INFO] [stderr]    |       ----------- method in this trait
[INFO] [stderr] 11 |     fn simple_function(&self);
[INFO] [stderr]    |        ^^^^^^^^^^^^^^^
[INFO] [stderr]    |
[INFO] [stderr]    = note: `#[warn(dead_code)]` on by default
[INFO] [stderr] 
[INFO] [stderr] warning: `dharitri-wasm` (lib) generated 4 warnings (run `cargo fix --lib -p dharitri-wasm` to apply 3 suggestions)
[INFO] [stderr] warning: `dharitri-codec` (test "struct_with_generic_derive_test") generated 1 warning
[INFO] [stderr] warning: `dharitri-wasm` (lib test) generated 4 warnings (4 duplicates)
[INFO] [stderr] warning: unused import: `blockchain_api_mock::*`
[INFO] [stderr]   --> dharitri-wasm-debug/src/api/mod.rs:16:9
[INFO] [stderr]    |
[INFO] [stderr] 16 | pub use blockchain_api_mock::*;
[INFO] [stderr]    |         ^^^^^^^^^^^^^^^^^^^^^^
[INFO] [stderr]    |
[INFO] [stderr]    = note: `#[warn(unused_imports)]` on by default
[INFO] [stderr] 
[INFO] [stderr] warning: unused import: `call_value_api_mock::*`
[INFO] [stderr]   --> dharitri-wasm-debug/src/api/mod.rs:17:9
[INFO] [stderr]    |
[INFO] [stderr] 17 | pub use call_value_api_mock::*;
[INFO] [stderr]    |         ^^^^^^^^^^^^^^^^^^^^^^
[INFO] [stderr] 
[INFO] [stderr] warning: unused import: `contract_self_api_mock::*`
[INFO] [stderr]   --> dharitri-wasm-debug/src/api/mod.rs:18:9
[INFO] [stderr]    |
[INFO] [stderr] 18 | pub use contract_self_api_mock::*;
[INFO] [stderr]    |         ^^^^^^^^^^^^^^^^^^^^^^^^^
[INFO] [stderr] 
[INFO] [stderr] warning: unused import: `crypto_api_mock::*`
[INFO] [stderr]   --> dharitri-wasm-debug/src/api/mod.rs:19:9
[INFO] [stderr]    |
[INFO] [stderr] 19 | pub use crypto_api_mock::*;
[INFO] [stderr]    |         ^^^^^^^^^^^^^^^^^^
[INFO] [stderr] 
[INFO] [stderr] warning: unused import: `endpoint_arg_api_mock::*`
[INFO] [stderr]   --> dharitri-wasm-debug/src/api/mod.rs:20:9
[INFO] [stderr]    |
[INFO] [stderr] 20 | pub use endpoint_arg_api_mock::*;
[INFO] [stderr]    |         ^^^^^^^^^^^^^^^^^^^^^^^^
[INFO] [stderr] 
[INFO] [stderr] warning: unused import: `endpoint_finish_api_mock::*`
[INFO] [stderr]   --> dharitri-wasm-debug/src/api/mod.rs:21:9
[INFO] [stderr]    |
[INFO] [stderr] 21 | pub use endpoint_finish_api_mock::*;
[INFO] [stderr]    |         ^^^^^^^^^^^^^^^^^^^^^^^^^^^
[INFO] [stderr] 
[INFO] [stderr] warning: unused import: `error_api_mock::*`
[INFO] [stderr]   --> dharitri-wasm-debug/src/api/mod.rs:22:9
[INFO] [stderr]    |
[INFO] [stderr] 22 | pub use error_api_mock::*;
[INFO] [stderr]    |         ^^^^^^^^^^^^^^^^^
[INFO] [stderr] 
[INFO] [stderr] warning: unused import: `log_api_mock::*`
[INFO] [stderr]   --> dharitri-wasm-debug/src/api/mod.rs:23:9
[INFO] [stderr]    |
[INFO] [stderr] 23 | pub use log_api_mock::*;
[INFO] [stderr]    |         ^^^^^^^^^^^^^^^
[INFO] [stderr] 
[INFO] [stderr] warning: unused import: `send_api_mock::*`
[INFO] [stderr]   --> dharitri-wasm-debug/src/api/mod.rs:24:9
[INFO] [stderr]    |
[INFO] [stderr] 24 | pub use send_api_mock::*;
[INFO] [stderr]    |         ^^^^^^^^^^^^^^^^
[INFO] [stderr] 
[INFO] [stderr] warning: unused import: `storage_api_mock::*`
[INFO] [stderr]   --> dharitri-wasm-debug/src/api/mod.rs:25:9
[INFO] [stderr]    |
[INFO] [stderr] 25 | pub use storage_api_mock::*;
[INFO] [stderr]    |         ^^^^^^^^^^^^^^^^^^^
[INFO] [stderr] 
[INFO] [stderr] warning: `dharitri-wasm-debug` (lib) generated 10 warnings (run `cargo fix --lib -p dharitri-wasm-debug` to apply 10 suggestions)
[INFO] [stderr] warning: method `some_async` is never used
[INFO] [stderr]   --> dharitri-wasm-debug/tests/sample_adder.rs:52:6
[INFO] [stderr]    |
[INFO] [stderr] 19 |     pub trait VersionModule: dharitri_wasm::api::ContractBase + Sized
[INFO] [stderr]    |               ------------- method in this trait
[INFO] [stderr] ...
[INFO] [stderr] 52 |         fn some_async(&self) -> AsyncCall<Self::SendApi>;
[INFO] [stderr]    |            ^^^^^^^^^^
[INFO] [stderr]    |
[INFO] [stderr]    = note: `#[warn(dead_code)]` on by default
[INFO] [stderr] 
[INFO] [stderr] warning: method `call_some_async` is never used
[INFO] [stderr]    --> dharitri-wasm-debug/tests/sample_adder.rs:143:6
[INFO] [stderr]     |
[INFO] [stderr] 105 |     pub trait EndpointWrappers: VersionModule + dharitri_wasm::api::ContractPrivateApi
[INFO] [stderr]     |               ---------------- method in this trait
[INFO] [stderr] ...
[INFO] [stderr] 143 |         fn call_some_async(&self) {
[INFO] [stderr]     |            ^^^^^^^^^^^^^^^
[INFO] [stderr] 
[INFO] [stderr] warning: method `version` is never used
[INFO] [stderr]    --> dharitri-wasm-debug/tests/sample_adder.rs:190:6
[INFO] [stderr]     |
[INFO] [stderr] 189 |     pub trait ProxyTrait: dharitri_wasm::api::ProxyObjApi + Sized {
[INFO] [stderr]     |               ---------- method in this trait
[INFO] [stderr] 190 |         fn version(
[INFO] [stderr]     |            ^^^^^^^
[INFO] [stderr] 
[INFO] [stderr] warning: method `callbacks` is never used
[INFO] [stderr]    --> dharitri-wasm-debug/tests/sample_adder.rs:263:6
[INFO] [stderr]     |
[INFO] [stderr] 215 |     pub trait Adder:
[INFO] [stderr]     |               ----- method in this trait
[INFO] [stderr] ...
[INFO] [stderr] 263 |         fn callbacks(&self) -> self::CallbackProxyObj<Self::SendApi>;
[INFO] [stderr]     |            ^^^^^^^^^
[INFO] [stderr] 
[INFO] [stderr] warning: method `add` is never used
[INFO] [stderr]    --> dharitri-wasm-debug/tests/sample_adder.rs:430:6
[INFO] [stderr]     |
[INFO] [stderr] 411 |     pub trait ProxyTrait: dharitri_wasm::api::ProxyObjApi + super::module_1::ProxyTrait {
[INFO] [stderr]     |               ---------- method in this trait
[INFO] [stderr] ...
[INFO] [stderr] 430 |         fn add(
[INFO] [stderr]     |            ^^^
[INFO] [stderr] 
[INFO] [stderr] warning: trait `CallbackProxy` is never used
[INFO] [stderr]    --> dharitri-wasm-debug/tests/sample_adder.rs:856:12
[INFO] [stderr]     |
[INFO] [stderr] 856 |     pub trait CallbackProxy: dharitri_wasm::api::CallbackProxyObjApi + Sized {
[INFO] [stderr]     |               ^^^^^^^^^^^^^
[INFO] [stderr] 
[INFO] [stderr] warning: `dharitri-wasm-debug` (test "sample_adder") generated 6 warnings
[INFO] [stderr] warning: `dharitri-wasm-debug` (lib test) generated 10 warnings (10 duplicates)
[INFO] [stderr]     Finished `test` profile [unoptimized + debuginfo] target(s) in 0.25s
[INFO] [stderr]      Running unittests src/lib.rs (/opt/rustwide/target/debug/deps/abi_tester-469afdb4fb4a60e9)
[INFO] [stdout] 
[INFO] [stdout] running 0 tests
[INFO] [stdout] 
[INFO] [stdout] test result: ok. 0 passed; 0 failed; 0 ignored; 0 measured; 0 filtered out; finished in 0.00s
[INFO] [stdout] 
[INFO] [stderr]      Running tests/abi_tester_abi_test.rs (/opt/rustwide/target/debug/deps/abi_tester_abi_test-f392656a9d4ce80b)
[INFO] [stdout] 
[INFO] [stdout] running 1 test
[INFO] [stdout] test abi_tester_abi_generated_ok ... FAILED
[INFO] [stdout] 
[INFO] [stdout] failures:
[INFO] [stdout] 
[INFO] [stdout] ---- abi_tester_abi_generated_ok stdout ----
[INFO] [stdout] thread 'abi_tester_abi_generated_ok' panicked at contracts/feature-tests/abi-tester/tests/abi_tester_abi_test.rs:16:66:
[INFO] [stdout] called `Result::unwrap()` on an `Err` value: Os { code: 30, kind: ReadOnlyFilesystem, message: "Read-only file system" }
[INFO] [stdout] stack backtrace:
[INFO] [stdout]    0:     0x622f2641698a - std::backtrace_rs::backtrace::libunwind::trace::h207520d6e9873551
[INFO] [stdout]                                at /rustc/df4ca44d3fbc9301ee17f30f4d474e6ae4b05252/library/std/src/../../backtrace/src/backtrace/libunwind.rs:116:5
[INFO] [stdout]    1:     0x622f2641698a - std::backtrace_rs::backtrace::trace_unsynchronized::h2ed7433f370e3eca
[INFO] [stdout]                                at /rustc/df4ca44d3fbc9301ee17f30f4d474e6ae4b05252/library/std/src/../../backtrace/src/backtrace/mod.rs:66:5
[INFO] [stdout]    2:     0x622f2641698a - std::sys::backtrace::_print_fmt::h916fac51166b18d7
[INFO] [stdout]                                at /rustc/df4ca44d3fbc9301ee17f30f4d474e6ae4b05252/library/std/src/sys/backtrace.rs:66:9
[INFO] [stdout]    3:     0x622f2641698a - <std::sys::backtrace::BacktraceLock::print::DisplayBacktrace as core::fmt::Display>::fmt::ha0a4c9b8ce3802e6
[INFO] [stdout]                                at /rustc/df4ca44d3fbc9301ee17f30f4d474e6ae4b05252/library/std/src/sys/backtrace.rs:39:26
[INFO] [stdout]    4:     0x622f2643cf23 - core::fmt::rt::Argument::fmt::h4cfc8587d52b3eb5
[INFO] [stdout]                                at /rustc/df4ca44d3fbc9301ee17f30f4d474e6ae4b05252/library/core/src/fmt/rt.rs:177:76
[INFO] [stdout]    5:     0x622f2643cf23 - core::fmt::write::h522cc39e5b36ae9f
[INFO] [stdout]                                at /rustc/df4ca44d3fbc9301ee17f30f4d474e6ae4b05252/library/core/src/fmt/mod.rs:1190:21
[INFO] [stdout]    6:     0x622f264135f3 - std::io::Write::write_fmt::h7d3c26752da97734
[INFO] [stdout]                                at /rustc/df4ca44d3fbc9301ee17f30f4d474e6ae4b05252/library/std/src/io/mod.rs:1839:15
[INFO] [stdout]    7:     0x622f264167d2 - std::sys::backtrace::BacktraceLock::print::h4b9e00b29e9c0942
[INFO] [stdout]                                at /rustc/df4ca44d3fbc9301ee17f30f4d474e6ae4b05252/library/std/src/sys/backtrace.rs:42:9
[INFO] [stdout]    8:     0x622f26417e1a - std::panicking::default_hook::{{closure}}::hb59b88280d0324d9
[INFO] [stdout]                                at /rustc/df4ca44d3fbc9301ee17f30f4d474e6ae4b05252/library/std/src/panicking.rs:268:22
[INFO] [stdout]    9:     0x622f26417c24 - std::panicking::default_hook::he1dd496665be4a29
[INFO] [stdout]                                at /rustc/df4ca44d3fbc9301ee17f30f4d474e6ae4b05252/library/std/src/panicking.rs:292:9
[INFO] [stdout]   10:     0x622f263ad3c9 - <alloc::boxed::Box<F,A> as core::ops::function::Fn<Args>>::call::h4ff71de18744e1dc
[INFO] [stdout]                                at /rustc/df4ca44d3fbc9301ee17f30f4d474e6ae4b05252/library/alloc/src/boxed.rs:2468:9
[INFO] [stdout]   11:     0x622f263ad3c9 - test::test_main::{{closure}}::hcf7c055ce117aa81
[INFO] [stdout]                                at /rustc/df4ca44d3fbc9301ee17f30f4d474e6ae4b05252/library/test/src/lib.rs:133:21
[INFO] [stdout]   12:     0x622f26418518 - <alloc::boxed::Box<F,A> as core::ops::function::Fn<Args>>::call::h1d66c6bbd60c9692
[INFO] [stdout]                                at /rustc/df4ca44d3fbc9301ee17f30f4d474e6ae4b05252/library/alloc/src/boxed.rs:2468:9
[INFO] [stdout]   13:     0x622f26418518 - std::panicking::rust_panic_with_hook::h2ff17fe8f26dfcf8
[INFO] [stdout]                                at /rustc/df4ca44d3fbc9301ee17f30f4d474e6ae4b05252/library/std/src/panicking.rs:809:13
[INFO] [stdout]   14:     0x622f264182da - std::panicking::begin_panic_handler::{{closure}}::h4fad77951c07e101
[INFO] [stdout]                                at /rustc/df4ca44d3fbc9301ee17f30f4d474e6ae4b05252/library/std/src/panicking.rs:674:13
[INFO] [stdout]   15:     0x622f26416e69 - std::sys::backtrace::__rust_end_short_backtrace::hb1a25b3da5d0ea08
[INFO] [stdout]                                at /rustc/df4ca44d3fbc9301ee17f30f4d474e6ae4b05252/library/std/src/sys/backtrace.rs:170:18
[INFO] [stdout]   16:     0x622f26417f6c - rust_begin_unwind
[INFO] [stdout]                                at /rustc/df4ca44d3fbc9301ee17f30f4d474e6ae4b05252/library/std/src/panicking.rs:665:5
[INFO] [stdout]   17:     0x622f2643b9c0 - core::panicking::panic_fmt::ha9db07b529f9b256
[INFO] [stdout]                                at /rustc/df4ca44d3fbc9301ee17f30f4d474e6ae4b05252/library/core/src/panicking.rs:75:14
[INFO] [stdout]   18:     0x622f2643bd66 - core::result::unwrap_failed::h5e8218e4d4338b8a
[INFO] [stdout]                                at /rustc/df4ca44d3fbc9301ee17f30f4d474e6ae4b05252/library/core/src/result.rs:1698:5
[INFO] [stdout]   19:     0x622f26366d7e - core::result::Result<T,E>::unwrap::h0ab063c82c54750d
[INFO] [stdout]                                at /rustc/df4ca44d3fbc9301ee17f30f4d474e6ae4b05252/library/core/src/result.rs:1103:23
[INFO] [stdout]   20:     0x622f26366d7e - abi_tester_abi_test::abi_tester_abi_generated_ok::h20179cdcd23b9eba
[INFO] [stdout]                                at /opt/rustwide/workdir/contracts/feature-tests/abi-tester/tests/abi_tester_abi_test.rs:16:17
[INFO] [stdout]   21:     0x622f26366bb7 - abi_tester_abi_test::abi_tester_abi_generated_ok::{{closure}}::hc23c16fb8981adc0
[INFO] [stdout]                                at /opt/rustwide/workdir/contracts/feature-tests/abi-tester/tests/abi_tester_abi_test.rs:8:33
[INFO] [stdout]   22:     0x622f26366216 - core::ops::function::FnOnce::call_once::h0102a976c4386785
[INFO] [stdout]                                at /rustc/df4ca44d3fbc9301ee17f30f4d474e6ae4b05252/library/core/src/ops/function.rs:250:5
[INFO] [stdout]   23:     0x622f263b1c9b - core::ops::function::FnOnce::call_once::h22c3ba5715e93f05
[INFO] [stdout]                                at /rustc/df4ca44d3fbc9301ee17f30f4d474e6ae4b05252/library/core/src/ops/function.rs:250:5
[INFO] [stdout]   24:     0x622f263b1c9b - test::__rust_begin_short_backtrace::h8e82d8113d0da17f
[INFO] [stdout]                                at /rustc/df4ca44d3fbc9301ee17f30f4d474e6ae4b05252/library/test/src/lib.rs:621:18
[INFO] [stdout]   25:     0x622f263b1617 - test::run_test_in_process::{{closure}}::h33235f4f20b7b7c7
[INFO] [stdout]                                at /rustc/df4ca44d3fbc9301ee17f30f4d474e6ae4b05252/library/test/src/lib.rs:644:60
[INFO] [stdout]   26:     0x622f263b1617 - <core::panic::unwind_safe::AssertUnwindSafe<F> as core::ops::function::FnOnce<()>>::call_once::hb5043206310c586f
[INFO] [stdout]                                at /rustc/df4ca44d3fbc9301ee17f30f4d474e6ae4b05252/library/core/src/panic/unwind_safe.rs:272:9
[INFO] [stdout]   27:     0x622f263b1617 - std::panicking::try::do_call::h9ad4731a60ab23e2
[INFO] [stdout]                                at /rustc/df4ca44d3fbc9301ee17f30f4d474e6ae4b05252/library/std/src/panicking.rs:557:40
[INFO] [stdout]   28:     0x622f263b1617 - std::panicking::try::h3824d23db772a716
[INFO] [stdout]                                at /rustc/df4ca44d3fbc9301ee17f30f4d474e6ae4b05252/library/std/src/panicking.rs:520:19
[INFO] [stdout]   29:     0x622f263b1617 - std::panic::catch_unwind::h5afd514605fde46b
[INFO] [stdout]                                at /rustc/df4ca44d3fbc9301ee17f30f4d474e6ae4b05252/library/std/src/panic.rs:358:14
[INFO] [stdout]   30:     0x622f263b1617 - test::run_test_in_process::h0d5cbfa7067d1720
[INFO] [stdout]                                at /rustc/df4ca44d3fbc9301ee17f30f4d474e6ae4b05252/library/test/src/lib.rs:644:27
[INFO] [stdout]   31:     0x622f263b1617 - test::run_test::{{closure}}::h708eb8872708115d
[INFO] [stdout]                                at /rustc/df4ca44d3fbc9301ee17f30f4d474e6ae4b05252/library/test/src/lib.rs:565:43
[INFO] [stdout]   32:     0x622f26374d34 - test::run_test::{{closure}}::h392c51cee94713ab
[INFO] [stdout]                                at /rustc/df4ca44d3fbc9301ee17f30f4d474e6ae4b05252/library/test/src/lib.rs:595:41
[INFO] [stdout]   33:     0x622f26374d34 - std::sys::backtrace::__rust_begin_short_backtrace::h2f40290710935a8b
[INFO] [stdout]                                at /rustc/df4ca44d3fbc9301ee17f30f4d474e6ae4b05252/library/std/src/sys/backtrace.rs:154:18
[INFO] [stdout]   34:     0x622f263784de - std::thread::Builder::spawn_unchecked_::{{closure}}::{{closure}}::h3fd968d89053a903
[INFO] [stdout]                                at /rustc/df4ca44d3fbc9301ee17f30f4d474e6ae4b05252/library/std/src/thread/mod.rs:541:17
[INFO] [stdout]   35:     0x622f263784de - <core::panic::unwind_safe::AssertUnwindSafe<F> as core::ops::function::FnOnce<()>>::call_once::h743f637ba4229880
[INFO] [stdout]                                at /rustc/df4ca44d3fbc9301ee17f30f4d474e6ae4b05252/library/core/src/panic/unwind_safe.rs:272:9
[INFO] [stdout]   36:     0x622f263784de - std::panicking::try::do_call::h07440897322525a6
[INFO] [stdout]                                at /rustc/df4ca44d3fbc9301ee17f30f4d474e6ae4b05252/library/std/src/panicking.rs:557:40
[INFO] [stdout]   37:     0x622f263784de - std::panicking::try::he5a2e00188156637
[INFO] [stdout]                                at /rustc/df4ca44d3fbc9301ee17f30f4d474e6ae4b05252/library/std/src/panicking.rs:520:19
[INFO] [stdout]   38:     0x622f263784de - std::panic::catch_unwind::hbaf3cae49b3c6433
[INFO] [stdout]                                at /rustc/df4ca44d3fbc9301ee17f30f4d474e6ae4b05252/library/std/src/panic.rs:358:14
[INFO] [stdout]   39:     0x622f263784de - std::thread::Builder::spawn_unchecked_::{{closure}}::h8e141ea224820bce
[INFO] [stdout]                                at /rustc/df4ca44d3fbc9301ee17f30f4d474e6ae4b05252/library/std/src/thread/mod.rs:540:30
[INFO] [stdout]   40:     0x622f263784de - core::ops::function::FnOnce::call_once{{vtable.shim}}::h90d312fedd7b8ea8
[INFO] [stdout]                                at /rustc/df4ca44d3fbc9301ee17f30f4d474e6ae4b05252/library/core/src/ops/function.rs:250:5
[INFO] [stdout]   41:     0x622f2641c31b - <alloc::boxed::Box<F,A> as core::ops::function::FnOnce<Args>>::call_once::h69aa08ddb6adb8b6
[INFO] [stdout]                                at /rustc/df4ca44d3fbc9301ee17f30f4d474e6ae4b05252/library/alloc/src/boxed.rs:2454:9
[INFO] [stdout]   42:     0x622f2641c31b - <alloc::boxed::Box<F,A> as core::ops::function::FnOnce<Args>>::call_once::h5aa36efdb79c806f
[INFO] [stdout]                                at /rustc/df4ca44d3fbc9301ee17f30f4d474e6ae4b05252/library/alloc/src/boxed.rs:2454:9
[INFO] [stdout]   43:     0x622f2641c31b - std::sys::pal::unix::thread::Thread::new::thread_start::h6cd80a1b4be5158d
[INFO] [stdout]                                at /rustc/df4ca44d3fbc9301ee17f30f4d474e6ae4b05252/library/std/src/sys/pal/unix/thread.rs:105:17
[INFO] [stdout]   44:     0x77894b20aac3 - <unknown>
[INFO] [stdout]   45:     0x77894b29ba04 - clone
[INFO] [stdout]   46:                0x0 - <unknown>
[INFO] [stdout] 
[INFO] [stdout] 
[INFO] [stdout] failures:
[INFO] [stdout]     abi_tester_abi_generated_ok
[INFO] [stdout] 
[INFO] [stdout] test result: FAILED. 0 passed; 1 failed; 0 ignored; 0 measured; 0 filtered out; finished in 0.02s
[INFO] [stdout] 
[INFO] [stderr] error: test failed, to rerun pass `-p abi-tester --test abi_tester_abi_test`
[INFO] running `Command { std: "docker" "inspect" "f120193dc0ea44ea232a84fa66cf20271422137fa61adfa0602779c889508b1f", kill_on_drop: false }`
[INFO] running `Command { std: "docker" "rm" "-f" "f120193dc0ea44ea232a84fa66cf20271422137fa61adfa0602779c889508b1f", kill_on_drop: false }`
[INFO] [stdout] f120193dc0ea44ea232a84fa66cf20271422137fa61adfa0602779c889508b1f
