[INFO] cloning repository https://github.com/S-Hochberg/RustIM
[INFO] running `Command { std: "git" "-c" "credential.helper=" "-c" "credential.helper=/workspace/cargo-home/bin/git-credential-null" "clone" "--bare" "https://github.com/S-Hochberg/RustIM" "/workspace/cache/git-repos/https%3A%2F%2Fgithub.com%2FS-Hochberg%2FRustIM", kill_on_drop: false }`
[INFO] [stderr] Cloning into bare repository '/workspace/cache/git-repos/https%3A%2F%2Fgithub.com%2FS-Hochberg%2FRustIM'...
[INFO] running `Command { std: "git" "rev-parse" "HEAD", kill_on_drop: false }`
[INFO] [stdout] 9e1fc124f99bd24bdc33a3a43c4c8f6606076860
[INFO] testing S-Hochberg/RustIM/9e1fc124f99bd24bdc33a3a43c4c8f6606076860 against nightly-2024-10-28+rustflags=-Zrandomize-layout for randomize-layout
[INFO] running `Command { std: "git" "clone" "/workspace/cache/git-repos/https%3A%2F%2Fgithub.com%2FS-Hochberg%2FRustIM" "/workspace/builds/worker-1-tc2/source", kill_on_drop: false }`
[INFO] [stderr] Cloning into '/workspace/builds/worker-1-tc2/source'...
[INFO] [stderr] done.
[INFO] validating manifest of git repo https://github.com/S-Hochberg/RustIM on toolchain nightly-2024-10-28
[INFO] running `Command { std: CARGO_HOME="/workspace/cargo-home" RUSTUP_HOME="/workspace/rustup-home" "/workspace/cargo-home/bin/cargo" "+nightly-2024-10-28" "metadata" "--manifest-path" "Cargo.toml" "--no-deps", kill_on_drop: false }`
[INFO] started tweaking git repo https://github.com/S-Hochberg/RustIM
[INFO] finished tweaking git repo https://github.com/S-Hochberg/RustIM
[INFO] tweaked toml for git repo https://github.com/S-Hochberg/RustIM written to /workspace/builds/worker-1-tc2/source/Cargo.toml
[INFO] crate git repo https://github.com/S-Hochberg/RustIM already has a lockfile, it will not be regenerated
[INFO] running `Command { std: CARGO_HOME="/workspace/cargo-home" RUSTUP_HOME="/workspace/rustup-home" "/workspace/cargo-home/bin/cargo" "+nightly-2024-10-28" "fetch" "--manifest-path" "Cargo.toml", kill_on_drop: false }`
[INFO] [stderr] warning: virtual workspace defaulting to `resolver = "1"` despite one or more workspace members being on edition 2021 which implies `resolver = "2"`
[INFO] [stderr] note: to keep the current resolver, specify `workspace.resolver = "1"` in the workspace root's manifest
[INFO] [stderr] note: to use the edition 2021 resolver, specify `workspace.resolver = "2"` in the workspace root's manifest
[INFO] [stderr] note: for more details see https://doc.rust-lang.org/cargo/reference/resolver.html#resolver-versions
[INFO] running `Command { std: "docker" "create" "-v" "/var/lib/crater-agent-workspace/builds/worker-1-tc2/target:/opt/rustwide/target:rw,Z" "-v" "/var/lib/crater-agent-workspace/builds/worker-1-tc2/source:/opt/rustwide/workdir:ro,Z" "-v" "/var/lib/crater-agent-workspace/cargo-home:/opt/rustwide/cargo-home:ro,Z" "-v" "/var/lib/crater-agent-workspace/rustup-home:/opt/rustwide/rustup-home:ro,Z" "-e" "SOURCE_DIR=/opt/rustwide/workdir" "-e" "CARGO_TARGET_DIR=/opt/rustwide/target" "-e" "CARGO_HOME=/opt/rustwide/cargo-home" "-e" "RUSTUP_HOME=/opt/rustwide/rustup-home" "-w" "/opt/rustwide/workdir" "-m" "1610612736" "--user" "0:0" "--network" "none" "ghcr.io/rust-lang/crates-build-env/linux@sha256:4a844ea9eb2546a2d2c7022eacef16ef2e8229c7fbb2c7d4d55a9ceca922f72d" "/opt/rustwide/cargo-home/bin/cargo" "+nightly-2024-10-28" "metadata" "--no-deps" "--format-version=1", kill_on_drop: false }`
[INFO] [stdout] beefc5938a310b8010e4909493057320d6df1e28012f6746dd8f1db03e1f4bbc
[INFO] running `Command { std: "docker" "start" "-a" "beefc5938a310b8010e4909493057320d6df1e28012f6746dd8f1db03e1f4bbc", kill_on_drop: false }`
[INFO] running `Command { std: "docker" "inspect" "beefc5938a310b8010e4909493057320d6df1e28012f6746dd8f1db03e1f4bbc", kill_on_drop: false }`
[INFO] running `Command { std: "docker" "rm" "-f" "beefc5938a310b8010e4909493057320d6df1e28012f6746dd8f1db03e1f4bbc", kill_on_drop: false }`
[INFO] [stdout] beefc5938a310b8010e4909493057320d6df1e28012f6746dd8f1db03e1f4bbc
[INFO] running `Command { std: "docker" "create" "-v" "/var/lib/crater-agent-workspace/builds/worker-1-tc2/target:/opt/rustwide/target:rw,Z" "-v" "/var/lib/crater-agent-workspace/builds/worker-1-tc2/source:/opt/rustwide/workdir:ro,Z" "-v" "/var/lib/crater-agent-workspace/cargo-home:/opt/rustwide/cargo-home:ro,Z" "-v" "/var/lib/crater-agent-workspace/rustup-home:/opt/rustwide/rustup-home:ro,Z" "-e" "SOURCE_DIR=/opt/rustwide/workdir" "-e" "CARGO_TARGET_DIR=/opt/rustwide/target" "-e" "CARGO_INCREMENTAL=0" "-e" "RUST_BACKTRACE=full" "-e" "RUSTFLAGS=--cap-lints=forbid -Zrandomize-layout" "-e" "RUSTDOCFLAGS=--cap-lints=forbid" "-e" "CARGO_HOME=/opt/rustwide/cargo-home" "-e" "RUSTUP_HOME=/opt/rustwide/rustup-home" "-w" "/opt/rustwide/workdir" "-m" "1610612736" "--user" "0:0" "--network" "none" "ghcr.io/rust-lang/crates-build-env/linux@sha256:4a844ea9eb2546a2d2c7022eacef16ef2e8229c7fbb2c7d4d55a9ceca922f72d" "/opt/rustwide/cargo-home/bin/cargo" "+nightly-2024-10-28" "build" "--frozen" "--message-format=json", kill_on_drop: false }`
[INFO] [stdout] dc0e4b9d7fb89f9347379b589d4014cbd232feb8255e8c3851621c93e5cf6feb
[INFO] running `Command { std: "docker" "start" "-a" "dc0e4b9d7fb89f9347379b589d4014cbd232feb8255e8c3851621c93e5cf6feb", kill_on_drop: false }`
[INFO] [stderr] warning: virtual workspace defaulting to `resolver = "1"` despite one or more workspace members being on edition 2021 which implies `resolver = "2"`
[INFO] [stderr] note: to keep the current resolver, specify `workspace.resolver = "1"` in the workspace root's manifest
[INFO] [stderr] note: to use the edition 2021 resolver, specify `workspace.resolver = "2"` in the workspace root's manifest
[INFO] [stderr] note: for more details see https://doc.rust-lang.org/cargo/reference/resolver.html#resolver-versions
[INFO] [stderr]    Compiling proc-macro2 v1.0.86
[INFO] [stderr]    Compiling unicode-ident v1.0.13
[INFO] [stderr]    Compiling libc v0.2.158
[INFO] [stderr]    Compiling autocfg v1.3.0
[INFO] [stderr]    Compiling version_check v0.9.5
[INFO] [stderr]    Compiling once_cell v1.20.0
[INFO] [stderr]    Compiling memchr v2.7.4
[INFO] [stderr]    Compiling pin-project-lite v0.2.14
[INFO] [stderr]    Compiling itoa v1.0.11
[INFO] [stderr]    Compiling smallvec v1.13.2
[INFO] [stderr]    Compiling serde v1.0.210
[INFO] [stderr]    Compiling futures-core v0.3.30
[INFO] [stderr]    Compiling bytes v1.7.1
[INFO] [stderr]    Compiling typenum v1.17.0
[INFO] [stderr]    Compiling parking_lot_core v0.9.10
[INFO] [stderr]    Compiling futures-sink v0.3.30
[INFO] [stderr]    Compiling scopeguard v1.2.0
[INFO] [stderr]    Compiling byteorder v1.5.0
[INFO] [stderr]    Compiling shlex v1.3.0
[INFO] [stderr]    Compiling futures-task v0.3.30
[INFO] [stderr]    Compiling futures-io v0.3.30
[INFO] [stderr]    Compiling log v0.4.22
[INFO] [stderr]    Compiling tracing-core v0.1.32
[INFO] [stderr]    Compiling cc v1.1.18
[INFO] [stderr]    Compiling subtle v2.6.1
[INFO] [stderr]    Compiling ryu v1.0.18
[INFO] [stderr]    Compiling serde_json v1.0.128
[INFO] [stderr]    Compiling tinyvec_macros v0.1.1
[INFO] [stderr]    Compiling spin v0.9.8
[INFO] [stderr]    Compiling tinyvec v1.8.0
[INFO] [stderr]    Compiling untrusted v0.9.0
[INFO] [stderr]    Compiling generic-array v0.14.7
[INFO] [stderr]    Compiling slab v0.4.9
[INFO] [stderr]    Compiling lock_api v0.4.12
[INFO] [stderr]    Compiling ahash v0.8.11
[INFO] [stderr]    Compiling num-traits v0.2.19
[INFO] [stderr]    Compiling percent-encoding v2.3.1
[INFO] [stderr]    Compiling futures-channel v0.3.30
[INFO] [stderr]    Compiling unicode-bidi v0.3.15
[INFO] [stderr]    Compiling form_urlencoded v1.2.1
[INFO] [stderr]    Compiling rustversion v1.0.17
[INFO] [stderr]    Compiling crossbeam-utils v0.8.20
[INFO] [stderr]    Compiling allocator-api2 v0.2.18
[INFO] [stderr]    Compiling http v1.1.0
[INFO] [stderr]    Compiling futures-util v0.3.30
[INFO] [stderr]    Compiling bitflags v2.6.0
[INFO] [stderr]    Compiling quote v1.0.37
[INFO] [stderr]    Compiling minimal-lexical v0.2.1
[INFO] [stderr]    Compiling thiserror v1.0.63
[INFO] [stderr]    Compiling rustls v0.21.12
[INFO] [stderr]    Compiling paste v1.0.15
[INFO] [stderr]    Compiling syn v2.0.77
[INFO] [stderr]    Compiling nom v7.1.3
[INFO] [stderr]    Compiling equivalent v1.0.1
[INFO] [stderr]    Compiling rustix v0.38.37
[INFO] [stderr]    Compiling base64 v0.21.7
[INFO] [stderr]    Compiling unicode-normalization v0.1.23
[INFO] [stderr]    Compiling unicode-segmentation v1.12.0
[INFO] [stderr]    Compiling unicode_categories v0.1.1
[INFO] [stderr]    Compiling cpufeatures v0.2.14
[INFO] [stderr]    Compiling crc-catalog v2.4.0
[INFO] [stderr]    Compiling rustls-pemfile v1.0.4
[INFO] [stderr]    Compiling crc v3.2.1
[INFO] [stderr]    Compiling http-body v1.0.1
[INFO] [stderr]    Compiling crossbeam-queue v0.3.11
[INFO] [stderr]    Compiling atoi v2.0.0
[INFO] [stderr]    Compiling idna v0.5.0
[INFO] [stderr]    Compiling heck v0.4.1
[INFO] [stderr]    Compiling hex v0.4.3
[INFO] [stderr]    Compiling event-listener v2.5.3
[INFO] [stderr]    Compiling linux-raw-sys v0.4.14
[INFO] [stderr]    Compiling getrandom v0.2.15
[INFO] [stderr]    Compiling mio v1.0.2
[INFO] [stderr]    Compiling signal-hook-registry v1.4.2
[INFO] [stderr]    Compiling socket2 v0.5.7
[INFO] [stderr]    Compiling ring v0.17.8
[INFO] [stderr]    Compiling block-buffer v0.10.4
[INFO] [stderr]    Compiling crypto-common v0.1.6
[INFO] [stderr]    Compiling rand_core v0.6.4
[INFO] [stderr]    Compiling parking_lot v0.12.3
[INFO] [stderr]    Compiling digest v0.10.7
[INFO] [stderr]    Compiling webpki-roots v0.25.4
[INFO] [stderr]    Compiling url v2.5.2
[INFO] [stderr]    Compiling unicode-properties v0.1.2
[INFO] [stderr]    Compiling httparse v1.9.4
[INFO] [stderr]    Compiling syn v1.0.109
[INFO] [stderr]    Compiling futures-intrusive v0.5.0
[INFO] [stderr]    Compiling sha2 v0.10.8
[INFO] [stderr]    Compiling hmac v0.12.1
[INFO] [stderr]    Compiling stringprep v0.1.5
[INFO] [stderr]    Compiling hkdf v0.12.4
[INFO] [stderr]    Compiling md-5 v0.10.6
[INFO] [stderr]    Compiling dotenvy v0.15.7
[INFO] [stderr]    Compiling whoami v1.5.2
[INFO] [stderr]    Compiling fastrand v2.1.1
[INFO] [stderr]    Compiling home v0.5.9
[INFO] [stderr]    Compiling regex-syntax v0.6.29
[INFO] [stderr]    Compiling regex-syntax v0.8.5
[INFO] [stderr]    Compiling tower-service v0.3.3
[INFO] [stderr]    Compiling tower-layer v0.3.3
[INFO] [stderr]    Compiling axum-core v0.4.3
[INFO] [stderr]    Compiling lazy_static v1.5.0
[INFO] [stderr]    Compiling httpdate v1.0.3
[INFO] [stderr]    Compiling overload v0.1.1
[INFO] [stderr]    Compiling nu-ansi-term v0.46.0
[INFO] [stderr]    Compiling sharded-slab v0.1.7
[INFO] [stderr]    Compiling sqlformat v0.2.6
[INFO] [stderr]    Compiling axum v0.7.5
[INFO] [stderr]    Compiling tracing-log v0.2.0
[INFO] [stderr]    Compiling thread_local v1.1.8
[INFO] [stderr]    Compiling anyhow v1.0.88
[INFO] [stderr]    Compiling mime v0.3.17
[INFO] [stderr]    Compiling sync_wrapper v0.1.2
[INFO] [stderr]    Compiling sync_wrapper v1.0.1
[INFO] [stderr]    Compiling matchit v0.7.3
[INFO] [stderr]    Compiling iana-time-zone v0.1.61
[INFO] [stderr]    Compiling dotenv v0.15.0
[INFO] [stderr]    Compiling chrono v0.4.38
[INFO] [stderr]    Compiling http-body-util v0.1.2
[INFO] [stderr]    Compiling tempfile v3.12.0
[INFO] [stderr]    Compiling regex-automata v0.4.8
[INFO] [stderr]    Compiling regex-automata v0.1.10
[INFO] [stderr]    Compiling matchers v0.1.0
[INFO] [stderr]    Compiling serde_derive v1.0.210
[INFO] [stderr]    Compiling zerocopy-derive v0.7.35
[INFO] [stderr]    Compiling tracing-attributes v0.1.27
[INFO] [stderr]    Compiling tokio-macros v2.4.0
[INFO] [stderr]    Compiling thiserror-impl v1.0.63
[INFO] [stderr]    Compiling pin-project-internal v1.1.5
[INFO] [stderr]    Compiling async-trait v0.1.82
[INFO] [stderr]    Compiling axum-macros v0.4.1
[INFO] [stderr]    Compiling tracing-test-macro v0.2.5
[INFO] [stderr]    Compiling macros v0.1.0 (/opt/rustwide/workdir/macros)
[INFO] [stderr]    Compiling regex v1.11.0
[INFO] [stderr]    Compiling sct v0.7.1
[INFO] [stderr]    Compiling rustls-webpki v0.101.7
[INFO] [stderr]    Compiling tokio v1.40.0
[INFO] [stderr]    Compiling zerocopy v0.7.35
[INFO] [stderr]    Compiling pin-project v1.1.5
[INFO] [stderr]    Compiling tracing v0.1.40
[INFO] [stderr]    Compiling ppv-lite86 v0.2.20
[INFO] [stderr]    Compiling tower-http v0.5.2
[INFO] [stderr]    Compiling hashbrown v0.14.5
[INFO] [stderr]    Compiling rand_chacha v0.3.1
[INFO] [stderr]    Compiling rand v0.8.5
[INFO] [stderr]    Compiling hashlink v0.8.4
[INFO] [stderr]    Compiling indexmap v2.5.0
[INFO] [stderr]    Compiling tokio-stream v0.1.16
[INFO] [stderr]    Compiling hyper v1.4.1
[INFO] [stderr]    Compiling tower v0.4.13
[INFO] [stderr]    Compiling either v1.13.0
[INFO] [stderr]    Compiling tracing-serde v0.1.3
[INFO] [stderr]    Compiling serde_path_to_error v0.1.16
[INFO] [stderr]    Compiling serde_urlencoded v0.7.1
[INFO] [stderr]    Compiling uuid v1.10.0
[INFO] [stderr]    Compiling hyper-util v0.1.8
[INFO] [stderr]    Compiling sqlx-core v0.7.4
[INFO] [stderr]    Compiling tracing-subscriber v0.3.18
[INFO] [stderr]    Compiling tracing-test v0.2.5
[INFO] [stderr]    Compiling sqlx-postgres v0.7.4
[INFO] [stderr]    Compiling sqlx-macros-core v0.7.4
[INFO] [stderr]    Compiling sqlx-macros v0.7.4
[INFO] [stderr]    Compiling sqlx v0.7.4
[INFO] [stderr]    Compiling rust_im v0.1.0 (/opt/rustwide/workdir/rust_im)
[INFO] [stdout] warning: unused import: `IO`
[INFO] [stdout]  --> rust_im/src/main.rs:4:18
[INFO] [stdout]   |
[INFO] [stdout] 4 | use io::io::{Io, IO};
[INFO] [stdout]   |                  ^^
[INFO] [stdout]   |
[INFO] [stdout]   = note: `#[warn(unused_imports)]` on by default
[INFO] [stdout] 
[INFO] [stdout] 
[INFO] [stdout] warning: unused import: `warn`
[INFO] [stdout]  --> rust_im/src/bootstrap/bootstrap.rs:5:21
[INFO] [stdout]   |
[INFO] [stdout] 5 | use tracing::{info, warn, Level};
[INFO] [stdout]   |                     ^^^^
[INFO] [stdout] 
[INFO] [stdout] 
[INFO] [stdout] warning: unused import: `io::IO`
[INFO] [stdout]  --> rust_im/src/bootstrap/bootstrap.rs:7:24
[INFO] [stdout]   |
[INFO] [stdout] 7 | use crate::{io::{self, io::IO}, test_setups::test_setup::test_setup, CONFIG};
[INFO] [stdout]   |                        ^^^^^^
[INFO] [stdout] 
[INFO] [stdout] 
[INFO] [stdout] warning: unused import: `borrow::Cow`
[INFO] [stdout]  --> rust_im/src/config/config.rs:1:11
[INFO] [stdout]   |
[INFO] [stdout] 1 | use std::{borrow::Cow, env};
[INFO] [stdout]   |           ^^^^^^^^^^^
[INFO] [stdout] 
[INFO] [stdout] 
[INFO] [stdout] warning: unused imports: `env` and `time::SystemTime`
[INFO] [stdout]  --> rust_im/src/test_setups/test_setup.rs:4:15
[INFO] [stdout]   |
[INFO] [stdout] 4 |     use std::{env, time::SystemTime};
[INFO] [stdout]   |               ^^^  ^^^^^^^^^^^^^^^^
[INFO] [stdout]   |
[INFO] [stdout] help: if this is a test module, consider adding a `#[cfg(test)]` to the containing module
[INFO] [stdout]  --> rust_im/src/test_setups/test_setup.rs:3:1
[INFO] [stdout]   |
[INFO] [stdout] 3 | pub mod test_setup{
[INFO] [stdout]   | ^^^^^^^^^^^^^^^^^^
[INFO] [stdout] 
[INFO] [stdout] 
[INFO] [stdout] warning: unused variable: `boostrap_res`
[INFO] [stdout]   --> rust_im/src/test_setups/test_setup.rs:34:8
[INFO] [stdout]    |
[INFO] [stdout] 34 |             let boostrap_res = bootstrap::bootstrap::Bootstrap::deploy(bootstrap::bootstrap::BootstrapMode::Test).await.unwrap();
[INFO] [stdout]    |                 ^^^^^^^^^^^^ help: if this is intentional, prefix it with an underscore: `_boostrap_res`
[INFO] [stdout]    |
[INFO] [stdout]    = note: `#[warn(unused_variables)]` on by default
[INFO] [stdout] 
[INFO] [stdout] 
[INFO] [stdout] warning: variant `Test` is never constructed
[INFO] [stdout]   --> rust_im/src/bootstrap/bootstrap.rs:10:2
[INFO] [stdout]    |
[INFO] [stdout] 8  | pub enum BootstrapMode{
[INFO] [stdout]    |          ------------- variant in this enum
[INFO] [stdout] 9  |     Prod,
[INFO] [stdout] 10 |     Test
[INFO] [stdout]    |     ^^^^
[INFO] [stdout]    |
[INFO] [stdout]    = note: `#[warn(dead_code)]` on by default
[INFO] [stdout] 
[INFO] [stdout] 
[INFO] [stdout] warning: field `db_name` is never read
[INFO] [stdout]   --> rust_im/src/bootstrap/bootstrap.rs:13:6
[INFO] [stdout]    |
[INFO] [stdout] 12 | pub struct PostgresResult{
[INFO] [stdout]    |            -------------- field in this struct
[INFO] [stdout] 13 |     pub db_name: String
[INFO] [stdout]    |         ^^^^^^^
[INFO] [stdout] 
[INFO] [stdout] 
[INFO] [stdout] warning: field `pg_result` is never read
[INFO] [stdout]   --> rust_im/src/bootstrap/bootstrap.rs:16:6
[INFO] [stdout]    |
[INFO] [stdout] 15 | pub struct BootstrapResult{
[INFO] [stdout]    |            --------------- field in this struct
[INFO] [stdout] 16 |     pub pg_result: PostgresResult
[INFO] [stdout]    |         ^^^^^^^^^
[INFO] [stdout] 
[INFO] [stdout] 
[INFO] [stdout] warning: field `state` is never read
[INFO] [stdout]   --> rust_im/src/operations/operation.rs:25:6
[INFO] [stdout]    |
[INFO] [stdout] 20 | pub struct OpError<State = DefaultState>
[INFO] [stdout]    |            ------- field in this struct
[INFO] [stdout] ...
[INFO] [stdout] 25 |     pub state: Option<State>
[INFO] [stdout]    |         ^^^^^
[INFO] [stdout]    |
[INFO] [stdout]    = note: `OpError` has a derived impl for the trait `Debug`, but this is intentionally ignored during dead code analysis
[INFO] [stdout] 
[INFO] [stdout] 
[INFO] [stdout] warning: struct `OpErrorInput` is never constructed
[INFO] [stdout]   --> rust_im/src/operations/operation.rs:34:12
[INFO] [stdout]    |
[INFO] [stdout] 34 | pub struct OpErrorInput<State>{
[INFO] [stdout]    |            ^^^^^^^^^^^^
[INFO] [stdout] 
[INFO] [stdout] 
[INFO] [stdout] warning: associated items `new`, `message_to_status`, and `concat_message` are never used
[INFO] [stdout]   --> rust_im/src/operations/operation.rs:40:9
[INFO] [stdout]    |
[INFO] [stdout] 39 | impl<State: Debug + Display> OpError<State>{
[INFO] [stdout]    | ------------------------------------------- associated items in this implementation
[INFO] [stdout] 40 |     pub fn new(input: OpErrorInput<State>) -> Self{
[INFO] [stdout]    |            ^^^
[INFO] [stdout] ...
[INFO] [stdout] 51 |     pub fn message_to_status(message: &String) -> StatusCode{
[INFO] [stdout]    |            ^^^^^^^^^^^^^^^^^
[INFO] [stdout] ...
[INFO] [stdout] 57 |     pub fn concat_message(&mut self, message: String) -> &Self{
[INFO] [stdout]    |            ^^^^^^^^^^^^^^
[INFO] [stdout] 
[INFO] [stdout] 
[INFO] [stdout] warning: methods `validate` and `authorize` are never used
[INFO] [stdout]   --> rust_im/src/operations/operation.rs:75:11
[INFO] [stdout]    |
[INFO] [stdout] 69 | pub trait Operation<Res: Serialize, State = DefaultState>
[INFO] [stdout]    |           --------- methods in this trait
[INFO] [stdout] ...
[INFO] [stdout] 75 |     async fn validate(&mut self) -> (){}
[INFO] [stdout]    |              ^^^^^^^^
[INFO] [stdout] 76 |     async fn authorize(&mut self) -> (){}
[INFO] [stdout]    |              ^^^^^^^^^
[INFO] [stdout] 
[INFO] [stdout] 
[INFO] [stdout] warning: static `test_setup_done` is never used
[INFO] [stdout]  --> rust_im/src/test_setups/test_setup.rs:9:13
[INFO] [stdout]   |
[INFO] [stdout] 9 |     pub static test_setup_done: OnceCell<()> = OnceCell::const_new();
[INFO] [stdout]   |                ^^^^^^^^^^^^^^^
[INFO] [stdout] 
[INFO] [stdout] 
[INFO] [stdout] warning: struct `TestContext` is never constructed
[INFO] [stdout]   --> rust_im/src/test_setups/test_setup.rs:10:13
[INFO] [stdout]    |
[INFO] [stdout] 10 |     pub struct TestContext{
[INFO] [stdout]    |                ^^^^^^^^^^^
[INFO] [stdout] 
[INFO] [stdout] 
[INFO] [stdout] warning: function `teardown_test_dbs` is never used
[INFO] [stdout]   --> rust_im/src/test_setups/test_setup.rs:19:11
[INFO] [stdout]    |
[INFO] [stdout] 19 |     async fn teardown_test_dbs() -> (){
[INFO] [stdout]    |              ^^^^^^^^^^^^^^^^^
[INFO] [stdout] 
[INFO] [stdout] 
[INFO] [stdout] warning: function `setup` is never used
[INFO] [stdout]   --> rust_im/src/test_setups/test_setup.rs:31:15
[INFO] [stdout]    |
[INFO] [stdout] 31 |     pub async fn setup() -> TestContext{
[INFO] [stdout]    |                  ^^^^^
[INFO] [stdout] 
[INFO] [stdout] 
[INFO] [stdout] warning: static variable `test_setup_done` should have an upper case name
[INFO] [stdout]  --> rust_im/src/test_setups/test_setup.rs:9:13
[INFO] [stdout]   |
[INFO] [stdout] 9 |     pub static test_setup_done: OnceCell<()> = OnceCell::const_new();
[INFO] [stdout]   |                ^^^^^^^^^^^^^^^ help: convert the identifier to upper case: `TEST_SETUP_DONE`
[INFO] [stdout]   |
[INFO] [stdout]   = note: `#[warn(non_upper_case_globals)]` on by default
[INFO] [stdout] 
[INFO] [stdout] 
[INFO] [stderr]     Finished `dev` profile [unoptimized + debuginfo] target(s) in 19.80s
[INFO] running `Command { std: "docker" "inspect" "dc0e4b9d7fb89f9347379b589d4014cbd232feb8255e8c3851621c93e5cf6feb", kill_on_drop: false }`
[INFO] running `Command { std: "docker" "rm" "-f" "dc0e4b9d7fb89f9347379b589d4014cbd232feb8255e8c3851621c93e5cf6feb", kill_on_drop: false }`
[INFO] [stdout] dc0e4b9d7fb89f9347379b589d4014cbd232feb8255e8c3851621c93e5cf6feb
[INFO] running `Command { std: "docker" "create" "-v" "/var/lib/crater-agent-workspace/builds/worker-1-tc2/target:/opt/rustwide/target:rw,Z" "-v" "/var/lib/crater-agent-workspace/builds/worker-1-tc2/source:/opt/rustwide/workdir:ro,Z" "-v" "/var/lib/crater-agent-workspace/cargo-home:/opt/rustwide/cargo-home:ro,Z" "-v" "/var/lib/crater-agent-workspace/rustup-home:/opt/rustwide/rustup-home:ro,Z" "-e" "SOURCE_DIR=/opt/rustwide/workdir" "-e" "CARGO_TARGET_DIR=/opt/rustwide/target" "-e" "CARGO_INCREMENTAL=0" "-e" "RUST_BACKTRACE=full" "-e" "RUSTFLAGS=--cap-lints=forbid -Zrandomize-layout" "-e" "RUSTDOCFLAGS=--cap-lints=forbid" "-e" "CARGO_HOME=/opt/rustwide/cargo-home" "-e" "RUSTUP_HOME=/opt/rustwide/rustup-home" "-w" "/opt/rustwide/workdir" "-m" "1610612736" "--user" "0:0" "--network" "none" "ghcr.io/rust-lang/crates-build-env/linux@sha256:4a844ea9eb2546a2d2c7022eacef16ef2e8229c7fbb2c7d4d55a9ceca922f72d" "/opt/rustwide/cargo-home/bin/cargo" "+nightly-2024-10-28" "test" "--frozen" "--no-run" "--message-format=json", kill_on_drop: false }`
[INFO] [stdout] 07758b3335a02411e07ee96695520b351681cdb258293ac4b84705c74ca7f267
[INFO] running `Command { std: "docker" "start" "-a" "07758b3335a02411e07ee96695520b351681cdb258293ac4b84705c74ca7f267", kill_on_drop: false }`
[INFO] [stderr] warning: virtual workspace defaulting to `resolver = "1"` despite one or more workspace members being on edition 2021 which implies `resolver = "2"`
[INFO] [stderr] note: to keep the current resolver, specify `workspace.resolver = "1"` in the workspace root's manifest
[INFO] [stderr] note: to use the edition 2021 resolver, specify `workspace.resolver = "2"` in the workspace root's manifest
[INFO] [stderr] note: for more details see https://doc.rust-lang.org/cargo/reference/resolver.html#resolver-versions
[INFO] [stderr]    Compiling macros v0.1.0 (/opt/rustwide/workdir/macros)
[INFO] [stderr]    Compiling rust_im v0.1.0 (/opt/rustwide/workdir/rust_im)
[INFO] [stdout] warning: unused import: `IO`
[INFO] [stdout]  --> rust_im/src/main.rs:4:18
[INFO] [stdout]   |
[INFO] [stdout] 4 | use io::io::{Io, IO};
[INFO] [stdout]   |                  ^^
[INFO] [stdout]   |
[INFO] [stdout]   = note: `#[warn(unused_imports)]` on by default
[INFO] [stdout] 
[INFO] [stdout] 
[INFO] [stdout] warning: unused import: `warn`
[INFO] [stdout]  --> rust_im/src/bootstrap/bootstrap.rs:5:21
[INFO] [stdout]   |
[INFO] [stdout] 5 | use tracing::{info, warn, Level};
[INFO] [stdout]   |                     ^^^^
[INFO] [stdout] 
[INFO] [stdout] 
[INFO] [stdout] warning: unused import: `io::IO`
[INFO] [stdout]  --> rust_im/src/bootstrap/bootstrap.rs:7:24
[INFO] [stdout]   |
[INFO] [stdout] 7 | use crate::{io::{self, io::IO}, test_setups::test_setup::test_setup, CONFIG};
[INFO] [stdout]   |                        ^^^^^^
[INFO] [stdout] 
[INFO] [stdout] 
[INFO] [stdout] warning: unused imports: `DBDrivers` and `users_repo::users_repo::UsersRepo`
[INFO] [stdout]   --> rust_im/src/operations/users/create_user_operation.rs:35:164
[INFO] [stdout]    |
[INFO] [stdout] 35 | ...user_operation::CreateUserOperation}, repo::{users_repo::users_repo::UsersRepo, DBDrivers}, test_setups::test_setup};
[INFO] [stdout]    |                                                 ^^^^^^^^^^^^^^^^^^^^^^^^^^^^^^^^^  ^^^^^^^^^
[INFO] [stdout] 
[INFO] [stdout] 
[INFO] [stdout] warning: unused import: `chrono::Utc`
[INFO] [stdout]   --> rust_im/src/operations/users/create_user_operation.rs:37:6
[INFO] [stdout]    |
[INFO] [stdout] 37 |     use chrono::Utc;
[INFO] [stdout]    |         ^^^^^^^^^^^
[INFO] [stdout] 
[INFO] [stdout] 
[INFO] [stdout] warning: unused import: `lazy_static::lazy_static`
[INFO] [stdout]   --> rust_im/src/operations/users/create_user_operation.rs:38:6
[INFO] [stdout]    |
[INFO] [stdout] 38 |     use lazy_static::lazy_static;
[INFO] [stdout]    |         ^^^^^^^^^^^^^^^^^^^^^^^^
[INFO] [stdout] 
[INFO] [stdout] 
[INFO] [stdout] warning: unused import: `borrow::Cow`
[INFO] [stdout]  --> rust_im/src/config/config.rs:1:11
[INFO] [stdout]   |
[INFO] [stdout] 1 | use std::{borrow::Cow, env};
[INFO] [stdout]   |           ^^^^^^^^^^^
[INFO] [stdout] 
[INFO] [stdout] 
[INFO] [stdout] warning: unused imports: `env` and `time::SystemTime`
[INFO] [stdout]  --> rust_im/src/test_setups/test_setup.rs:4:15
[INFO] [stdout]   |
[INFO] [stdout] 4 |     use std::{env, time::SystemTime};
[INFO] [stdout]   |               ^^^  ^^^^^^^^^^^^^^^^
[INFO] [stdout] 
[INFO] [stdout] 
[INFO] [stdout] warning: unused variable: `boostrap_res`
[INFO] [stdout]   --> rust_im/src/test_setups/test_setup.rs:34:8
[INFO] [stdout]    |
[INFO] [stdout] 34 |             let boostrap_res = bootstrap::bootstrap::Bootstrap::deploy(bootstrap::bootstrap::BootstrapMode::Test).await.unwrap();
[INFO] [stdout]    |                 ^^^^^^^^^^^^ help: if this is intentional, prefix it with an underscore: `_boostrap_res`
[INFO] [stdout]    |
[INFO] [stdout]    = note: `#[warn(unused_variables)]` on by default
[INFO] [stdout] 
[INFO] [stdout] 
[INFO] [stdout] warning: unused variable: `ctx`
[INFO] [stdout]   --> rust_im/src/operations/users/create_user_operation.rs:62:7
[INFO] [stdout]    |
[INFO] [stdout] 62 |         let ctx = test_setup::test_setup::setup().await;
[INFO] [stdout]    |             ^^^ help: if this is intentional, prefix it with an underscore: `_ctx`
[INFO] [stdout] 
[INFO] [stdout] 
[INFO] [stdout] warning: field `db_name` is never read
[INFO] [stdout]   --> rust_im/src/bootstrap/bootstrap.rs:13:6
[INFO] [stdout]    |
[INFO] [stdout] 12 | pub struct PostgresResult{
[INFO] [stdout]    |            -------------- field in this struct
[INFO] [stdout] 13 |     pub db_name: String
[INFO] [stdout]    |         ^^^^^^^
[INFO] [stdout]    |
[INFO] [stdout]    = note: `#[warn(dead_code)]` on by default
[INFO] [stdout] 
[INFO] [stdout] 
[INFO] [stdout] warning: field `pg_result` is never read
[INFO] [stdout]   --> rust_im/src/bootstrap/bootstrap.rs:16:6
[INFO] [stdout]    |
[INFO] [stdout] 15 | pub struct BootstrapResult{
[INFO] [stdout]    |            --------------- field in this struct
[INFO] [stdout] 16 |     pub pg_result: PostgresResult
[INFO] [stdout]    |         ^^^^^^^^^
[INFO] [stdout] 
[INFO] [stdout] 
[INFO] [stdout] warning: struct `OpErrorInput` is never constructed
[INFO] [stdout]   --> rust_im/src/operations/operation.rs:34:12
[INFO] [stdout]    |
[INFO] [stdout] 34 | pub struct OpErrorInput<State>{
[INFO] [stdout]    |            ^^^^^^^^^^^^
[INFO] [stdout] 
[INFO] [stdout] 
[INFO] [stdout] warning: associated items `new`, `message_to_status`, and `concat_message` are never used
[INFO] [stdout]   --> rust_im/src/operations/operation.rs:40:9
[INFO] [stdout]    |
[INFO] [stdout] 39 | impl<State: Debug + Display> OpError<State>{
[INFO] [stdout]    | ------------------------------------------- associated items in this implementation
[INFO] [stdout] 40 |     pub fn new(input: OpErrorInput<State>) -> Self{
[INFO] [stdout]    |            ^^^
[INFO] [stdout] ...
[INFO] [stdout] 51 |     pub fn message_to_status(message: &String) -> StatusCode{
[INFO] [stdout]    |            ^^^^^^^^^^^^^^^^^
[INFO] [stdout] ...
[INFO] [stdout] 57 |     pub fn concat_message(&mut self, message: String) -> &Self{
[INFO] [stdout]    |            ^^^^^^^^^^^^^^
[INFO] [stdout] 
[INFO] [stdout] 
[INFO] [stdout] warning: methods `validate` and `authorize` are never used
[INFO] [stdout]   --> rust_im/src/operations/operation.rs:75:11
[INFO] [stdout]    |
[INFO] [stdout] 69 | pub trait Operation<Res: Serialize, State = DefaultState>
[INFO] [stdout]    |           --------- methods in this trait
[INFO] [stdout] ...
[INFO] [stdout] 75 |     async fn validate(&mut self) -> (){}
[INFO] [stdout]    |              ^^^^^^^^
[INFO] [stdout] 76 |     async fn authorize(&mut self) -> (){}
[INFO] [stdout]    |              ^^^^^^^^^
[INFO] [stdout] 
[INFO] [stdout] 
[INFO] [stdout] warning: field `users_repo` is never read
[INFO] [stdout]   --> rust_im/src/test_setups/test_setup.rs:11:3
[INFO] [stdout]    |
[INFO] [stdout] 10 |     pub struct TestContext{
[INFO] [stdout]    |                ----------- field in this struct
[INFO] [stdout] 11 |         users_repo: UsersRepo
[INFO] [stdout]    |         ^^^^^^^^^^
[INFO] [stdout] 
[INFO] [stdout] 
[INFO] [stdout] warning: static variable `test_setup_done` should have an upper case name
[INFO] [stdout]  --> rust_im/src/test_setups/test_setup.rs:9:13
[INFO] [stdout]   |
[INFO] [stdout] 9 |     pub static test_setup_done: OnceCell<()> = OnceCell::const_new();
[INFO] [stdout]   |                ^^^^^^^^^^^^^^^ help: convert the identifier to upper case: `TEST_SETUP_DONE`
[INFO] [stdout]   |
[INFO] [stdout]   = note: `#[warn(non_upper_case_globals)]` on by default
[INFO] [stdout] 
[INFO] [stdout] 
[INFO] [stderr]     Finished `test` profile [unoptimized + debuginfo] target(s) in 1.36s
[INFO] running `Command { std: "docker" "inspect" "07758b3335a02411e07ee96695520b351681cdb258293ac4b84705c74ca7f267", kill_on_drop: false }`
[INFO] running `Command { std: "docker" "rm" "-f" "07758b3335a02411e07ee96695520b351681cdb258293ac4b84705c74ca7f267", kill_on_drop: false }`
[INFO] [stdout] 07758b3335a02411e07ee96695520b351681cdb258293ac4b84705c74ca7f267
[INFO] running `Command { std: "docker" "create" "-v" "/var/lib/crater-agent-workspace/builds/worker-1-tc2/target:/opt/rustwide/target:rw,Z" "-v" "/var/lib/crater-agent-workspace/builds/worker-1-tc2/source:/opt/rustwide/workdir:ro,Z" "-v" "/var/lib/crater-agent-workspace/cargo-home:/opt/rustwide/cargo-home:ro,Z" "-v" "/var/lib/crater-agent-workspace/rustup-home:/opt/rustwide/rustup-home:ro,Z" "-e" "SOURCE_DIR=/opt/rustwide/workdir" "-e" "CARGO_TARGET_DIR=/opt/rustwide/target" "-e" "CARGO_INCREMENTAL=0" "-e" "RUST_BACKTRACE=full" "-e" "RUSTFLAGS=--cap-lints=forbid -Zrandomize-layout" "-e" "RUSTDOCFLAGS=--cap-lints=forbid" "-e" "CARGO_HOME=/opt/rustwide/cargo-home" "-e" "RUSTUP_HOME=/opt/rustwide/rustup-home" "-w" "/opt/rustwide/workdir" "-m" "1610612736" "--user" "0:0" "--network" "none" "ghcr.io/rust-lang/crates-build-env/linux@sha256:4a844ea9eb2546a2d2c7022eacef16ef2e8229c7fbb2c7d4d55a9ceca922f72d" "/opt/rustwide/cargo-home/bin/cargo" "+nightly-2024-10-28" "test" "--frozen", kill_on_drop: false }`
[INFO] [stdout] 5fae33445831616dcf82b7cae9d5e031b8eec14152e4c73415400b5331415aec
[INFO] running `Command { std: "docker" "start" "-a" "5fae33445831616dcf82b7cae9d5e031b8eec14152e4c73415400b5331415aec", kill_on_drop: false }`
[INFO] [stderr] warning: virtual workspace defaulting to `resolver = "1"` despite one or more workspace members being on edition 2021 which implies `resolver = "2"`
[INFO] [stderr] note: to keep the current resolver, specify `workspace.resolver = "1"` in the workspace root's manifest
[INFO] [stderr] note: to use the edition 2021 resolver, specify `workspace.resolver = "2"` in the workspace root's manifest
[INFO] [stderr] note: for more details see https://doc.rust-lang.org/cargo/reference/resolver.html#resolver-versions
[INFO] [stderr] warning: unused import: `IO`
[INFO] [stderr]  --> rust_im/src/main.rs:4:18
[INFO] [stderr]   |
[INFO] [stderr] 4 | use io::io::{Io, IO};
[INFO] [stderr]   |                  ^^
[INFO] [stderr]   |
[INFO] [stderr]   = note: `#[warn(unused_imports)]` on by default
[INFO] [stderr] 
[INFO] [stderr] warning: unused import: `warn`
[INFO] [stderr]  --> rust_im/src/bootstrap/bootstrap.rs:5:21
[INFO] [stderr]   |
[INFO] [stderr] 5 | use tracing::{info, warn, Level};
[INFO] [stderr]   |                     ^^^^
[INFO] [stderr] 
[INFO] [stderr] warning: unused import: `io::IO`
[INFO] [stderr]  --> rust_im/src/bootstrap/bootstrap.rs:7:24
[INFO] [stderr]   |
[INFO] [stderr] 7 | use crate::{io::{self, io::IO}, test_setups::test_setup::test_setup, CONFIG};
[INFO] [stderr]   |                        ^^^^^^
[INFO] [stderr] 
[INFO] [stderr] warning: unused imports: `DBDrivers` and `users_repo::users_repo::UsersRepo`
[INFO] [stderr]   --> rust_im/src/operations/users/create_user_operation.rs:35:164
[INFO] [stderr]    |
[INFO] [stderr] 35 | ...user_operation::CreateUserOperation}, repo::{users_repo::users_repo::UsersRepo, DBDrivers}, test_setups::test_setup};
[INFO] [stderr]    |                                                 ^^^^^^^^^^^^^^^^^^^^^^^^^^^^^^^^^  ^^^^^^^^^
[INFO] [stderr] 
[INFO] [stderr] warning: unused import: `chrono::Utc`
[INFO] [stderr]   --> rust_im/src/operations/users/create_user_operation.rs:37:6
[INFO] [stderr]    |
[INFO] [stderr] 37 |     use chrono::Utc;
[INFO] [stderr]    |         ^^^^^^^^^^^
[INFO] [stderr] 
[INFO] [stderr] warning: unused import: `lazy_static::lazy_static`
[INFO] [stderr]   --> rust_im/src/operations/users/create_user_operation.rs:38:6
[INFO] [stderr]    |
[INFO] [stderr] 38 |     use lazy_static::lazy_static;
[INFO] [stderr]    |         ^^^^^^^^^^^^^^^^^^^^^^^^
[INFO] [stderr] 
[INFO] [stderr] warning: unused import: `borrow::Cow`
[INFO] [stderr]  --> rust_im/src/config/config.rs:1:11
[INFO] [stderr]   |
[INFO] [stderr] 1 | use std::{borrow::Cow, env};
[INFO] [stderr]   |           ^^^^^^^^^^^
[INFO] [stderr] 
[INFO] [stderr] warning: unused imports: `env` and `time::SystemTime`
[INFO] [stderr]  --> rust_im/src/test_setups/test_setup.rs:4:15
[INFO] [stderr]   |
[INFO] [stderr] 4 |     use std::{env, time::SystemTime};
[INFO] [stderr]   |               ^^^  ^^^^^^^^^^^^^^^^
[INFO] [stderr] 
[INFO] [stderr] warning: unused variable: `boostrap_res`
[INFO] [stderr]   --> rust_im/src/test_setups/test_setup.rs:34:8
[INFO] [stderr]    |
[INFO] [stderr] 34 |             let boostrap_res = bootstrap::bootstrap::Bootstrap::deploy(bootstrap::bootstrap::BootstrapMode::Test).await.unwrap();
[INFO] [stderr]    |                 ^^^^^^^^^^^^ help: if this is intentional, prefix it with an underscore: `_boostrap_res`
[INFO] [stderr]    |
[INFO] [stderr]    = note: `#[warn(unused_variables)]` on by default
[INFO] [stderr] 
[INFO] [stderr] warning: unused variable: `ctx`
[INFO] [stderr]   --> rust_im/src/operations/users/create_user_operation.rs:62:7
[INFO] [stderr]    |
[INFO] [stderr] 62 |         let ctx = test_setup::test_setup::setup().await;
[INFO] [stderr]    |             ^^^ help: if this is intentional, prefix it with an underscore: `_ctx`
[INFO] [stderr] 
[INFO] [stderr] warning: field `db_name` is never read
[INFO] [stderr]   --> rust_im/src/bootstrap/bootstrap.rs:13:6
[INFO] [stderr]    |
[INFO] [stderr] 12 | pub struct PostgresResult{
[INFO] [stderr]    |            -------------- field in this struct
[INFO] [stderr] 13 |     pub db_name: String
[INFO] [stderr]    |         ^^^^^^^
[INFO] [stderr]    |
[INFO] [stderr]    = note: `#[warn(dead_code)]` on by default
[INFO] [stderr] 
[INFO] [stderr] warning: field `pg_result` is never read
[INFO] [stderr]   --> rust_im/src/bootstrap/bootstrap.rs:16:6
[INFO] [stderr]    |
[INFO] [stderr] 15 | pub struct BootstrapResult{
[INFO] [stderr]    |            --------------- field in this struct
[INFO] [stderr] 16 |     pub pg_result: PostgresResult
[INFO] [stderr]    |         ^^^^^^^^^
[INFO] [stderr] 
[INFO] [stderr] warning: struct `OpErrorInput` is never constructed
[INFO] [stderr]   --> rust_im/src/operations/operation.rs:34:12
[INFO] [stderr]    |
[INFO] [stderr] 34 | pub struct OpErrorInput<State>{
[INFO] [stderr]    |            ^^^^^^^^^^^^
[INFO] [stderr] 
[INFO] [stderr] warning: associated items `new`, `message_to_status`, and `concat_message` are never used
[INFO] [stderr]   --> rust_im/src/operations/operation.rs:40:9
[INFO] [stderr]    |
[INFO] [stderr] 39 | impl<State: Debug + Display> OpError<State>{
[INFO] [stderr]    | ------------------------------------------- associated items in this implementation
[INFO] [stderr] 40 |     pub fn new(input: OpErrorInput<State>) -> Self{
[INFO] [stderr]    |            ^^^
[INFO] [stderr] ...
[INFO] [stderr] 51 |     pub fn message_to_status(message: &String) -> StatusCode{
[INFO] [stderr]    |            ^^^^^^^^^^^^^^^^^
[INFO] [stderr] ...
[INFO] [stderr] 57 |     pub fn concat_message(&mut self, message: String) -> &Self{
[INFO] [stderr]    |            ^^^^^^^^^^^^^^
[INFO] [stderr] 
[INFO] [stderr] warning: methods `validate` and `authorize` are never used
[INFO] [stderr]   --> rust_im/src/operations/operation.rs:75:11
[INFO] [stderr]    |
[INFO] [stderr] 69 | pub trait Operation<Res: Serialize, State = DefaultState>
[INFO] [stderr]    |           --------- methods in this trait
[INFO] [stderr] ...
[INFO] [stderr] 75 |     async fn validate(&mut self) -> (){}
[INFO] [stderr]    |              ^^^^^^^^
[INFO] [stderr] 76 |     async fn authorize(&mut self) -> (){}
[INFO] [stderr]    |              ^^^^^^^^^
[INFO] [stderr] 
[INFO] [stderr] warning: field `users_repo` is never read
[INFO] [stderr]   --> rust_im/src/test_setups/test_setup.rs:11:3
[INFO] [stderr]    |
[INFO] [stderr] 10 |     pub struct TestContext{
[INFO] [stderr]    |                ----------- field in this struct
[INFO] [stderr] 11 |         users_repo: UsersRepo
[INFO] [stderr]    |         ^^^^^^^^^^
[INFO] [stderr] 
[INFO] [stderr] warning: static variable `test_setup_done` should have an upper case name
[INFO] [stderr]  --> rust_im/src/test_setups/test_setup.rs:9:13
[INFO] [stderr]   |
[INFO] [stderr] 9 |     pub static test_setup_done: OnceCell<()> = OnceCell::const_new();
[INFO] [stderr]   |                ^^^^^^^^^^^^^^^ help: convert the identifier to upper case: `TEST_SETUP_DONE`
[INFO] [stderr]   |
[INFO] [stderr]   = note: `#[warn(non_upper_case_globals)]` on by default
[INFO] [stderr] 
[INFO] [stderr] warning: `rust_im` (bin "rust_im" test) generated 17 warnings (run `cargo fix --bin "rust_im" --tests` to apply 8 suggestions)
[INFO] [stderr]     Finished `test` profile [unoptimized + debuginfo] target(s) in 0.14s
[INFO] [stderr]      Running unittests src/lib.rs (/opt/rustwide/target/debug/deps/macros-38bf66b4caaa9569)
[INFO] [stdout] 
[INFO] [stdout] running 0 tests
[INFO] [stdout] 
[INFO] [stdout] test result: ok. 0 passed; 0 failed; 0 ignored; 0 measured; 0 filtered out; finished in 0.00s
[INFO] [stdout] 
[INFO] [stderr]      Running unittests src/main.rs (/opt/rustwide/target/debug/deps/rust_im-66c23ead705d1afe)
[INFO] [stdout] 
[INFO] [stdout] running 2 tests
[INFO] [stdout] test operations::users::create_user_operation::tests::succesfully_create_user ... FAILED
[INFO] [stdout] test operations::users::create_user_operation::tests::create_user_that_already_exists ... FAILED
[INFO] [stdout] 
[INFO] [stdout] failures:
[INFO] [stdout] 
[INFO] [stdout] ---- operations::users::create_user_operation::tests::succesfully_create_user stdout ----
[INFO] [stdout] thread 'operations::users::create_user_operation::tests::succesfully_create_user' panicked at rust_im/src/io/db/postgres/postgres.rs:8:75:
[INFO] [stdout] Failed initializing admin postgres connection: Io(Os { code: 99, kind: AddrNotAvailable, message: "Cannot assign requested address" })
[INFO] [stdout] stack backtrace:
[INFO] [stdout]    0:     0x5bca494a84ea - std::backtrace_rs::backtrace::libunwind::trace::h207520d6e9873551
[INFO] [stdout]                                at /rustc/df4ca44d3fbc9301ee17f30f4d474e6ae4b05252/library/std/src/../../backtrace/src/backtrace/libunwind.rs:116:5
[INFO] [stdout]    1:     0x5bca494a84ea - std::backtrace_rs::backtrace::trace_unsynchronized::h2ed7433f370e3eca
[INFO] [stdout]                                at /rustc/df4ca44d3fbc9301ee17f30f4d474e6ae4b05252/library/std/src/../../backtrace/src/backtrace/mod.rs:66:5
[INFO] [stdout]    2:     0x5bca494a84ea - std::sys::backtrace::_print_fmt::h916fac51166b18d7
[INFO] [stdout]                                at /rustc/df4ca44d3fbc9301ee17f30f4d474e6ae4b05252/library/std/src/sys/backtrace.rs:66:9
[INFO] [stdout]    3:     0x5bca494a84ea - <std::sys::backtrace::BacktraceLock::print::DisplayBacktrace as core::fmt::Display>::fmt::ha0a4c9b8ce3802e6
[INFO] [stdout]                                at /rustc/df4ca44d3fbc9301ee17f30f4d474e6ae4b05252/library/std/src/sys/backtrace.rs:39:26
[INFO] [stdout]    4:     0x5bca494d3e03 - core::fmt::rt::Argument::fmt::h4cfc8587d52b3eb5
[INFO] [stdout]                                at /rustc/df4ca44d3fbc9301ee17f30f4d474e6ae4b05252/library/core/src/fmt/rt.rs:177:76
[INFO] [stdout]    5:     0x5bca494d3e03 - core::fmt::write::h522cc39e5b36ae9f
[INFO] [stdout]                                at /rustc/df4ca44d3fbc9301ee17f30f4d474e6ae4b05252/library/core/src/fmt/mod.rs:1190:21
[INFO] [stdout]    6:     0x5bca494a4253 - std::io::Write::write_fmt::h7d3c26752da97734
[INFO] [stdout]                                at /rustc/df4ca44d3fbc9301ee17f30f4d474e6ae4b05252/library/std/src/io/mod.rs:1839:15
[INFO] [stdout]    7:     0x5bca494a8332 - std::sys::backtrace::BacktraceLock::print::h4b9e00b29e9c0942
[INFO] [stdout]                                at /rustc/df4ca44d3fbc9301ee17f30f4d474e6ae4b05252/library/std/src/sys/backtrace.rs:42:9
[INFO] [stdout]    8:     0x5bca494a997a - std::panicking::default_hook::{{closure}}::hb59b88280d0324d9
[INFO] [stdout]                                at /rustc/df4ca44d3fbc9301ee17f30f4d474e6ae4b05252/library/std/src/panicking.rs:268:22
[INFO] [stdout]    9:     0x5bca494a9784 - std::panicking::default_hook::he1dd496665be4a29
[INFO] [stdout]                                at /rustc/df4ca44d3fbc9301ee17f30f4d474e6ae4b05252/library/std/src/panicking.rs:292:9
[INFO] [stdout]   10:     0x5bca48da9859 - <alloc::boxed::Box<F,A> as core::ops::function::Fn<Args>>::call::h4ff71de18744e1dc
[INFO] [stdout]                                at /rustc/df4ca44d3fbc9301ee17f30f4d474e6ae4b05252/library/alloc/src/boxed.rs:2468:9
[INFO] [stdout]   11:     0x5bca48da9859 - test::test_main::{{closure}}::hcf7c055ce117aa81
[INFO] [stdout]                                at /rustc/df4ca44d3fbc9301ee17f30f4d474e6ae4b05252/library/test/src/lib.rs:133:21
[INFO] [stdout]   12:     0x5bca494aa078 - <alloc::boxed::Box<F,A> as core::ops::function::Fn<Args>>::call::h1d66c6bbd60c9692
[INFO] [stdout]                                at /rustc/df4ca44d3fbc9301ee17f30f4d474e6ae4b05252/library/alloc/src/boxed.rs:2468:9
[INFO] [stdout]   13:     0x5bca494aa078 - std::panicking::rust_panic_with_hook::h2ff17fe8f26dfcf8
[INFO] [stdout]                                at /rustc/df4ca44d3fbc9301ee17f30f4d474e6ae4b05252/library/std/src/panicking.rs:809:13
[INFO] [stdout]   14:     0x5bca494a9e3a - std::panicking::begin_panic_handler::{{closure}}::h4fad77951c07e101
[INFO] [stdout]                                at /rustc/df4ca44d3fbc9301ee17f30f4d474e6ae4b05252/library/std/src/panicking.rs:674:13
[INFO] [stdout]   15:     0x5bca494a89c9 - std::sys::backtrace::__rust_end_short_backtrace::hb1a25b3da5d0ea08
[INFO] [stdout]                                at /rustc/df4ca44d3fbc9301ee17f30f4d474e6ae4b05252/library/std/src/sys/backtrace.rs:170:18
[INFO] [stdout]   16:     0x5bca494a9acc - rust_begin_unwind
[INFO] [stdout]                                at /rustc/df4ca44d3fbc9301ee17f30f4d474e6ae4b05252/library/std/src/panicking.rs:665:5
[INFO] [stdout]   17:     0x5bca494d1a70 - core::panicking::panic_fmt::ha9db07b529f9b256
[INFO] [stdout]                                at /rustc/df4ca44d3fbc9301ee17f30f4d474e6ae4b05252/library/core/src/panicking.rs:75:14
[INFO] [stdout]   18:     0x5bca494d1f56 - core::result::unwrap_failed::h5e8218e4d4338b8a
[INFO] [stdout]                                at /rustc/df4ca44d3fbc9301ee17f30f4d474e6ae4b05252/library/core/src/result.rs:1698:5
[INFO] [stdout]   19:     0x5bca48d4d94a - core::result::Result<T,E>::expect::h483a28a4e09c160c
[INFO] [stdout]                                at /rustc/df4ca44d3fbc9301ee17f30f4d474e6ae4b05252/library/core/src/result.rs:1060:23
[INFO] [stdout]   20:     0x5bca48d69275 - rust_im::io::db::postgres::postgres::PostrgresConnection::admin::{{closure}}::h04ad7c3d4bccf3e2
[INFO] [stdout]                                at /opt/rustwide/workdir/rust_im/src/io/db/postgres/postgres.rs:8:3
[INFO] [stdout]   21:     0x5bca48d69c8d - rust_im::test_setups::test_setup::test_setup::teardown_test_dbs::{{closure}}::h9b5d1d9e7042d4a9
[INFO] [stdout]                                at /opt/rustwide/workdir/rust_im/src/test_setups/test_setup.rs:20:68
[INFO] [stdout]   22:     0x5bca48d6aa80 - rust_im::test_setups::test_setup::test_setup::setup::{{closure}}::{{closure}}::{{closure}}::ha4bfeff552986f23
[INFO] [stdout]                                at /opt/rustwide/workdir/rust_im/src/test_setups/test_setup.rs:33:24
[INFO] [stdout]   23:     0x5bca48d53822 - tokio::sync::once_cell::OnceCell<T>::get_or_init::{{closure}}::h7b20c0b9fc3f6d32
[INFO] [stdout]                                at /opt/rustwide/cargo-home/registry/src/index.crates.io-6f17d22bba15001f/tokio-1.40.0/src/sync/once_cell.rs:368:37
[INFO] [stdout]   24:     0x5bca48d6a7b8 - rust_im::test_setups::test_setup::test_setup::setup::{{closure}}::he333ac635954fb80
[INFO] [stdout]                                at /opt/rustwide/workdir/rust_im/src/test_setups/test_setup.rs:36:6
[INFO] [stdout]   25:     0x5bca48d58459 - rust_im::operations::users::create_user_operation::tests::succesfully_create_user::{{closure}}::hba00d487a6a7164e
[INFO] [stdout]                                at /opt/rustwide/workdir/rust_im/src/operations/users/create_user_operation.rs:62:45
[INFO] [stdout]   26:     0x5bca48d68042 - <core::pin::Pin<P> as core::future::future::Future>::poll::h859a7a1db7490790
[INFO] [stdout]                                at /rustc/df4ca44d3fbc9301ee17f30f4d474e6ae4b05252/library/core/src/future/future.rs:123:9
[INFO] [stdout]   27:     0x5bca48d67f5d - <core::pin::Pin<P> as core::future::future::Future>::poll::h2eae1a53cfcd113d
[INFO] [stdout]                                at /rustc/df4ca44d3fbc9301ee17f30f4d474e6ae4b05252/library/core/src/future/future.rs:123:9
[INFO] [stdout]   28:     0x5bca48d6793f - tokio::runtime::scheduler::current_thread::CoreGuard::block_on::{{closure}}::{{closure}}::{{closure}}::hcc86f5b36c6d6ca2
[INFO] [stdout]                                at /opt/rustwide/cargo-home/registry/src/index.crates.io-6f17d22bba15001f/tokio-1.40.0/src/runtime/scheduler/current_thread/mod.rs:696:57
[INFO] [stdout]   29:     0x5bca48d67845 - tokio::runtime::coop::with_budget::hac25f5d13a7e1b24
[INFO] [stdout]                                at /opt/rustwide/cargo-home/registry/src/index.crates.io-6f17d22bba15001f/tokio-1.40.0/src/runtime/coop.rs:107:5
[INFO] [stdout]   30:     0x5bca48d67845 - tokio::runtime::coop::budget::haa8b45227a664934
[INFO] [stdout]                                at /opt/rustwide/cargo-home/registry/src/index.crates.io-6f17d22bba15001f/tokio-1.40.0/src/runtime/coop.rs:73:5
[INFO] [stdout]   31:     0x5bca48d67845 - tokio::runtime::scheduler::current_thread::CoreGuard::block_on::{{closure}}::{{closure}}::hb1c69161265e2c38
[INFO] [stdout]                                at /opt/rustwide/cargo-home/registry/src/index.crates.io-6f17d22bba15001f/tokio-1.40.0/src/runtime/scheduler/current_thread/mod.rs:696:25
[INFO] [stdout]   32:     0x5bca48d654ac - tokio::runtime::scheduler::current_thread::Context::enter::he845de608bc1e6b0
[INFO] [stdout]                                at /opt/rustwide/cargo-home/registry/src/index.crates.io-6f17d22bba15001f/tokio-1.40.0/src/runtime/scheduler/current_thread/mod.rs:423:19
[INFO] [stdout]   33:     0x5bca48d66efe - tokio::runtime::scheduler::current_thread::CoreGuard::block_on::{{closure}}::heb0c5d1520f39fa8
[INFO] [stdout]                                at /opt/rustwide/cargo-home/registry/src/index.crates.io-6f17d22bba15001f/tokio-1.40.0/src/runtime/scheduler/current_thread/mod.rs:695:36
[INFO] [stdout]   34:     0x5bca48d66344 - tokio::runtime::scheduler::current_thread::CoreGuard::enter::{{closure}}::h8517b0e4d5f88946
[INFO] [stdout]                                at /opt/rustwide/cargo-home/registry/src/index.crates.io-6f17d22bba15001f/tokio-1.40.0/src/runtime/scheduler/current_thread/mod.rs:774:68
[INFO] [stdout]   35:     0x5bca48d63d4b - tokio::runtime::context::scoped::Scoped<T>::set::hfe8e9a1543334fdb
[INFO] [stdout]                                at /opt/rustwide/cargo-home/registry/src/index.crates.io-6f17d22bba15001f/tokio-1.40.0/src/runtime/context/scoped.rs:40:9
[INFO] [stdout]   36:     0x5bca48d4e099 - tokio::runtime::context::set_scheduler::{{closure}}::hbc6016c3c90ae836
[INFO] [stdout]                                at /opt/rustwide/cargo-home/registry/src/index.crates.io-6f17d22bba15001f/tokio-1.40.0/src/runtime/context.rs:180:26
[INFO] [stdout]   37:     0x5bca48d6bead - std::thread::local::LocalKey<T>::try_with::he6621d32274b8b38
[INFO] [stdout]                                at /rustc/df4ca44d3fbc9301ee17f30f4d474e6ae4b05252/library/std/src/thread/local.rs:283:12
[INFO] [stdout]   38:     0x5bca48d6af8a - std::thread::local::LocalKey<T>::with::h7c5b1f159ee7158e
[INFO] [stdout]                                at /rustc/df4ca44d3fbc9301ee17f30f4d474e6ae4b05252/library/std/src/thread/local.rs:260:9
[INFO] [stdout]   39:     0x5bca48d4dfcd - tokio::runtime::context::set_scheduler::hb6ef388d4df04bb6
[INFO] [stdout]                                at /opt/rustwide/cargo-home/registry/src/index.crates.io-6f17d22bba15001f/tokio-1.40.0/src/runtime/context.rs:180:9
[INFO] [stdout]   40:     0x5bca48d65cec - tokio::runtime::scheduler::current_thread::CoreGuard::enter::h3c1b166ce2a30766
[INFO] [stdout]                                at /opt/rustwide/cargo-home/registry/src/index.crates.io-6f17d22bba15001f/tokio-1.40.0/src/runtime/scheduler/current_thread/mod.rs:774:27
[INFO] [stdout]   41:     0x5bca48d663e3 - tokio::runtime::scheduler::current_thread::CoreGuard::block_on::h8dd1a29fc1494dfb
[INFO] [stdout]                                at /opt/rustwide/cargo-home/registry/src/index.crates.io-6f17d22bba15001f/tokio-1.40.0/src/runtime/scheduler/current_thread/mod.rs:683:19
[INFO] [stdout]   42:     0x5bca48d64181 - tokio::runtime::scheduler::current_thread::CurrentThread::block_on::{{closure}}::h232531b6ca73db32
[INFO] [stdout]                                at /opt/rustwide/cargo-home/registry/src/index.crates.io-6f17d22bba15001f/tokio-1.40.0/src/runtime/scheduler/current_thread/mod.rs:191:28
[INFO] [stdout]   43:     0x5bca48d4e8e6 - tokio::runtime::context::runtime::enter_runtime::h831de3028052b7b2
[INFO] [stdout]                                at /opt/rustwide/cargo-home/registry/src/index.crates.io-6f17d22bba15001f/tokio-1.40.0/src/runtime/context/runtime.rs:65:16
[INFO] [stdout]   44:     0x5bca48d63f21 - tokio::runtime::scheduler::current_thread::CurrentThread::block_on::hd555a4e2199f7e29
[INFO] [stdout]                                at /opt/rustwide/cargo-home/registry/src/index.crates.io-6f17d22bba15001f/tokio-1.40.0/src/runtime/scheduler/current_thread/mod.rs:179:9
[INFO] [stdout]   45:     0x5bca48d545ad - tokio::runtime::runtime::Runtime::block_on_inner::h9c13bfab5fd7b802
[INFO] [stdout]                                at /opt/rustwide/cargo-home/registry/src/index.crates.io-6f17d22bba15001f/tokio-1.40.0/src/runtime/runtime.rs:361:47
[INFO] [stdout]   46:     0x5bca48d546c5 - tokio::runtime::runtime::Runtime::block_on::hdf41dcb792b86010
[INFO] [stdout]                                at /opt/rustwide/cargo-home/registry/src/index.crates.io-6f17d22bba15001f/tokio-1.40.0/src/runtime/runtime.rs:335:13
[INFO] [stdout]   47:     0x5bca48d57fa2 - rust_im::operations::users::create_user_operation::tests::succesfully_create_user::h7d3f6db8b521a4b4
[INFO] [stdout]                                at /opt/rustwide/workdir/rust_im/src/operations/users/create_user_operation.rs:66:3
[INFO] [stdout]   48:     0x5bca48d576a7 - rust_im::operations::users::create_user_operation::tests::succesfully_create_user::{{closure}}::hc7fc0af5e7218b3a
[INFO] [stdout]                                at /opt/rustwide/workdir/rust_im/src/operations/users/create_user_operation.rs:61:40
[INFO] [stdout]   49:     0x5bca48d4a886 - core::ops::function::FnOnce::call_once::h0a3155c3a0f986f7
[INFO] [stdout]                                at /rustc/df4ca44d3fbc9301ee17f30f4d474e6ae4b05252/library/core/src/ops/function.rs:250:5
[INFO] [stdout]   50:     0x5bca48dae12b - core::ops::function::FnOnce::call_once::h22c3ba5715e93f05
[INFO] [stdout]                                at /rustc/df4ca44d3fbc9301ee17f30f4d474e6ae4b05252/library/core/src/ops/function.rs:250:5
[INFO] [stdout]   51:     0x5bca48dae12b - test::__rust_begin_short_backtrace::h8e82d8113d0da17f
[INFO] [stdout]                                at /rustc/df4ca44d3fbc9301ee17f30f4d474e6ae4b05252/library/test/src/lib.rs:621:18
[INFO] [stdout]   52:     0x5bca48dadaa7 - test::run_test_in_process::{{closure}}::h33235f4f20b7b7c7
[INFO] [stdout]                                at /rustc/df4ca44d3fbc9301ee17f30f4d474e6ae4b05252/library/test/src/lib.rs:644:60
[INFO] [stdout]   53:     0x5bca48dadaa7 - <core::panic::unwind_safe::AssertUnwindSafe<F> as core::ops::function::FnOnce<()>>::call_once::hb5043206310c586f
[INFO] [stdout]                                at /rustc/df4ca44d3fbc9301ee17f30f4d474e6ae4b05252/library/core/src/panic/unwind_safe.rs:272:9
[INFO] [stdout]   54:     0x5bca48dadaa7 - std::panicking::try::do_call::h9ad4731a60ab23e2
[INFO] [stdout]                                at /rustc/df4ca44d3fbc9301ee17f30f4d474e6ae4b05252/library/std/src/panicking.rs:557:40
[INFO] [stdout]   55:     0x5bca48dadaa7 - std::panicking::try::h3824d23db772a716
[INFO] [stdout]                                at /rustc/df4ca44d3fbc9301ee17f30f4d474e6ae4b05252/library/std/src/panicking.rs:520:19
[INFO] [stdout]   56:     0x5bca48dadaa7 - std::panic::catch_unwind::h5afd514605fde46b
[INFO] [stdout]                                at /rustc/df4ca44d3fbc9301ee17f30f4d474e6ae4b05252/library/std/src/panic.rs:358:14
[INFO] [stdout]   57:     0x5bca48dadaa7 - test::run_test_in_process::h0d5cbfa7067d1720
[INFO] [stdout]                                at /rustc/df4ca44d3fbc9301ee17f30f4d474e6ae4b05252/library/test/src/lib.rs:644:27
[INFO] [stdout]   58:     0x5bca48dadaa7 - test::run_test::{{closure}}::h708eb8872708115d
[INFO] [stdout]                                at /rustc/df4ca44d3fbc9301ee17f30f4d474e6ae4b05252/library/test/src/lib.rs:565:43
[INFO] [stdout]   59:     0x5bca48d711c4 - test::run_test::{{closure}}::h392c51cee94713ab
[INFO] [stdout]                                at /rustc/df4ca44d3fbc9301ee17f30f4d474e6ae4b05252/library/test/src/lib.rs:595:41
[INFO] [stdout]   60:     0x5bca48d711c4 - std::sys::backtrace::__rust_begin_short_backtrace::h2f40290710935a8b
[INFO] [stdout]                                at /rustc/df4ca44d3fbc9301ee17f30f4d474e6ae4b05252/library/std/src/sys/backtrace.rs:154:18
[INFO] [stdout]   61:     0x5bca48d7496e - std::thread::Builder::spawn_unchecked_::{{closure}}::{{closure}}::h3fd968d89053a903
[INFO] [stdout]                                at /rustc/df4ca44d3fbc9301ee17f30f4d474e6ae4b05252/library/std/src/thread/mod.rs:541:17
[INFO] [stdout]   62:     0x5bca48d7496e - <core::panic::unwind_safe::AssertUnwindSafe<F> as core::ops::function::FnOnce<()>>::call_once::h743f637ba4229880
[INFO] [stdout]                                at /rustc/df4ca44d3fbc9301ee17f30f4d474e6ae4b05252/library/core/src/panic/unwind_safe.rs:272:9
[INFO] [stdout]   63:     0x5bca48d7496e - std::panicking::try::do_call::h07440897322525a6
[INFO] [stdout]                                at /rustc/df4ca44d3fbc9301ee17f30f4d474e6ae4b05252/library/std/src/panicking.rs:557:40
[INFO] [stdout]   64:     0x5bca48d7496e - std::panicking::try::he5a2e00188156637
[INFO] [stdout]                                at /rustc/df4ca44d3fbc9301ee17f30f4d474e6ae4b05252/library/std/src/panicking.rs:520:19
[INFO] [stdout]   65:     0x5bca48d7496e - std::panic::catch_unwind::hbaf3cae49b3c6433
[INFO] [stdout]                                at /rustc/df4ca44d3fbc9301ee17f30f4d474e6ae4b05252/library/std/src/panic.rs:358:14
[INFO] [stdout]   66:     0x5bca48d7496e - std::thread::Builder::spawn_unchecked_::{{closure}}::h8e141ea224820bce
[INFO] [stdout]                                at /rustc/df4ca44d3fbc9301ee17f30f4d474e6ae4b05252/library/std/src/thread/mod.rs:540:30
[INFO] [stdout]   67:     0x5bca48d7496e - core::ops::function::FnOnce::call_once{{vtable.shim}}::h90d312fedd7b8ea8
[INFO] [stdout]                                at /rustc/df4ca44d3fbc9301ee17f30f4d474e6ae4b05252/library/core/src/ops/function.rs:250:5
[INFO] [stdout]   68:     0x5bca494ae46b - <alloc::boxed::Box<F,A> as core::ops::function::FnOnce<Args>>::call_once::h69aa08ddb6adb8b6
[INFO] [stdout]                                at /rustc/df4ca44d3fbc9301ee17f30f4d474e6ae4b05252/library/alloc/src/boxed.rs:2454:9
[INFO] [stdout]   69:     0x5bca494ae46b - <alloc::boxed::Box<F,A> as core::ops::function::FnOnce<Args>>::call_once::h5aa36efdb79c806f
[INFO] [stdout]                                at /rustc/df4ca44d3fbc9301ee17f30f4d474e6ae4b05252/library/alloc/src/boxed.rs:2454:9
[INFO] [stdout]   70:     0x5bca494ae46b - std::sys::pal::unix::thread::Thread::new::thread_start::h6cd80a1b4be5158d
[INFO] [stdout]                                at /rustc/df4ca44d3fbc9301ee17f30f4d474e6ae4b05252/library/std/src/sys/pal/unix/thread.rs:105:17
[INFO] [stdout]   71:     0x7cb9909dbac3 - <unknown>
[INFO] [stdout]   72:     0x7cb990a6ca04 - clone
[INFO] [stdout]   73:                0x0 - <unknown>
[INFO] [stdout] 
[INFO] [stdout] ---- operations::users::create_user_operation::tests::create_user_that_already_exists stdout ----
[INFO] [stdout] thread 'operations::users::create_user_operation::tests::create_user_that_already_exists' panicked at rust_im/src/io/db/postgres/postgres.rs:8:75:
[INFO] [stdout] Failed initializing admin postgres connection: Io(Os { code: 99, kind: AddrNotAvailable, message: "Cannot assign requested address" })
[INFO] [stdout] stack backtrace:
[INFO] [stdout]    0:     0x5bca494a84ea - std::backtrace_rs::backtrace::libunwind::trace::h207520d6e9873551
[INFO] [stdout]                                at /rustc/df4ca44d3fbc9301ee17f30f4d474e6ae4b05252/library/std/src/../../backtrace/src/backtrace/libunwind.rs:116:5
[INFO] [stdout]    1:     0x5bca494a84ea - std::backtrace_rs::backtrace::trace_unsynchronized::h2ed7433f370e3eca
[INFO] [stdout]                                at /rustc/df4ca44d3fbc9301ee17f30f4d474e6ae4b05252/library/std/src/../../backtrace/src/backtrace/mod.rs:66:5
[INFO] [stdout]    2:     0x5bca494a84ea - std::sys::backtrace::_print_fmt::h916fac51166b18d7
[INFO] [stdout]                                at /rustc/df4ca44d3fbc9301ee17f30f4d474e6ae4b05252/library/std/src/sys/backtrace.rs:66:9
[INFO] [stdout]    3:     0x5bca494a84ea - <std::sys::backtrace::BacktraceLock::print::DisplayBacktrace as core::fmt::Display>::fmt::ha0a4c9b8ce3802e6
[INFO] [stdout]                                at /rustc/df4ca44d3fbc9301ee17f30f4d474e6ae4b05252/library/std/src/sys/backtrace.rs:39:26
[INFO] [stdout]    4:     0x5bca494d3e03 - core::fmt::rt::Argument::fmt::h4cfc8587d52b3eb5
[INFO] [stdout]                                at /rustc/df4ca44d3fbc9301ee17f30f4d474e6ae4b05252/library/core/src/fmt/rt.rs:177:76
[INFO] [stdout]    5:     0x5bca494d3e03 - core::fmt::write::h522cc39e5b36ae9f
[INFO] [stdout]                                at /rustc/df4ca44d3fbc9301ee17f30f4d474e6ae4b05252/library/core/src/fmt/mod.rs:1190:21
[INFO] [stdout]    6:     0x5bca494a4253 - std::io::Write::write_fmt::h7d3c26752da97734
[INFO] [stdout]                                at /rustc/df4ca44d3fbc9301ee17f30f4d474e6ae4b05252/library/std/src/io/mod.rs:1839:15
[INFO] [stdout]    7:     0x5bca494a8332 - std::sys::backtrace::BacktraceLock::print::h4b9e00b29e9c0942
[INFO] [stdout]                                at /rustc/df4ca44d3fbc9301ee17f30f4d474e6ae4b05252/library/std/src/sys/backtrace.rs:42:9
[INFO] [stdout]    8:     0x5bca494a997a - std::panicking::default_hook::{{closure}}::hb59b88280d0324d9
[INFO] [stdout]                                at /rustc/df4ca44d3fbc9301ee17f30f4d474e6ae4b05252/library/std/src/panicking.rs:268:22
[INFO] [stdout]    9:     0x5bca494a9784 - std::panicking::default_hook::he1dd496665be4a29
[INFO] [stdout]                                at /rustc/df4ca44d3fbc9301ee17f30f4d474e6ae4b05252/library/std/src/panicking.rs:292:9
[INFO] [stdout]   10:     0x5bca48da9859 - <alloc::boxed::Box<F,A> as core::ops::function::Fn<Args>>::call::h4ff71de18744e1dc
[INFO] [stdout]                                at /rustc/df4ca44d3fbc9301ee17f30f4d474e6ae4b05252/library/alloc/src/boxed.rs:2468:9
[INFO] [stdout]   11:     0x5bca48da9859 - test::test_main::{{closure}}::hcf7c055ce117aa81
[INFO] [stdout]                                at /rustc/df4ca44d3fbc9301ee17f30f4d474e6ae4b05252/library/test/src/lib.rs:133:21
[INFO] [stdout]   12:     0x5bca494aa078 - <alloc::boxed::Box<F,A> as core::ops::function::Fn<Args>>::call::h1d66c6bbd60c9692
[INFO] [stdout]                                at /rustc/df4ca44d3fbc9301ee17f30f4d474e6ae4b05252/library/alloc/src/boxed.rs:2468:9
[INFO] [stdout]   13:     0x5bca494aa078 - std::panicking::rust_panic_with_hook::h2ff17fe8f26dfcf8
[INFO] [stdout]                                at /rustc/df4ca44d3fbc9301ee17f30f4d474e6ae4b05252/library/std/src/panicking.rs:809:13
[INFO] [stdout]   14:     0x5bca494a9e3a - std::panicking::begin_panic_handler::{{closure}}::h4fad77951c07e101
[INFO] [stdout]                                at /rustc/df4ca44d3fbc9301ee17f30f4d474e6ae4b05252/library/std/src/panicking.rs:674:13
[INFO] [stdout]   15:     0x5bca494a89c9 - std::sys::backtrace::__rust_end_short_backtrace::hb1a25b3da5d0ea08
[INFO] [stdout]                                at /rustc/df4ca44d3fbc9301ee17f30f4d474e6ae4b05252/library/std/src/sys/backtrace.rs:170:18
[INFO] [stdout]   16:     0x5bca494a9acc - rust_begin_unwind
[INFO] [stdout]                                at /rustc/df4ca44d3fbc9301ee17f30f4d474e6ae4b05252/library/std/src/panicking.rs:665:5
[INFO] [stdout]   17:     0x5bca494d1a70 - core::panicking::panic_fmt::ha9db07b529f9b256
[INFO] [stdout]                                at /rustc/df4ca44d3fbc9301ee17f30f4d474e6ae4b05252/library/core/src/panicking.rs:75:14
[INFO] [stdout]   18:     0x5bca494d1f56 - core::result::unwrap_failed::h5e8218e4d4338b8a
[INFO] [stdout]                                at /rustc/df4ca44d3fbc9301ee17f30f4d474e6ae4b05252/library/core/src/result.rs:1698:5
[INFO] [stdout]   19:     0x5bca48d4d94a - core::result::Result<T,E>::expect::h483a28a4e09c160c
[INFO] [stdout]                                at /rustc/df4ca44d3fbc9301ee17f30f4d474e6ae4b05252/library/core/src/result.rs:1060:23
[INFO] [stdout]   20:     0x5bca48d69275 - rust_im::io::db::postgres::postgres::PostrgresConnection::admin::{{closure}}::h04ad7c3d4bccf3e2
[INFO] [stdout]                                at /opt/rustwide/workdir/rust_im/src/io/db/postgres/postgres.rs:8:3
[INFO] [stdout]   21:     0x5bca48d69c8d - rust_im::test_setups::test_setup::test_setup::teardown_test_dbs::{{closure}}::h9b5d1d9e7042d4a9
[INFO] [stdout]                                at /opt/rustwide/workdir/rust_im/src/test_setups/test_setup.rs:20:68
[INFO] [stdout]   22:     0x5bca48d6aa80 - rust_im::test_setups::test_setup::test_setup::setup::{{closure}}::{{closure}}::{{closure}}::ha4bfeff552986f23
[INFO] [stdout]                                at /opt/rustwide/workdir/rust_im/src/test_setups/test_setup.rs:33:24
[INFO] [stdout]   23:     0x5bca48d53822 - tokio::sync::once_cell::OnceCell<T>::get_or_init::{{closure}}::h7b20c0b9fc3f6d32
[INFO] [stdout]                                at /opt/rustwide/cargo-home/registry/src/index.crates.io-6f17d22bba15001f/tokio-1.40.0/src/sync/once_cell.rs:368:37
[INFO] [stdout]   24:     0x5bca48d6a7b8 - rust_im::test_setups::test_setup::test_setup::setup::{{closure}}::he333ac635954fb80
[INFO] [stdout]                                at /opt/rustwide/workdir/rust_im/src/test_setups/test_setup.rs:36:6
[INFO] [stdout]   25:     0x5bca48d5967b - rust_im::operations::users::create_user_operation::tests::create_user_that_already_exists::{{closure}}::haa24d9a41e6dd9c2
[INFO] [stdout]                                at /opt/rustwide/workdir/rust_im/src/operations/users/create_user_operation.rs:74:35
[INFO] [stdout]   26:     0x5bca48d68042 - <core::pin::Pin<P> as core::future::future::Future>::poll::h859a7a1db7490790
[INFO] [stdout]                                at /rustc/df4ca44d3fbc9301ee17f30f4d474e6ae4b05252/library/core/src/future/future.rs:123:9
[INFO] [stdout]   27:     0x5bca48d67f5d - <core::pin::Pin<P> as core::future::future::Future>::poll::h2eae1a53cfcd113d
[INFO] [stdout]                                at /rustc/df4ca44d3fbc9301ee17f30f4d474e6ae4b05252/library/core/src/future/future.rs:123:9
[INFO] [stdout]   28:     0x5bca48d6793f - tokio::runtime::scheduler::current_thread::CoreGuard::block_on::{{closure}}::{{closure}}::{{closure}}::hcc86f5b36c6d6ca2
[INFO] [stdout]                                at /opt/rustwide/cargo-home/registry/src/index.crates.io-6f17d22bba15001f/tokio-1.40.0/src/runtime/scheduler/current_thread/mod.rs:696:57
[INFO] [stdout]   29:     0x5bca48d67845 - tokio::runtime::coop::with_budget::hac25f5d13a7e1b24
[INFO] [stdout]                                at /opt/rustwide/cargo-home/registry/src/index.crates.io-6f17d22bba15001f/tokio-1.40.0/src/runtime/coop.rs:107:5
[INFO] [stdout]   30:     0x5bca48d67845 - tokio::runtime::coop::budget::haa8b45227a664934
[INFO] [stdout]                                at /opt/rustwide/cargo-home/registry/src/index.crates.io-6f17d22bba15001f/tokio-1.40.0/src/runtime/coop.rs:73:5
[INFO] [stdout]   31:     0x5bca48d67845 - tokio::runtime::scheduler::current_thread::CoreGuard::block_on::{{closure}}::{{closure}}::hb1c69161265e2c38
[INFO] [stdout]                                at /opt/rustwide/cargo-home/registry/src/index.crates.io-6f17d22bba15001f/tokio-1.40.0/src/runtime/scheduler/current_thread/mod.rs:696:25
[INFO] [stdout]   32:     0x5bca48d654ac - tokio::runtime::scheduler::current_thread::Context::enter::he845de608bc1e6b0
[INFO] [stdout]                                at /opt/rustwide/cargo-home/registry/src/index.crates.io-6f17d22bba15001f/tokio-1.40.0/src/runtime/scheduler/current_thread/mod.rs:423:19
[INFO] [stdout]   33:     0x5bca48d66efe - tokio::runtime::scheduler::current_thread::CoreGuard::block_on::{{closure}}::heb0c5d1520f39fa8
[INFO] [stdout]                                at /opt/rustwide/cargo-home/registry/src/index.crates.io-6f17d22bba15001f/tokio-1.40.0/src/runtime/scheduler/current_thread/mod.rs:695:36
[INFO] [stdout]   34:     0x5bca48d66344 - tokio::runtime::scheduler::current_thread::CoreGuard::enter::{{closure}}::h8517b0e4d5f88946
[INFO] [stdout]                                at /opt/rustwide/cargo-home/registry/src/index.crates.io-6f17d22bba15001f/tokio-1.40.0/src/runtime/scheduler/current_thread/mod.rs:774:68
[INFO] [stdout]   35:     0x5bca48d63d4b - tokio::runtime::context::scoped::Scoped<T>::set::hfe8e9a1543334fdb
[INFO] [stdout]                                at /opt/rustwide/cargo-home/registry/src/index.crates.io-6f17d22bba15001f/tokio-1.40.0/src/runtime/context/scoped.rs:40:9
[INFO] [stdout]   36:     0x5bca48d4e099 - tokio::runtime::context::set_scheduler::{{closure}}::hbc6016c3c90ae836
[INFO] [stdout]                                at /opt/rustwide/cargo-home/registry/src/index.crates.io-6f17d22bba15001f/tokio-1.40.0/src/runtime/context.rs:180:26
[INFO] [stdout]   37:     0x5bca48d6bead - std::thread::local::LocalKey<T>::try_with::he6621d32274b8b38
[INFO] [stdout]                                at /rustc/df4ca44d3fbc9301ee17f30f4d474e6ae4b05252/library/std/src/thread/local.rs:283:12
[INFO] [stdout]   38:     0x5bca48d6af8a - std::thread::local::LocalKey<T>::with::h7c5b1f159ee7158e
[INFO] [stdout]                                at /rustc/df4ca44d3fbc9301ee17f30f4d474e6ae4b05252/library/std/src/thread/local.rs:260:9
[INFO] [stdout]   39:     0x5bca48d4dfcd - tokio::runtime::context::set_scheduler::hb6ef388d4df04bb6
[INFO] [stdout]                                at /opt/rustwide/cargo-home/registry/src/index.crates.io-6f17d22bba15001f/tokio-1.40.0/src/runtime/context.rs:180:9
[INFO] [stdout]   40:     0x5bca48d65cec - tokio::runtime::scheduler::current_thread::CoreGuard::enter::h3c1b166ce2a30766
[INFO] [stdout]                                at /opt/rustwide/cargo-home/registry/src/index.crates.io-6f17d22bba15001f/tokio-1.40.0/src/runtime/scheduler/current_thread/mod.rs:774:27
[INFO] [stdout]   41:     0x5bca48d663e3 - tokio::runtime::scheduler::current_thread::CoreGuard::block_on::h8dd1a29fc1494dfb
[INFO] [stdout]                                at /opt/rustwide/cargo-home/registry/src/index.crates.io-6f17d22bba15001f/tokio-1.40.0/src/runtime/scheduler/current_thread/mod.rs:683:19
[INFO] [stdout]   42:     0x5bca48d64181 - tokio::runtime::scheduler::current_thread::CurrentThread::block_on::{{closure}}::h232531b6ca73db32
[INFO] [stdout]                                at /opt/rustwide/cargo-home/registry/src/index.crates.io-6f17d22bba15001f/tokio-1.40.0/src/runtime/scheduler/current_thread/mod.rs:191:28
[INFO] [stdout]   43:     0x5bca48d4e8e6 - tokio::runtime::context::runtime::enter_runtime::h831de3028052b7b2
[INFO] [stdout]                                at /opt/rustwide/cargo-home/registry/src/index.crates.io-6f17d22bba15001f/tokio-1.40.0/src/runtime/context/runtime.rs:65:16
[INFO] [stdout]   44:     0x5bca48d63f21 - tokio::runtime::scheduler::current_thread::CurrentThread::block_on::hd555a4e2199f7e29
[INFO] [stdout]                                at /opt/rustwide/cargo-home/registry/src/index.crates.io-6f17d22bba15001f/tokio-1.40.0/src/runtime/scheduler/current_thread/mod.rs:179:9
[INFO] [stdout]   45:     0x5bca48d545ad - tokio::runtime::runtime::Runtime::block_on_inner::h9c13bfab5fd7b802
[INFO] [stdout]                                at /opt/rustwide/cargo-home/registry/src/index.crates.io-6f17d22bba15001f/tokio-1.40.0/src/runtime/runtime.rs:361:47
[INFO] [stdout]   46:     0x5bca48d546c5 - tokio::runtime::runtime::Runtime::block_on::hdf41dcb792b86010
[INFO] [stdout]                                at /opt/rustwide/cargo-home/registry/src/index.crates.io-6f17d22bba15001f/tokio-1.40.0/src/runtime/runtime.rs:335:13
[INFO] [stdout]   47:     0x5bca48d59152 - rust_im::operations::users::create_user_operation::tests::create_user_that_already_exists::h221b3d121a2af9e2
[INFO] [stdout]                                at /opt/rustwide/workdir/rust_im/src/operations/users/create_user_operation.rs:82:3
[INFO] [stdout]   48:     0x5bca48d58857 - rust_im::operations::users::create_user_operation::tests::create_user_that_already_exists::{{closure}}::hf4189ca2e95f8bdc
[INFO] [stdout]                                at /opt/rustwide/workdir/rust_im/src/operations/users/create_user_operation.rs:73:48
[INFO] [stdout]   49:     0x5bca48d4a906 - core::ops::function::FnOnce::call_once::h2b07b884c23426b6
[INFO] [stdout]                                at /rustc/df4ca44d3fbc9301ee17f30f4d474e6ae4b05252/library/core/src/ops/function.rs:250:5
[INFO] [stdout]   50:     0x5bca48dae12b - core::ops::function::FnOnce::call_once::h22c3ba5715e93f05
[INFO] [stdout]                                at /rustc/df4ca44d3fbc9301ee17f30f4d474e6ae4b05252/library/core/src/ops/function.rs:250:5
[INFO] [stdout]   51:     0x5bca48dae12b - test::__rust_begin_short_backtrace::h8e82d8113d0da17f
[INFO] [stdout]                                at /rustc/df4ca44d3fbc9301ee17f30f4d474e6ae4b05252/library/test/src/lib.rs:621:18
[INFO] [stdout]   52:     0x5bca48dadaa7 - test::run_test_in_process::{{closure}}::h33235f4f20b7b7c7
[INFO] [stdout]                                at /rustc/df4ca44d3fbc9301ee17f30f4d474e6ae4b05252/library/test/src/lib.rs:644:60
[INFO] [stdout]   53:     0x5bca48dadaa7 - <core::panic::unwind_safe::AssertUnwindSafe<F> as core::ops::function::FnOnce<()>>::call_once::hb5043206310c586f
[INFO] [stdout]                                at /rustc/df4ca44d3fbc9301ee17f30f4d474e6ae4b05252/library/core/src/panic/unwind_safe.rs:272:9
[INFO] [stdout]   54:     0x5bca48dadaa7 - std::panicking::try::do_call::h9ad4731a60ab23e2
[INFO] [stdout]                                at /rustc/df4ca44d3fbc9301ee17f30f4d474e6ae4b05252/library/std/src/panicking.rs:557:40
[INFO] [stdout]   55:     0x5bca48dadaa7 - std::panicking::try::h3824d23db772a716
[INFO] [stdout]                                at /rustc/df4ca44d3fbc9301ee17f30f4d474e6ae4b05252/library/std/src/panicking.rs:520:19
[INFO] [stdout]   56:     0x5bca48dadaa7 - std::panic::catch_unwind::h5afd514605fde46b
[INFO] [stdout]                                at /rustc/df4ca44d3fbc9301ee17f30f4d474e6ae4b05252/library/std/src/panic.rs:358:14
[INFO] [stdout]   57:     0x5bca48dadaa7 - test::run_test_in_process::h0d5cbfa7067d1720
[INFO] [stdout]                                at /rustc/df4ca44d3fbc9301ee17f30f4d474e6ae4b05252/library/test/src/lib.rs:644:27
[INFO] [stdout]   58:     0x5bca48dadaa7 - test::run_test::{{closure}}::h708eb8872708115d
[INFO] [stdout]                                at /rustc/df4ca44d3fbc9301ee17f30f4d474e6ae4b05252/library/test/src/lib.rs:565:43
[INFO] [stdout]   59:     0x5bca48d711c4 - test::run_test::{{closure}}::h392c51cee94713ab
[INFO] [stdout]                                at /rustc/df4ca44d3fbc9301ee17f30f4d474e6ae4b05252/library/test/src/lib.rs:595:41
[INFO] [stdout]   60:     0x5bca48d711c4 - std::sys::backtrace::__rust_begin_short_backtrace::h2f40290710935a8b
[INFO] [stdout]                                at /rustc/df4ca44d3fbc9301ee17f30f4d474e6ae4b05252/library/std/src/sys/backtrace.rs:154:18
[INFO] [stdout]   61:     0x5bca48d7496e - std::thread::Builder::spawn_unchecked_::{{closure}}::{{closure}}::h3fd968d89053a903
[INFO] [stdout]                                at /rustc/df4ca44d3fbc9301ee17f30f4d474e6ae4b05252/library/std/src/thread/mod.rs:541:17
[INFO] [stdout]   62:     0x5bca48d7496e - <core::panic::unwind_safe::AssertUnwindSafe<F> as core::ops::function::FnOnce<()>>::call_once::h743f637ba4229880
[INFO] [stdout]                                at /rustc/df4ca44d3fbc9301ee17f30f4d474e6ae4b05252/library/core/src/panic/unwind_safe.rs:272:9
[INFO] [stdout]   63:     0x5bca48d7496e - std::panicking::try::do_call::h07440897322525a6
[INFO] [stdout]                                at /rustc/df4ca44d3fbc9301ee17f30f4d474e6ae4b05252/library/std/src/panicking.rs:557:40
[INFO] [stdout]   64:     0x5bca48d7496e - std::panicking::try::he5a2e00188156637
[INFO] [stdout]                                at /rustc/df4ca44d3fbc9301ee17f30f4d474e6ae4b05252/library/std/src/panicking.rs:520:19
[INFO] [stdout]   65:     0x5bca48d7496e - std::panic::catch_unwind::hbaf3cae49b3c6433
[INFO] [stdout]                                at /rustc/df4ca44d3fbc9301ee17f30f4d474e6ae4b05252/library/std/src/panic.rs:358:14
[INFO] [stdout]   66:     0x5bca48d7496e - std::thread::Builder::spawn_unchecked_::{{closure}}::h8e141ea224820bce
[INFO] [stdout]                                at /rustc/df4ca44d3fbc9301ee17f30f4d474e6ae4b05252/library/std/src/thread/mod.rs:540:30
[INFO] [stdout]   67:     0x5bca48d7496e - core::ops::function::FnOnce::call_once{{vtable.shim}}::h90d312fedd7b8ea8
[INFO] [stdout]                                at /rustc/df4ca44d3fbc9301ee17f30f4d474e6ae4b05252/library/core/src/ops/function.rs:250:5
[INFO] [stdout]   68:     0x5bca494ae46b - <alloc::boxed::Box<F,A> as core::ops::function::FnOnce<Args>>::call_once::h69aa08ddb6adb8b6
[INFO] [stdout]                                at /rustc/df4ca44d3fbc9301ee17f30f4d474e6ae4b05252/library/alloc/src/boxed.rs:2454:9
[INFO] [stdout]   69:     0x5bca494ae46b - <alloc::boxed::Box<F,A> as core::ops::function::FnOnce<Args>>::call_once::h5aa36efdb79c806f
[INFO] [stdout]                                at /rustc/df4ca44d3fbc9301ee17f30f4d474e6ae4b05252/library/alloc/src/boxed.rs:2454:9
[INFO] [stdout]   70:     0x5bca494ae46b - std::sys::pal::unix::thread::Thread::new::thread_start::h6cd80a1b4be5158d
[INFO] [stdout]                                at /rustc/df4ca44d3fbc9301ee17f30f4d474e6ae4b05252/library/std/src/sys/pal/unix/thread.rs:105:17
[INFO] [stdout]   71:     0x7cb9909dbac3 - <unknown>
[INFO] [stdout]   72:     0x7cb990a6ca04 - clone
[INFO] [stdout]   73:                0x0 - <unknown>
[INFO] [stdout] 
[INFO] [stdout] 
[INFO] [stdout] failures:
[INFO] [stdout]     operations::users::create_user_operation::tests::create_user_that_already_exists
[INFO] [stdout]     operations::users::create_user_operation::tests::succesfully_create_user
[INFO] [stdout] 
[INFO] [stdout] test result: FAILED. 0 passed; 2 failed; 0 ignored; 0 measured; 0 filtered out; finished in 0.05s
[INFO] [stdout] 
[INFO] [stderr] error: test failed, to rerun pass `-p rust_im --bin rust_im`
[INFO] running `Command { std: "docker" "inspect" "5fae33445831616dcf82b7cae9d5e031b8eec14152e4c73415400b5331415aec", kill_on_drop: false }`
[INFO] running `Command { std: "docker" "rm" "-f" "5fae33445831616dcf82b7cae9d5e031b8eec14152e4c73415400b5331415aec", kill_on_drop: false }`
[INFO] [stdout] 5fae33445831616dcf82b7cae9d5e031b8eec14152e4c73415400b5331415aec
