[INFO] cloning repository https://github.com/Ryu1845/cutfd_lib
[INFO] running `Command { std: "git" "-c" "credential.helper=" "-c" "credential.helper=/workspace/cargo-home/bin/git-credential-null" "clone" "--bare" "https://github.com/Ryu1845/cutfd_lib" "/workspace/cache/git-repos/https%3A%2F%2Fgithub.com%2FRyu1845%2Fcutfd_lib", kill_on_drop: false }`
[INFO] [stderr] Cloning into bare repository '/workspace/cache/git-repos/https%3A%2F%2Fgithub.com%2FRyu1845%2Fcutfd_lib'...
[INFO] running `Command { std: "git" "rev-parse" "HEAD", kill_on_drop: false }`
[INFO] [stdout] 7f80542d264e849b05c09daae503d30d714d42bf
[INFO] testing Ryu1845/cutfd_lib/7f80542d264e849b05c09daae503d30d714d42bf against nightly-2024-10-28 for randomize-layout
[INFO] running `Command { std: "git" "clone" "/workspace/cache/git-repos/https%3A%2F%2Fgithub.com%2FRyu1845%2Fcutfd_lib" "/workspace/builds/worker-7-tc1/source", kill_on_drop: false }`
[INFO] [stderr] Cloning into '/workspace/builds/worker-7-tc1/source'...
[INFO] [stderr] done.
[INFO] validating manifest of git repo https://github.com/Ryu1845/cutfd_lib on toolchain nightly-2024-10-28
[INFO] running `Command { std: CARGO_HOME="/workspace/cargo-home" RUSTUP_HOME="/workspace/rustup-home" "/workspace/cargo-home/bin/cargo" "+nightly-2024-10-28" "metadata" "--manifest-path" "Cargo.toml" "--no-deps", kill_on_drop: false }`
[INFO] started tweaking git repo https://github.com/Ryu1845/cutfd_lib
[INFO] finished tweaking git repo https://github.com/Ryu1845/cutfd_lib
[INFO] tweaked toml for git repo https://github.com/Ryu1845/cutfd_lib written to /workspace/builds/worker-7-tc1/source/Cargo.toml
[INFO] crate git repo https://github.com/Ryu1845/cutfd_lib already has a lockfile, it will not be regenerated
[INFO] running `Command { std: CARGO_HOME="/workspace/cargo-home" RUSTUP_HOME="/workspace/rustup-home" "/workspace/cargo-home/bin/cargo" "+nightly-2024-10-28" "fetch" "--manifest-path" "Cargo.toml", kill_on_drop: false }`
[INFO] [stderr]     Updating crates.io index
[INFO] [stderr]     Blocking waiting for file lock on package cache
[INFO] [stderr]  Downloading crates ...
[INFO] [stderr]   Downloaded rustfft v4.1.0
[INFO] [stderr]   Downloaded indxvec v1.1.5
[INFO] [stderr]   Downloaded super_mass v0.1.0
[INFO] [stderr]   Downloaded rstats v1.0.13
[INFO] running `Command { std: "docker" "create" "-v" "/var/lib/crater-agent-workspace/builds/worker-7-tc1/target:/opt/rustwide/target:rw,Z" "-v" "/var/lib/crater-agent-workspace/builds/worker-7-tc1/source:/opt/rustwide/workdir:ro,Z" "-v" "/var/lib/crater-agent-workspace/cargo-home:/opt/rustwide/cargo-home:ro,Z" "-v" "/var/lib/crater-agent-workspace/rustup-home:/opt/rustwide/rustup-home:ro,Z" "-e" "SOURCE_DIR=/opt/rustwide/workdir" "-e" "CARGO_TARGET_DIR=/opt/rustwide/target" "-e" "CARGO_HOME=/opt/rustwide/cargo-home" "-e" "RUSTUP_HOME=/opt/rustwide/rustup-home" "-w" "/opt/rustwide/workdir" "-m" "1610612736" "--user" "0:0" "--network" "none" "ghcr.io/rust-lang/crates-build-env/linux@sha256:4a844ea9eb2546a2d2c7022eacef16ef2e8229c7fbb2c7d4d55a9ceca922f72d" "/opt/rustwide/cargo-home/bin/cargo" "+nightly-2024-10-28" "metadata" "--no-deps" "--format-version=1", kill_on_drop: false }`
[INFO] [stdout] 12fccc5e6f9e2f79f22da2fdae39040dbaebf88c34ac9011e0c3007553ff5565
[INFO] running `Command { std: "docker" "start" "-a" "12fccc5e6f9e2f79f22da2fdae39040dbaebf88c34ac9011e0c3007553ff5565", kill_on_drop: false }`
[INFO] running `Command { std: "docker" "inspect" "12fccc5e6f9e2f79f22da2fdae39040dbaebf88c34ac9011e0c3007553ff5565", kill_on_drop: false }`
[INFO] running `Command { std: "docker" "rm" "-f" "12fccc5e6f9e2f79f22da2fdae39040dbaebf88c34ac9011e0c3007553ff5565", kill_on_drop: false }`
[INFO] [stdout] 12fccc5e6f9e2f79f22da2fdae39040dbaebf88c34ac9011e0c3007553ff5565
[INFO] running `Command { std: "docker" "create" "-v" "/var/lib/crater-agent-workspace/builds/worker-7-tc1/target:/opt/rustwide/target:rw,Z" "-v" "/var/lib/crater-agent-workspace/builds/worker-7-tc1/source:/opt/rustwide/workdir:ro,Z" "-v" "/var/lib/crater-agent-workspace/cargo-home:/opt/rustwide/cargo-home:ro,Z" "-v" "/var/lib/crater-agent-workspace/rustup-home:/opt/rustwide/rustup-home:ro,Z" "-e" "SOURCE_DIR=/opt/rustwide/workdir" "-e" "CARGO_TARGET_DIR=/opt/rustwide/target" "-e" "CARGO_INCREMENTAL=0" "-e" "RUST_BACKTRACE=full" "-e" "RUSTFLAGS=--cap-lints=forbid" "-e" "RUSTDOCFLAGS=--cap-lints=forbid" "-e" "CARGO_HOME=/opt/rustwide/cargo-home" "-e" "RUSTUP_HOME=/opt/rustwide/rustup-home" "-w" "/opt/rustwide/workdir" "-m" "1610612736" "--user" "0:0" "--network" "none" "ghcr.io/rust-lang/crates-build-env/linux@sha256:4a844ea9eb2546a2d2c7022eacef16ef2e8229c7fbb2c7d4d55a9ceca922f72d" "/opt/rustwide/cargo-home/bin/cargo" "+nightly-2024-10-28" "build" "--frozen" "--message-format=json", kill_on_drop: false }`
[INFO] [stdout] 786256249bc170eda6f0bc9764edffc4d0fd8bf70d7a8bbb74c541a8a2d55e90
[INFO] running `Command { std: "docker" "start" "-a" "786256249bc170eda6f0bc9764edffc4d0fd8bf70d7a8bbb74c541a8a2d55e90", kill_on_drop: false }`
[INFO] [stderr]    Compiling autocfg v1.1.0
[INFO] [stderr]    Compiling cfg-if v1.0.0
[INFO] [stderr]    Compiling libc v0.2.119
[INFO] [stderr]    Compiling crossbeam-utils v0.8.7
[INFO] [stderr]    Compiling lazy_static v1.4.0
[INFO] [stderr]    Compiling proc-macro2 v1.0.36
[INFO] [stderr]    Compiling crossbeam-epoch v0.9.7
[INFO] [stderr]    Compiling unicode-xid v0.2.2
[INFO] [stderr]    Compiling rayon-core v1.9.1
[INFO] [stderr]    Compiling syn v1.0.86
[INFO] [stderr]    Compiling scopeguard v1.1.0
[INFO] [stderr]    Compiling serde_derive v1.0.136
[INFO] [stderr]    Compiling anyhow v1.0.56
[INFO] [stderr]    Compiling serde v1.0.136
[INFO] [stderr]    Compiling memoffset v0.6.5
[INFO] [stderr]    Compiling num-traits v0.2.14
[INFO] [stderr]    Compiling num-integer v0.1.44
[INFO] [stderr]    Compiling rayon v1.5.1
[INFO] [stderr]    Compiling ppv-lite86 v0.2.16
[INFO] [stderr]    Compiling either v1.6.1
[INFO] [stderr]    Compiling crossbeam-channel v0.5.2
[INFO] [stderr]    Compiling strength_reduce v0.2.3
[INFO] [stderr]    Compiling getrandom v0.2.5
[INFO] [stderr]    Compiling quote v1.0.15
[INFO] [stderr]    Compiling crossbeam-deque v0.8.1
[INFO] [stderr]    Compiling num_cpus v1.13.1
[INFO] [stderr]    Compiling rand_core v0.6.3
[INFO] [stderr]    Compiling rand_chacha v0.3.1
[INFO] [stderr]    Compiling num-complex v0.3.1
[INFO] [stderr]    Compiling itertools v0.10.3
[INFO] [stderr]    Compiling indxvec v1.1.5
[INFO] [stderr]    Compiling transpose v0.2.1
[INFO] [stderr]    Compiling rand v0.8.5
[INFO] [stderr]    Compiling rstats v1.0.13
[INFO] [stderr]    Compiling rustfft v4.1.0
[INFO] [stderr]    Compiling hound v3.4.0
[INFO] [stderr]    Compiling super_mass v0.1.0
[INFO] [stderr]    Compiling cutfd_lib v0.1.0 (/opt/rustwide/workdir)
[INFO] [stdout] warning: unused `Result` that must be used
[INFO] [stdout]   --> src/lib.rs:58:13
[INFO] [stdout]    |
[INFO] [stdout] 58 | /             match orig_sampl.next() {
[INFO] [stdout] 59 | |                 Some(sample) => match sample {
[INFO] [stdout] 60 | |                     Ok(sample) => Ok(orig_sampl_chunk.push(sample)),
[INFO] [stdout] 61 | |                     Err(err) => Err(err),
[INFO] [stdout] 62 | |                 },
[INFO] [stdout] 63 | |                 None => Err(hound::Error::InvalidSampleFormat),
[INFO] [stdout] 64 | |             };
[INFO] [stdout]    | |_____________^
[INFO] [stdout]    |
[INFO] [stdout]    = note: this `Result` may be an `Err` variant, which should be handled
[INFO] [stdout]    = note: `#[warn(unused_must_use)]` on by default
[INFO] [stdout] help: use `let _ = ...` to ignore the resulting value
[INFO] [stdout]    |
[INFO] [stdout] 58 |             let _ = match orig_sampl.next() {
[INFO] [stdout]    |             +++++++
[INFO] [stdout] 
[INFO] [stdout] 
[INFO] [stdout] warning: unused `Result` that must be used
[INFO] [stdout]   --> src/lib.rs:70:13
[INFO] [stdout]    |
[INFO] [stdout] 70 | /             match cp_sampl.next() {
[INFO] [stdout] 71 | |                 Some(sample) => match sample {
[INFO] [stdout] 72 | |                     Ok(sample) => Ok(cp_sampl_chunk.push(sample)),
[INFO] [stdout] 73 | |                     Err(err) => Err(err),
[INFO] [stdout] 74 | |                 },
[INFO] [stdout] 75 | |                 None => Err(hound::Error::InvalidSampleFormat),
[INFO] [stdout] 76 | |             };
[INFO] [stdout]    | |_____________^
[INFO] [stdout]    |
[INFO] [stdout]    = note: this `Result` may be an `Err` variant, which should be handled
[INFO] [stdout] help: use `let _ = ...` to ignore the resulting value
[INFO] [stdout]    |
[INFO] [stdout] 70 |             let _ = match cp_sampl.next() {
[INFO] [stdout]    |             +++++++
[INFO] [stdout] 
[INFO] [stdout] 
[INFO] [stdout] warning: unused `Result` that must be used
[INFO] [stdout]    --> src/lib.rs:106:9
[INFO] [stdout]     |
[INFO] [stdout] 106 | /         match cp_sampl.next() {
[INFO] [stdout] 107 | |             Some(sample) => match sample {
[INFO] [stdout] 108 | |                 Ok(sample) => Ok(cp_sampl_chunk.push(sample as f64)),
[INFO] [stdout] 109 | |                 Err(err) => Err(err),
[INFO] [stdout] 110 | |             },
[INFO] [stdout] 111 | |             None => Err(hound::Error::InvalidSampleFormat),
[INFO] [stdout] 112 | |         };
[INFO] [stdout]     | |_________^
[INFO] [stdout]     |
[INFO] [stdout]     = note: this `Result` may be an `Err` variant, which should be handled
[INFO] [stdout] help: use `let _ = ...` to ignore the resulting value
[INFO] [stdout]     |
[INFO] [stdout] 106 |         let _ = match cp_sampl.next() {
[INFO] [stdout]     |         +++++++
[INFO] [stdout] 
[INFO] [stdout] 
[INFO] [stdout] warning: unused `Result` that must be used
[INFO] [stdout]    --> src/lib.rs:115:9
[INFO] [stdout]     |
[INFO] [stdout] 115 | /         match orig_samples.next() {
[INFO] [stdout] 116 | |             Some(sample) => match sample {
[INFO] [stdout] 117 | |                 Ok(sample) => Ok(window_samples.push(sample as f64)),
[INFO] [stdout] 118 | |                 Err(err) => Err(err),
[INFO] [stdout] 119 | |             },
[INFO] [stdout] 120 | |             None => Err(hound::Error::InvalidSampleFormat),
[INFO] [stdout] 121 | |         };
[INFO] [stdout]     | |_________^
[INFO] [stdout]     |
[INFO] [stdout]     = note: this `Result` may be an `Err` variant, which should be handled
[INFO] [stdout] help: use `let _ = ...` to ignore the resulting value
[INFO] [stdout]     |
[INFO] [stdout] 115 |         let _ = match orig_samples.next() {
[INFO] [stdout]     |         +++++++
[INFO] [stdout] 
[INFO] [stdout] 
[INFO] [stderr]     Finished `dev` profile [unoptimized + debuginfo] target(s) in 9.54s
[INFO] running `Command { std: "docker" "inspect" "786256249bc170eda6f0bc9764edffc4d0fd8bf70d7a8bbb74c541a8a2d55e90", kill_on_drop: false }`
[INFO] running `Command { std: "docker" "rm" "-f" "786256249bc170eda6f0bc9764edffc4d0fd8bf70d7a8bbb74c541a8a2d55e90", kill_on_drop: false }`
[INFO] [stdout] 786256249bc170eda6f0bc9764edffc4d0fd8bf70d7a8bbb74c541a8a2d55e90
[INFO] running `Command { std: "docker" "create" "-v" "/var/lib/crater-agent-workspace/builds/worker-7-tc1/target:/opt/rustwide/target:rw,Z" "-v" "/var/lib/crater-agent-workspace/builds/worker-7-tc1/source:/opt/rustwide/workdir:ro,Z" "-v" "/var/lib/crater-agent-workspace/cargo-home:/opt/rustwide/cargo-home:ro,Z" "-v" "/var/lib/crater-agent-workspace/rustup-home:/opt/rustwide/rustup-home:ro,Z" "-e" "SOURCE_DIR=/opt/rustwide/workdir" "-e" "CARGO_TARGET_DIR=/opt/rustwide/target" "-e" "CARGO_INCREMENTAL=0" "-e" "RUST_BACKTRACE=full" "-e" "RUSTFLAGS=--cap-lints=forbid" "-e" "RUSTDOCFLAGS=--cap-lints=forbid" "-e" "CARGO_HOME=/opt/rustwide/cargo-home" "-e" "RUSTUP_HOME=/opt/rustwide/rustup-home" "-w" "/opt/rustwide/workdir" "-m" "1610612736" "--user" "0:0" "--network" "none" "ghcr.io/rust-lang/crates-build-env/linux@sha256:4a844ea9eb2546a2d2c7022eacef16ef2e8229c7fbb2c7d4d55a9ceca922f72d" "/opt/rustwide/cargo-home/bin/cargo" "+nightly-2024-10-28" "test" "--frozen" "--no-run" "--message-format=json", kill_on_drop: false }`
[INFO] [stdout] d73068920d5bcea6cafd1a3ab4e106d277a951a00278d990d71030862d195bc4
[INFO] running `Command { std: "docker" "start" "-a" "d73068920d5bcea6cafd1a3ab4e106d277a951a00278d990d71030862d195bc4", kill_on_drop: false }`
[INFO] [stdout] warning: unused `Result` that must be used
[INFO] [stdout]   --> src/lib.rs:58:13
[INFO] [stdout]    |
[INFO] [stdout] 58 | /             match orig_sampl.next() {
[INFO] [stdout] 59 | |                 Some(sample) => match sample {
[INFO] [stdout] 60 | |                     Ok(sample) => Ok(orig_sampl_chunk.push(sample)),
[INFO] [stdout] 61 | |                     Err(err) => Err(err),
[INFO] [stdout] 62 | |                 },
[INFO] [stdout] 63 | |                 None => Err(hound::Error::InvalidSampleFormat),
[INFO] [stdout] 64 | |             };
[INFO] [stdout]    | |_____________^
[INFO] [stdout]    |
[INFO] [stdout]    = note: this `Result` may be an `Err` variant, which should be handled
[INFO] [stdout]    = note: `#[warn(unused_must_use)]` on by default
[INFO] [stdout] help: use `let _ = ...` to ignore the resulting value
[INFO] [stdout]    |
[INFO] [stdout] 58 |             let _ = match orig_sampl.next() {
[INFO] [stdout]    |             +++++++
[INFO] [stdout] 
[INFO] [stdout] 
[INFO] [stdout] warning: unused `Result` that must be used
[INFO] [stdout]   --> src/lib.rs:70:13
[INFO] [stdout]    |
[INFO] [stdout] 70 | /             match cp_sampl.next() {
[INFO] [stdout] 71 | |                 Some(sample) => match sample {
[INFO] [stdout] 72 | |                     Ok(sample) => Ok(cp_sampl_chunk.push(sample)),
[INFO] [stdout] 73 | |                     Err(err) => Err(err),
[INFO] [stdout] 74 | |                 },
[INFO] [stdout] 75 | |                 None => Err(hound::Error::InvalidSampleFormat),
[INFO] [stdout] 76 | |             };
[INFO] [stdout]    | |_____________^
[INFO] [stdout]    |
[INFO] [stdout]    = note: this `Result` may be an `Err` variant, which should be handled
[INFO] [stdout] help: use `let _ = ...` to ignore the resulting value
[INFO] [stdout]    |
[INFO] [stdout] 70 |             let _ = match cp_sampl.next() {
[INFO] [stdout]    |             +++++++
[INFO] [stdout] 
[INFO] [stdout] 
[INFO] [stdout] warning: unused `Result` that must be used
[INFO] [stdout]    --> src/lib.rs:106:9
[INFO] [stdout]     |
[INFO] [stdout] 106 | /         match cp_sampl.next() {
[INFO] [stdout] 107 | |             Some(sample) => match sample {
[INFO] [stdout] 108 | |                 Ok(sample) => Ok(cp_sampl_chunk.push(sample as f64)),
[INFO] [stdout] 109 | |                 Err(err) => Err(err),
[INFO] [stdout] 110 | |             },
[INFO] [stdout] 111 | |             None => Err(hound::Error::InvalidSampleFormat),
[INFO] [stdout] 112 | |         };
[INFO] [stdout]     | |_________^
[INFO] [stdout]     |
[INFO] [stdout]     = note: this `Result` may be an `Err` variant, which should be handled
[INFO] [stdout] help: use `let _ = ...` to ignore the resulting value
[INFO] [stdout]     |
[INFO] [stdout] 106 |         let _ = match cp_sampl.next() {
[INFO] [stdout]     |         +++++++
[INFO] [stdout] 
[INFO] [stdout] 
[INFO] [stdout] warning: unused `Result` that must be used
[INFO] [stdout]    --> src/lib.rs:115:9
[INFO] [stdout]     |
[INFO] [stdout] 115 | /         match orig_samples.next() {
[INFO] [stdout] 116 | |             Some(sample) => match sample {
[INFO] [stdout] 117 | |                 Ok(sample) => Ok(window_samples.push(sample as f64)),
[INFO] [stdout] 118 | |                 Err(err) => Err(err),
[INFO] [stdout] 119 | |             },
[INFO] [stdout] 120 | |             None => Err(hound::Error::InvalidSampleFormat),
[INFO] [stdout] 121 | |         };
[INFO] [stdout]     | |_________^
[INFO] [stdout]     |
[INFO] [stdout]     = note: this `Result` may be an `Err` variant, which should be handled
[INFO] [stdout] help: use `let _ = ...` to ignore the resulting value
[INFO] [stdout]     |
[INFO] [stdout] 115 |         let _ = match orig_samples.next() {
[INFO] [stdout]     |         +++++++
[INFO] [stdout] 
[INFO] [stdout] 
[INFO] [stderr]    Compiling cutfd_lib v0.1.0 (/opt/rustwide/workdir)
[INFO] [stdout] warning: unused `Result` that must be used
[INFO] [stdout]   --> src/lib.rs:58:13
[INFO] [stdout]    |
[INFO] [stdout] 58 | /             match orig_sampl.next() {
[INFO] [stdout] 59 | |                 Some(sample) => match sample {
[INFO] [stdout] 60 | |                     Ok(sample) => Ok(orig_sampl_chunk.push(sample)),
[INFO] [stdout] 61 | |                     Err(err) => Err(err),
[INFO] [stdout] 62 | |                 },
[INFO] [stdout] 63 | |                 None => Err(hound::Error::InvalidSampleFormat),
[INFO] [stdout] 64 | |             };
[INFO] [stdout]    | |_____________^
[INFO] [stdout]    |
[INFO] [stdout]    = note: this `Result` may be an `Err` variant, which should be handled
[INFO] [stdout]    = note: `#[warn(unused_must_use)]` on by default
[INFO] [stdout] help: use `let _ = ...` to ignore the resulting value
[INFO] [stdout]    |
[INFO] [stdout] 58 |             let _ = match orig_sampl.next() {
[INFO] [stdout]    |             +++++++
[INFO] [stdout] 
[INFO] [stdout] 
[INFO] [stdout] warning: unused `Result` that must be used
[INFO] [stdout]   --> src/lib.rs:70:13
[INFO] [stdout]    |
[INFO] [stdout] 70 | /             match cp_sampl.next() {
[INFO] [stdout] 71 | |                 Some(sample) => match sample {
[INFO] [stdout] 72 | |                     Ok(sample) => Ok(cp_sampl_chunk.push(sample)),
[INFO] [stdout] 73 | |                     Err(err) => Err(err),
[INFO] [stdout] 74 | |                 },
[INFO] [stdout] 75 | |                 None => Err(hound::Error::InvalidSampleFormat),
[INFO] [stdout] 76 | |             };
[INFO] [stdout]    | |_____________^
[INFO] [stdout]    |
[INFO] [stdout]    = note: this `Result` may be an `Err` variant, which should be handled
[INFO] [stdout] help: use `let _ = ...` to ignore the resulting value
[INFO] [stdout]    |
[INFO] [stdout] 70 |             let _ = match cp_sampl.next() {
[INFO] [stdout]    |             +++++++
[INFO] [stdout] 
[INFO] [stdout] 
[INFO] [stdout] warning: unused `Result` that must be used
[INFO] [stdout]    --> src/lib.rs:106:9
[INFO] [stdout]     |
[INFO] [stdout] 106 | /         match cp_sampl.next() {
[INFO] [stdout] 107 | |             Some(sample) => match sample {
[INFO] [stdout] 108 | |                 Ok(sample) => Ok(cp_sampl_chunk.push(sample as f64)),
[INFO] [stdout] 109 | |                 Err(err) => Err(err),
[INFO] [stdout] 110 | |             },
[INFO] [stdout] 111 | |             None => Err(hound::Error::InvalidSampleFormat),
[INFO] [stdout] 112 | |         };
[INFO] [stdout]     | |_________^
[INFO] [stdout]     |
[INFO] [stdout]     = note: this `Result` may be an `Err` variant, which should be handled
[INFO] [stdout] help: use `let _ = ...` to ignore the resulting value
[INFO] [stdout]     |
[INFO] [stdout] 106 |         let _ = match cp_sampl.next() {
[INFO] [stdout]     |         +++++++
[INFO] [stdout] 
[INFO] [stdout] 
[INFO] [stdout] warning: unused `Result` that must be used
[INFO] [stdout]    --> src/lib.rs:115:9
[INFO] [stdout]     |
[INFO] [stdout] 115 | /         match orig_samples.next() {
[INFO] [stdout] 116 | |             Some(sample) => match sample {
[INFO] [stdout] 117 | |                 Ok(sample) => Ok(window_samples.push(sample as f64)),
[INFO] [stdout] 118 | |                 Err(err) => Err(err),
[INFO] [stdout] 119 | |             },
[INFO] [stdout] 120 | |             None => Err(hound::Error::InvalidSampleFormat),
[INFO] [stdout] 121 | |         };
[INFO] [stdout]     | |_________^
[INFO] [stdout]     |
[INFO] [stdout]     = note: this `Result` may be an `Err` variant, which should be handled
[INFO] [stdout] help: use `let _ = ...` to ignore the resulting value
[INFO] [stdout]     |
[INFO] [stdout] 115 |         let _ = match orig_samples.next() {
[INFO] [stdout]     |         +++++++
[INFO] [stdout] 
[INFO] [stdout] 
[INFO] [stderr]     Finished `test` profile [unoptimized + debuginfo] target(s) in 0.12s
[INFO] running `Command { std: "docker" "inspect" "d73068920d5bcea6cafd1a3ab4e106d277a951a00278d990d71030862d195bc4", kill_on_drop: false }`
[INFO] running `Command { std: "docker" "rm" "-f" "d73068920d5bcea6cafd1a3ab4e106d277a951a00278d990d71030862d195bc4", kill_on_drop: false }`
[INFO] [stdout] d73068920d5bcea6cafd1a3ab4e106d277a951a00278d990d71030862d195bc4
[INFO] running `Command { std: "docker" "create" "-v" "/var/lib/crater-agent-workspace/builds/worker-7-tc1/target:/opt/rustwide/target:rw,Z" "-v" "/var/lib/crater-agent-workspace/builds/worker-7-tc1/source:/opt/rustwide/workdir:ro,Z" "-v" "/var/lib/crater-agent-workspace/cargo-home:/opt/rustwide/cargo-home:ro,Z" "-v" "/var/lib/crater-agent-workspace/rustup-home:/opt/rustwide/rustup-home:ro,Z" "-e" "SOURCE_DIR=/opt/rustwide/workdir" "-e" "CARGO_TARGET_DIR=/opt/rustwide/target" "-e" "CARGO_INCREMENTAL=0" "-e" "RUST_BACKTRACE=full" "-e" "RUSTFLAGS=--cap-lints=forbid" "-e" "RUSTDOCFLAGS=--cap-lints=forbid" "-e" "CARGO_HOME=/opt/rustwide/cargo-home" "-e" "RUSTUP_HOME=/opt/rustwide/rustup-home" "-w" "/opt/rustwide/workdir" "-m" "1610612736" "--user" "0:0" "--network" "none" "ghcr.io/rust-lang/crates-build-env/linux@sha256:4a844ea9eb2546a2d2c7022eacef16ef2e8229c7fbb2c7d4d55a9ceca922f72d" "/opt/rustwide/cargo-home/bin/cargo" "+nightly-2024-10-28" "test" "--frozen", kill_on_drop: false }`
[INFO] [stdout] 147d0bdf67f38783aa0a4742a3a23eed985718564cff71d0f83abe6deef8929b
[INFO] running `Command { std: "docker" "start" "-a" "147d0bdf67f38783aa0a4742a3a23eed985718564cff71d0f83abe6deef8929b", kill_on_drop: false }`
[INFO] [stderr] warning: unused `Result` that must be used
[INFO] [stderr]   --> src/lib.rs:58:13
[INFO] [stderr]    |
[INFO] [stderr] 58 | /             match orig_sampl.next() {
[INFO] [stderr] 59 | |                 Some(sample) => match sample {
[INFO] [stderr] 60 | |                     Ok(sample) => Ok(orig_sampl_chunk.push(sample)),
[INFO] [stderr] 61 | |                     Err(err) => Err(err),
[INFO] [stderr] 62 | |                 },
[INFO] [stderr] 63 | |                 None => Err(hound::Error::InvalidSampleFormat),
[INFO] [stderr] 64 | |             };
[INFO] [stderr]    | |_____________^
[INFO] [stderr]    |
[INFO] [stderr]    = note: this `Result` may be an `Err` variant, which should be handled
[INFO] [stderr]    = note: `#[warn(unused_must_use)]` on by default
[INFO] [stderr] help: use `let _ = ...` to ignore the resulting value
[INFO] [stderr]    |
[INFO] [stderr] 58 |             let _ = match orig_sampl.next() {
[INFO] [stderr]    |             +++++++
[INFO] [stderr] 
[INFO] [stderr] warning: unused `Result` that must be used
[INFO] [stderr]   --> src/lib.rs:70:13
[INFO] [stderr]    |
[INFO] [stderr] 70 | /             match cp_sampl.next() {
[INFO] [stderr] 71 | |                 Some(sample) => match sample {
[INFO] [stderr] 72 | |                     Ok(sample) => Ok(cp_sampl_chunk.push(sample)),
[INFO] [stderr] 73 | |                     Err(err) => Err(err),
[INFO] [stderr] 74 | |                 },
[INFO] [stderr] 75 | |                 None => Err(hound::Error::InvalidSampleFormat),
[INFO] [stderr] 76 | |             };
[INFO] [stderr]    | |_____________^
[INFO] [stderr]    |
[INFO] [stderr]    = note: this `Result` may be an `Err` variant, which should be handled
[INFO] [stderr] help: use `let _ = ...` to ignore the resulting value
[INFO] [stderr]    |
[INFO] [stderr] 70 |             let _ = match cp_sampl.next() {
[INFO] [stderr]    |             +++++++
[INFO] [stderr] 
[INFO] [stderr] warning: unused `Result` that must be used
[INFO] [stderr]    --> src/lib.rs:106:9
[INFO] [stderr]     |
[INFO] [stderr] 106 | /         match cp_sampl.next() {
[INFO] [stderr] 107 | |             Some(sample) => match sample {
[INFO] [stderr] 108 | |                 Ok(sample) => Ok(cp_sampl_chunk.push(sample as f64)),
[INFO] [stderr] 109 | |                 Err(err) => Err(err),
[INFO] [stderr] 110 | |             },
[INFO] [stderr] 111 | |             None => Err(hound::Error::InvalidSampleFormat),
[INFO] [stderr] 112 | |         };
[INFO] [stderr]     | |_________^
[INFO] [stderr]     |
[INFO] [stderr]     = note: this `Result` may be an `Err` variant, which should be handled
[INFO] [stderr] help: use `let _ = ...` to ignore the resulting value
[INFO] [stderr]     |
[INFO] [stderr] 106 |         let _ = match cp_sampl.next() {
[INFO] [stderr]     |         +++++++
[INFO] [stderr] 
[INFO] [stderr] warning: unused `Result` that must be used
[INFO] [stderr]    --> src/lib.rs:115:9
[INFO] [stderr]     |
[INFO] [stderr] 115 | /         match orig_samples.next() {
[INFO] [stderr] 116 | |             Some(sample) => match sample {
[INFO] [stderr] 117 | |                 Ok(sample) => Ok(window_samples.push(sample as f64)),
[INFO] [stderr] 118 | |                 Err(err) => Err(err),
[INFO] [stderr] 119 | |             },
[INFO] [stderr] 120 | |             None => Err(hound::Error::InvalidSampleFormat),
[INFO] [stderr] 121 | |         };
[INFO] [stderr]     | |_________^
[INFO] [stderr]     |
[INFO] [stderr]     = note: this `Result` may be an `Err` variant, which should be handled
[INFO] [stderr] help: use `let _ = ...` to ignore the resulting value
[INFO] [stderr]     |
[INFO] [stderr] 115 |         let _ = match orig_samples.next() {
[INFO] [stderr]     |         +++++++
[INFO] [stderr] 
[INFO] [stderr] warning: `cutfd_lib` (lib) generated 4 warnings
[INFO] [stderr] warning: `cutfd_lib` (lib test) generated 4 warnings (4 duplicates)
[INFO] [stderr]     Finished `test` profile [unoptimized + debuginfo] target(s) in 0.03s
[INFO] [stderr]      Running unittests src/lib.rs (/opt/rustwide/target/debug/deps/cutfd_lib-d3f645cb763cabec)
[INFO] [stdout] 
[INFO] [stdout] running 0 tests
[INFO] [stdout] 
[INFO] [stdout] test result: ok. 0 passed; 0 failed; 0 ignored; 0 measured; 0 filtered out; finished in 0.00s
[INFO] [stdout] 
[INFO] [stderr]    Doc-tests cutfd_lib
[INFO] [stdout] 
[INFO] [stdout] running 1 test
[INFO] [stdout] test src/lib.rs - find_beginning (line 22) ... FAILED
[INFO] [stdout] 
[INFO] [stdout] failures:
[INFO] [stdout] 
[INFO] [stdout] ---- src/lib.rs - find_beginning (line 22) stdout ----
[INFO] [stdout] Test executable failed (exit status: 101).
[INFO] [stdout] 
[INFO] [stdout] stderr:
[INFO] [stdout] thread 'main' panicked at src/lib.rs:4:6:
[INFO] [stdout] Failed to open input waveform: IoError(Os { code: 2, kind: NotFound, message: "No such file or directory" })
[INFO] [stdout] stack backtrace:
[INFO] [stdout]    0:     0x595819b8aa9a - std::backtrace_rs::backtrace::libunwind::trace::h207520d6e9873551
[INFO] [stdout]                                at /rustc/df4ca44d3fbc9301ee17f30f4d474e6ae4b05252/library/std/src/../../backtrace/src/backtrace/libunwind.rs:116:5
[INFO] [stdout]    1:     0x595819b8aa9a - std::backtrace_rs::backtrace::trace_unsynchronized::h2ed7433f370e3eca
[INFO] [stdout]                                at /rustc/df4ca44d3fbc9301ee17f30f4d474e6ae4b05252/library/std/src/../../backtrace/src/backtrace/mod.rs:66:5
[INFO] [stdout]    2:     0x595819b8aa9a - std::sys::backtrace::_print_fmt::h916fac51166b18d7
[INFO] [stdout]                                at /rustc/df4ca44d3fbc9301ee17f30f4d474e6ae4b05252/library/std/src/sys/backtrace.rs:66:9
[INFO] [stdout]    3:     0x595819b8aa9a - <std::sys::backtrace::BacktraceLock::print::DisplayBacktrace as core::fmt::Display>::fmt::ha0a4c9b8ce3802e6
[INFO] [stdout]                                at /rustc/df4ca44d3fbc9301ee17f30f4d474e6ae4b05252/library/std/src/sys/backtrace.rs:39:26
[INFO] [stdout]    4:     0x595819ba6db3 - core::fmt::rt::Argument::fmt::h4cfc8587d52b3eb5
[INFO] [stdout]                                at /rustc/df4ca44d3fbc9301ee17f30f4d474e6ae4b05252/library/core/src/fmt/rt.rs:177:76
[INFO] [stdout]    5:     0x595819ba6db3 - core::fmt::write::h522cc39e5b36ae9f
[INFO] [stdout]                                at /rustc/df4ca44d3fbc9301ee17f30f4d474e6ae4b05252/library/core/src/fmt/mod.rs:1190:21
[INFO] [stdout]    6:     0x595819b88503 - std::io::Write::write_fmt::hf1c1dcc8cc1287f0
[INFO] [stdout]                                at /rustc/df4ca44d3fbc9301ee17f30f4d474e6ae4b05252/library/std/src/io/mod.rs:1839:15
[INFO] [stdout]    7:     0x595819b8a8e2 - std::sys::backtrace::BacktraceLock::print::h4b9e00b29e9c0942
[INFO] [stdout]                                at /rustc/df4ca44d3fbc9301ee17f30f4d474e6ae4b05252/library/std/src/sys/backtrace.rs:42:9
[INFO] [stdout]    8:     0x595819b8b8ac - std::panicking::default_hook::{{closure}}::hb59b88280d0324d9
[INFO] [stdout]                                at /rustc/df4ca44d3fbc9301ee17f30f4d474e6ae4b05252/library/std/src/panicking.rs:268:22
[INFO] [stdout]    9:     0x595819b8b6f2 - std::panicking::default_hook::he1dd496665be4a29
[INFO] [stdout]                                at /rustc/df4ca44d3fbc9301ee17f30f4d474e6ae4b05252/library/std/src/panicking.rs:295:9
[INFO] [stdout]   10:     0x595819b8bea7 - std::panicking::rust_panic_with_hook::h2ff17fe8f26dfcf8
[INFO] [stdout]                                at /rustc/df4ca44d3fbc9301ee17f30f4d474e6ae4b05252/library/std/src/panicking.rs:801:13
[INFO] [stdout]   11:     0x595819b8bd3a - std::panicking::begin_panic_handler::{{closure}}::h4fad77951c07e101
[INFO] [stdout]                                at /rustc/df4ca44d3fbc9301ee17f30f4d474e6ae4b05252/library/std/src/panicking.rs:674:13
[INFO] [stdout]   12:     0x595819b8af79 - std::sys::backtrace::__rust_end_short_backtrace::hb1a25b3da5d0ea08
[INFO] [stdout]                                at /rustc/df4ca44d3fbc9301ee17f30f4d474e6ae4b05252/library/std/src/sys/backtrace.rs:170:18
[INFO] [stdout]   13:     0x595819b8b9cc - rust_begin_unwind
[INFO] [stdout]                                at /rustc/df4ca44d3fbc9301ee17f30f4d474e6ae4b05252/library/std/src/panicking.rs:665:5
[INFO] [stdout]   14:     0x595819ba6000 - core::panicking::panic_fmt::ha9db07b529f9b256
[INFO] [stdout]                                at /rustc/df4ca44d3fbc9301ee17f30f4d474e6ae4b05252/library/core/src/panicking.rs:75:14
[INFO] [stdout]   15:     0x595819ba6376 - core::result::unwrap_failed::h5e8218e4d4338b8a
[INFO] [stdout]                                at /rustc/df4ca44d3fbc9301ee17f30f4d474e6ae4b05252/library/core/src/result.rs:1698:5
[INFO] [stdout]   16:     0x595819b6531d - core::result::Result<T,E>::expect::h5857a003e6975af5
[INFO] [stdout]   17:     0x595819b6a6bc - rust_out::main::_doctest_main_src_lib_rs_22_0::hec52cf64a535260a
[INFO] [stdout]   18:     0x595819b6a666 - rust_out::main::ha213a30daa5df4da
[INFO] [stdout]   19:     0x595819b647b3 - core::ops::function::FnOnce::call_once::hf7edf7132571051c
[INFO] [stdout]   20:     0x595819b63e66 - std::sys::backtrace::__rust_begin_short_backtrace::h32fd822fd2ba4079
[INFO] [stdout]   21:     0x595819b63da9 - std::rt::lang_start::{{closure}}::h4039a1c394ed4f7c
[INFO] [stdout]   22:     0x595819b865a7 - core::ops::function::impls::<impl core::ops::function::FnOnce<A> for &F>::call_once::hd87d66b906e0ccaf
[INFO] [stdout]                                at /rustc/df4ca44d3fbc9301ee17f30f4d474e6ae4b05252/library/core/src/ops/function.rs:284:13
[INFO] [stdout]   23:     0x595819b865a7 - std::panicking::try::do_call::hae3703de71fc9e3a
[INFO] [stdout]                                at /rustc/df4ca44d3fbc9301ee17f30f4d474e6ae4b05252/library/std/src/panicking.rs:557:40
[INFO] [stdout]   24:     0x595819b865a7 - std::panicking::try::h1178330e9a2b2645
[INFO] [stdout]                                at /rustc/df4ca44d3fbc9301ee17f30f4d474e6ae4b05252/library/std/src/panicking.rs:520:19
[INFO] [stdout]   25:     0x595819b865a7 - std::panic::catch_unwind::h0acf49d2305d32ad
[INFO] [stdout]                                at /rustc/df4ca44d3fbc9301ee17f30f4d474e6ae4b05252/library/std/src/panic.rs:358:14
[INFO] [stdout]   26:     0x595819b865a7 - std::rt::lang_start_internal::{{closure}}::h2d95182d798177be
[INFO] [stdout]                                at /rustc/df4ca44d3fbc9301ee17f30f4d474e6ae4b05252/library/std/src/rt.rs:174:48
[INFO] [stdout]   27:     0x595819b865a7 - std::panicking::try::do_call::hb506f5bfe11fd30c
[INFO] [stdout]                                at /rustc/df4ca44d3fbc9301ee17f30f4d474e6ae4b05252/library/std/src/panicking.rs:557:40
[INFO] [stdout]   28:     0x595819b865a7 - std::panicking::try::h54d825c46bd0fa95
[INFO] [stdout]                                at /rustc/df4ca44d3fbc9301ee17f30f4d474e6ae4b05252/library/std/src/panicking.rs:520:19
[INFO] [stdout]   29:     0x595819b865a7 - std::panic::catch_unwind::hffbb0ad20c4e9fac
[INFO] [stdout]                                at /rustc/df4ca44d3fbc9301ee17f30f4d474e6ae4b05252/library/std/src/panic.rs:358:14
[INFO] [stdout]   30:     0x595819b865a7 - std::rt::lang_start_internal::h52c291ef1962c925
[INFO] [stdout]                                at /rustc/df4ca44d3fbc9301ee17f30f4d474e6ae4b05252/library/std/src/rt.rs:174:20
[INFO] [stdout]   31:     0x595819b63d87 - std::rt::lang_start::h8c6075cd6f225ba1
[INFO] [stdout]   32:     0x595819b6aa55 - main
[INFO] [stdout]   33:     0x7aaa3d9b4d90 - <unknown>
[INFO] [stdout]   34:     0x7aaa3d9b4e40 - __libc_start_main
[INFO] [stdout]   35:     0x595819b62ca5 - _start
[INFO] [stdout]   36:                0x0 - <unknown>
[INFO] [stdout] 
[INFO] [stdout] 
[INFO] [stdout] 
[INFO] [stdout] failures:
[INFO] [stdout]     src/lib.rs - find_beginning (line 22)
[INFO] [stdout] 
[INFO] [stdout] test result: FAILED. 0 passed; 1 failed; 0 ignored; 0 measured; 0 filtered out; finished in 0.12s
[INFO] [stdout] 
[INFO] [stderr] error: doctest failed, to rerun pass `--doc`
[INFO] running `Command { std: "docker" "inspect" "147d0bdf67f38783aa0a4742a3a23eed985718564cff71d0f83abe6deef8929b", kill_on_drop: false }`
[INFO] running `Command { std: "docker" "rm" "-f" "147d0bdf67f38783aa0a4742a3a23eed985718564cff71d0f83abe6deef8929b", kill_on_drop: false }`
[INFO] [stdout] 147d0bdf67f38783aa0a4742a3a23eed985718564cff71d0f83abe6deef8929b
