[INFO] cloning repository https://github.com/Ryneqq/nova
[INFO] running `Command { std: "git" "-c" "credential.helper=" "-c" "credential.helper=/workspace/cargo-home/bin/git-credential-null" "clone" "--bare" "https://github.com/Ryneqq/nova" "/workspace/cache/git-repos/https%3A%2F%2Fgithub.com%2FRyneqq%2Fnova", kill_on_drop: false }`
[INFO] [stderr] Cloning into bare repository '/workspace/cache/git-repos/https%3A%2F%2Fgithub.com%2FRyneqq%2Fnova'...
[INFO] running `Command { std: "git" "rev-parse" "HEAD", kill_on_drop: false }`
[INFO] [stdout] ab0659e548fa4435ccb1483048c0c779f63d3a51
[INFO] testing Ryneqq/nova/ab0659e548fa4435ccb1483048c0c779f63d3a51 against nightly-2024-10-28+rustflags=-Zrandomize-layout for randomize-layout
[INFO] running `Command { std: "git" "clone" "/workspace/cache/git-repos/https%3A%2F%2Fgithub.com%2FRyneqq%2Fnova" "/workspace/builds/worker-1-tc2/source", kill_on_drop: false }`
[INFO] [stderr] Cloning into '/workspace/builds/worker-1-tc2/source'...
[INFO] [stderr] done.
[INFO] validating manifest of git repo https://github.com/Ryneqq/nova on toolchain nightly-2024-10-28
[INFO] running `Command { std: CARGO_HOME="/workspace/cargo-home" RUSTUP_HOME="/workspace/rustup-home" "/workspace/cargo-home/bin/cargo" "+nightly-2024-10-28" "metadata" "--manifest-path" "Cargo.toml" "--no-deps", kill_on_drop: false }`
[INFO] started tweaking git repo https://github.com/Ryneqq/nova
[INFO] finished tweaking git repo https://github.com/Ryneqq/nova
[INFO] tweaked toml for git repo https://github.com/Ryneqq/nova written to /workspace/builds/worker-1-tc2/source/Cargo.toml
[INFO] crate git repo https://github.com/Ryneqq/nova already has a lockfile, it will not be regenerated
[INFO] running `Command { std: CARGO_HOME="/workspace/cargo-home" RUSTUP_HOME="/workspace/rustup-home" "/workspace/cargo-home/bin/cargo" "+nightly-2024-10-28" "fetch" "--manifest-path" "Cargo.toml", kill_on_drop: false }`
[INFO] running `Command { std: "docker" "create" "-v" "/var/lib/crater-agent-workspace/builds/worker-1-tc2/target:/opt/rustwide/target:rw,Z" "-v" "/var/lib/crater-agent-workspace/builds/worker-1-tc2/source:/opt/rustwide/workdir:ro,Z" "-v" "/var/lib/crater-agent-workspace/cargo-home:/opt/rustwide/cargo-home:ro,Z" "-v" "/var/lib/crater-agent-workspace/rustup-home:/opt/rustwide/rustup-home:ro,Z" "-e" "SOURCE_DIR=/opt/rustwide/workdir" "-e" "CARGO_TARGET_DIR=/opt/rustwide/target" "-e" "CARGO_HOME=/opt/rustwide/cargo-home" "-e" "RUSTUP_HOME=/opt/rustwide/rustup-home" "-w" "/opt/rustwide/workdir" "-m" "1610612736" "--user" "0:0" "--network" "none" "ghcr.io/rust-lang/crates-build-env/linux@sha256:4a844ea9eb2546a2d2c7022eacef16ef2e8229c7fbb2c7d4d55a9ceca922f72d" "/opt/rustwide/cargo-home/bin/cargo" "+nightly-2024-10-28" "metadata" "--no-deps" "--format-version=1", kill_on_drop: false }`
[INFO] [stdout] c97c94d1e5256b24e92d7d2b815dc9341980950c441161fd16044755bc33edf5
[INFO] running `Command { std: "docker" "start" "-a" "c97c94d1e5256b24e92d7d2b815dc9341980950c441161fd16044755bc33edf5", kill_on_drop: false }`
[INFO] running `Command { std: "docker" "inspect" "c97c94d1e5256b24e92d7d2b815dc9341980950c441161fd16044755bc33edf5", kill_on_drop: false }`
[INFO] running `Command { std: "docker" "rm" "-f" "c97c94d1e5256b24e92d7d2b815dc9341980950c441161fd16044755bc33edf5", kill_on_drop: false }`
[INFO] [stdout] c97c94d1e5256b24e92d7d2b815dc9341980950c441161fd16044755bc33edf5
[INFO] running `Command { std: "docker" "create" "-v" "/var/lib/crater-agent-workspace/builds/worker-1-tc2/target:/opt/rustwide/target:rw,Z" "-v" "/var/lib/crater-agent-workspace/builds/worker-1-tc2/source:/opt/rustwide/workdir:ro,Z" "-v" "/var/lib/crater-agent-workspace/cargo-home:/opt/rustwide/cargo-home:ro,Z" "-v" "/var/lib/crater-agent-workspace/rustup-home:/opt/rustwide/rustup-home:ro,Z" "-e" "SOURCE_DIR=/opt/rustwide/workdir" "-e" "CARGO_TARGET_DIR=/opt/rustwide/target" "-e" "CARGO_INCREMENTAL=0" "-e" "RUST_BACKTRACE=full" "-e" "RUSTFLAGS=--cap-lints=forbid -Zrandomize-layout" "-e" "RUSTDOCFLAGS=--cap-lints=forbid" "-e" "CARGO_HOME=/opt/rustwide/cargo-home" "-e" "RUSTUP_HOME=/opt/rustwide/rustup-home" "-w" "/opt/rustwide/workdir" "-m" "1610612736" "--user" "0:0" "--network" "none" "ghcr.io/rust-lang/crates-build-env/linux@sha256:4a844ea9eb2546a2d2c7022eacef16ef2e8229c7fbb2c7d4d55a9ceca922f72d" "/opt/rustwide/cargo-home/bin/cargo" "+nightly-2024-10-28" "build" "--frozen" "--message-format=json", kill_on_drop: false }`
[INFO] [stdout] 5436f0203f197e33c406b02b226b081588b9b136a17494aa5e4c10d5ea906af1
[INFO] running `Command { std: "docker" "start" "-a" "5436f0203f197e33c406b02b226b081588b9b136a17494aa5e4c10d5ea906af1", kill_on_drop: false }`
[INFO] [stderr]    Compiling proc-macro2 v0.4.24
[INFO] [stderr]    Compiling libc v0.2.45
[INFO] [stderr]    Compiling unicode-xid v0.1.0
[INFO] [stderr]    Compiling unicode-segmentation v1.2.1
[INFO] [stderr]    Compiling unicode-width v0.1.5
[INFO] [stderr]    Compiling ansi_term v0.11.0
[INFO] [stderr]    Compiling vec_map v0.8.1
[INFO] [stderr]    Compiling bitflags v1.0.4
[INFO] [stderr]    Compiling strsim v0.7.0
[INFO] [stderr]    Compiling textwrap v0.10.0
[INFO] [stderr]    Compiling either v1.5.1
[INFO] [stderr]    Compiling same-file v1.0.4
[INFO] [stderr]    Compiling itertools v0.8.0
[INFO] [stderr]    Compiling heck v0.3.1
[INFO] [stderr]    Compiling walkdir v2.2.7
[INFO] [stderr]    Compiling atty v0.2.11
[INFO] [stderr]    Compiling clap v2.32.0
[INFO] [stderr]    Compiling quote v0.6.10
[INFO] [stderr]    Compiling syn v0.15.23
[INFO] [stderr]    Compiling structopt-derive v0.2.14
[INFO] [stderr]    Compiling structopt v0.2.14
[INFO] [stderr]    Compiling nova v0.1.0 (/opt/rustwide/workdir)
[INFO] [stdout] warning: unused import: `std::str::FromStr`
[INFO] [stdout]  --> src/args.rs:3:5
[INFO] [stdout]   |
[INFO] [stdout] 3 | use std::str::FromStr;
[INFO] [stdout]   |     ^^^^^^^^^^^^^^^^^
[INFO] [stdout]   |
[INFO] [stdout]   = note: `#[warn(unused_imports)]` on by default
[INFO] [stdout] 
[INFO] [stdout] 
[INFO] [stdout] warning: unused imports: `File` and `self`
[INFO] [stdout]  --> src/args.rs:4:15
[INFO] [stdout]   |
[INFO] [stdout] 4 | use std::fs::{self, File};
[INFO] [stdout]   |               ^^^^  ^^^^
[INFO] [stdout] 
[INFO] [stdout] 
[INFO] [stdout] warning: unused import: `Mode`
[INFO] [stdout]   --> src/main.rs:12:22
[INFO] [stdout]    |
[INFO] [stdout] 12 | use crate::{AppArgs, Mode};
[INFO] [stdout]    |                      ^^^^
[INFO] [stdout] 
[INFO] [stdout] 
[INFO] [stdout] warning: the feature `try_from` has been stable since 1.34.0 and no longer requires an attribute to enable
[INFO] [stdout]  --> src/main.rs:1:12
[INFO] [stdout]   |
[INFO] [stdout] 1 | #![feature(try_from)]
[INFO] [stdout]   |            ^^^^^^^^
[INFO] [stdout]   |
[INFO] [stdout]   = note: `#[warn(stable_features)]` on by default
[INFO] [stdout] 
[INFO] [stdout] 
[INFO] [stdout] warning: variable does not need to be mutable
[INFO] [stdout]  --> src/create.rs:5:9
[INFO] [stdout]   |
[INFO] [stdout] 5 |     let mut name = name.to_string();
[INFO] [stdout]   |         ----^^^^
[INFO] [stdout]   |         |
[INFO] [stdout]   |         help: remove this `mut`
[INFO] [stdout]   |
[INFO] [stdout]   = note: `#[warn(unused_mut)]` on by default
[INFO] [stdout] 
[INFO] [stdout] 
[INFO] [stdout] warning: unused variable: `file`
[INFO] [stdout]   --> src/module/format_module.rs:36:17
[INFO] [stdout]    |
[INFO] [stdout] 36 |         let mut file = String::new();
[INFO] [stdout]    |                 ^^^^ help: if this is intentional, prefix it with an underscore: `_file`
[INFO] [stdout]    |
[INFO] [stdout]    = note: `#[warn(unused_variables)]` on by default
[INFO] [stdout] 
[INFO] [stdout] 
[INFO] [stdout] warning: unused variable: `path`
[INFO] [stdout]   --> src/module/format_module.rs:35:18
[INFO] [stdout]    |
[INFO] [stdout] 35 |     fn load_file(path: &Path) -> String {
[INFO] [stdout]    |                  ^^^^ help: if this is intentional, prefix it with an underscore: `_path`
[INFO] [stdout] 
[INFO] [stdout] 
[INFO] [stdout] warning: variable does not need to be mutable
[INFO] [stdout]   --> src/module/format_module.rs:36:13
[INFO] [stdout]    |
[INFO] [stdout] 36 |         let mut file = String::new();
[INFO] [stdout]    |             ----^^^^
[INFO] [stdout]    |             |
[INFO] [stdout]    |             help: remove this `mut`
[INFO] [stdout] 
[INFO] [stdout] 
[INFO] [stdout] warning: field `path` is never read
[INFO] [stdout]   --> src/args.rs:34:9
[INFO] [stdout]    |
[INFO] [stdout] 24 | pub struct AppArgs {
[INFO] [stdout]    |            ------- field in this struct
[INFO] [stdout] ...
[INFO] [stdout] 34 |     pub path:       Option<PathBuf>,
[INFO] [stdout]    |         ^^^^
[INFO] [stdout]    |
[INFO] [stdout]    = note: `AppArgs` has a derived impl for the trait `Debug`, but this is intentionally ignored during dead code analysis
[INFO] [stdout]    = note: `#[warn(dead_code)]` on by default
[INFO] [stdout] 
[INFO] [stdout] 
[INFO] [stdout] warning: function `to_snake_case` is never used
[INFO] [stdout]  --> src/create.rs:4:4
[INFO] [stdout]   |
[INFO] [stdout] 4 | fn to_snake_case(name: &str) -> String {
[INFO] [stdout]   |    ^^^^^^^^^^^^^
[INFO] [stdout] 
[INFO] [stdout] 
[INFO] [stdout] warning: variant `Enum` is never constructed
[INFO] [stdout]  --> src/generate.rs:3:5
[INFO] [stdout]   |
[INFO] [stdout] 1 | pub enum Generate<'a> {
[INFO] [stdout]   |          -------- variant in this enum
[INFO] [stdout] 2 |     Struct(&'a str),
[INFO] [stdout] 3 |     Enum(&'a str),
[INFO] [stdout]   |     ^^^^
[INFO] [stdout] 
[INFO] [stdout] 
[INFO] [stdout] warning: constant `MOD_RS` is never used
[INFO] [stdout]  --> src/module/find_module.rs:3:11
[INFO] [stdout]   |
[INFO] [stdout] 3 | pub const MOD_RS:   &str = "mod.rs";
[INFO] [stdout]   |           ^^^^^^
[INFO] [stdout] 
[INFO] [stdout] 
[INFO] [stdout] warning: constant `LIB_RS` is never used
[INFO] [stdout]  --> src/module/find_module.rs:4:11
[INFO] [stdout]   |
[INFO] [stdout] 4 | pub const LIB_RS:   &str = "lib.rs";
[INFO] [stdout]   |           ^^^^^^
[INFO] [stdout] 
[INFO] [stdout] 
[INFO] [stdout] warning: constant `MAIN_RS` is never used
[INFO] [stdout]  --> src/module/find_module.rs:5:11
[INFO] [stdout]   |
[INFO] [stdout] 5 | pub const MAIN_RS:  &str = "main.rs";
[INFO] [stdout]   |           ^^^^^^^
[INFO] [stdout] 
[INFO] [stdout] 
[INFO] [stdout] warning: struct `ModFinder` is never constructed
[INFO] [stdout]  --> src/module/find_module.rs:7:12
[INFO] [stdout]   |
[INFO] [stdout] 7 | pub struct ModFinder {
[INFO] [stdout]   |            ^^^^^^^^^
[INFO] [stdout] 
[INFO] [stdout] 
[INFO] [stdout] warning: associated function `new` is never used
[INFO] [stdout]   --> src/module/find_module.rs:12:12
[INFO] [stdout]    |
[INFO] [stdout] 11 | impl ModFinder {
[INFO] [stdout]    | -------------- associated function in this implementation
[INFO] [stdout] 12 |     pub fn new<P: AsRef<Path>>(path: P) -> Self {
[INFO] [stdout]    |            ^^^
[INFO] [stdout] 
[INFO] [stdout] 
[INFO] [stdout] warning: function `verify_modules` is never used
[INFO] [stdout]   --> src/module/find_module.rs:21:4
[INFO] [stdout]    |
[INFO] [stdout] 21 | fn verify_modules<P: AsRef<Path>>(path: P) -> bool {
[INFO] [stdout]    |    ^^^^^^^^^^^^^^
[INFO] [stdout] 
[INFO] [stdout] 
[INFO] [stdout] warning: function `verify_module` is never used
[INFO] [stdout]   --> src/module/find_module.rs:41:4
[INFO] [stdout]    |
[INFO] [stdout] 41 | fn verify_module<P: AsRef<Path>>(path: P) -> bool {
[INFO] [stdout]    |    ^^^^^^^^^^^^^
[INFO] [stdout] 
[INFO] [stdout] 
[INFO] [stdout] warning: function `ends_with_module` is never used
[INFO] [stdout]   --> src/module/find_module.rs:49:4
[INFO] [stdout]    |
[INFO] [stdout] 49 | fn ends_with_module<P: AsRef<Path>>(path: P) -> bool {
[INFO] [stdout]    |    ^^^^^^^^^^^^^^^^
[INFO] [stdout] 
[INFO] [stdout] 
[INFO] [stdout] warning: constant `MOD_RS` is never used
[INFO] [stdout]  --> src/module/format_module.rs:4:7
[INFO] [stdout]   |
[INFO] [stdout] 4 | const MOD_RS:   &str = "mod.rs";
[INFO] [stdout]   |       ^^^^^^
[INFO] [stdout] 
[INFO] [stdout] 
[INFO] [stdout] warning: constant `LIB_RS` is never used
[INFO] [stdout]  --> src/module/format_module.rs:5:7
[INFO] [stdout]   |
[INFO] [stdout] 5 | const LIB_RS:   &str = "lib.rs";
[INFO] [stdout]   |       ^^^^^^
[INFO] [stdout] 
[INFO] [stdout] 
[INFO] [stdout] warning: constant `MAIN_RS` is never used
[INFO] [stdout]  --> src/module/format_module.rs:6:7
[INFO] [stdout]   |
[INFO] [stdout] 6 | const MAIN_RS:  &str = "main.rs";
[INFO] [stdout]   |       ^^^^^^^
[INFO] [stdout] 
[INFO] [stdout] 
[INFO] [stdout] warning: struct `ModFromatter` is never constructed
[INFO] [stdout]  --> src/module/format_module.rs:8:12
[INFO] [stdout]   |
[INFO] [stdout] 8 | pub struct ModFromatter {
[INFO] [stdout]   |            ^^^^^^^^^^^^
[INFO] [stdout] 
[INFO] [stdout] 
[INFO] [stdout] warning: associated items `new`, `format`, `commit`, `load_file`, and `verify_file` are never used
[INFO] [stdout]   --> src/module/format_module.rs:14:12
[INFO] [stdout]    |
[INFO] [stdout] 13 | impl ModFromatter {
[INFO] [stdout]    | ----------------- associated items in this implementation
[INFO] [stdout] 14 |     pub fn new<P: AsRef<Path>>(path: P) -> Self {
[INFO] [stdout]    |            ^^^
[INFO] [stdout] ...
[INFO] [stdout] 21 |     pub fn format(mut self) -> Self {
[INFO] [stdout]    |            ^^^^^^
[INFO] [stdout] ...
[INFO] [stdout] 31 |     pub fn commit(self) {
[INFO] [stdout]    |            ^^^^^^
[INFO] [stdout] ...
[INFO] [stdout] 35 |     fn load_file(path: &Path) -> String {
[INFO] [stdout]    |        ^^^^^^^^^
[INFO] [stdout] ...
[INFO] [stdout] 41 |     fn verify_file(&self) -> Result<(),()> {
[INFO] [stdout]    |        ^^^^^^^^^^^
[INFO] [stdout] 
[INFO] [stdout] 
[INFO] [stderr]     Finished `dev` profile [unoptimized + debuginfo] target(s) in 2.46s
[INFO] running `Command { std: "docker" "inspect" "5436f0203f197e33c406b02b226b081588b9b136a17494aa5e4c10d5ea906af1", kill_on_drop: false }`
[INFO] running `Command { std: "docker" "rm" "-f" "5436f0203f197e33c406b02b226b081588b9b136a17494aa5e4c10d5ea906af1", kill_on_drop: false }`
[INFO] [stdout] 5436f0203f197e33c406b02b226b081588b9b136a17494aa5e4c10d5ea906af1
[INFO] running `Command { std: "docker" "create" "-v" "/var/lib/crater-agent-workspace/builds/worker-1-tc2/target:/opt/rustwide/target:rw,Z" "-v" "/var/lib/crater-agent-workspace/builds/worker-1-tc2/source:/opt/rustwide/workdir:ro,Z" "-v" "/var/lib/crater-agent-workspace/cargo-home:/opt/rustwide/cargo-home:ro,Z" "-v" "/var/lib/crater-agent-workspace/rustup-home:/opt/rustwide/rustup-home:ro,Z" "-e" "SOURCE_DIR=/opt/rustwide/workdir" "-e" "CARGO_TARGET_DIR=/opt/rustwide/target" "-e" "CARGO_INCREMENTAL=0" "-e" "RUST_BACKTRACE=full" "-e" "RUSTFLAGS=--cap-lints=forbid -Zrandomize-layout" "-e" "RUSTDOCFLAGS=--cap-lints=forbid" "-e" "CARGO_HOME=/opt/rustwide/cargo-home" "-e" "RUSTUP_HOME=/opt/rustwide/rustup-home" "-w" "/opt/rustwide/workdir" "-m" "1610612736" "--user" "0:0" "--network" "none" "ghcr.io/rust-lang/crates-build-env/linux@sha256:4a844ea9eb2546a2d2c7022eacef16ef2e8229c7fbb2c7d4d55a9ceca922f72d" "/opt/rustwide/cargo-home/bin/cargo" "+nightly-2024-10-28" "test" "--frozen" "--no-run" "--message-format=json", kill_on_drop: false }`
[INFO] [stdout] f414ce87a43ce729e2d0dc6a0473a891497bbbf670b052d14108fcc7252565c2
[INFO] running `Command { std: "docker" "start" "-a" "f414ce87a43ce729e2d0dc6a0473a891497bbbf670b052d14108fcc7252565c2", kill_on_drop: false }`
[INFO] [stderr]    Compiling nova v0.1.0 (/opt/rustwide/workdir)
[INFO] [stdout] warning: unused import: `std::str::FromStr`
[INFO] [stdout]  --> src/args.rs:3:5
[INFO] [stdout]   |
[INFO] [stdout] 3 | use std::str::FromStr;
[INFO] [stdout]   |     ^^^^^^^^^^^^^^^^^
[INFO] [stdout]   |
[INFO] [stdout]   = note: `#[warn(unused_imports)]` on by default
[INFO] [stdout] 
[INFO] [stdout] 
[INFO] [stdout] warning: unused imports: `File` and `self`
[INFO] [stdout]  --> src/args.rs:4:15
[INFO] [stdout]   |
[INFO] [stdout] 4 | use std::fs::{self, File};
[INFO] [stdout]   |               ^^^^  ^^^^
[INFO] [stdout] 
[INFO] [stdout] 
[INFO] [stdout] warning: unused import: `Mode`
[INFO] [stdout]   --> src/main.rs:12:22
[INFO] [stdout]    |
[INFO] [stdout] 12 | use crate::{AppArgs, Mode};
[INFO] [stdout]    |                      ^^^^
[INFO] [stdout] 
[INFO] [stdout] 
[INFO] [stdout] warning: the feature `try_from` has been stable since 1.34.0 and no longer requires an attribute to enable
[INFO] [stdout]  --> src/main.rs:1:12
[INFO] [stdout]   |
[INFO] [stdout] 1 | #![feature(try_from)]
[INFO] [stdout]   |            ^^^^^^^^
[INFO] [stdout]   |
[INFO] [stdout]   = note: `#[warn(stable_features)]` on by default
[INFO] [stdout] 
[INFO] [stdout] 
[INFO] [stdout] warning: variable does not need to be mutable
[INFO] [stdout]  --> src/create.rs:5:9
[INFO] [stdout]   |
[INFO] [stdout] 5 |     let mut name = name.to_string();
[INFO] [stdout]   |         ----^^^^
[INFO] [stdout]   |         |
[INFO] [stdout]   |         help: remove this `mut`
[INFO] [stdout]   |
[INFO] [stdout]   = note: `#[warn(unused_mut)]` on by default
[INFO] [stdout] 
[INFO] [stdout] 
[INFO] [stdout] warning: unused variable: `file`
[INFO] [stdout]   --> src/module/format_module.rs:36:17
[INFO] [stdout]    |
[INFO] [stdout] 36 |         let mut file = String::new();
[INFO] [stdout]    |                 ^^^^ help: if this is intentional, prefix it with an underscore: `_file`
[INFO] [stdout]    |
[INFO] [stdout]    = note: `#[warn(unused_variables)]` on by default
[INFO] [stdout] 
[INFO] [stdout] 
[INFO] [stdout] warning: unused variable: `path`
[INFO] [stdout]   --> src/module/format_module.rs:35:18
[INFO] [stdout]    |
[INFO] [stdout] 35 |     fn load_file(path: &Path) -> String {
[INFO] [stdout]    |                  ^^^^ help: if this is intentional, prefix it with an underscore: `_path`
[INFO] [stdout] 
[INFO] [stdout] 
[INFO] [stdout] warning: variable does not need to be mutable
[INFO] [stdout]   --> src/module/format_module.rs:36:13
[INFO] [stdout]    |
[INFO] [stdout] 36 |         let mut file = String::new();
[INFO] [stdout]    |             ----^^^^
[INFO] [stdout]    |             |
[INFO] [stdout]    |             help: remove this `mut`
[INFO] [stdout] 
[INFO] [stdout] 
[INFO] [stdout] warning: field `path` is never read
[INFO] [stdout]   --> src/args.rs:34:9
[INFO] [stdout]    |
[INFO] [stdout] 24 | pub struct AppArgs {
[INFO] [stdout]    |            ------- field in this struct
[INFO] [stdout] ...
[INFO] [stdout] 34 |     pub path:       Option<PathBuf>,
[INFO] [stdout]    |         ^^^^
[INFO] [stdout]    |
[INFO] [stdout]    = note: `AppArgs` has a derived impl for the trait `Debug`, but this is intentionally ignored during dead code analysis
[INFO] [stdout]    = note: `#[warn(dead_code)]` on by default
[INFO] [stdout] 
[INFO] [stdout] 
[INFO] [stdout] warning: variant `Enum` is never constructed
[INFO] [stdout]  --> src/generate.rs:3:5
[INFO] [stdout]   |
[INFO] [stdout] 1 | pub enum Generate<'a> {
[INFO] [stdout]   |          -------- variant in this enum
[INFO] [stdout] 2 |     Struct(&'a str),
[INFO] [stdout] 3 |     Enum(&'a str),
[INFO] [stdout]   |     ^^^^
[INFO] [stdout] 
[INFO] [stdout] 
[INFO] [stdout] warning: struct `ModFinder` is never constructed
[INFO] [stdout]  --> src/module/find_module.rs:7:12
[INFO] [stdout]   |
[INFO] [stdout] 7 | pub struct ModFinder {
[INFO] [stdout]   |            ^^^^^^^^^
[INFO] [stdout] 
[INFO] [stdout] 
[INFO] [stdout] warning: associated function `new` is never used
[INFO] [stdout]   --> src/module/find_module.rs:12:12
[INFO] [stdout]    |
[INFO] [stdout] 11 | impl ModFinder {
[INFO] [stdout]    | -------------- associated function in this implementation
[INFO] [stdout] 12 |     pub fn new<P: AsRef<Path>>(path: P) -> Self {
[INFO] [stdout]    |            ^^^
[INFO] [stdout] 
[INFO] [stdout] 
[INFO] [stdout] warning: constant `MOD_RS` is never used
[INFO] [stdout]  --> src/module/format_module.rs:4:7
[INFO] [stdout]   |
[INFO] [stdout] 4 | const MOD_RS:   &str = "mod.rs";
[INFO] [stdout]   |       ^^^^^^
[INFO] [stdout] 
[INFO] [stdout] 
[INFO] [stdout] warning: constant `LIB_RS` is never used
[INFO] [stdout]  --> src/module/format_module.rs:5:7
[INFO] [stdout]   |
[INFO] [stdout] 5 | const LIB_RS:   &str = "lib.rs";
[INFO] [stdout]   |       ^^^^^^
[INFO] [stdout] 
[INFO] [stdout] 
[INFO] [stdout] warning: constant `MAIN_RS` is never used
[INFO] [stdout]  --> src/module/format_module.rs:6:7
[INFO] [stdout]   |
[INFO] [stdout] 6 | const MAIN_RS:  &str = "main.rs";
[INFO] [stdout]   |       ^^^^^^^
[INFO] [stdout] 
[INFO] [stdout] 
[INFO] [stdout] warning: struct `ModFromatter` is never constructed
[INFO] [stdout]  --> src/module/format_module.rs:8:12
[INFO] [stdout]   |
[INFO] [stdout] 8 | pub struct ModFromatter {
[INFO] [stdout]   |            ^^^^^^^^^^^^
[INFO] [stdout] 
[INFO] [stdout] 
[INFO] [stdout] warning: associated items `new`, `format`, `commit`, `load_file`, and `verify_file` are never used
[INFO] [stdout]   --> src/module/format_module.rs:14:12
[INFO] [stdout]    |
[INFO] [stdout] 13 | impl ModFromatter {
[INFO] [stdout]    | ----------------- associated items in this implementation
[INFO] [stdout] 14 |     pub fn new<P: AsRef<Path>>(path: P) -> Self {
[INFO] [stdout]    |            ^^^
[INFO] [stdout] ...
[INFO] [stdout] 21 |     pub fn format(mut self) -> Self {
[INFO] [stdout]    |            ^^^^^^
[INFO] [stdout] ...
[INFO] [stdout] 31 |     pub fn commit(self) {
[INFO] [stdout]    |            ^^^^^^
[INFO] [stdout] ...
[INFO] [stdout] 35 |     fn load_file(path: &Path) -> String {
[INFO] [stdout]    |        ^^^^^^^^^
[INFO] [stdout] ...
[INFO] [stdout] 41 |     fn verify_file(&self) -> Result<(),()> {
[INFO] [stdout]    |        ^^^^^^^^^^^
[INFO] [stdout] 
[INFO] [stdout] 
[INFO] [stdout] warning: unused `Result` that must be used
[INFO] [stdout]   --> src/module/find_module.rs:70:9
[INFO] [stdout]    |
[INFO] [stdout] 70 |         File::create("./mod.rs");
[INFO] [stdout]    |         ^^^^^^^^^^^^^^^^^^^^^^^^
[INFO] [stdout]    |
[INFO] [stdout]    = note: this `Result` may be an `Err` variant, which should be handled
[INFO] [stdout]    = note: `#[warn(unused_must_use)]` on by default
[INFO] [stdout] help: use `let _ = ...` to ignore the resulting value
[INFO] [stdout]    |
[INFO] [stdout] 70 |         let _ = File::create("./mod.rs");
[INFO] [stdout]    |         +++++++
[INFO] [stdout] 
[INFO] [stdout] 
[INFO] [stdout] warning: unused `Result` that must be used
[INFO] [stdout]   --> src/module/find_module.rs:73:9
[INFO] [stdout]    |
[INFO] [stdout] 73 |         fs::remove_file("./mod.rs");
[INFO] [stdout]    |         ^^^^^^^^^^^^^^^^^^^^^^^^^^^
[INFO] [stdout]    |
[INFO] [stdout]    = note: this `Result` may be an `Err` variant, which should be handled
[INFO] [stdout] help: use `let _ = ...` to ignore the resulting value
[INFO] [stdout]    |
[INFO] [stdout] 73 |         let _ = fs::remove_file("./mod.rs");
[INFO] [stdout]    |         +++++++
[INFO] [stdout] 
[INFO] [stdout] 
[INFO] [stderr]     Finished `test` profile [unoptimized + debuginfo] target(s) in 0.21s
[INFO] running `Command { std: "docker" "inspect" "f414ce87a43ce729e2d0dc6a0473a891497bbbf670b052d14108fcc7252565c2", kill_on_drop: false }`
[INFO] running `Command { std: "docker" "rm" "-f" "f414ce87a43ce729e2d0dc6a0473a891497bbbf670b052d14108fcc7252565c2", kill_on_drop: false }`
[INFO] [stdout] f414ce87a43ce729e2d0dc6a0473a891497bbbf670b052d14108fcc7252565c2
[INFO] running `Command { std: "docker" "create" "-v" "/var/lib/crater-agent-workspace/builds/worker-1-tc2/target:/opt/rustwide/target:rw,Z" "-v" "/var/lib/crater-agent-workspace/builds/worker-1-tc2/source:/opt/rustwide/workdir:ro,Z" "-v" "/var/lib/crater-agent-workspace/cargo-home:/opt/rustwide/cargo-home:ro,Z" "-v" "/var/lib/crater-agent-workspace/rustup-home:/opt/rustwide/rustup-home:ro,Z" "-e" "SOURCE_DIR=/opt/rustwide/workdir" "-e" "CARGO_TARGET_DIR=/opt/rustwide/target" "-e" "CARGO_INCREMENTAL=0" "-e" "RUST_BACKTRACE=full" "-e" "RUSTFLAGS=--cap-lints=forbid -Zrandomize-layout" "-e" "RUSTDOCFLAGS=--cap-lints=forbid" "-e" "CARGO_HOME=/opt/rustwide/cargo-home" "-e" "RUSTUP_HOME=/opt/rustwide/rustup-home" "-w" "/opt/rustwide/workdir" "-m" "1610612736" "--user" "0:0" "--network" "none" "ghcr.io/rust-lang/crates-build-env/linux@sha256:4a844ea9eb2546a2d2c7022eacef16ef2e8229c7fbb2c7d4d55a9ceca922f72d" "/opt/rustwide/cargo-home/bin/cargo" "+nightly-2024-10-28" "test" "--frozen", kill_on_drop: false }`
[INFO] [stdout] 55e636f907264c77b8555b08e91f3f3f8009ae73b1cc05faedc6e6c167a6a1c8
[INFO] running `Command { std: "docker" "start" "-a" "55e636f907264c77b8555b08e91f3f3f8009ae73b1cc05faedc6e6c167a6a1c8", kill_on_drop: false }`
[INFO] [stderr] warning: unused import: `std::str::FromStr`
[INFO] [stderr]  --> src/args.rs:3:5
[INFO] [stderr]   |
[INFO] [stderr] 3 | use std::str::FromStr;
[INFO] [stderr]   |     ^^^^^^^^^^^^^^^^^
[INFO] [stderr]   |
[INFO] [stderr]   = note: `#[warn(unused_imports)]` on by default
[INFO] [stderr] 
[INFO] [stderr] warning: unused imports: `File` and `self`
[INFO] [stderr]  --> src/args.rs:4:15
[INFO] [stderr]   |
[INFO] [stderr] 4 | use std::fs::{self, File};
[INFO] [stderr]   |               ^^^^  ^^^^
[INFO] [stderr] 
[INFO] [stderr] warning: unused import: `Mode`
[INFO] [stderr]   --> src/main.rs:12:22
[INFO] [stderr]    |
[INFO] [stderr] 12 | use crate::{AppArgs, Mode};
[INFO] [stderr]    |                      ^^^^
[INFO] [stderr] 
[INFO] [stderr] warning: the feature `try_from` has been stable since 1.34.0 and no longer requires an attribute to enable
[INFO] [stderr]  --> src/main.rs:1:12
[INFO] [stderr]   |
[INFO] [stderr] 1 | #![feature(try_from)]
[INFO] [stderr]   |            ^^^^^^^^
[INFO] [stderr]   |
[INFO] [stderr]   = note: `#[warn(stable_features)]` on by default
[INFO] [stderr] 
[INFO] [stderr] warning: variable does not need to be mutable
[INFO] [stderr]  --> src/create.rs:5:9
[INFO] [stderr]   |
[INFO] [stderr] 5 |     let mut name = name.to_string();
[INFO] [stderr]   |         ----^^^^
[INFO] [stderr]   |         |
[INFO] [stderr]   |         help: remove this `mut`
[INFO] [stderr]   |
[INFO] [stderr]   = note: `#[warn(unused_mut)]` on by default
[INFO] [stderr] 
[INFO] [stderr] warning: unused variable: `file`
[INFO] [stderr]   --> src/module/format_module.rs:36:17
[INFO] [stderr]    |
[INFO] [stderr] 36 |         let mut file = String::new();
[INFO] [stderr]    |                 ^^^^ help: if this is intentional, prefix it with an underscore: `_file`
[INFO] [stderr]    |
[INFO] [stderr]    = note: `#[warn(unused_variables)]` on by default
[INFO] [stderr] 
[INFO] [stderr] warning: unused variable: `path`
[INFO] [stderr]   --> src/module/format_module.rs:35:18
[INFO] [stderr]    |
[INFO] [stderr] 35 |     fn load_file(path: &Path) -> String {
[INFO] [stderr]    |                  ^^^^ help: if this is intentional, prefix it with an underscore: `_path`
[INFO] [stderr] 
[INFO] [stderr] warning: variable does not need to be mutable
[INFO] [stderr]   --> src/module/format_module.rs:36:13
[INFO] [stderr]    |
[INFO] [stderr] 36 |         let mut file = String::new();
[INFO] [stderr]    |             ----^^^^
[INFO] [stderr]    |             |
[INFO] [stderr]    |             help: remove this `mut`
[INFO] [stderr] 
[INFO] [stderr] warning: field `path` is never read
[INFO] [stderr]   --> src/args.rs:34:9
[INFO] [stderr]    |
[INFO] [stderr] 24 | pub struct AppArgs {
[INFO] [stderr]    |            ------- field in this struct
[INFO] [stderr] ...
[INFO] [stderr] 34 |     pub path:       Option<PathBuf>,
[INFO] [stderr]    |         ^^^^
[INFO] [stderr]    |
[INFO] [stderr]    = note: `AppArgs` has a derived impl for the trait `Debug`, but this is intentionally ignored during dead code analysis
[INFO] [stderr]    = note: `#[warn(dead_code)]` on by default
[INFO] [stderr] 
[INFO] [stderr] warning: variant `Enum` is never constructed
[INFO] [stderr]  --> src/generate.rs:3:5
[INFO] [stderr]   |
[INFO] [stderr] 1 | pub enum Generate<'a> {
[INFO] [stderr]   |          -------- variant in this enum
[INFO] [stderr] 2 |     Struct(&'a str),
[INFO] [stderr] 3 |     Enum(&'a str),
[INFO] [stderr]   |     ^^^^
[INFO] [stderr] 
[INFO] [stderr] warning: struct `ModFinder` is never constructed
[INFO] [stderr]  --> src/module/find_module.rs:7:12
[INFO] [stderr]   |
[INFO] [stderr] 7 | pub struct ModFinder {
[INFO] [stderr]   |            ^^^^^^^^^
[INFO] [stderr] 
[INFO] [stderr] warning: associated function `new` is never used
[INFO] [stderr]   --> src/module/find_module.rs:12:12
[INFO] [stderr]    |
[INFO] [stderr] 11 | impl ModFinder {
[INFO] [stderr]    | -------------- associated function in this implementation
[INFO] [stderr] 12 |     pub fn new<P: AsRef<Path>>(path: P) -> Self {
[INFO] [stderr]    |            ^^^
[INFO] [stderr] 
[INFO] [stderr] warning: constant `MOD_RS` is never used
[INFO] [stderr]  --> src/module/format_module.rs:4:7
[INFO] [stderr]   |
[INFO] [stderr] 4 | const MOD_RS:   &str = "mod.rs";
[INFO] [stderr]   |       ^^^^^^
[INFO] [stderr] 
[INFO] [stderr] warning: constant `LIB_RS` is never used
[INFO] [stderr]  --> src/module/format_module.rs:5:7
[INFO] [stderr]   |
[INFO] [stderr] 5 | const LIB_RS:   &str = "lib.rs";
[INFO] [stderr]   |       ^^^^^^
[INFO] [stderr] 
[INFO] [stderr] warning: constant `MAIN_RS` is never used
[INFO] [stderr]  --> src/module/format_module.rs:6:7
[INFO] [stderr]   |
[INFO] [stderr] 6 | const MAIN_RS:  &str = "main.rs";
[INFO] [stderr]   |       ^^^^^^^
[INFO] [stderr] 
[INFO] [stderr] warning: struct `ModFromatter` is never constructed
[INFO] [stderr]  --> src/module/format_module.rs:8:12
[INFO] [stderr]   |
[INFO] [stderr] 8 | pub struct ModFromatter {
[INFO] [stderr]   |            ^^^^^^^^^^^^
[INFO] [stderr] 
[INFO] [stderr] warning: associated items `new`, `format`, `commit`, `load_file`, and `verify_file` are never used
[INFO] [stderr]   --> src/module/format_module.rs:14:12
[INFO] [stderr]    |
[INFO] [stderr] 13 | impl ModFromatter {
[INFO] [stderr]    | ----------------- associated items in this implementation
[INFO] [stderr] 14 |     pub fn new<P: AsRef<Path>>(path: P) -> Self {
[INFO] [stderr]    |            ^^^
[INFO] [stderr] ...
[INFO] [stderr] 21 |     pub fn format(mut self) -> Self {
[INFO] [stderr]    |            ^^^^^^
[INFO] [stderr] ...
[INFO] [stderr] 31 |     pub fn commit(self) {
[INFO] [stderr]    |            ^^^^^^
[INFO] [stderr] ...
[INFO] [stderr] 35 |     fn load_file(path: &Path) -> String {
[INFO] [stderr]    |        ^^^^^^^^^
[INFO] [stderr] ...
[INFO] [stderr] 41 |     fn verify_file(&self) -> Result<(),()> {
[INFO] [stderr]    |        ^^^^^^^^^^^
[INFO] [stderr] 
[INFO] [stderr] warning: unused `Result` that must be used
[INFO] [stderr]   --> src/module/find_module.rs:70:9
[INFO] [stderr]    |
[INFO] [stderr] 70 |         File::create("./mod.rs");
[INFO] [stderr]    |         ^^^^^^^^^^^^^^^^^^^^^^^^
[INFO] [stderr]    |
[INFO] [stderr]    = note: this `Result` may be an `Err` variant, which should be handled
[INFO] [stderr]    = note: `#[warn(unused_must_use)]` on by default
[INFO] [stderr] help: use `let _ = ...` to ignore the resulting value
[INFO] [stderr]    |
[INFO] [stderr] 70 |         let _ = File::create("./mod.rs");
[INFO] [stderr]    |         +++++++
[INFO] [stderr] 
[INFO] [stderr] warning: unused `Result` that must be used
[INFO] [stderr]   --> src/module/find_module.rs:73:9
[INFO] [stderr]    |
[INFO] [stderr] 73 |         fs::remove_file("./mod.rs");
[INFO] [stderr]    |         ^^^^^^^^^^^^^^^^^^^^^^^^^^^
[INFO] [stderr]    |
[INFO] [stderr]    = note: this `Result` may be an `Err` variant, which should be handled
[INFO] [stderr] help: use `let _ = ...` to ignore the resulting value
[INFO] [stderr]    |
[INFO] [stderr] 73 |         let _ = fs::remove_file("./mod.rs");
[INFO] [stderr]    |         +++++++
[INFO] [stderr] 
[INFO] [stderr] warning: `nova` (bin "nova" test) generated 19 warnings (run `cargo fix --bin "nova" --tests` to apply 5 suggestions)
[INFO] [stderr]     Finished `test` profile [unoptimized + debuginfo] target(s) in 0.02s
[INFO] [stderr]      Running unittests src/main.rs (/opt/rustwide/target/debug/deps/nova-315194990d689120)
[INFO] [stdout] 
[INFO] [stdout] running 3 tests
[INFO] [stdout] test create::tests::converting_to_snake_case ... ok
[INFO] [stdout] test generate::tests::converting_to_camel_case ... ok
[INFO] [stdout] test module::find_module::tests::name ... FAILED
[INFO] [stdout] 
[INFO] [stdout] failures:
[INFO] [stdout] 
[INFO] [stdout] ---- module::find_module::tests::name stdout ----
[INFO] [stdout] thread 'module::find_module::tests::name' panicked at src/module/find_module.rs:71:9:
[INFO] [stdout] assertion `left == right` failed
[INFO] [stdout]   left: true
[INFO] [stdout]  right: false
[INFO] [stdout] stack backtrace:
[INFO] [stdout]    0:     0x64050aaf5a8a - std::backtrace_rs::backtrace::libunwind::trace::h207520d6e9873551
[INFO] [stdout]                                at /rustc/df4ca44d3fbc9301ee17f30f4d474e6ae4b05252/library/std/src/../../backtrace/src/backtrace/libunwind.rs:116:5
[INFO] [stdout]    1:     0x64050aaf5a8a - std::backtrace_rs::backtrace::trace_unsynchronized::h2ed7433f370e3eca
[INFO] [stdout]                                at /rustc/df4ca44d3fbc9301ee17f30f4d474e6ae4b05252/library/std/src/../../backtrace/src/backtrace/mod.rs:66:5
[INFO] [stdout]    2:     0x64050aaf5a8a - std::sys::backtrace::_print_fmt::h916fac51166b18d7
[INFO] [stdout]                                at /rustc/df4ca44d3fbc9301ee17f30f4d474e6ae4b05252/library/std/src/sys/backtrace.rs:66:9
[INFO] [stdout]    3:     0x64050aaf5a8a - <std::sys::backtrace::BacktraceLock::print::DisplayBacktrace as core::fmt::Display>::fmt::ha0a4c9b8ce3802e6
[INFO] [stdout]                                at /rustc/df4ca44d3fbc9301ee17f30f4d474e6ae4b05252/library/std/src/sys/backtrace.rs:39:26
[INFO] [stdout]    4:     0x64050ab1cce3 - core::fmt::rt::Argument::fmt::h4cfc8587d52b3eb5
[INFO] [stdout]                                at /rustc/df4ca44d3fbc9301ee17f30f4d474e6ae4b05252/library/core/src/fmt/rt.rs:177:76
[INFO] [stdout]    5:     0x64050ab1cce3 - core::fmt::write::h522cc39e5b36ae9f
[INFO] [stdout]                                at /rustc/df4ca44d3fbc9301ee17f30f4d474e6ae4b05252/library/core/src/fmt/mod.rs:1190:21
[INFO] [stdout]    6:     0x64050aaf2203 - std::io::Write::write_fmt::h7d3c26752da97734
[INFO] [stdout]                                at /rustc/df4ca44d3fbc9301ee17f30f4d474e6ae4b05252/library/std/src/io/mod.rs:1839:15
[INFO] [stdout]    7:     0x64050aaf58d2 - std::sys::backtrace::BacktraceLock::print::h4b9e00b29e9c0942
[INFO] [stdout]                                at /rustc/df4ca44d3fbc9301ee17f30f4d474e6ae4b05252/library/std/src/sys/backtrace.rs:42:9
[INFO] [stdout]    8:     0x64050aaf6f1a - std::panicking::default_hook::{{closure}}::hb59b88280d0324d9
[INFO] [stdout]                                at /rustc/df4ca44d3fbc9301ee17f30f4d474e6ae4b05252/library/std/src/panicking.rs:268:22
[INFO] [stdout]    9:     0x64050aaf6d24 - std::panicking::default_hook::he1dd496665be4a29
[INFO] [stdout]                                at /rustc/df4ca44d3fbc9301ee17f30f4d474e6ae4b05252/library/std/src/panicking.rs:292:9
[INFO] [stdout]   10:     0x64050aab8089 - <alloc::boxed::Box<F,A> as core::ops::function::Fn<Args>>::call::h4ff71de18744e1dc
[INFO] [stdout]                                at /rustc/df4ca44d3fbc9301ee17f30f4d474e6ae4b05252/library/alloc/src/boxed.rs:2468:9
[INFO] [stdout]   11:     0x64050aab8089 - test::test_main::{{closure}}::hcf7c055ce117aa81
[INFO] [stdout]                                at /rustc/df4ca44d3fbc9301ee17f30f4d474e6ae4b05252/library/test/src/lib.rs:133:21
[INFO] [stdout]   12:     0x64050aaf7618 - <alloc::boxed::Box<F,A> as core::ops::function::Fn<Args>>::call::h1d66c6bbd60c9692
[INFO] [stdout]                                at /rustc/df4ca44d3fbc9301ee17f30f4d474e6ae4b05252/library/alloc/src/boxed.rs:2468:9
[INFO] [stdout]   13:     0x64050aaf7618 - std::panicking::rust_panic_with_hook::h2ff17fe8f26dfcf8
[INFO] [stdout]                                at /rustc/df4ca44d3fbc9301ee17f30f4d474e6ae4b05252/library/std/src/panicking.rs:809:13
[INFO] [stdout]   14:     0x64050aaf73da - std::panicking::begin_panic_handler::{{closure}}::h4fad77951c07e101
[INFO] [stdout]                                at /rustc/df4ca44d3fbc9301ee17f30f4d474e6ae4b05252/library/std/src/panicking.rs:674:13
[INFO] [stdout]   15:     0x64050aaf5f69 - std::sys::backtrace::__rust_end_short_backtrace::hb1a25b3da5d0ea08
[INFO] [stdout]                                at /rustc/df4ca44d3fbc9301ee17f30f4d474e6ae4b05252/library/std/src/sys/backtrace.rs:170:18
[INFO] [stdout]   16:     0x64050aaf706c - rust_begin_unwind
[INFO] [stdout]                                at /rustc/df4ca44d3fbc9301ee17f30f4d474e6ae4b05252/library/std/src/panicking.rs:665:5
[INFO] [stdout]   17:     0x64050ab1b780 - core::panicking::panic_fmt::ha9db07b529f9b256
[INFO] [stdout]                                at /rustc/df4ca44d3fbc9301ee17f30f4d474e6ae4b05252/library/core/src/panicking.rs:75:14
[INFO] [stdout]   18:     0x64050ab1baab - core::panicking::assert_failed_inner::h04f38944d74a80a8
[INFO] [stdout]   19:     0x64050aa75e20 - core::panicking::assert_failed::hf367b785cd660230
[INFO] [stdout]                                at /rustc/df4ca44d3fbc9301ee17f30f4d474e6ae4b05252/library/core/src/panicking.rs:377:5
[INFO] [stdout]   20:     0x64050aa7df91 - nova::module::find_module::tests::name::hf32158edb5afc9bb
[INFO] [stdout]                                at /opt/rustwide/workdir/src/module/find_module.rs:71:9
[INFO] [stdout]   21:     0x64050aa7ddc7 - nova::module::find_module::tests::name::{{closure}}::h0f485e27f79fa736
[INFO] [stdout]                                at /opt/rustwide/workdir/src/module/find_module.rs:66:14
[INFO] [stdout]   22:     0x64050aa7a8a6 - core::ops::function::FnOnce::call_once::h0640b02570dc7ee1
[INFO] [stdout]                                at /rustc/df4ca44d3fbc9301ee17f30f4d474e6ae4b05252/library/core/src/ops/function.rs:250:5
[INFO] [stdout]   23:     0x64050aabc95b - core::ops::function::FnOnce::call_once::h22c3ba5715e93f05
[INFO] [stdout]                                at /rustc/df4ca44d3fbc9301ee17f30f4d474e6ae4b05252/library/core/src/ops/function.rs:250:5
[INFO] [stdout]   24:     0x64050aabc95b - test::__rust_begin_short_backtrace::h8e82d8113d0da17f
[INFO] [stdout]                                at /rustc/df4ca44d3fbc9301ee17f30f4d474e6ae4b05252/library/test/src/lib.rs:621:18
[INFO] [stdout]   25:     0x64050aabc2d7 - test::run_test_in_process::{{closure}}::h33235f4f20b7b7c7
[INFO] [stdout]                                at /rustc/df4ca44d3fbc9301ee17f30f4d474e6ae4b05252/library/test/src/lib.rs:644:60
[INFO] [stdout]   26:     0x64050aabc2d7 - <core::panic::unwind_safe::AssertUnwindSafe<F> as core::ops::function::FnOnce<()>>::call_once::hb5043206310c586f
[INFO] [stdout]                                at /rustc/df4ca44d3fbc9301ee17f30f4d474e6ae4b05252/library/core/src/panic/unwind_safe.rs:272:9
[INFO] [stdout]   27:     0x64050aabc2d7 - std::panicking::try::do_call::h9ad4731a60ab23e2
[INFO] [stdout]                                at /rustc/df4ca44d3fbc9301ee17f30f4d474e6ae4b05252/library/std/src/panicking.rs:557:40
[INFO] [stdout]   28:     0x64050aabc2d7 - std::panicking::try::h3824d23db772a716
[INFO] [stdout]                                at /rustc/df4ca44d3fbc9301ee17f30f4d474e6ae4b05252/library/std/src/panicking.rs:520:19
[INFO] [stdout]   29:     0x64050aabc2d7 - std::panic::catch_unwind::h5afd514605fde46b
[INFO] [stdout]                                at /rustc/df4ca44d3fbc9301ee17f30f4d474e6ae4b05252/library/std/src/panic.rs:358:14
[INFO] [stdout]   30:     0x64050aabc2d7 - test::run_test_in_process::h0d5cbfa7067d1720
[INFO] [stdout]                                at /rustc/df4ca44d3fbc9301ee17f30f4d474e6ae4b05252/library/test/src/lib.rs:644:27
[INFO] [stdout]   31:     0x64050aabc2d7 - test::run_test::{{closure}}::h708eb8872708115d
[INFO] [stdout]                                at /rustc/df4ca44d3fbc9301ee17f30f4d474e6ae4b05252/library/test/src/lib.rs:565:43
[INFO] [stdout]   32:     0x64050aa7f9f4 - test::run_test::{{closure}}::h392c51cee94713ab
[INFO] [stdout]                                at /rustc/df4ca44d3fbc9301ee17f30f4d474e6ae4b05252/library/test/src/lib.rs:595:41
[INFO] [stdout]   33:     0x64050aa7f9f4 - std::sys::backtrace::__rust_begin_short_backtrace::h2f40290710935a8b
[INFO] [stdout]                                at /rustc/df4ca44d3fbc9301ee17f30f4d474e6ae4b05252/library/std/src/sys/backtrace.rs:154:18
[INFO] [stdout]   34:     0x64050aa8319e - std::thread::Builder::spawn_unchecked_::{{closure}}::{{closure}}::h3fd968d89053a903
[INFO] [stdout]                                at /rustc/df4ca44d3fbc9301ee17f30f4d474e6ae4b05252/library/std/src/thread/mod.rs:541:17
[INFO] [stdout]   35:     0x64050aa8319e - <core::panic::unwind_safe::AssertUnwindSafe<F> as core::ops::function::FnOnce<()>>::call_once::h743f637ba4229880
[INFO] [stdout]                                at /rustc/df4ca44d3fbc9301ee17f30f4d474e6ae4b05252/library/core/src/panic/unwind_safe.rs:272:9
[INFO] [stdout]   36:     0x64050aa8319e - std::panicking::try::do_call::h07440897322525a6
[INFO] [stdout]                                at /rustc/df4ca44d3fbc9301ee17f30f4d474e6ae4b05252/library/std/src/panicking.rs:557:40
[INFO] [stdout]   37:     0x64050aa8319e - std::panicking::try::he5a2e00188156637
[INFO] [stdout]                                at /rustc/df4ca44d3fbc9301ee17f30f4d474e6ae4b05252/library/std/src/panicking.rs:520:19
[INFO] [stdout]   38:     0x64050aa8319e - std::panic::catch_unwind::hbaf3cae49b3c6433
[INFO] [stdout]                                at /rustc/df4ca44d3fbc9301ee17f30f4d474e6ae4b05252/library/std/src/panic.rs:358:14
[INFO] [stdout]   39:     0x64050aa8319e - std::thread::Builder::spawn_unchecked_::{{closure}}::h8e141ea224820bce
[INFO] [stdout]                                at /rustc/df4ca44d3fbc9301ee17f30f4d474e6ae4b05252/library/std/src/thread/mod.rs:540:30
[INFO] [stdout]   40:     0x64050aa8319e - core::ops::function::FnOnce::call_once{{vtable.shim}}::h90d312fedd7b8ea8
[INFO] [stdout]                                at /rustc/df4ca44d3fbc9301ee17f30f4d474e6ae4b05252/library/core/src/ops/function.rs:250:5
[INFO] [stdout]   41:     0x64050aafb4fb - <alloc::boxed::Box<F,A> as core::ops::function::FnOnce<Args>>::call_once::h69aa08ddb6adb8b6
[INFO] [stdout]                                at /rustc/df4ca44d3fbc9301ee17f30f4d474e6ae4b05252/library/alloc/src/boxed.rs:2454:9
[INFO] [stdout]   42:     0x64050aafb4fb - <alloc::boxed::Box<F,A> as core::ops::function::FnOnce<Args>>::call_once::h5aa36efdb79c806f
[INFO] [stdout]                                at /rustc/df4ca44d3fbc9301ee17f30f4d474e6ae4b05252/library/alloc/src/boxed.rs:2454:9
[INFO] [stdout]   43:     0x64050aafb4fb - std::sys::pal::unix::thread::Thread::new::thread_start::h6cd80a1b4be5158d
[INFO] [stdout]                                at /rustc/df4ca44d3fbc9301ee17f30f4d474e6ae4b05252/library/std/src/sys/pal/unix/thread.rs:105:17
[INFO] [stdout]   44:     0x70409f78cac3 - <unknown>
[INFO] [stdout]   45:     0x70409f81da04 - clone
[INFO] [stdout]   46:                0x0 - <unknown>
[INFO] [stdout] 
[INFO] [stdout] 
[INFO] [stdout] failures:
[INFO] [stdout]     module::find_module::tests::name
[INFO] [stdout] 
[INFO] [stdout] test result: FAILED. 2 passed; 1 failed; 0 ignored; 0 measured; 0 filtered out; finished in 0.01s
[INFO] [stdout] 
[INFO] [stderr] error: test failed, to rerun pass `--bin nova`
[INFO] running `Command { std: "docker" "inspect" "55e636f907264c77b8555b08e91f3f3f8009ae73b1cc05faedc6e6c167a6a1c8", kill_on_drop: false }`
[INFO] running `Command { std: "docker" "rm" "-f" "55e636f907264c77b8555b08e91f3f3f8009ae73b1cc05faedc6e6c167a6a1c8", kill_on_drop: false }`
[INFO] [stdout] 55e636f907264c77b8555b08e91f3f3f8009ae73b1cc05faedc6e6c167a6a1c8
