[INFO] cloning repository https://github.com/Redskaber/Joker
[INFO] running `Command { std: "git" "-c" "credential.helper=" "-c" "credential.helper=/workspace/cargo-home/bin/git-credential-null" "clone" "--bare" "https://github.com/Redskaber/Joker" "/workspace/cache/git-repos/https%3A%2F%2Fgithub.com%2FRedskaber%2FJoker", kill_on_drop: false }`
[INFO] [stderr] Cloning into bare repository '/workspace/cache/git-repos/https%3A%2F%2Fgithub.com%2FRedskaber%2FJoker'...
[INFO] running `Command { std: "git" "rev-parse" "HEAD", kill_on_drop: false }`
[INFO] [stdout] b3ed3aa33056696bf8d59f10f097aa22a4911ad5
[INFO] testing Redskaber/Joker/b3ed3aa33056696bf8d59f10f097aa22a4911ad5 against nightly-2024-10-28 for randomize-layout
[INFO] running `Command { std: "git" "clone" "/workspace/cache/git-repos/https%3A%2F%2Fgithub.com%2FRedskaber%2FJoker" "/workspace/builds/worker-3-tc1/source", kill_on_drop: false }`
[INFO] [stderr] Cloning into '/workspace/builds/worker-3-tc1/source'...
[INFO] [stderr] done.
[INFO] validating manifest of git repo https://github.com/Redskaber/Joker on toolchain nightly-2024-10-28
[INFO] running `Command { std: CARGO_HOME="/workspace/cargo-home" RUSTUP_HOME="/workspace/rustup-home" "/workspace/cargo-home/bin/cargo" "+nightly-2024-10-28" "metadata" "--manifest-path" "Cargo.toml" "--no-deps", kill_on_drop: false }`
[INFO] started tweaking git repo https://github.com/Redskaber/Joker
[INFO] finished tweaking git repo https://github.com/Redskaber/Joker
[INFO] tweaked toml for git repo https://github.com/Redskaber/Joker written to /workspace/builds/worker-3-tc1/source/Cargo.toml
[INFO] crate git repo https://github.com/Redskaber/Joker already has a lockfile, it will not be regenerated
[INFO] running `Command { std: CARGO_HOME="/workspace/cargo-home" RUSTUP_HOME="/workspace/rustup-home" "/workspace/cargo-home/bin/cargo" "+nightly-2024-10-28" "fetch" "--manifest-path" "Cargo.toml", kill_on_drop: false }`
[INFO] running `Command { std: "docker" "create" "-v" "/var/lib/crater-agent-workspace/builds/worker-3-tc1/target:/opt/rustwide/target:rw,Z" "-v" "/var/lib/crater-agent-workspace/builds/worker-3-tc1/source:/opt/rustwide/workdir:ro,Z" "-v" "/var/lib/crater-agent-workspace/cargo-home:/opt/rustwide/cargo-home:ro,Z" "-v" "/var/lib/crater-agent-workspace/rustup-home:/opt/rustwide/rustup-home:ro,Z" "-e" "SOURCE_DIR=/opt/rustwide/workdir" "-e" "CARGO_TARGET_DIR=/opt/rustwide/target" "-e" "CARGO_HOME=/opt/rustwide/cargo-home" "-e" "RUSTUP_HOME=/opt/rustwide/rustup-home" "-w" "/opt/rustwide/workdir" "-m" "1610612736" "--user" "0:0" "--network" "none" "ghcr.io/rust-lang/crates-build-env/linux@sha256:4a844ea9eb2546a2d2c7022eacef16ef2e8229c7fbb2c7d4d55a9ceca922f72d" "/opt/rustwide/cargo-home/bin/cargo" "+nightly-2024-10-28" "metadata" "--no-deps" "--format-version=1", kill_on_drop: false }`
[INFO] [stdout] 39292743c5e1435c064d2aed1788d82af352675cbb0fad9f4c9f2dc5108417b4
[INFO] running `Command { std: "docker" "start" "-a" "39292743c5e1435c064d2aed1788d82af352675cbb0fad9f4c9f2dc5108417b4", kill_on_drop: false }`
[INFO] running `Command { std: "docker" "inspect" "39292743c5e1435c064d2aed1788d82af352675cbb0fad9f4c9f2dc5108417b4", kill_on_drop: false }`
[INFO] running `Command { std: "docker" "rm" "-f" "39292743c5e1435c064d2aed1788d82af352675cbb0fad9f4c9f2dc5108417b4", kill_on_drop: false }`
[INFO] [stdout] 39292743c5e1435c064d2aed1788d82af352675cbb0fad9f4c9f2dc5108417b4
[INFO] running `Command { std: "docker" "create" "-v" "/var/lib/crater-agent-workspace/builds/worker-3-tc1/target:/opt/rustwide/target:rw,Z" "-v" "/var/lib/crater-agent-workspace/builds/worker-3-tc1/source:/opt/rustwide/workdir:ro,Z" "-v" "/var/lib/crater-agent-workspace/cargo-home:/opt/rustwide/cargo-home:ro,Z" "-v" "/var/lib/crater-agent-workspace/rustup-home:/opt/rustwide/rustup-home:ro,Z" "-e" "SOURCE_DIR=/opt/rustwide/workdir" "-e" "CARGO_TARGET_DIR=/opt/rustwide/target" "-e" "CARGO_INCREMENTAL=0" "-e" "RUST_BACKTRACE=full" "-e" "RUSTFLAGS=--cap-lints=forbid" "-e" "RUSTDOCFLAGS=--cap-lints=forbid" "-e" "CARGO_HOME=/opt/rustwide/cargo-home" "-e" "RUSTUP_HOME=/opt/rustwide/rustup-home" "-w" "/opt/rustwide/workdir" "-m" "1610612736" "--user" "0:0" "--network" "none" "ghcr.io/rust-lang/crates-build-env/linux@sha256:4a844ea9eb2546a2d2c7022eacef16ef2e8229c7fbb2c7d4d55a9ceca922f72d" "/opt/rustwide/cargo-home/bin/cargo" "+nightly-2024-10-28" "build" "--frozen" "--message-format=json", kill_on_drop: false }`
[INFO] [stdout] c0eb1dc8220cebd3348154e22c95f4fb07ae8d9d8f5778e1bcad07f5a4dd9c3d
[INFO] running `Command { std: "docker" "start" "-a" "c0eb1dc8220cebd3348154e22c95f4fb07ae8d9d8f5778e1bcad07f5a4dd9c3d", kill_on_drop: false }`
[INFO] [stderr]    Compiling tools v0.1.0 (/opt/rustwide/workdir/tools)
[INFO] [stderr]    Compiling joker v0.1.0 (/opt/rustwide/workdir)
[INFO] [stdout] warning: method `into_upcast` is never used
[INFO] [stdout]    --> src/joker/ast.rs:153:20
[INFO] [stdout]     |
[INFO] [stdout] 146 |           impl $struct_name {
[INFO] [stdout]     |           ----------------- method in this implementation
[INFO] [stdout] ...
[INFO] [stdout] 153 |               pub fn into_upcast(self) -> $ast_name {
[INFO] [stdout]     |                      ^^^^^^^^^^^
[INFO] [stdout] ...
[INFO] [stdout] 328 | / define_ast! {
[INFO] [stdout] 329 | |     Expr {
[INFO] [stdout] 330 | |         Literal     { value: OEnum },
[INFO] [stdout] 331 | |         Unary       { l_opera: Token, r_expr: Box<Expr> },
[INFO] [stdout] ...   |
[INFO] [stdout] 348 | |     ExprAcceptor,
[INFO] [stdout] 349 | | }
[INFO] [stdout]     | |_- in this macro invocation
[INFO] [stdout]     |
[INFO] [stdout]     = note: `#[warn(dead_code)]` on by default
[INFO] [stdout]     = note: this warning originates in the macro `define_ast` (in Nightly builds, run with -Z macro-backtrace for more info)
[INFO] [stdout] 
[INFO] [stdout] 
[INFO] [stdout] warning: associated items `upcast` and `into_upcast` are never used
[INFO] [stdout]    --> src/joker/ast.rs:150:20
[INFO] [stdout]     |
[INFO] [stdout] 146 |           impl $struct_name {
[INFO] [stdout]     |           ----------------- associated items in this implementation
[INFO] [stdout] ...
[INFO] [stdout] 150 |               pub fn upcast($($field: $field_type),*) -> $ast_name {
[INFO] [stdout]     |                      ^^^^^^
[INFO] [stdout] ...
[INFO] [stdout] 153 |               pub fn into_upcast(self) -> $ast_name {
[INFO] [stdout]     |                      ^^^^^^^^^^^
[INFO] [stdout] ...
[INFO] [stdout] 328 | / define_ast! {
[INFO] [stdout] 329 | |     Expr {
[INFO] [stdout] 330 | |         Literal     { value: OEnum },
[INFO] [stdout] 331 | |         Unary       { l_opera: Token, r_expr: Box<Expr> },
[INFO] [stdout] ...   |
[INFO] [stdout] 348 | |     ExprAcceptor,
[INFO] [stdout] 349 | | }
[INFO] [stdout]     | |_- in this macro invocation
[INFO] [stdout]     |
[INFO] [stdout]     = note: this warning originates in the macro `define_ast` (in Nightly builds, run with -Z macro-backtrace for more info)
[INFO] [stdout] 
[INFO] [stdout] 
[INFO] [stdout] warning: method `into_upcast` is never used
[INFO] [stdout]    --> src/joker/ast.rs:153:20
[INFO] [stdout]     |
[INFO] [stdout] 146 |           impl $struct_name {
[INFO] [stdout]     |           ----------------- method in this implementation
[INFO] [stdout] ...
[INFO] [stdout] 153 |               pub fn into_upcast(self) -> $ast_name {
[INFO] [stdout]     |                      ^^^^^^^^^^^
[INFO] [stdout] ...
[INFO] [stdout] 351 | / define_ast! {
[INFO] [stdout] 352 | |     Stmt {
[INFO] [stdout] 353 | |         ExprStmt    { expr: Expr },
[INFO] [stdout] 354 | |         PrintStmt   { expr: Expr },
[INFO] [stdout] ...   |
[INFO] [stdout] 369 | |     StmtAcceptor,
[INFO] [stdout] 370 | | }
[INFO] [stdout]     | |_- in this macro invocation
[INFO] [stdout]     |
[INFO] [stdout]     = note: this warning originates in the macro `define_ast` (in Nightly builds, run with -Z macro-backtrace for more info)
[INFO] [stdout] 
[INFO] [stdout] 
[INFO] [stdout] warning: associated items `new`, `println`, and `ast_stmt` are never used
[INFO] [stdout]   --> src/joker/ast_print.rs:19:12
[INFO] [stdout]    |
[INFO] [stdout] 18 | impl AstPrinter {
[INFO] [stdout]    | --------------- associated items in this implementation
[INFO] [stdout] 19 |     pub fn new() -> AstPrinter {
[INFO] [stdout]    |            ^^^
[INFO] [stdout] ...
[INFO] [stdout] 22 |     pub fn println(&self, stmt: &Stmt) {
[INFO] [stdout]    |            ^^^^^^^
[INFO] [stdout] ...
[INFO] [stdout] 28 |     fn ast_stmt(&self, stmt: &Stmt) -> Result<String, JokerError> {
[INFO] [stdout]    |        ^^^^^^^^
[INFO] [stdout] 
[INFO] [stdout] 
[INFO] [stdout] warning: method `is_fn` is never used
[INFO] [stdout]   --> src/joker/resolver.rs:56:12
[INFO] [stdout]    |
[INFO] [stdout] 55 | impl ContextStatus {
[INFO] [stdout]    | ------------------ method in this implementation
[INFO] [stdout] 56 |     pub fn is_fn(&self) -> bool {
[INFO] [stdout]    |            ^^^^^
[INFO] [stdout] 
[INFO] [stdout] 
[INFO] [stdout] warning: associated function `new` is never used
[INFO] [stdout]    --> src/joker/scanner.rs:331:12
[INFO] [stdout]     |
[INFO] [stdout] 330 | impl ScannerError {
[INFO] [stdout]     | ----------------- associated function in this implementation
[INFO] [stdout] 331 |     pub fn new(token: &Token, msg: String) -> ScannerError {
[INFO] [stdout]     |            ^^^
[INFO] [stdout] 
[INFO] [stdout] 
[INFO] [stdout] warning: associated items `this_type` and `is_type_this` are never used
[INFO] [stdout]    --> src/joker/token.rs:166:12
[INFO] [stdout]     |
[INFO] [stdout] 151 | impl Token {
[INFO] [stdout]     | ---------- associated items in this implementation
[INFO] [stdout] ...
[INFO] [stdout] 166 |     pub fn this_type(line: usize) -> Token {
[INFO] [stdout]     |            ^^^^^^^^^
[INFO] [stdout] ...
[INFO] [stdout] 185 |     pub fn is_type_this(&self) -> bool {
[INFO] [stdout]     |            ^^^^^^^^^^^^
[INFO] [stdout] 
[INFO] [stdout] 
[INFO] [stdout] warning: associated function `new` is never used
[INFO] [stdout]   --> src/joker/types/env.rs:18:12
[INFO] [stdout]    |
[INFO] [stdout] 17 | impl TypeEnv {
[INFO] [stdout]    | ------------ associated function in this implementation
[INFO] [stdout] 18 |     pub fn new() -> TypeEnv {
[INFO] [stdout]    |            ^^^
[INFO] [stdout] 
[INFO] [stdout] 
[INFO] [stdout] warning: methods `is_this` and `as_ref` are never used
[INFO] [stdout]    --> src/joker/types/type_.rs:67:12
[INFO] [stdout]     |
[INFO] [stdout] 57  | impl Type {
[INFO] [stdout]     | --------- methods in this implementation
[INFO] [stdout] ...
[INFO] [stdout] 67  |     pub fn is_this(&self) -> bool {
[INFO] [stdout]     |            ^^^^^^^
[INFO] [stdout] ...
[INFO] [stdout] 236 |     pub fn as_ref(&self) -> &Self {
[INFO] [stdout]     |            ^^^^^^
[INFO] [stdout] 
[INFO] [stdout] 
[INFO] [stdout] warning: multiple associated items are never used
[INFO] [stdout]    --> src/joker/types/type_.rs:582:12
[INFO] [stdout]     |
[INFO] [stdout] 581 | impl ParamPair {
[INFO] [stdout]     | -------------- associated items in this implementation
[INFO] [stdout] 582 |     pub fn this(param: Token, type_: Type) -> ParamPair {
[INFO] [stdout]     |            ^^^^
[INFO] [stdout] ...
[INFO] [stdout] 585 |     pub fn normal(param: Token, type_: Type) -> ParamPair {
[INFO] [stdout]     |            ^^^^^^
[INFO] [stdout] ...
[INFO] [stdout] 588 |     pub fn label(type_: Type) -> ParamPair {
[INFO] [stdout]     |            ^^^^^
[INFO] [stdout] ...
[INFO] [stdout] 594 |     pub fn is_normal(&self) -> bool {
[INFO] [stdout]     |            ^^^^^^^^^
[INFO] [stdout] ...
[INFO] [stdout] 597 |     pub fn is_label(&self) -> bool {
[INFO] [stdout]     |            ^^^^^^^^
[INFO] [stdout] ...
[INFO] [stdout] 621 |     pub fn parse<F: FromParamPair>(&self) -> Result<F, F::Err> {
[INFO] [stdout]     |            ^^^^^
[INFO] [stdout] ...
[INFO] [stdout] 653 |     pub fn eq_type(&self, other: &Self) -> bool {
[INFO] [stdout]     |            ^^^^^^^
[INFO] [stdout] 
[INFO] [stdout] 
[INFO] [stdout] warning: associated function `from_param_pair` is never used
[INFO] [stdout]    --> src/joker/types/type_.rs:663:8
[INFO] [stdout]     |
[INFO] [stdout] 661 | pub trait FromParamPair: Sized {
[INFO] [stdout]     |           ------------- associated function in this trait
[INFO] [stdout] 662 |     type Err;
[INFO] [stdout] 663 |     fn from_param_pair(param_pair: &ParamPair) -> Result<Self, Self::Err>;
[INFO] [stdout]     |        ^^^^^^^^^^^^^^^
[INFO] [stdout] 
[INFO] [stdout] 
[INFO] [stderr]     Finished `dev` profile [unoptimized + debuginfo] target(s) in 1.43s
[INFO] running `Command { std: "docker" "inspect" "c0eb1dc8220cebd3348154e22c95f4fb07ae8d9d8f5778e1bcad07f5a4dd9c3d", kill_on_drop: false }`
[INFO] running `Command { std: "docker" "rm" "-f" "c0eb1dc8220cebd3348154e22c95f4fb07ae8d9d8f5778e1bcad07f5a4dd9c3d", kill_on_drop: false }`
[INFO] [stdout] c0eb1dc8220cebd3348154e22c95f4fb07ae8d9d8f5778e1bcad07f5a4dd9c3d
[INFO] running `Command { std: "docker" "create" "-v" "/var/lib/crater-agent-workspace/builds/worker-3-tc1/target:/opt/rustwide/target:rw,Z" "-v" "/var/lib/crater-agent-workspace/builds/worker-3-tc1/source:/opt/rustwide/workdir:ro,Z" "-v" "/var/lib/crater-agent-workspace/cargo-home:/opt/rustwide/cargo-home:ro,Z" "-v" "/var/lib/crater-agent-workspace/rustup-home:/opt/rustwide/rustup-home:ro,Z" "-e" "SOURCE_DIR=/opt/rustwide/workdir" "-e" "CARGO_TARGET_DIR=/opt/rustwide/target" "-e" "CARGO_INCREMENTAL=0" "-e" "RUST_BACKTRACE=full" "-e" "RUSTFLAGS=--cap-lints=forbid" "-e" "RUSTDOCFLAGS=--cap-lints=forbid" "-e" "CARGO_HOME=/opt/rustwide/cargo-home" "-e" "RUSTUP_HOME=/opt/rustwide/rustup-home" "-w" "/opt/rustwide/workdir" "-m" "1610612736" "--user" "0:0" "--network" "none" "ghcr.io/rust-lang/crates-build-env/linux@sha256:4a844ea9eb2546a2d2c7022eacef16ef2e8229c7fbb2c7d4d55a9ceca922f72d" "/opt/rustwide/cargo-home/bin/cargo" "+nightly-2024-10-28" "test" "--frozen" "--no-run" "--message-format=json", kill_on_drop: false }`
[INFO] [stdout] 2f887c57dc37ff5030f9d702aac2c89ac70cb28365dc5949a1f866455122b3c1
[INFO] running `Command { std: "docker" "start" "-a" "2f887c57dc37ff5030f9d702aac2c89ac70cb28365dc5949a1f866455122b3c1", kill_on_drop: false }`
[INFO] [stdout] warning: method `into_upcast` is never used
[INFO] [stdout]    --> src/joker/ast.rs:153:20
[INFO] [stdout]     |
[INFO] [stdout] 146 |           impl $struct_name {
[INFO] [stdout]     |           ----------------- method in this implementation
[INFO] [stdout] ...
[INFO] [stdout] 153 |               pub fn into_upcast(self) -> $ast_name {
[INFO] [stdout]     |                      ^^^^^^^^^^^
[INFO] [stdout] ...
[INFO] [stdout] 328 | / define_ast! {
[INFO] [stdout] 329 | |     Expr {
[INFO] [stdout] 330 | |         Literal     { value: OEnum },
[INFO] [stdout] 331 | |         Unary       { l_opera: Token, r_expr: Box<Expr> },
[INFO] [stdout] ...   |
[INFO] [stdout] 348 | |     ExprAcceptor,
[INFO] [stdout] 349 | | }
[INFO] [stdout]     | |_- in this macro invocation
[INFO] [stdout]     |
[INFO] [stdout]     = note: `#[warn(dead_code)]` on by default
[INFO] [stdout]     = note: this warning originates in the macro `define_ast` (in Nightly builds, run with -Z macro-backtrace for more info)
[INFO] [stdout] 
[INFO] [stdout] 
[INFO] [stdout] warning: associated items `upcast` and `into_upcast` are never used
[INFO] [stdout]    --> src/joker/ast.rs:150:20
[INFO] [stdout]     |
[INFO] [stdout] 146 |           impl $struct_name {
[INFO] [stdout]     |           ----------------- associated items in this implementation
[INFO] [stdout] ...
[INFO] [stdout] 150 |               pub fn upcast($($field: $field_type),*) -> $ast_name {
[INFO] [stdout]     |                      ^^^^^^
[INFO] [stdout] ...
[INFO] [stdout] 153 |               pub fn into_upcast(self) -> $ast_name {
[INFO] [stdout]     |                      ^^^^^^^^^^^
[INFO] [stdout] ...
[INFO] [stdout] 328 | / define_ast! {
[INFO] [stdout] 329 | |     Expr {
[INFO] [stdout] 330 | |         Literal     { value: OEnum },
[INFO] [stdout] 331 | |         Unary       { l_opera: Token, r_expr: Box<Expr> },
[INFO] [stdout] ...   |
[INFO] [stdout] 348 | |     ExprAcceptor,
[INFO] [stdout] 349 | | }
[INFO] [stdout]     | |_- in this macro invocation
[INFO] [stdout]     |
[INFO] [stdout]     = note: this warning originates in the macro `define_ast` (in Nightly builds, run with -Z macro-backtrace for more info)
[INFO] [stdout] 
[INFO] [stdout] 
[INFO] [stdout] warning: method `into_upcast` is never used
[INFO] [stdout]    --> src/joker/ast.rs:153:20
[INFO] [stdout]     |
[INFO] [stdout] 146 |           impl $struct_name {
[INFO] [stdout]     |           ----------------- method in this implementation
[INFO] [stdout] ...
[INFO] [stdout] 153 |               pub fn into_upcast(self) -> $ast_name {
[INFO] [stdout]     |                      ^^^^^^^^^^^
[INFO] [stdout] ...
[INFO] [stdout] 351 | / define_ast! {
[INFO] [stdout] 352 | |     Stmt {
[INFO] [stdout] 353 | |         ExprStmt    { expr: Expr },
[INFO] [stdout] 354 | |         PrintStmt   { expr: Expr },
[INFO] [stdout] ...   |
[INFO] [stdout] 369 | |     StmtAcceptor,
[INFO] [stdout] 370 | | }
[INFO] [stdout]     | |_- in this macro invocation
[INFO] [stdout]     |
[INFO] [stdout]     = note: this warning originates in the macro `define_ast` (in Nightly builds, run with -Z macro-backtrace for more info)
[INFO] [stdout] 
[INFO] [stdout] 
[INFO] [stdout] warning: associated items `new`, `println`, and `ast_stmt` are never used
[INFO] [stdout]   --> src/joker/ast_print.rs:19:12
[INFO] [stdout]    |
[INFO] [stdout] 18 | impl AstPrinter {
[INFO] [stdout]    | --------------- associated items in this implementation
[INFO] [stdout] 19 |     pub fn new() -> AstPrinter {
[INFO] [stdout]    |            ^^^
[INFO] [stdout] ...
[INFO] [stdout] 22 |     pub fn println(&self, stmt: &Stmt) {
[INFO] [stdout]    |            ^^^^^^^
[INFO] [stdout] ...
[INFO] [stdout] 28 |     fn ast_stmt(&self, stmt: &Stmt) -> Result<String, JokerError> {
[INFO] [stdout]    |        ^^^^^^^^
[INFO] [stdout] 
[INFO] [stdout] 
[INFO] [stdout] warning: method `is_fn` is never used
[INFO] [stdout]   --> src/joker/resolver.rs:56:12
[INFO] [stdout]    |
[INFO] [stdout] 55 | impl ContextStatus {
[INFO] [stdout]    | ------------------ method in this implementation
[INFO] [stdout] 56 |     pub fn is_fn(&self) -> bool {
[INFO] [stdout]    |            ^^^^^
[INFO] [stdout] 
[INFO] [stdout] 
[INFO] [stdout] warning: associated function `new` is never used
[INFO] [stdout]    --> src/joker/scanner.rs:331:12
[INFO] [stdout]     |
[INFO] [stdout] 330 | impl ScannerError {
[INFO] [stdout]     | ----------------- associated function in this implementation
[INFO] [stdout] 331 |     pub fn new(token: &Token, msg: String) -> ScannerError {
[INFO] [stdout]     |            ^^^
[INFO] [stdout] 
[INFO] [stdout] 
[INFO] [stdout] warning: associated items `this_type` and `is_type_this` are never used
[INFO] [stdout]    --> src/joker/token.rs:166:12
[INFO] [stdout]     |
[INFO] [stdout] 151 | impl Token {
[INFO] [stdout]     | ---------- associated items in this implementation
[INFO] [stdout] ...
[INFO] [stdout] 166 |     pub fn this_type(line: usize) -> Token {
[INFO] [stdout]     |            ^^^^^^^^^
[INFO] [stdout] ...
[INFO] [stdout] 185 |     pub fn is_type_this(&self) -> bool {
[INFO] [stdout]     |            ^^^^^^^^^^^^
[INFO] [stdout] 
[INFO] [stdout] 
[INFO] [stdout] warning: associated function `new` is never used
[INFO] [stdout]   --> src/joker/types/env.rs:18:12
[INFO] [stdout]    |
[INFO] [stdout] 17 | impl TypeEnv {
[INFO] [stdout]    | ------------ associated function in this implementation
[INFO] [stdout] 18 |     pub fn new() -> TypeEnv {
[INFO] [stdout]    |            ^^^
[INFO] [stdout] 
[INFO] [stdout] 
[INFO] [stdout] warning: methods `is_this` and `as_ref` are never used
[INFO] [stdout]    --> src/joker/types/type_.rs:67:12
[INFO] [stdout]     |
[INFO] [stdout] 57  | impl Type {
[INFO] [stdout]     | --------- methods in this implementation
[INFO] [stdout] ...
[INFO] [stdout] 67  |     pub fn is_this(&self) -> bool {
[INFO] [stdout]     |            ^^^^^^^
[INFO] [stdout] ...
[INFO] [stdout] 236 |     pub fn as_ref(&self) -> &Self {
[INFO] [stdout]     |            ^^^^^^
[INFO] [stdout] 
[INFO] [stdout] 
[INFO] [stdout] warning: multiple associated items are never used
[INFO] [stdout]    --> src/joker/types/type_.rs:582:12
[INFO] [stdout]     |
[INFO] [stdout] 581 | impl ParamPair {
[INFO] [stdout]     | -------------- associated items in this implementation
[INFO] [stdout] 582 |     pub fn this(param: Token, type_: Type) -> ParamPair {
[INFO] [stdout]     |            ^^^^
[INFO] [stdout] ...
[INFO] [stdout] 585 |     pub fn normal(param: Token, type_: Type) -> ParamPair {
[INFO] [stdout]     |            ^^^^^^
[INFO] [stdout] ...
[INFO] [stdout] 588 |     pub fn label(type_: Type) -> ParamPair {
[INFO] [stdout]     |            ^^^^^
[INFO] [stdout] ...
[INFO] [stdout] 594 |     pub fn is_normal(&self) -> bool {
[INFO] [stdout]     |            ^^^^^^^^^
[INFO] [stdout] ...
[INFO] [stdout] 597 |     pub fn is_label(&self) -> bool {
[INFO] [stdout]     |            ^^^^^^^^
[INFO] [stdout] ...
[INFO] [stdout] 621 |     pub fn parse<F: FromParamPair>(&self) -> Result<F, F::Err> {
[INFO] [stdout]     |            ^^^^^
[INFO] [stdout] ...
[INFO] [stdout] 653 |     pub fn eq_type(&self, other: &Self) -> bool {
[INFO] [stdout]     |            ^^^^^^^
[INFO] [stdout] 
[INFO] [stdout] 
[INFO] [stderr]    Compiling joker v0.1.0 (/opt/rustwide/workdir)
[INFO] [stdout] warning: associated function `from_param_pair` is never used
[INFO] [stdout]    --> src/joker/types/type_.rs:663:8
[INFO] [stdout]     |
[INFO] [stdout] 661 | pub trait FromParamPair: Sized {
[INFO] [stdout]     |           ------------- associated function in this trait
[INFO] [stdout] 662 |     type Err;
[INFO] [stdout] 663 |     fn from_param_pair(param_pair: &ParamPair) -> Result<Self, Self::Err>;
[INFO] [stdout]     |        ^^^^^^^^^^^^^^^
[INFO] [stdout] 
[INFO] [stdout] 
[INFO] [stdout] warning: method `into_upcast` is never used
[INFO] [stdout]    --> src/joker/ast.rs:153:20
[INFO] [stdout]     |
[INFO] [stdout] 146 |           impl $struct_name {
[INFO] [stdout]     |           ----------------- method in this implementation
[INFO] [stdout] ...
[INFO] [stdout] 153 |               pub fn into_upcast(self) -> $ast_name {
[INFO] [stdout]     |                      ^^^^^^^^^^^
[INFO] [stdout] ...
[INFO] [stdout] 328 | / define_ast! {
[INFO] [stdout] 329 | |     Expr {
[INFO] [stdout] 330 | |         Literal     { value: OEnum },
[INFO] [stdout] 331 | |         Unary       { l_opera: Token, r_expr: Box<Expr> },
[INFO] [stdout] ...   |
[INFO] [stdout] 348 | |     ExprAcceptor,
[INFO] [stdout] 349 | | }
[INFO] [stdout]     | |_- in this macro invocation
[INFO] [stdout]     |
[INFO] [stdout]     = note: `#[warn(dead_code)]` on by default
[INFO] [stdout]     = note: this warning originates in the macro `define_ast` (in Nightly builds, run with -Z macro-backtrace for more info)
[INFO] [stdout] 
[INFO] [stdout] 
[INFO] [stdout] warning: associated items `upcast` and `into_upcast` are never used
[INFO] [stdout]    --> src/joker/ast.rs:150:20
[INFO] [stdout]     |
[INFO] [stdout] 146 |           impl $struct_name {
[INFO] [stdout]     |           ----------------- associated items in this implementation
[INFO] [stdout] ...
[INFO] [stdout] 150 |               pub fn upcast($($field: $field_type),*) -> $ast_name {
[INFO] [stdout]     |                      ^^^^^^
[INFO] [stdout] ...
[INFO] [stdout] 153 |               pub fn into_upcast(self) -> $ast_name {
[INFO] [stdout]     |                      ^^^^^^^^^^^
[INFO] [stdout] ...
[INFO] [stdout] 328 | / define_ast! {
[INFO] [stdout] 329 | |     Expr {
[INFO] [stdout] 330 | |         Literal     { value: OEnum },
[INFO] [stdout] 331 | |         Unary       { l_opera: Token, r_expr: Box<Expr> },
[INFO] [stdout] ...   |
[INFO] [stdout] 348 | |     ExprAcceptor,
[INFO] [stdout] 349 | | }
[INFO] [stdout]     | |_- in this macro invocation
[INFO] [stdout]     |
[INFO] [stdout]     = note: this warning originates in the macro `define_ast` (in Nightly builds, run with -Z macro-backtrace for more info)
[INFO] [stdout] 
[INFO] [stdout] 
[INFO] [stdout] warning: method `into_upcast` is never used
[INFO] [stdout]    --> src/joker/ast.rs:153:20
[INFO] [stdout]     |
[INFO] [stdout] 146 |           impl $struct_name {
[INFO] [stdout]     |           ----------------- method in this implementation
[INFO] [stdout] ...
[INFO] [stdout] 153 |               pub fn into_upcast(self) -> $ast_name {
[INFO] [stdout]     |                      ^^^^^^^^^^^
[INFO] [stdout] ...
[INFO] [stdout] 351 | / define_ast! {
[INFO] [stdout] 352 | |     Stmt {
[INFO] [stdout] 353 | |         ExprStmt    { expr: Expr },
[INFO] [stdout] 354 | |         PrintStmt   { expr: Expr },
[INFO] [stdout] ...   |
[INFO] [stdout] 369 | |     StmtAcceptor,
[INFO] [stdout] 370 | | }
[INFO] [stdout]     | |_- in this macro invocation
[INFO] [stdout]     |
[INFO] [stdout]     = note: this warning originates in the macro `define_ast` (in Nightly builds, run with -Z macro-backtrace for more info)
[INFO] [stdout] 
[INFO] [stdout] 
[INFO] [stdout] warning: method `println` is never used
[INFO] [stdout]   --> src/joker/ast_print.rs:22:12
[INFO] [stdout]    |
[INFO] [stdout] 18 | impl AstPrinter {
[INFO] [stdout]    | --------------- method in this implementation
[INFO] [stdout] ...
[INFO] [stdout] 22 |     pub fn println(&self, stmt: &Stmt) {
[INFO] [stdout]    |            ^^^^^^^
[INFO] [stdout] 
[INFO] [stdout] 
[INFO] [stdout] warning: method `is_fn` is never used
[INFO] [stdout]   --> src/joker/resolver.rs:56:12
[INFO] [stdout]    |
[INFO] [stdout] 55 | impl ContextStatus {
[INFO] [stdout]    | ------------------ method in this implementation
[INFO] [stdout] 56 |     pub fn is_fn(&self) -> bool {
[INFO] [stdout]    |            ^^^^^
[INFO] [stdout] 
[INFO] [stdout] 
[INFO] [stdout] warning: associated function `new` is never used
[INFO] [stdout]    --> src/joker/scanner.rs:331:12
[INFO] [stdout]     |
[INFO] [stdout] 330 | impl ScannerError {
[INFO] [stdout]     | ----------------- associated function in this implementation
[INFO] [stdout] 331 |     pub fn new(token: &Token, msg: String) -> ScannerError {
[INFO] [stdout]     |            ^^^
[INFO] [stdout] 
[INFO] [stdout] 
[INFO] [stdout] warning: associated items `this_type` and `is_type_this` are never used
[INFO] [stdout]    --> src/joker/token.rs:166:12
[INFO] [stdout]     |
[INFO] [stdout] 151 | impl Token {
[INFO] [stdout]     | ---------- associated items in this implementation
[INFO] [stdout] ...
[INFO] [stdout] 166 |     pub fn this_type(line: usize) -> Token {
[INFO] [stdout]     |            ^^^^^^^^^
[INFO] [stdout] ...
[INFO] [stdout] 185 |     pub fn is_type_this(&self) -> bool {
[INFO] [stdout]     |            ^^^^^^^^^^^^
[INFO] [stdout] 
[INFO] [stdout] 
[INFO] [stdout] warning: associated function `new` is never used
[INFO] [stdout]   --> src/joker/types/env.rs:18:12
[INFO] [stdout]    |
[INFO] [stdout] 17 | impl TypeEnv {
[INFO] [stdout]    | ------------ associated function in this implementation
[INFO] [stdout] 18 |     pub fn new() -> TypeEnv {
[INFO] [stdout]    |            ^^^
[INFO] [stdout] 
[INFO] [stdout] 
[INFO] [stdout] warning: methods `is_this` and `as_ref` are never used
[INFO] [stdout]    --> src/joker/types/type_.rs:67:12
[INFO] [stdout]     |
[INFO] [stdout] 57  | impl Type {
[INFO] [stdout]     | --------- methods in this implementation
[INFO] [stdout] ...
[INFO] [stdout] 67  |     pub fn is_this(&self) -> bool {
[INFO] [stdout]     |            ^^^^^^^
[INFO] [stdout] ...
[INFO] [stdout] 236 |     pub fn as_ref(&self) -> &Self {
[INFO] [stdout]     |            ^^^^^^
[INFO] [stdout] 
[INFO] [stdout] 
[INFO] [stdout] warning: multiple associated items are never used
[INFO] [stdout]    --> src/joker/types/type_.rs:582:12
[INFO] [stdout]     |
[INFO] [stdout] 581 | impl ParamPair {
[INFO] [stdout]     | -------------- associated items in this implementation
[INFO] [stdout] 582 |     pub fn this(param: Token, type_: Type) -> ParamPair {
[INFO] [stdout]     |            ^^^^
[INFO] [stdout] ...
[INFO] [stdout] 585 |     pub fn normal(param: Token, type_: Type) -> ParamPair {
[INFO] [stdout]     |            ^^^^^^
[INFO] [stdout] ...
[INFO] [stdout] 588 |     pub fn label(type_: Type) -> ParamPair {
[INFO] [stdout]     |            ^^^^^
[INFO] [stdout] ...
[INFO] [stdout] 594 |     pub fn is_normal(&self) -> bool {
[INFO] [stdout]     |            ^^^^^^^^^
[INFO] [stdout] ...
[INFO] [stdout] 597 |     pub fn is_label(&self) -> bool {
[INFO] [stdout]     |            ^^^^^^^^
[INFO] [stdout] ...
[INFO] [stdout] 621 |     pub fn parse<F: FromParamPair>(&self) -> Result<F, F::Err> {
[INFO] [stdout]     |            ^^^^^
[INFO] [stdout] ...
[INFO] [stdout] 653 |     pub fn eq_type(&self, other: &Self) -> bool {
[INFO] [stdout]     |            ^^^^^^^
[INFO] [stdout] 
[INFO] [stdout] 
[INFO] [stdout] warning: associated function `from_param_pair` is never used
[INFO] [stdout]    --> src/joker/types/type_.rs:663:8
[INFO] [stdout]     |
[INFO] [stdout] 661 | pub trait FromParamPair: Sized {
[INFO] [stdout]     |           ------------- associated function in this trait
[INFO] [stdout] 662 |     type Err;
[INFO] [stdout] 663 |     fn from_param_pair(param_pair: &ParamPair) -> Result<Self, Self::Err>;
[INFO] [stdout]     |        ^^^^^^^^^^^^^^^
[INFO] [stdout] 
[INFO] [stdout] 
[INFO] [stderr]     Finished `test` profile [unoptimized + debuginfo] target(s) in 1.12s
[INFO] running `Command { std: "docker" "inspect" "2f887c57dc37ff5030f9d702aac2c89ac70cb28365dc5949a1f866455122b3c1", kill_on_drop: false }`
[INFO] running `Command { std: "docker" "rm" "-f" "2f887c57dc37ff5030f9d702aac2c89ac70cb28365dc5949a1f866455122b3c1", kill_on_drop: false }`
[INFO] [stdout] 2f887c57dc37ff5030f9d702aac2c89ac70cb28365dc5949a1f866455122b3c1
[INFO] running `Command { std: "docker" "create" "-v" "/var/lib/crater-agent-workspace/builds/worker-3-tc1/target:/opt/rustwide/target:rw,Z" "-v" "/var/lib/crater-agent-workspace/builds/worker-3-tc1/source:/opt/rustwide/workdir:ro,Z" "-v" "/var/lib/crater-agent-workspace/cargo-home:/opt/rustwide/cargo-home:ro,Z" "-v" "/var/lib/crater-agent-workspace/rustup-home:/opt/rustwide/rustup-home:ro,Z" "-e" "SOURCE_DIR=/opt/rustwide/workdir" "-e" "CARGO_TARGET_DIR=/opt/rustwide/target" "-e" "CARGO_INCREMENTAL=0" "-e" "RUST_BACKTRACE=full" "-e" "RUSTFLAGS=--cap-lints=forbid" "-e" "RUSTDOCFLAGS=--cap-lints=forbid" "-e" "CARGO_HOME=/opt/rustwide/cargo-home" "-e" "RUSTUP_HOME=/opt/rustwide/rustup-home" "-w" "/opt/rustwide/workdir" "-m" "1610612736" "--user" "0:0" "--network" "none" "ghcr.io/rust-lang/crates-build-env/linux@sha256:4a844ea9eb2546a2d2c7022eacef16ef2e8229c7fbb2c7d4d55a9ceca922f72d" "/opt/rustwide/cargo-home/bin/cargo" "+nightly-2024-10-28" "test" "--frozen", kill_on_drop: false }`
[INFO] [stdout] 314aa2002757772cedfb264feb71f7f5325197f9e8ec16191304e565540f037d
[INFO] running `Command { std: "docker" "start" "-a" "314aa2002757772cedfb264feb71f7f5325197f9e8ec16191304e565540f037d", kill_on_drop: false }`
[INFO] [stderr] warning: method `into_upcast` is never used
[INFO] [stderr]    --> src/joker/ast.rs:153:20
[INFO] [stderr]     |
[INFO] [stderr] 146 |           impl $struct_name {
[INFO] [stderr]     |           ----------------- method in this implementation
[INFO] [stderr] ...
[INFO] [stderr] 153 |               pub fn into_upcast(self) -> $ast_name {
[INFO] [stderr]     |                      ^^^^^^^^^^^
[INFO] [stderr] ...
[INFO] [stderr] 328 | / define_ast! {
[INFO] [stderr] 329 | |     Expr {
[INFO] [stderr] 330 | |         Literal     { value: OEnum },
[INFO] [stderr] 331 | |         Unary       { l_opera: Token, r_expr: Box<Expr> },
[INFO] [stderr] ...   |
[INFO] [stderr] 348 | |     ExprAcceptor,
[INFO] [stderr] 349 | | }
[INFO] [stderr]     | |_- in this macro invocation
[INFO] [stderr]     |
[INFO] [stderr]     = note: `#[warn(dead_code)]` on by default
[INFO] [stderr]     = note: this warning originates in the macro `define_ast` (in Nightly builds, run with -Z macro-backtrace for more info)
[INFO] [stderr] 
[INFO] [stderr] warning: associated items `upcast` and `into_upcast` are never used
[INFO] [stderr]    --> src/joker/ast.rs:150:20
[INFO] [stderr]     |
[INFO] [stderr] 146 |           impl $struct_name {
[INFO] [stderr]     |           ----------------- associated items in this implementation
[INFO] [stderr] ...
[INFO] [stderr] 150 |               pub fn upcast($($field: $field_type),*) -> $ast_name {
[INFO] [stderr]     |                      ^^^^^^
[INFO] [stderr] ...
[INFO] [stderr] 153 |               pub fn into_upcast(self) -> $ast_name {
[INFO] [stderr]     |                      ^^^^^^^^^^^
[INFO] [stderr] ...
[INFO] [stderr] 328 | / define_ast! {
[INFO] [stderr] 329 | |     Expr {
[INFO] [stderr] 330 | |         Literal     { value: OEnum },
[INFO] [stderr] 331 | |         Unary       { l_opera: Token, r_expr: Box<Expr> },
[INFO] [stderr] ...   |
[INFO] [stderr] 348 | |     ExprAcceptor,
[INFO] [stderr] 349 | | }
[INFO] [stderr]     | |_- in this macro invocation
[INFO] [stderr]     |
[INFO] [stderr]     = note: this warning originates in the macro `define_ast` (in Nightly builds, run with -Z macro-backtrace for more info)
[INFO] [stderr] 
[INFO] [stderr] warning: method `into_upcast` is never used
[INFO] [stderr]    --> src/joker/ast.rs:153:20
[INFO] [stderr]     |
[INFO] [stderr] 146 |           impl $struct_name {
[INFO] [stderr]     |           ----------------- method in this implementation
[INFO] [stderr] ...
[INFO] [stderr] 153 |               pub fn into_upcast(self) -> $ast_name {
[INFO] [stderr]     |                      ^^^^^^^^^^^
[INFO] [stderr] ...
[INFO] [stderr] 351 | / define_ast! {
[INFO] [stderr] 352 | |     Stmt {
[INFO] [stderr] 353 | |         ExprStmt    { expr: Expr },
[INFO] [stderr] 354 | |         PrintStmt   { expr: Expr },
[INFO] [stderr] ...   |
[INFO] [stderr] 369 | |     StmtAcceptor,
[INFO] [stderr] 370 | | }
[INFO] [stderr]     | |_- in this macro invocation
[INFO] [stderr]     |
[INFO] [stderr]     = note: this warning originates in the macro `define_ast` (in Nightly builds, run with -Z macro-backtrace for more info)
[INFO] [stderr] 
[INFO] [stderr] warning: associated items `new`, `println`, and `ast_stmt` are never used
[INFO] [stderr]   --> src/joker/ast_print.rs:19:12
[INFO] [stderr]    |
[INFO] [stderr] 18 | impl AstPrinter {
[INFO] [stderr]    | --------------- associated items in this implementation
[INFO] [stderr] 19 |     pub fn new() -> AstPrinter {
[INFO] [stderr]    |            ^^^
[INFO] [stderr] ...
[INFO] [stderr] 22 |     pub fn println(&self, stmt: &Stmt) {
[INFO] [stderr]    |            ^^^^^^^
[INFO] [stderr] ...
[INFO] [stderr] 28 |     fn ast_stmt(&self, stmt: &Stmt) -> Result<String, JokerError> {
[INFO] [stderr]    |        ^^^^^^^^
[INFO] [stderr] 
[INFO] [stderr] warning: method `is_fn` is never used
[INFO] [stderr]   --> src/joker/resolver.rs:56:12
[INFO] [stderr]    |
[INFO] [stderr] 55 | impl ContextStatus {
[INFO] [stderr]    | ------------------ method in this implementation
[INFO] [stderr] 56 |     pub fn is_fn(&self) -> bool {
[INFO] [stderr]    |            ^^^^^
[INFO] [stderr] 
[INFO] [stderr] warning: associated function `new` is never used
[INFO] [stderr]    --> src/joker/scanner.rs:331:12
[INFO] [stderr]     |
[INFO] [stderr] 330 | impl ScannerError {
[INFO] [stderr]     | ----------------- associated function in this implementation
[INFO] [stderr] 331 |     pub fn new(token: &Token, msg: String) -> ScannerError {
[INFO] [stderr]     |            ^^^
[INFO] [stderr] 
[INFO] [stderr] warning: associated items `this_type` and `is_type_this` are never used
[INFO] [stderr]    --> src/joker/token.rs:166:12
[INFO] [stderr]     |
[INFO] [stderr] 151 | impl Token {
[INFO] [stderr]     | ---------- associated items in this implementation
[INFO] [stderr] ...
[INFO] [stderr] 166 |     pub fn this_type(line: usize) -> Token {
[INFO] [stderr]     |            ^^^^^^^^^
[INFO] [stderr] ...
[INFO] [stderr] 185 |     pub fn is_type_this(&self) -> bool {
[INFO] [stderr]     |            ^^^^^^^^^^^^
[INFO] [stderr] 
[INFO] [stderr] warning: associated function `new` is never used
[INFO] [stderr]   --> src/joker/types/env.rs:18:12
[INFO] [stderr]    |
[INFO] [stderr] 17 | impl TypeEnv {
[INFO] [stderr]    | ------------ associated function in this implementation
[INFO] [stderr] 18 |     pub fn new() -> TypeEnv {
[INFO] [stderr]    |            ^^^
[INFO] [stderr] 
[INFO] [stderr] warning: methods `is_this` and `as_ref` are never used
[INFO] [stderr]    --> src/joker/types/type_.rs:67:12
[INFO] [stderr]     |
[INFO] [stderr] 57  | impl Type {
[INFO] [stderr]     | --------- methods in this implementation
[INFO] [stderr] ...
[INFO] [stderr] 67  |     pub fn is_this(&self) -> bool {
[INFO] [stderr]     |            ^^^^^^^
[INFO] [stderr] ...
[INFO] [stderr] 236 |     pub fn as_ref(&self) -> &Self {
[INFO] [stderr]     |            ^^^^^^
[INFO] [stderr] 
[INFO] [stderr] warning: multiple associated items are never used
[INFO] [stderr]    --> src/joker/types/type_.rs:582:12
[INFO] [stderr]     |
[INFO] [stderr] 581 | impl ParamPair {
[INFO] [stderr]     | -------------- associated items in this implementation
[INFO] [stderr] 582 |     pub fn this(param: Token, type_: Type) -> ParamPair {
[INFO] [stderr]     |            ^^^^
[INFO] [stderr] ...
[INFO] [stderr] 585 |     pub fn normal(param: Token, type_: Type) -> ParamPair {
[INFO] [stderr]     |            ^^^^^^
[INFO] [stderr] ...
[INFO] [stderr] 588 |     pub fn label(type_: Type) -> ParamPair {
[INFO] [stderr]     |            ^^^^^
[INFO] [stderr] ...
[INFO] [stderr] 594 |     pub fn is_normal(&self) -> bool {
[INFO] [stderr]     |            ^^^^^^^^^
[INFO] [stderr] ...
[INFO] [stderr] 597 |     pub fn is_label(&self) -> bool {
[INFO] [stderr]     |            ^^^^^^^^
[INFO] [stderr] ...
[INFO] [stderr] 621 |     pub fn parse<F: FromParamPair>(&self) -> Result<F, F::Err> {
[INFO] [stderr]     |            ^^^^^
[INFO] [stderr] ...
[INFO] [stderr] 653 |     pub fn eq_type(&self, other: &Self) -> bool {
[INFO] [stderr]     |            ^^^^^^^
[INFO] [stderr] 
[INFO] [stderr] warning: associated function `from_param_pair` is never used
[INFO] [stderr]    --> src/joker/types/type_.rs:663:8
[INFO] [stderr]     |
[INFO] [stderr] 661 | pub trait FromParamPair: Sized {
[INFO] [stderr]     |           ------------- associated function in this trait
[INFO] [stderr] 662 |     type Err;
[INFO] [stderr] 663 |     fn from_param_pair(param_pair: &ParamPair) -> Result<Self, Self::Err>;
[INFO] [stderr]     |        ^^^^^^^^^^^^^^^
[INFO] [stderr] 
[INFO] [stderr] warning: `joker` (lib) generated 11 warnings
[INFO] [stderr] warning: method `println` is never used
[INFO] [stderr]   --> src/joker/ast_print.rs:22:12
[INFO] [stderr]    |
[INFO] [stderr] 18 | impl AstPrinter {
[INFO] [stderr]    | --------------- method in this implementation
[INFO] [stderr] ...
[INFO] [stderr] 22 |     pub fn println(&self, stmt: &Stmt) {
[INFO] [stderr]    |            ^^^^^^^
[INFO] [stderr] 
[INFO] [stderr] warning: `joker` (lib test) generated 11 warnings (10 duplicates)
[INFO] [stderr]     Finished `test` profile [unoptimized + debuginfo] target(s) in 0.01s
[INFO] [stderr]      Running unittests src/lib.rs (/opt/rustwide/target/debug/deps/joker-9c2137730bc38811)
[INFO] [stdout] 
[INFO] [stdout] running 20 tests
[INFO] [stdout] test joker::env::tests::test_define_a_variable ... ok
[INFO] [stdout] test joker::env::tests::test_env_new_with_enclosing ... ok
[INFO] [stdout] test joker::env::tests::test_env_through_sub_visit_parent ... ok
[INFO] [stdout] test joker::interpreter::tests::test_literal_bool_expr ... ok
[INFO] [stdout] test joker::interpreter::tests::test_literal_f64_expr ... ok
[INFO] [stdout] test joker::env::tests::test_env_upcast_get_value ... ok
[INFO] [stdout] test joker::interpreter::tests::test_literal_i32_expr ... ok
[INFO] [stdout] test joker::interpreter::tests::test_literal_null_expr ... ok
[INFO] [stdout] test joker::interpreter::tests::test_literal_str_expr ... ok
[INFO] [stdout] test joker::object::instance::tests::test_instance_clone_modify ... ok
[INFO] [stdout] test joker::object::literal::tests::test_translator_object_from_literal ... ok
[INFO] [stdout] test joker::types::this::tests::test_object_clone ... ok
[INFO] [stdout] test joker::types::this::tests::test_object_deep_clone ... ok
[INFO] [stdout] test joker::types::this::tests::test_object_inner_change ... ok
[INFO] [stdout] test joker::types::this::tests::test_object_inner_ref ... ok
[INFO] [stdout] test joker::types::this::tests::test_object_clone_ptr ... ok
[INFO] [stdout] test joker::env::tests::test_env_get_undefined_value - should panic ... FAILED
[INFO] [stdout] test joker::ast_print::tests::create_some_expr ... FAILED
[INFO] [stdout] test joker::interpreter::tests::test_simple_expr ... FAILED
[INFO] [stdout] test joker::object::caller::function::this::tests::test_translator_object_from_caller_function - should panic ... ok
[INFO] [stdout] 
[INFO] [stdout] failures:
[INFO] [stdout] 
[INFO] [stdout] ---- joker::env::tests::test_env_get_undefined_value stdout ----
[INFO] [stdout] [line 0] where: ' at end', 
[INFO] [stdout] 	msg: [Env::get] Undefined variable 'sub_key'.
[INFO] [stdout] 
[INFO] [stdout] thread 'joker::env::tests::test_env_get_undefined_value' panicked at src/joker/env.rs:274:86:
[INFO] [stdout] called `Result::unwrap()` on an `Err` value: Env(EnvError { line: 0, where_: " at end", msg: "[Env::get] Undefined variable 'sub_key'." })
[INFO] [stdout] stack backtrace:
[INFO] [stdout]    0:     0x59c5fb72972a - std::backtrace_rs::backtrace::libunwind::trace::h207520d6e9873551
[INFO] [stdout]                                at /rustc/df4ca44d3fbc9301ee17f30f4d474e6ae4b05252/library/std/src/../../backtrace/src/backtrace/libunwind.rs:116:5
[INFO] [stdout]    1:     0x59c5fb72972a - std::backtrace_rs::backtrace::trace_unsynchronized::h2ed7433f370e3eca
[INFO] [stdout]                                at /rustc/df4ca44d3fbc9301ee17f30f4d474e6ae4b05252/library/std/src/../../backtrace/src/backtrace/mod.rs:66:5
[INFO] [stdout]    2:     0x59c5fb72972a - std::sys::backtrace::_print_fmt::h916fac51166b18d7
[INFO] [stdout]                                at /rustc/df4ca44d3fbc9301ee17f30f4d474e6ae4b05252/library/std/src/sys/backtrace.rs:66:9
[INFO] [stdout]    3:     0x59c5fb72972a - <std::sys::backtrace::BacktraceLock::print::DisplayBacktrace as core::fmt::Display>::fmt::ha0a4c9b8ce3802e6
[INFO] [stdout]                                at /rustc/df4ca44d3fbc9301ee17f30f4d474e6ae4b05252/library/std/src/sys/backtrace.rs:39:26
[INFO] [stdout]    4:     0x59c5fb7504f3 - core::fmt::rt::Argument::fmt::h4cfc8587d52b3eb5
[INFO] [stdout]                                at /rustc/df4ca44d3fbc9301ee17f30f4d474e6ae4b05252/library/core/src/fmt/rt.rs:177:76
[INFO] [stdout]    5:     0x59c5fb7504f3 - core::fmt::write::h522cc39e5b36ae9f
[INFO] [stdout]                                at /rustc/df4ca44d3fbc9301ee17f30f4d474e6ae4b05252/library/core/src/fmt/mod.rs:1190:21
[INFO] [stdout]    6:     0x59c5fb726393 - std::io::Write::write_fmt::h7d3c26752da97734
[INFO] [stdout]                                at /rustc/df4ca44d3fbc9301ee17f30f4d474e6ae4b05252/library/std/src/io/mod.rs:1839:15
[INFO] [stdout]    7:     0x59c5fb729572 - std::sys::backtrace::BacktraceLock::print::h4b9e00b29e9c0942
[INFO] [stdout]                                at /rustc/df4ca44d3fbc9301ee17f30f4d474e6ae4b05252/library/std/src/sys/backtrace.rs:42:9
[INFO] [stdout]    8:     0x59c5fb72abba - std::panicking::default_hook::{{closure}}::hb59b88280d0324d9
[INFO] [stdout]                                at /rustc/df4ca44d3fbc9301ee17f30f4d474e6ae4b05252/library/std/src/panicking.rs:268:22
[INFO] [stdout]    9:     0x59c5fb72a9c4 - std::panicking::default_hook::he1dd496665be4a29
[INFO] [stdout]                                at /rustc/df4ca44d3fbc9301ee17f30f4d474e6ae4b05252/library/std/src/panicking.rs:292:9
[INFO] [stdout]   10:     0x59c5fb6f46e9 - <alloc::boxed::Box<F,A> as core::ops::function::Fn<Args>>::call::h4ff71de18744e1dc
[INFO] [stdout]                                at /rustc/df4ca44d3fbc9301ee17f30f4d474e6ae4b05252/library/alloc/src/boxed.rs:2468:9
[INFO] [stdout]   11:     0x59c5fb6f46e9 - test::test_main::{{closure}}::hcf7c055ce117aa81
[INFO] [stdout]                                at /rustc/df4ca44d3fbc9301ee17f30f4d474e6ae4b05252/library/test/src/lib.rs:133:21
[INFO] [stdout]   12:     0x59c5fb72b2b8 - <alloc::boxed::Box<F,A> as core::ops::function::Fn<Args>>::call::h1d66c6bbd60c9692
[INFO] [stdout]                                at /rustc/df4ca44d3fbc9301ee17f30f4d474e6ae4b05252/library/alloc/src/boxed.rs:2468:9
[INFO] [stdout]   13:     0x59c5fb72b2b8 - std::panicking::rust_panic_with_hook::h2ff17fe8f26dfcf8
[INFO] [stdout]                                at /rustc/df4ca44d3fbc9301ee17f30f4d474e6ae4b05252/library/std/src/panicking.rs:809:13
[INFO] [stdout]   14:     0x59c5fb72b07a - std::panicking::begin_panic_handler::{{closure}}::h4fad77951c07e101
[INFO] [stdout]                                at /rustc/df4ca44d3fbc9301ee17f30f4d474e6ae4b05252/library/std/src/panicking.rs:674:13
[INFO] [stdout]   15:     0x59c5fb729c09 - std::sys::backtrace::__rust_end_short_backtrace::hb1a25b3da5d0ea08
[INFO] [stdout]                                at /rustc/df4ca44d3fbc9301ee17f30f4d474e6ae4b05252/library/std/src/sys/backtrace.rs:170:18
[INFO] [stdout]   16:     0x59c5fb72ad0c - rust_begin_unwind
[INFO] [stdout]                                at /rustc/df4ca44d3fbc9301ee17f30f4d474e6ae4b05252/library/std/src/panicking.rs:665:5
[INFO] [stdout]   17:     0x59c5fb74e8c0 - core::panicking::panic_fmt::ha9db07b529f9b256
[INFO] [stdout]                                at /rustc/df4ca44d3fbc9301ee17f30f4d474e6ae4b05252/library/core/src/panicking.rs:75:14
[INFO] [stdout]   18:     0x59c5fb74ed06 - core::result::unwrap_failed::h5e8218e4d4338b8a
[INFO] [stdout]                                at /rustc/df4ca44d3fbc9301ee17f30f4d474e6ae4b05252/library/core/src/result.rs:1698:5
[INFO] [stdout]   19:     0x59c5fb6a3d54 - core::result::Result<T,E>::unwrap::h92bf353b56ca1f7f
[INFO] [stdout]                                at /rustc/df4ca44d3fbc9301ee17f30f4d474e6ae4b05252/library/core/src/result.rs:1103:23
[INFO] [stdout]   20:     0x59c5fb6a3d54 - joker::joker::env::tests::test_env_get_undefined_value::he316b4db073d2910
[INFO] [stdout]                                at /opt/rustwide/workdir/src/joker/env.rs:274:39
[INFO] [stdout]   21:     0x59c5fb6a3b77 - joker::joker::env::tests::test_env_get_undefined_value::{{closure}}::he1b1507b87ce9327
[INFO] [stdout]                                at /opt/rustwide/workdir/src/joker/env.rs:270:38
[INFO] [stdout]   22:     0x59c5fb6af876 - core::ops::function::FnOnce::call_once::h52bf63f2ffc450ec
[INFO] [stdout]                                at /rustc/df4ca44d3fbc9301ee17f30f4d474e6ae4b05252/library/core/src/ops/function.rs:250:5
[INFO] [stdout]   23:     0x59c5fb6f8fbb - core::ops::function::FnOnce::call_once::h22c3ba5715e93f05
[INFO] [stdout]                                at /rustc/df4ca44d3fbc9301ee17f30f4d474e6ae4b05252/library/core/src/ops/function.rs:250:5
[INFO] [stdout]   24:     0x59c5fb6f8fbb - test::__rust_begin_short_backtrace::h8e82d8113d0da17f
[INFO] [stdout]                                at /rustc/df4ca44d3fbc9301ee17f30f4d474e6ae4b05252/library/test/src/lib.rs:621:18
[INFO] [stdout]   25:     0x59c5fb6f8937 - test::run_test_in_process::{{closure}}::h33235f4f20b7b7c7
[INFO] [stdout]                                at /rustc/df4ca44d3fbc9301ee17f30f4d474e6ae4b05252/library/test/src/lib.rs:644:60
[INFO] [stdout]   26:     0x59c5fb6f8937 - <core::panic::unwind_safe::AssertUnwindSafe<F> as core::ops::function::FnOnce<()>>::call_once::hb5043206310c586f
[INFO] [stdout]                                at /rustc/df4ca44d3fbc9301ee17f30f4d474e6ae4b05252/library/core/src/panic/unwind_safe.rs:272:9
[INFO] [stdout]   27:     0x59c5fb6f8937 - std::panicking::try::do_call::h9ad4731a60ab23e2
[INFO] [stdout]                                at /rustc/df4ca44d3fbc9301ee17f30f4d474e6ae4b05252/library/std/src/panicking.rs:557:40
[INFO] [stdout]   28:     0x59c5fb6f8937 - std::panicking::try::h3824d23db772a716
[INFO] [stdout]                                at /rustc/df4ca44d3fbc9301ee17f30f4d474e6ae4b05252/library/std/src/panicking.rs:520:19
[INFO] [stdout]   29:     0x59c5fb6f8937 - std::panic::catch_unwind::h5afd514605fde46b
[INFO] [stdout]                                at /rustc/df4ca44d3fbc9301ee17f30f4d474e6ae4b05252/library/std/src/panic.rs:358:14
[INFO] [stdout]   30:     0x59c5fb6f8937 - test::run_test_in_process::h0d5cbfa7067d1720
[INFO] [stdout]                                at /rustc/df4ca44d3fbc9301ee17f30f4d474e6ae4b05252/library/test/src/lib.rs:644:27
[INFO] [stdout]   31:     0x59c5fb6f8937 - test::run_test::{{closure}}::h708eb8872708115d
[INFO] [stdout]                                at /rustc/df4ca44d3fbc9301ee17f30f4d474e6ae4b05252/library/test/src/lib.rs:565:43
[INFO] [stdout]   32:     0x59c5fb6bc054 - test::run_test::{{closure}}::h392c51cee94713ab
[INFO] [stdout]                                at /rustc/df4ca44d3fbc9301ee17f30f4d474e6ae4b05252/library/test/src/lib.rs:595:41
[INFO] [stdout]   33:     0x59c5fb6bc054 - std::sys::backtrace::__rust_begin_short_backtrace::h2f40290710935a8b
[INFO] [stdout]                                at /rustc/df4ca44d3fbc9301ee17f30f4d474e6ae4b05252/library/std/src/sys/backtrace.rs:154:18
[INFO] [stdout]   34:     0x59c5fb6bf7fe - std::thread::Builder::spawn_unchecked_::{{closure}}::{{closure}}::h3fd968d89053a903
[INFO] [stdout]                                at /rustc/df4ca44d3fbc9301ee17f30f4d474e6ae4b05252/library/std/src/thread/mod.rs:541:17
[INFO] [stdout]   35:     0x59c5fb6bf7fe - <core::panic::unwind_safe::AssertUnwindSafe<F> as core::ops::function::FnOnce<()>>::call_once::h743f637ba4229880
[INFO] [stdout]                                at /rustc/df4ca44d3fbc9301ee17f30f4d474e6ae4b05252/library/core/src/panic/unwind_safe.rs:272:9
[INFO] [stdout]   36:     0x59c5fb6bf7fe - std::panicking::try::do_call::h07440897322525a6
[INFO] [stdout]                                at /rustc/df4ca44d3fbc9301ee17f30f4d474e6ae4b05252/library/std/src/panicking.rs:557:40
[INFO] [stdout]   37:     0x59c5fb6bf7fe - std::panicking::try::he5a2e00188156637
[INFO] [stdout]                                at /rustc/df4ca44d3fbc9301ee17f30f4d474e6ae4b05252/library/std/src/panicking.rs:520:19
[INFO] [stdout]   38:     0x59c5fb6bf7fe - std::panic::catch_unwind::hbaf3cae49b3c6433
[INFO] [stdout]                                at /rustc/df4ca44d3fbc9301ee17f30f4d474e6ae4b05252/library/std/src/panic.rs:358:14
[INFO] [stdout]   39:     0x59c5fb6bf7fe - std::thread::Builder::spawn_unchecked_::{{closure}}::h8e141ea224820bce
[INFO] [stdout]                                at /rustc/df4ca44d3fbc9301ee17f30f4d474e6ae4b05252/library/std/src/thread/mod.rs:540:30
[INFO] [stdout]   40:     0x59c5fb6bf7fe - core::ops::function::FnOnce::call_once{{vtable.shim}}::h90d312fedd7b8ea8
[INFO] [stdout]                                at /rustc/df4ca44d3fbc9301ee17f30f4d474e6ae4b05252/library/core/src/ops/function.rs:250:5
[INFO] [stdout]   41:     0x59c5fb72f0ab - <alloc::boxed::Box<F,A> as core::ops::function::FnOnce<Args>>::call_once::h69aa08ddb6adb8b6
[INFO] [stdout]                                at /rustc/df4ca44d3fbc9301ee17f30f4d474e6ae4b05252/library/alloc/src/boxed.rs:2454:9
[INFO] [stdout]   42:     0x59c5fb72f0ab - <alloc::boxed::Box<F,A> as core::ops::function::FnOnce<Args>>::call_once::h5aa36efdb79c806f
[INFO] [stdout]                                at /rustc/df4ca44d3fbc9301ee17f30f4d474e6ae4b05252/library/alloc/src/boxed.rs:2454:9
[INFO] [stdout]   43:     0x59c5fb72f0ab - std::sys::pal::unix::thread::Thread::new::thread_start::h6cd80a1b4be5158d
[INFO] [stdout]                                at /rustc/df4ca44d3fbc9301ee17f30f4d474e6ae4b05252/library/std/src/sys/pal/unix/thread.rs:105:17
[INFO] [stdout]   44:     0x7dcef622dac3 - <unknown>
[INFO] [stdout]   45:     0x7dcef62bea04 - clone
[INFO] [stdout]   46:                0x0 - <unknown>
[INFO] [stdout] note: panic did not contain expected string
[INFO] [stdout]       panic message: `"called `Result::unwrap()` on an `Err` value: Env(EnvError { line: 0, where_: \" at end\", msg: \"[Env::get] Undefined variable 'sub_key'.\" })"`,
[INFO] [stdout]  expected substring: `"\"Undefined variable 'sub_key'.\""`
[INFO] [stdout] ---- joker::ast_print::tests::create_some_expr stdout ----
[INFO] [stdout] stmt: ExprStmt(expr: Binary(l_expr: Unary(l_opera: -, r_expr: Literal(value: 123)), m_opera: /, r_expr: Grouping(expr: Literal(value: 123))))
[INFO] [stdout] ast: (/ (- 123) (Group 123))
[INFO] [stdout] thread 'joker::ast_print::tests::create_some_expr' panicked at src/joker/ast_print.rs:297:9:
[INFO] [stdout] assertion `left == right` failed
[INFO] [stdout]   left: "(/ (- 123) (group 123))"
[INFO] [stdout]  right: "(/ (- 123) (Group 123))"
[INFO] [stdout] stack backtrace:
[INFO] [stdout]    0:     0x59c5fb72972a - std::backtrace_rs::backtrace::libunwind::trace::h207520d6e9873551
[INFO] [stdout]                                at /rustc/df4ca44d3fbc9301ee17f30f4d474e6ae4b05252/library/std/src/../../backtrace/src/backtrace/libunwind.rs:116:5
[INFO] [stdout]    1:     0x59c5fb72972a - std::backtrace_rs::backtrace::trace_unsynchronized::h2ed7433f370e3eca
[INFO] [stdout]                                at /rustc/df4ca44d3fbc9301ee17f30f4d474e6ae4b05252/library/std/src/../../backtrace/src/backtrace/mod.rs:66:5
[INFO] [stdout]    2:     0x59c5fb72972a - std::sys::backtrace::_print_fmt::h916fac51166b18d7
[INFO] [stdout]                                at /rustc/df4ca44d3fbc9301ee17f30f4d474e6ae4b05252/library/std/src/sys/backtrace.rs:66:9
[INFO] [stdout]    3:     0x59c5fb72972a - <std::sys::backtrace::BacktraceLock::print::DisplayBacktrace as core::fmt::Display>::fmt::ha0a4c9b8ce3802e6
[INFO] [stdout]                                at /rustc/df4ca44d3fbc9301ee17f30f4d474e6ae4b05252/library/std/src/sys/backtrace.rs:39:26
[INFO] [stdout]    4:     0x59c5fb7504f3 - core::fmt::rt::Argument::fmt::h4cfc8587d52b3eb5
[INFO] [stdout]                                at /rustc/df4ca44d3fbc9301ee17f30f4d474e6ae4b05252/library/core/src/fmt/rt.rs:177:76
[INFO] [stdout]    5:     0x59c5fb7504f3 - core::fmt::write::h522cc39e5b36ae9f
[INFO] [stdout]                                at /rustc/df4ca44d3fbc9301ee17f30f4d474e6ae4b05252/library/core/src/fmt/mod.rs:1190:21
[INFO] [stdout]    6:     0x59c5fb726393 - std::io::Write::write_fmt::h7d3c26752da97734
[INFO] [stdout]                                at /rustc/df4ca44d3fbc9301ee17f30f4d474e6ae4b05252/library/std/src/io/mod.rs:1839:15
[INFO] [stdout]    7:     0x59c5fb729572 - std::sys::backtrace::BacktraceLock::print::h4b9e00b29e9c0942
[INFO] [stdout]                                at /rustc/df4ca44d3fbc9301ee17f30f4d474e6ae4b05252/library/std/src/sys/backtrace.rs:42:9
[INFO] [stdout]    8:     0x59c5fb72abba - std::panicking::default_hook::{{closure}}::hb59b88280d0324d9
[INFO] [stdout]                                at /rustc/df4ca44d3fbc9301ee17f30f4d474e6ae4b05252/library/std/src/panicking.rs:268:22
[INFO] [stdout]    9:     0x59c5fb72a9c4 - std::panicking::default_hook::he1dd496665be4a29
[INFO] [stdout]                                at /rustc/df4ca44d3fbc9301ee17f30f4d474e6ae4b05252/library/std/src/panicking.rs:292:9
[INFO] [stdout]   10:     0x59c5fb6f46e9 - <alloc::boxed::Box<F,A> as core::ops::function::Fn<Args>>::call::h4ff71de18744e1dc
[INFO] [stdout]                                at /rustc/df4ca44d3fbc9301ee17f30f4d474e6ae4b05252/library/alloc/src/boxed.rs:2468:9
[INFO] [stdout]   11:     0x59c5fb6f46e9 - test::test_main::{{closure}}::hcf7c055ce117aa81
[INFO] [stdout]                                at /rustc/df4ca44d3fbc9301ee17f30f4d474e6ae4b05252/library/test/src/lib.rs:133:21
[INFO] [stdout]   12:     0x59c5fb72b2b8 - <alloc::boxed::Box<F,A> as core::ops::function::Fn<Args>>::call::h1d66c6bbd60c9692
[INFO] [stdout]                                at /rustc/df4ca44d3fbc9301ee17f30f4d474e6ae4b05252/library/alloc/src/boxed.rs:2468:9
[INFO] [stdout]   13:     0x59c5fb72b2b8 - std::panicking::rust_panic_with_hook::h2ff17fe8f26dfcf8
[INFO] [stdout]                                at /rustc/df4ca44d3fbc9301ee17f30f4d474e6ae4b05252/library/std/src/panicking.rs:809:13
[INFO] [stdout]   14:     0x59c5fb72b07a - std::panicking::begin_panic_handler::{{closure}}::h4fad77951c07e101
[INFO] [stdout]                                at /rustc/df4ca44d3fbc9301ee17f30f4d474e6ae4b05252/library/std/src/panicking.rs:674:13
[INFO] [stdout]   15:     0x59c5fb729c09 - std::sys::backtrace::__rust_end_short_backtrace::hb1a25b3da5d0ea08
[INFO] [stdout]                                at /rustc/df4ca44d3fbc9301ee17f30f4d474e6ae4b05252/library/std/src/sys/backtrace.rs:170:18
[INFO] [stdout]   16:     0x59c5fb72ad0c - rust_begin_unwind
[INFO] [stdout]                                at /rustc/df4ca44d3fbc9301ee17f30f4d474e6ae4b05252/library/std/src/panicking.rs:665:5
[INFO] [stdout]   17:     0x59c5fb74e8c0 - core::panicking::panic_fmt::ha9db07b529f9b256
[INFO] [stdout]                                at /rustc/df4ca44d3fbc9301ee17f30f4d474e6ae4b05252/library/core/src/panicking.rs:75:14
[INFO] [stdout]   18:     0x59c5fb74ec8b - core::panicking::assert_failed_inner::h04f38944d74a80a8
[INFO] [stdout]   19:     0x59c5fb6ad973 - core::panicking::assert_failed::h357144e1aa5d4b9a
[INFO] [stdout]                                at /rustc/df4ca44d3fbc9301ee17f30f4d474e6ae4b05252/library/core/src/panicking.rs:377:5
[INFO] [stdout]   20:     0x59c5fb6823bc - joker::joker::ast_print::tests::create_some_expr::h55f895c87645b02f
[INFO] [stdout]                                at /opt/rustwide/workdir/src/joker/ast_print.rs:297:9
[INFO] [stdout]   21:     0x59c5fb68185d - joker::joker::ast_print::tests::create_some_expr::{{closure}}::h2944f660b118ae32
[INFO] [stdout]                                at /opt/rustwide/workdir/src/joker/ast_print.rs:281:30
[INFO] [stdout]   22:     0x59c5fb6b0476 - core::ops::function::FnOnce::call_once::hec7fc31349c900bb
[INFO] [stdout]                                at /rustc/df4ca44d3fbc9301ee17f30f4d474e6ae4b05252/library/core/src/ops/function.rs:250:5
[INFO] [stdout]   23:     0x59c5fb6f8fbb - core::ops::function::FnOnce::call_once::h22c3ba5715e93f05
[INFO] [stdout]                                at /rustc/df4ca44d3fbc9301ee17f30f4d474e6ae4b05252/library/core/src/ops/function.rs:250:5
[INFO] [stdout]   24:     0x59c5fb6f8fbb - test::__rust_begin_short_backtrace::h8e82d8113d0da17f
[INFO] [stdout]                                at /rustc/df4ca44d3fbc9301ee17f30f4d474e6ae4b05252/library/test/src/lib.rs:621:18
[INFO] [stdout]   25:     0x59c5fb6f8937 - test::run_test_in_process::{{closure}}::h33235f4f20b7b7c7
[INFO] [stdout]                                at /rustc/df4ca44d3fbc9301ee17f30f4d474e6ae4b05252/library/test/src/lib.rs:644:60
[INFO] [stdout]   26:     0x59c5fb6f8937 - <core::panic::unwind_safe::AssertUnwindSafe<F> as core::ops::function::FnOnce<()>>::call_once::hb5043206310c586f
[INFO] [stdout]                                at /rustc/df4ca44d3fbc9301ee17f30f4d474e6ae4b05252/library/core/src/panic/unwind_safe.rs:272:9
[INFO] [stdout]   27:     0x59c5fb6f8937 - std::panicking::try::do_call::h9ad4731a60ab23e2
[INFO] [stdout]                                at /rustc/df4ca44d3fbc9301ee17f30f4d474e6ae4b05252/library/std/src/panicking.rs:557:40
[INFO] [stdout]   28:     0x59c5fb6f8937 - std::panicking::try::h3824d23db772a716
[INFO] [stdout]                                at /rustc/df4ca44d3fbc9301ee17f30f4d474e6ae4b05252/library/std/src/panicking.rs:520:19
[INFO] [stdout]   29:     0x59c5fb6f8937 - std::panic::catch_unwind::h5afd514605fde46b
[INFO] [stdout]                                at /rustc/df4ca44d3fbc9301ee17f30f4d474e6ae4b05252/library/std/src/panic.rs:358:14
[INFO] [stdout]   30:     0x59c5fb6f8937 - test::run_test_in_process::h0d5cbfa7067d1720
[INFO] [stdout]                                at /rustc/df4ca44d3fbc9301ee17f30f4d474e6ae4b05252/library/test/src/lib.rs:644:27
[INFO] [stdout]   31:     0x59c5fb6f8937 - test::run_test::{{closure}}::h708eb8872708115d
[INFO] [stdout]                                at /rustc/df4ca44d3fbc9301ee17f30f4d474e6ae4b05252/library/test/src/lib.rs:565:43
[INFO] [stdout]   32:     0x59c5fb6bc054 - test::run_test::{{closure}}::h392c51cee94713ab
[INFO] [stdout]                                at /rustc/df4ca44d3fbc9301ee17f30f4d474e6ae4b05252/library/test/src/lib.rs:595:41
[INFO] [stdout]   33:     0x59c5fb6bc054 - std::sys::backtrace::__rust_begin_short_backtrace::h2f40290710935a8b
[INFO] [stdout]                                at /rustc/df4ca44d3fbc9301ee17f30f4d474e6ae4b05252/library/std/src/sys/backtrace.rs:154:18
[INFO] [stdout]   34:     0x59c5fb6bf7fe - std::thread::Builder::spawn_unchecked_::{{closure}}::{{closure}}::h3fd968d89053a903
[INFO] [stdout]                                at /rustc/df4ca44d3fbc9301ee17f30f4d474e6ae4b05252/library/std/src/thread/mod.rs:541:17
[INFO] [stdout]   35:     0x59c5fb6bf7fe - <core::panic::unwind_safe::AssertUnwindSafe<F> as core::ops::function::FnOnce<()>>::call_once::h743f637ba4229880
[INFO] [stdout]                                at /rustc/df4ca44d3fbc9301ee17f30f4d474e6ae4b05252/library/core/src/panic/unwind_safe.rs:272:9
[INFO] [stdout]   36:     0x59c5fb6bf7fe - std::panicking::try::do_call::h07440897322525a6
[INFO] [stdout]                                at /rustc/df4ca44d3fbc9301ee17f30f4d474e6ae4b05252/library/std/src/panicking.rs:557:40
[INFO] [stdout]   37:     0x59c5fb6bf7fe - std::panicking::try::he5a2e00188156637
[INFO] [stdout]                                at /rustc/df4ca44d3fbc9301ee17f30f4d474e6ae4b05252/library/std/src/panicking.rs:520:19
[INFO] [stdout]   38:     0x59c5fb6bf7fe - std::panic::catch_unwind::hbaf3cae49b3c6433
[INFO] [stdout]                                at /rustc/df4ca44d3fbc9301ee17f30f4d474e6ae4b05252/library/std/src/panic.rs:358:14
[INFO] [stdout]   39:     0x59c5fb6bf7fe - std::thread::Builder::spawn_unchecked_::{{closure}}::h8e141ea224820bce
[INFO] [stdout]                                at /rustc/df4ca44d3fbc9301ee17f30f4d474e6ae4b05252/library/std/src/thread/mod.rs:540:30
[INFO] [stdout]   40:     0x59c5fb6bf7fe - core::ops::function::FnOnce::call_once{{vtable.shim}}::h90d312fedd7b8ea8
[INFO] [stdout]                                at /rustc/df4ca44d3fbc9301ee17f30f4d474e6ae4b05252/library/core/src/ops/function.rs:250:5
[INFO] [stdout]   41:     0x59c5fb72f0ab - <alloc::boxed::Box<F,A> as core::ops::function::FnOnce<Args>>::call_once::h69aa08ddb6adb8b6
[INFO] [stdout]                                at /rustc/df4ca44d3fbc9301ee17f30f4d474e6ae4b05252/library/alloc/src/boxed.rs:2454:9
[INFO] [stdout]   42:     0x59c5fb72f0ab - <alloc::boxed::Box<F,A> as core::ops::function::FnOnce<Args>>::call_once::h5aa36efdb79c806f
[INFO] [stdout]                                at /rustc/df4ca44d3fbc9301ee17f30f4d474e6ae4b05252/library/alloc/src/boxed.rs:2454:9
[INFO] [stdout]   43:     0x59c5fb72f0ab - std::sys::pal::unix::thread::Thread::new::thread_start::h6cd80a1b4be5158d
[INFO] [stdout]                                at /rustc/df4ca44d3fbc9301ee17f30f4d474e6ae4b05252/library/std/src/sys/pal/unix/thread.rs:105:17
[INFO] [stdout]   44:     0x7dcef622dac3 - <unknown>
[INFO] [stdout]   45:     0x7dcef62bea04 - clone
[INFO] [stdout]   46:                0x0 - <unknown>
[INFO] [stdout] 
[INFO] [stdout] ---- joker::interpreter::tests::test_simple_expr stdout ----
[INFO] [stdout] thread 'joker::interpreter::tests::test_simple_expr' panicked at src/joker/interpreter.rs:1005:26:
[INFO] [stdout] assertion `left == right` failed
[INFO] [stdout]   left: Some(Object(inner: -1))
[INFO] [stdout]  right: Some(Object(inner: -12300))
[INFO] [stdout] stack backtrace:
[INFO] [stdout]    0:     0x59c5fb72972a - std::backtrace_rs::backtrace::libunwind::trace::h207520d6e9873551
[INFO] [stdout]                                at /rustc/df4ca44d3fbc9301ee17f30f4d474e6ae4b05252/library/std/src/../../backtrace/src/backtrace/libunwind.rs:116:5
[INFO] [stdout]    1:     0x59c5fb72972a - std::backtrace_rs::backtrace::trace_unsynchronized::h2ed7433f370e3eca
[INFO] [stdout]                                at /rustc/df4ca44d3fbc9301ee17f30f4d474e6ae4b05252/library/std/src/../../backtrace/src/backtrace/mod.rs:66:5
[INFO] [stdout]    2:     0x59c5fb72972a - std::sys::backtrace::_print_fmt::h916fac51166b18d7
[INFO] [stdout]                                at /rustc/df4ca44d3fbc9301ee17f30f4d474e6ae4b05252/library/std/src/sys/backtrace.rs:66:9
[INFO] [stdout]    3:     0x59c5fb72972a - <std::sys::backtrace::BacktraceLock::print::DisplayBacktrace as core::fmt::Display>::fmt::ha0a4c9b8ce3802e6
[INFO] [stdout]                                at /rustc/df4ca44d3fbc9301ee17f30f4d474e6ae4b05252/library/std/src/sys/backtrace.rs:39:26
[INFO] [stdout]    4:     0x59c5fb7504f3 - core::fmt::rt::Argument::fmt::h4cfc8587d52b3eb5
[INFO] [stdout]                                at /rustc/df4ca44d3fbc9301ee17f30f4d474e6ae4b05252/library/core/src/fmt/rt.rs:177:76
[INFO] [stdout]    5:     0x59c5fb7504f3 - core::fmt::write::h522cc39e5b36ae9f
[INFO] [stdout]                                at /rustc/df4ca44d3fbc9301ee17f30f4d474e6ae4b05252/library/core/src/fmt/mod.rs:1190:21
[INFO] [stdout]    6:     0x59c5fb726393 - std::io::Write::write_fmt::h7d3c26752da97734
[INFO] [stdout]                                at /rustc/df4ca44d3fbc9301ee17f30f4d474e6ae4b05252/library/std/src/io/mod.rs:1839:15
[INFO] [stdout]    7:     0x59c5fb729572 - std::sys::backtrace::BacktraceLock::print::h4b9e00b29e9c0942
[INFO] [stdout]                                at /rustc/df4ca44d3fbc9301ee17f30f4d474e6ae4b05252/library/std/src/sys/backtrace.rs:42:9
[INFO] [stdout]    8:     0x59c5fb72abba - std::panicking::default_hook::{{closure}}::hb59b88280d0324d9
[INFO] [stdout]                                at /rustc/df4ca44d3fbc9301ee17f30f4d474e6ae4b05252/library/std/src/panicking.rs:268:22
[INFO] [stdout]    9:     0x59c5fb72a9c4 - std::panicking::default_hook::he1dd496665be4a29
[INFO] [stdout]                                at /rustc/df4ca44d3fbc9301ee17f30f4d474e6ae4b05252/library/std/src/panicking.rs:292:9
[INFO] [stdout]   10:     0x59c5fb6f46e9 - <alloc::boxed::Box<F,A> as core::ops::function::Fn<Args>>::call::h4ff71de18744e1dc
[INFO] [stdout]                                at /rustc/df4ca44d3fbc9301ee17f30f4d474e6ae4b05252/library/alloc/src/boxed.rs:2468:9
[INFO] [stdout]   11:     0x59c5fb6f46e9 - test::test_main::{{closure}}::hcf7c055ce117aa81
[INFO] [stdout]                                at /rustc/df4ca44d3fbc9301ee17f30f4d474e6ae4b05252/library/test/src/lib.rs:133:21
[INFO] [stdout]   12:     0x59c5fb72b2b8 - <alloc::boxed::Box<F,A> as core::ops::function::Fn<Args>>::call::h1d66c6bbd60c9692
[INFO] [stdout]                                at /rustc/df4ca44d3fbc9301ee17f30f4d474e6ae4b05252/library/alloc/src/boxed.rs:2468:9
[INFO] [stdout]   13:     0x59c5fb72b2b8 - std::panicking::rust_panic_with_hook::h2ff17fe8f26dfcf8
[INFO] [stdout]                                at /rustc/df4ca44d3fbc9301ee17f30f4d474e6ae4b05252/library/std/src/panicking.rs:809:13
[INFO] [stdout]   14:     0x59c5fb72b07a - std::panicking::begin_panic_handler::{{closure}}::h4fad77951c07e101
[INFO] [stdout]                                at /rustc/df4ca44d3fbc9301ee17f30f4d474e6ae4b05252/library/std/src/panicking.rs:674:13
[INFO] [stdout]   15:     0x59c5fb729c09 - std::sys::backtrace::__rust_end_short_backtrace::hb1a25b3da5d0ea08
[INFO] [stdout]                                at /rustc/df4ca44d3fbc9301ee17f30f4d474e6ae4b05252/library/std/src/sys/backtrace.rs:170:18
[INFO] [stdout]   16:     0x59c5fb72ad0c - rust_begin_unwind
[INFO] [stdout]                                at /rustc/df4ca44d3fbc9301ee17f30f4d474e6ae4b05252/library/std/src/panicking.rs:665:5
[INFO] [stdout]   17:     0x59c5fb74e8c0 - core::panicking::panic_fmt::ha9db07b529f9b256
[INFO] [stdout]                                at /rustc/df4ca44d3fbc9301ee17f30f4d474e6ae4b05252/library/core/src/panicking.rs:75:14
[INFO] [stdout]   18:     0x59c5fb74ec8b - core::panicking::assert_failed_inner::h04f38944d74a80a8
[INFO] [stdout]   19:     0x59c5fb6ada6b - core::panicking::assert_failed::hdc7556bec4334147
[INFO] [stdout]                                at /rustc/df4ca44d3fbc9301ee17f30f4d474e6ae4b05252/library/core/src/panicking.rs:377:5
[INFO] [stdout]   20:     0x59c5fb6b5a20 - joker::joker::interpreter::tests::test_simple_expr::ha45bf35dd82835da
[INFO] [stdout]                                at /opt/rustwide/workdir/src/joker/interpreter.rs:1005:26
[INFO] [stdout]   21:     0x59c5fb6b5567 - joker::joker::interpreter::tests::test_simple_expr::{{closure}}::hc0e6d6ad2d3c7c4c
[INFO] [stdout]                                at /opt/rustwide/workdir/src/joker/interpreter.rs:991:26
[INFO] [stdout]   22:     0x59c5fb6b0436 - core::ops::function::FnOnce::call_once::he87a5fb056a1f03d
[INFO] [stdout]                                at /rustc/df4ca44d3fbc9301ee17f30f4d474e6ae4b05252/library/core/src/ops/function.rs:250:5
[INFO] [stdout]   23:     0x59c5fb6f8fbb - core::ops::function::FnOnce::call_once::h22c3ba5715e93f05
[INFO] [stdout]                                at /rustc/df4ca44d3fbc9301ee17f30f4d474e6ae4b05252/library/core/src/ops/function.rs:250:5
[INFO] [stdout]   24:     0x59c5fb6f8fbb - test::__rust_begin_short_backtrace::h8e82d8113d0da17f
[INFO] [stdout]                                at /rustc/df4ca44d3fbc9301ee17f30f4d474e6ae4b05252/library/test/src/lib.rs:621:18
[INFO] [stdout]   25:     0x59c5fb6f8937 - test::run_test_in_process::{{closure}}::h33235f4f20b7b7c7
[INFO] [stdout]                                at /rustc/df4ca44d3fbc9301ee17f30f4d474e6ae4b05252/library/test/src/lib.rs:644:60
[INFO] [stdout]   26:     0x59c5fb6f8937 - <core::panic::unwind_safe::AssertUnwindSafe<F> as core::ops::function::FnOnce<()>>::call_once::hb5043206310c586f
[INFO] [stdout]                                at /rustc/df4ca44d3fbc9301ee17f30f4d474e6ae4b05252/library/core/src/panic/unwind_safe.rs:272:9
[INFO] [stdout]   27:     0x59c5fb6f8937 - std::panicking::try::do_call::h9ad4731a60ab23e2
[INFO] [stdout]                                at /rustc/df4ca44d3fbc9301ee17f30f4d474e6ae4b05252/library/std/src/panicking.rs:557:40
[INFO] [stdout]   28:     0x59c5fb6f8937 - std::panicking::try::h3824d23db772a716
[INFO] [stdout]                                at /rustc/df4ca44d3fbc9301ee17f30f4d474e6ae4b05252/library/std/src/panicking.rs:520:19
[INFO] [stdout]   29:     0x59c5fb6f8937 - std::panic::catch_unwind::h5afd514605fde46b
[INFO] [stdout]                                at /rustc/df4ca44d3fbc9301ee17f30f4d474e6ae4b05252/library/std/src/panic.rs:358:14
[INFO] [stdout]   30:     0x59c5fb6f8937 - test::run_test_in_process::h0d5cbfa7067d1720
[INFO] [stdout]                                at /rustc/df4ca44d3fbc9301ee17f30f4d474e6ae4b05252/library/test/src/lib.rs:644:27
[INFO] [stdout]   31:     0x59c5fb6f8937 - test::run_test::{{closure}}::h708eb8872708115d
[INFO] [stdout]                                at /rustc/df4ca44d3fbc9301ee17f30f4d474e6ae4b05252/library/test/src/lib.rs:565:43
[INFO] [stdout]   32:     0x59c5fb6bc054 - test::run_test::{{closure}}::h392c51cee94713ab
[INFO] [stdout]                                at /rustc/df4ca44d3fbc9301ee17f30f4d474e6ae4b05252/library/test/src/lib.rs:595:41
[INFO] [stdout]   33:     0x59c5fb6bc054 - std::sys::backtrace::__rust_begin_short_backtrace::h2f40290710935a8b
[INFO] [stdout]                                at /rustc/df4ca44d3fbc9301ee17f30f4d474e6ae4b05252/library/std/src/sys/backtrace.rs:154:18
[INFO] [stdout]   34:     0x59c5fb6bf7fe - std::thread::Builder::spawn_unchecked_::{{closure}}::{{closure}}::h3fd968d89053a903
[INFO] [stdout]                                at /rustc/df4ca44d3fbc9301ee17f30f4d474e6ae4b05252/library/std/src/thread/mod.rs:541:17
[INFO] [stdout]   35:     0x59c5fb6bf7fe - <core::panic::unwind_safe::AssertUnwindSafe<F> as core::ops::function::FnOnce<()>>::call_once::h743f637ba4229880
[INFO] [stdout]                                at /rustc/df4ca44d3fbc9301ee17f30f4d474e6ae4b05252/library/core/src/panic/unwind_safe.rs:272:9
[INFO] [stdout]   36:     0x59c5fb6bf7fe - std::panicking::try::do_call::h07440897322525a6
[INFO] [stdout]                                at /rustc/df4ca44d3fbc9301ee17f30f4d474e6ae4b05252/library/std/src/panicking.rs:557:40
[INFO] [stdout]   37:     0x59c5fb6bf7fe - std::panicking::try::he5a2e00188156637
[INFO] [stdout]                                at /rustc/df4ca44d3fbc9301ee17f30f4d474e6ae4b05252/library/std/src/panicking.rs:520:19
[INFO] [stdout]   38:     0x59c5fb6bf7fe - std::panic::catch_unwind::hbaf3cae49b3c6433
[INFO] [stdout]                                at /rustc/df4ca44d3fbc9301ee17f30f4d474e6ae4b05252/library/std/src/panic.rs:358:14
[INFO] [stdout]   39:     0x59c5fb6bf7fe - std::thread::Builder::spawn_unchecked_::{{closure}}::h8e141ea224820bce
[INFO] [stdout]                                at /rustc/df4ca44d3fbc9301ee17f30f4d474e6ae4b05252/library/std/src/thread/mod.rs:540:30
[INFO] [stdout]   40:     0x59c5fb6bf7fe - core::ops::function::FnOnce::call_once{{vtable.shim}}::h90d312fedd7b8ea8
[INFO] [stdout]                                at /rustc/df4ca44d3fbc9301ee17f30f4d474e6ae4b05252/library/core/src/ops/function.rs:250:5
[INFO] [stdout]   41:     0x59c5fb72f0ab - <alloc::boxed::Box<F,A> as core::ops::function::FnOnce<Args>>::call_once::h69aa08ddb6adb8b6
[INFO] [stdout]                                at /rustc/df4ca44d3fbc9301ee17f30f4d474e6ae4b05252/library/alloc/src/boxed.rs:2454:9
[INFO] [stdout]   42:     0x59c5fb72f0ab - <alloc::boxed::Box<F,A> as core::ops::function::FnOnce<Args>>::call_once::h5aa36efdb79c806f
[INFO] [stdout]                                at /rustc/df4ca44d3fbc9301ee17f30f4d474e6ae4b05252/library/alloc/src/boxed.rs:2454:9
[INFO] [stdout]   43:     0x59c5fb72f0ab - std::sys::pal::unix::thread::Thread::new::thread_start::h6cd80a1b4be5158d
[INFO] [stdout]                                at /rustc/df4ca44d3fbc9301ee17f30f4d474e6ae4b05252/library/std/src/sys/pal/unix/thread.rs:105:17
[INFO] [stdout]   44:     0x7dcef622dac3 - <unknown>
[INFO] [stdout]   45:     0x7dcef62bea04 - clone
[INFO] [stdout]   46:                0x0 - <unknown>
[INFO] [stdout] 
[INFO] [stdout] 
[INFO] [stdout] failures:
[INFO] [stdout]     joker::ast_print::tests::create_some_expr
[INFO] [stdout]     joker::env::tests::test_env_get_undefined_value
[INFO] [stdout]     joker::interpreter::tests::test_simple_expr
[INFO] [stdout] 
[INFO] [stdout] test result: FAILED. 17 passed; 3 failed; 0 ignored; 0 measured; 0 filtered out; finished in 0.01s
[INFO] [stdout] 
[INFO] [stderr] error: test failed, to rerun pass `--lib`
[INFO] running `Command { std: "docker" "inspect" "314aa2002757772cedfb264feb71f7f5325197f9e8ec16191304e565540f037d", kill_on_drop: false }`
[INFO] running `Command { std: "docker" "rm" "-f" "314aa2002757772cedfb264feb71f7f5325197f9e8ec16191304e565540f037d", kill_on_drop: false }`
[INFO] [stdout] 314aa2002757772cedfb264feb71f7f5325197f9e8ec16191304e565540f037d
