[INFO] cloning repository https://github.com/Rasmus20B/Cadmus
[INFO] running `Command { std: "git" "-c" "credential.helper=" "-c" "credential.helper=/workspace/cargo-home/bin/git-credential-null" "clone" "--bare" "https://github.com/Rasmus20B/Cadmus" "/workspace/cache/git-repos/https%3A%2F%2Fgithub.com%2FRasmus20B%2FCadmus", kill_on_drop: false }`
[INFO] [stderr] Cloning into bare repository '/workspace/cache/git-repos/https%3A%2F%2Fgithub.com%2FRasmus20B%2FCadmus'...
[INFO] running `Command { std: "git" "rev-parse" "HEAD", kill_on_drop: false }`
[INFO] [stdout] 9ea5c8955fbdd5d5fa128f1e24dce65a98588c32
[INFO] testing Rasmus20B/Cadmus/9ea5c8955fbdd5d5fa128f1e24dce65a98588c32 against nightly-2024-10-28 for randomize-layout
[INFO] running `Command { std: "git" "clone" "/workspace/cache/git-repos/https%3A%2F%2Fgithub.com%2FRasmus20B%2FCadmus" "/workspace/builds/worker-4-tc1/source", kill_on_drop: false }`
[INFO] [stderr] Cloning into '/workspace/builds/worker-4-tc1/source'...
[INFO] [stderr] done.
[INFO] validating manifest of git repo https://github.com/Rasmus20B/Cadmus on toolchain nightly-2024-10-28
[INFO] running `Command { std: CARGO_HOME="/workspace/cargo-home" RUSTUP_HOME="/workspace/rustup-home" "/workspace/cargo-home/bin/cargo" "+nightly-2024-10-28" "metadata" "--manifest-path" "Cargo.toml" "--no-deps", kill_on_drop: false }`
[INFO] started tweaking git repo https://github.com/Rasmus20B/Cadmus
[INFO] finished tweaking git repo https://github.com/Rasmus20B/Cadmus
[INFO] tweaked toml for git repo https://github.com/Rasmus20B/Cadmus written to /workspace/builds/worker-4-tc1/source/Cargo.toml
[INFO] crate git repo https://github.com/Rasmus20B/Cadmus already has a lockfile, it will not be regenerated
[INFO] running `Command { std: CARGO_HOME="/workspace/cargo-home" RUSTUP_HOME="/workspace/rustup-home" "/workspace/cargo-home/bin/cargo" "+nightly-2024-10-28" "fetch" "--manifest-path" "Cargo.toml", kill_on_drop: false }`
[INFO] running `Command { std: "docker" "create" "-v" "/var/lib/crater-agent-workspace/builds/worker-4-tc1/target:/opt/rustwide/target:rw,Z" "-v" "/var/lib/crater-agent-workspace/builds/worker-4-tc1/source:/opt/rustwide/workdir:ro,Z" "-v" "/var/lib/crater-agent-workspace/cargo-home:/opt/rustwide/cargo-home:ro,Z" "-v" "/var/lib/crater-agent-workspace/rustup-home:/opt/rustwide/rustup-home:ro,Z" "-e" "SOURCE_DIR=/opt/rustwide/workdir" "-e" "CARGO_TARGET_DIR=/opt/rustwide/target" "-e" "CARGO_HOME=/opt/rustwide/cargo-home" "-e" "RUSTUP_HOME=/opt/rustwide/rustup-home" "-w" "/opt/rustwide/workdir" "-m" "1610612736" "--user" "0:0" "--network" "none" "ghcr.io/rust-lang/crates-build-env/linux@sha256:4a844ea9eb2546a2d2c7022eacef16ef2e8229c7fbb2c7d4d55a9ceca922f72d" "/opt/rustwide/cargo-home/bin/cargo" "+nightly-2024-10-28" "metadata" "--no-deps" "--format-version=1", kill_on_drop: false }`
[INFO] [stdout] 9b60c21f82f8a8e6dca2f66d4d3f076deeb8cf545b96349e96522cd5dbc0dbdd
[INFO] running `Command { std: "docker" "start" "-a" "9b60c21f82f8a8e6dca2f66d4d3f076deeb8cf545b96349e96522cd5dbc0dbdd", kill_on_drop: false }`
[INFO] running `Command { std: "docker" "inspect" "9b60c21f82f8a8e6dca2f66d4d3f076deeb8cf545b96349e96522cd5dbc0dbdd", kill_on_drop: false }`
[INFO] running `Command { std: "docker" "rm" "-f" "9b60c21f82f8a8e6dca2f66d4d3f076deeb8cf545b96349e96522cd5dbc0dbdd", kill_on_drop: false }`
[INFO] [stdout] 9b60c21f82f8a8e6dca2f66d4d3f076deeb8cf545b96349e96522cd5dbc0dbdd
[INFO] running `Command { std: "docker" "create" "-v" "/var/lib/crater-agent-workspace/builds/worker-4-tc1/target:/opt/rustwide/target:rw,Z" "-v" "/var/lib/crater-agent-workspace/builds/worker-4-tc1/source:/opt/rustwide/workdir:ro,Z" "-v" "/var/lib/crater-agent-workspace/cargo-home:/opt/rustwide/cargo-home:ro,Z" "-v" "/var/lib/crater-agent-workspace/rustup-home:/opt/rustwide/rustup-home:ro,Z" "-e" "SOURCE_DIR=/opt/rustwide/workdir" "-e" "CARGO_TARGET_DIR=/opt/rustwide/target" "-e" "CARGO_INCREMENTAL=0" "-e" "RUST_BACKTRACE=full" "-e" "RUSTFLAGS=--cap-lints=forbid" "-e" "RUSTDOCFLAGS=--cap-lints=forbid" "-e" "CARGO_HOME=/opt/rustwide/cargo-home" "-e" "RUSTUP_HOME=/opt/rustwide/rustup-home" "-w" "/opt/rustwide/workdir" "-m" "1610612736" "--user" "0:0" "--network" "none" "ghcr.io/rust-lang/crates-build-env/linux@sha256:4a844ea9eb2546a2d2c7022eacef16ef2e8229c7fbb2c7d4d55a9ceca922f72d" "/opt/rustwide/cargo-home/bin/cargo" "+nightly-2024-10-28" "build" "--frozen" "--message-format=json", kill_on_drop: false }`
[INFO] [stdout] 7a49d857545f4094c633fcb301e87fd110926bcbf3a653b6b0827f4f63c5e836
[INFO] running `Command { std: "docker" "start" "-a" "7a49d857545f4094c633fcb301e87fd110926bcbf3a653b6b0827f4f63c5e836", kill_on_drop: false }`
[INFO] [stderr]    Compiling proc-macro2 v1.0.86
[INFO] [stderr]    Compiling unicode-ident v1.0.13
[INFO] [stderr]    Compiling crossbeam-utils v0.8.20
[INFO] [stderr]    Compiling memchr v2.7.4
[INFO] [stderr]    Compiling autocfg v1.4.0
[INFO] [stderr]    Compiling utf8parse v0.2.2
[INFO] [stderr]    Compiling is_terminal_polyfill v1.70.1
[INFO] [stderr]    Compiling minimal-lexical v0.2.1
[INFO] [stderr]    Compiling anstyle-parse v0.2.5
[INFO] [stderr]    Compiling colorchoice v1.0.2
[INFO] [stderr]    Compiling anstyle-query v1.1.1
[INFO] [stderr]    Compiling rayon-core v1.12.1
[INFO] [stderr]    Compiling serde v1.0.210
[INFO] [stderr]    Compiling anstyle v1.0.8
[INFO] [stderr]    Compiling heck v0.5.0
[INFO] [stderr]    Compiling clap_lex v0.7.2
[INFO] [stderr]    Compiling anstream v0.6.15
[INFO] [stderr]    Compiling num-traits v0.2.19
[INFO] [stderr]    Compiling serde_json v1.0.128
[INFO] [stderr]    Compiling strsim v0.11.1
[INFO] [stderr]    Compiling either v1.13.0
[INFO] [stderr]    Compiling itoa v1.0.11
[INFO] [stderr]    Compiling ryu v1.0.18
[INFO] [stderr]    Compiling nom v7.1.3
[INFO] [stderr]    Compiling crossbeam-epoch v0.9.18
[INFO] [stderr]    Compiling clap_builder v4.5.17
[INFO] [stderr]    Compiling iana-time-zone v0.1.61
[INFO] [stderr]    Compiling quote v1.0.37
[INFO] [stderr]    Compiling crossbeam-deque v0.8.5
[INFO] [stderr]    Compiling syn v2.0.77
[INFO] [stderr]    Compiling chrono v0.4.38
[INFO] [stderr]    Compiling rayon v1.10.0
[INFO] [stderr]    Compiling serde_derive v1.0.210
[INFO] [stderr]    Compiling color-print-proc-macro v0.3.6
[INFO] [stderr]    Compiling clap_derive v4.5.13
[INFO] [stderr]    Compiling color-print v0.3.6
[INFO] [stderr]    Compiling clap v4.5.17
[INFO] [stderr]    Compiling fmc v0.1.0 (/opt/rustwide/workdir)
[INFO] [stdout] warning: unused import: `staging::Stage`
[INFO] [stdout]  --> src/cadlang/compiler.rs:3:47
[INFO] [stdout]   |
[INFO] [stdout] 3 | use super::{parser::parse, error::CompileErr, staging::Stage}; 
[INFO] [stdout]   |                                               ^^^^^^^^^^^^^^
[INFO] [stdout]   |
[INFO] [stdout]   = note: `#[warn(unused_imports)]` on by default
[INFO] [stdout] 
[INFO] [stdout] 
[INFO] [stdout] warning: unused import: `io::ErrorKind`
[INFO] [stdout]  --> src/cadlang/parser.rs:2:33
[INFO] [stdout]   |
[INFO] [stdout] 2 | use std::{collections::HashMap, io::ErrorKind};
[INFO] [stdout]   |                                 ^^^^^^^^^^^^^
[INFO] [stdout] 
[INFO] [stdout] 
[INFO] [stdout] warning: unused imports: `AutoEntryType`, `AutoEntry`, `Field`, `LayoutFM`, `RelationCriteria`, `Relation`, `Schema`, `Table`, `ValidationType`, `Validation`, `ValueListDefinition`, `ValueListSortBy`, and `ValueList`
[INFO] [stdout]  --> src/cadlang/parser.rs:4:65
[INFO] [stdout]   |
[INFO] [stdout] 4 | ...::{AutoEntry, AutoEntryType, DataType, DBObjectReference, Field, LayoutFM, LayoutFMAttribute, Relation, RelationComparison, RelationCriteria, Schema, Script, SerialTrigger, Table, TableOccurrence, Test, Validation, ValidationTrigger, ValidationType, ValueList, ValueListDefinition, ValueListSortBy...
[INFO] [stdout]   |       ^^^^^^^^^  ^^^^^^^^^^^^^                               ^^^^^  ^^^^^^^^                     ^^^^^^^^                      ^^^^^^^^^^^^^^^^  ^^^^^^                         ^^^^^                         ^^^^^^^^^^                     ^^^^^^^^^^^^^^  ^^^^^^^^^  ^^^^^^^^^^^^^^^^^^^  ^^^^^^^^^^^^^^^
[INFO] [stdout] 
[INFO] [stdout] 
[INFO] [stdout] warning: unnecessary parentheses around function argument
[INFO] [stdout]    --> src/cadlang/parser.rs:749:8
[INFO] [stdout]     |
[INFO] [stdout] 749 |     Ok((result))
[INFO] [stdout]     |        ^      ^
[INFO] [stdout]     |
[INFO] [stdout]     = note: `#[warn(unused_parens)]` on by default
[INFO] [stdout] help: remove these parentheses
[INFO] [stdout]     |
[INFO] [stdout] 749 -     Ok((result))
[INFO] [stdout] 749 +     Ok(result)
[INFO] [stdout]     |
[INFO] [stdout] 
[INFO] [stdout] 
[INFO] [stdout] warning: unused import: `std::collections::hash_map::HashMap`
[INFO] [stdout]  --> src/hbam2/api.rs:3:5
[INFO] [stdout]   |
[INFO] [stdout] 3 | use std::collections::hash_map::HashMap;
[INFO] [stdout]   |     ^^^^^^^^^^^^^^^^^^^^^^^^^^^^^^^^^^^
[INFO] [stdout] 
[INFO] [stdout] 
[INFO] [stdout] warning: unused imports: `HashMap` and `RwLock`
[INFO] [stdout]  --> src/hbam2/bplustree.rs:1:25
[INFO] [stdout]   |
[INFO] [stdout] 1 | use std::{collections::{HashMap, HashSet}, fs::File, io::{Read, Seek}, path::Path, sync::{Arc, RwLock}};
[INFO] [stdout]   |                         ^^^^^^^                                                                ^^^^^^
[INFO] [stdout] 
[INFO] [stdout] 
[INFO] [stdout] warning: unused import: `get_path_int`
[INFO] [stdout]  --> src/hbam2/bplustree.rs:3:66
[INFO] [stdout]   |
[INFO] [stdout] 3 | use crate::{hbam::path::HBAMPath, util::encoding_util::{get_int, get_path_int}}; 
[INFO] [stdout]   |                                                                  ^^^^^^^^^^^^
[INFO] [stdout] 
[INFO] [stdout] 
[INFO] [stdout] warning: unused imports: `api::Key` and `bplustree::load_page_from_disk`
[INFO] [stdout]  --> src/hbam2/page_store.rs:3:13
[INFO] [stdout]   |
[INFO] [stdout] 3 | use super::{api::Key, bplustree::load_page_from_disk, page::Page};
[INFO] [stdout]   |             ^^^^^^^^  ^^^^^^^^^^^^^^^^^^^^^^^^^^^^^^
[INFO] [stdout] 
[INFO] [stdout] 
[INFO] [stdout] warning: unused import: `core::fmt`
[INFO] [stdout]  --> src/hbam2/chunk.rs:1:5
[INFO] [stdout]   |
[INFO] [stdout] 1 | use core::fmt;
[INFO] [stdout]   |     ^^^^^^^^^
[INFO] [stdout] 
[INFO] [stdout] 
[INFO] [stdout] warning: unused import: `ops::RangeBounds`
[INFO] [stdout]  --> src/hbam/chunk.rs:3:27
[INFO] [stdout]   |
[INFO] [stdout] 3 | use std::{fmt::Formatter, ops::RangeBounds};
[INFO] [stdout]   |                           ^^^^^^^^^^^^^^^^
[INFO] [stdout] 
[INFO] [stdout] 
[INFO] [stdout] warning: unused import: `clap::Parser`
[INFO] [stdout]  --> src/emulator/test.rs:5:5
[INFO] [stdout]   |
[INFO] [stdout] 5 | use clap::Parser;
[INFO] [stdout]   |     ^^^^^^^^^^^^
[INFO] [stdout] 
[INFO] [stdout] 
[INFO] [stdout] warning: variable does not need to be mutable
[INFO] [stdout]   --> src/cadlang/parser.rs:53:9
[INFO] [stdout]    |
[INFO] [stdout] 53 |     let mut validation_trigger = ValidationTrigger::OnEntry;
[INFO] [stdout]    |         ----^^^^^^^^^^^^^^^^^^
[INFO] [stdout]    |         |
[INFO] [stdout]    |         help: remove this `mut`
[INFO] [stdout]    |
[INFO] [stdout]    = note: `#[warn(unused_mut)]` on by default
[INFO] [stdout] 
[INFO] [stdout] 
[INFO] [stdout] warning: variable does not need to be mutable
[INFO] [stdout]   --> src/cadlang/parser.rs:54:9
[INFO] [stdout]    |
[INFO] [stdout] 54 |     let mut user_override_ = true;
[INFO] [stdout]    |         ----^^^^^^^^^^^^^^
[INFO] [stdout]    |         |
[INFO] [stdout]    |         help: remove this `mut`
[INFO] [stdout] 
[INFO] [stdout] 
[INFO] [stdout] warning: unused variable: `result`
[INFO] [stdout]    --> src/cadlang/parser.rs:293:9
[INFO] [stdout]     |
[INFO] [stdout] 293 |     let result = TableOccurrence {
[INFO] [stdout]     |         ^^^^^^ help: if this is intentional, prefix it with an underscore: `_result`
[INFO] [stdout]     |
[INFO] [stdout]     = note: `#[warn(unused_variables)]` on by default
[INFO] [stdout] 
[INFO] [stdout] 
[INFO] [stdout] warning: unused variable: `to_field`
[INFO] [stdout]    --> src/cadlang/staging.rs:193:29
[INFO] [stdout]     |
[INFO] [stdout] 193 |                         let to_field = to_parts[1];
[INFO] [stdout]     |                             ^^^^^^^^ help: if this is intentional, prefix it with an underscore: `_to_field`
[INFO] [stdout] 
[INFO] [stdout] 
[INFO] [stdout] warning: unused variable: `occ_id`
[INFO] [stdout]    --> src/cadlang/staging.rs:195:30
[INFO] [stdout]     |
[INFO] [stdout] 195 |                         let (occ_id, occ_base_table) = match self.table_occurrences.iter()
[INFO] [stdout]     |                              ^^^^^^ help: if this is intentional, prefix it with an underscore: `_occ_id`
[INFO] [stdout] 
[INFO] [stdout] 
[INFO] [stdout] warning: unused variable: `table_actual`
[INFO] [stdout]    --> src/cadlang/staging.rs:208:29
[INFO] [stdout]     |
[INFO] [stdout] 208 |                         let table_actual = match self.tables.iter()
[INFO] [stdout]     |                             ^^^^^^^^^^^^ help: if this is intentional, prefix it with an underscore: `_table_actual`
[INFO] [stdout] 
[INFO] [stdout] 
[INFO] [stdout] warning: unused variable: `id_`
[INFO] [stdout]    --> src/cadlang/staging.rs:289:14
[INFO] [stdout]     |
[INFO] [stdout] 289 |         for (id_, relation) in &self.relations {
[INFO] [stdout]     |              ^^^ help: if this is intentional, prefix it with an underscore: `_id_`
[INFO] [stdout] 
[INFO] [stdout] 
[INFO] [stdout] warning: unused variable: `comparison`
[INFO] [stdout]    --> src/cadlang/staging.rs:299:21
[INFO] [stdout]     |
[INFO] [stdout] 299 |                 let comparison = RelationComparison::Equal;
[INFO] [stdout]     |                     ^^^^^^^^^^ help: if this is intentional, prefix it with an underscore: `_comparison`
[INFO] [stdout] 
[INFO] [stdout] 
[INFO] [stdout] warning: variable `occ1_id` is assigned to, but never used
[INFO] [stdout]    --> src/cadlang/staging.rs:304:25
[INFO] [stdout]     |
[INFO] [stdout] 304 |                 let mut occ1_id = 0;
[INFO] [stdout]     |                         ^^^^^^^
[INFO] [stdout]     |
[INFO] [stdout]     = note: consider using `_occ1_id` instead
[INFO] [stdout] 
[INFO] [stdout] 
[INFO] [stdout] warning: value assigned to `occ1_id` is never read
[INFO] [stdout]    --> src/cadlang/staging.rs:309:25
[INFO] [stdout]     |
[INFO] [stdout] 309 |                         occ1_id = (*inner.0) as usize;
[INFO] [stdout]     |                         ^^^^^^^
[INFO] [stdout]     |
[INFO] [stdout]     = help: maybe it is overwritten before being read?
[INFO] [stdout]     = note: `#[warn(unused_assignments)]` on by default
[INFO] [stdout] 
[INFO] [stdout] 
[INFO] [stdout] warning: variable `occ2_id` is assigned to, but never used
[INFO] [stdout]    --> src/cadlang/staging.rs:348:25
[INFO] [stdout]     |
[INFO] [stdout] 348 |                 let mut occ2_id = 0;
[INFO] [stdout]     |                         ^^^^^^^
[INFO] [stdout]     |
[INFO] [stdout]     = note: consider using `_occ2_id` instead
[INFO] [stdout] 
[INFO] [stdout] 
[INFO] [stdout] warning: value assigned to `occ2_id` is never read
[INFO] [stdout]    --> src/cadlang/staging.rs:353:25
[INFO] [stdout]     |
[INFO] [stdout] 353 |                         occ2_id = (*inner.0) as usize;
[INFO] [stdout]     |                         ^^^^^^^
[INFO] [stdout]     |
[INFO] [stdout]     = help: maybe it is overwritten before being read?
[INFO] [stdout] 
[INFO] [stdout] 
[INFO] [stdout] warning: variable does not need to be mutable
[INFO] [stdout]    --> src/cadlang/staging.rs:346:21
[INFO] [stdout]     |
[INFO] [stdout] 346 |                 let mut field2_name = parts[1];
[INFO] [stdout]     |                     ----^^^^^^^^^^^
[INFO] [stdout]     |                     |
[INFO] [stdout]     |                     help: remove this `mut`
[INFO] [stdout] 
[INFO] [stdout] 
[INFO] [stdout] warning: variable `scope` is assigned to, but never used
[INFO] [stdout]   --> src/burn_script/lexer.rs:18:17
[INFO] [stdout]    |
[INFO] [stdout] 18 |         let mut scope = 0;
[INFO] [stdout]    |                 ^^^^^
[INFO] [stdout]    |
[INFO] [stdout]    = note: consider using `_scope` instead
[INFO] [stdout] 
[INFO] [stdout] 
[INFO] [stdout] warning: unused variable: `b`
[INFO] [stdout]   --> src/burn_script/lexer.rs:42:17
[INFO] [stdout]    |
[INFO] [stdout] 42 |             let b = buffer.as_str();
[INFO] [stdout]    |                 ^ help: if this is intentional, prefix it with an underscore: `_b`
[INFO] [stdout] 
[INFO] [stdout] 
[INFO] [stdout] warning: variable does not need to be mutable
[INFO] [stdout]   --> src/hbam/fs.rs:55:21
[INFO] [stdout]    |
[INFO] [stdout] 55 |                 let mut tmp_occurrence = TableOccurrence {
[INFO] [stdout]    |                     ----^^^^^^^^^^^^^^
[INFO] [stdout]    |                     |
[INFO] [stdout]    |                     help: remove this `mut`
[INFO] [stdout] 
[INFO] [stdout] 
[INFO] [stdout] warning: unused variable: `block_start`
[INFO] [stdout]    --> src/hbam/fs.rs:249:13
[INFO] [stdout]     |
[INFO] [stdout] 249 |         let block_start = self.inner.cursor.block_index;
[INFO] [stdout]     |             ^^^^^^^^^^^ help: if this is intentional, prefix it with an underscore: `_block_start`
[INFO] [stdout] 
[INFO] [stdout] 
[INFO] [stdout] warning: unused variable: `data`
[INFO] [stdout]    --> src/hbam/fs.rs:328:54
[INFO] [stdout]     |
[INFO] [stdout] 328 |     fn set_long_kv_by_data(&mut self, key: &Vec<u8>, data: &[u8]) -> Result<(), String> {
[INFO] [stdout]     |                                                      ^^^^ help: if this is intentional, prefix it with an underscore: `_data`
[INFO] [stdout] 
[INFO] [stdout] 
[INFO] [stdout] warning: unused variable: `key`
[INFO] [stdout]    --> src/hbam/fs.rs:374:27
[INFO] [stdout]     |
[INFO] [stdout] 374 |                 if let Ok(key) = chunk.ref_data.unwrap().lookup_from_buffer(storage) {
[INFO] [stdout]     |                           ^^^ help: if this is intentional, prefix it with an underscore: `_key`
[INFO] [stdout] 
[INFO] [stdout] 
[INFO] [stdout] warning: variable `size_` is assigned to, but never used
[INFO] [stdout]   --> src/hbam/block.rs:49:17
[INFO] [stdout]    |
[INFO] [stdout] 49 |         let mut size_ = 0;
[INFO] [stdout]    |                 ^^^^^
[INFO] [stdout]    |
[INFO] [stdout]    = note: consider using `_size_` instead
[INFO] [stdout] 
[INFO] [stdout] 
[INFO] [stdout] warning: unused variable: `key`
[INFO] [stdout]   --> src/hbam2/api.rs:23:21
[INFO] [stdout]    |
[INFO] [stdout] 23 | pub fn get_data<'a>(key: Key) -> Result<KeyValue, BPlusTreeErr> {
[INFO] [stdout]    |                     ^^^ help: if this is intentional, prefix it with an underscore: `_key`
[INFO] [stdout] 
[INFO] [stdout] 
[INFO] [stdout] warning: unused variable: `key`
[INFO] [stdout]   --> src/hbam2/api.rs:27:25
[INFO] [stdout]    |
[INFO] [stdout] 27 | pub fn set_keyvalue<'a>(key: Key, val: Value) -> Result<(), BPlusTreeErr> {
[INFO] [stdout]    |                         ^^^ help: if this is intentional, prefix it with an underscore: `_key`
[INFO] [stdout] 
[INFO] [stdout] 
[INFO] [stdout] warning: unused variable: `val`
[INFO] [stdout]   --> src/hbam2/api.rs:27:35
[INFO] [stdout]    |
[INFO] [stdout] 27 | pub fn set_keyvalue<'a>(key: Key, val: Value) -> Result<(), BPlusTreeErr> {
[INFO] [stdout]    |                                   ^^^ help: if this is intentional, prefix it with an underscore: `_val`
[INFO] [stdout] 
[INFO] [stdout] 
[INFO] [stdout] warning: unused variable: `data`
[INFO] [stdout]  --> src/hbam2/parser.rs:4:23
[INFO] [stdout]   |
[INFO] [stdout] 4 | pub fn parse_keyvalue(data: &[u8], cursor: &mut Cursor) -> Option<KeyValue> {
[INFO] [stdout]   |                       ^^^^ help: if this is intentional, prefix it with an underscore: `_data`
[INFO] [stdout] 
[INFO] [stdout] 
[INFO] [stdout] warning: unused variable: `cursor`
[INFO] [stdout]  --> src/hbam2/parser.rs:4:36
[INFO] [stdout]   |
[INFO] [stdout] 4 | pub fn parse_keyvalue(data: &[u8], cursor: &mut Cursor) -> Option<KeyValue> {
[INFO] [stdout]   |                                    ^^^^^^ help: if this is intentional, prefix it with an underscore: `_cursor`
[INFO] [stdout] 
[INFO] [stdout] 
[INFO] [stdout] warning: unused variable: `field`
[INFO] [stdout]    --> src/emulator/test.rs:605:37
[INFO] [stdout]     |
[INFO] [stdout] 605 |                         let (table, field) = match &args[0] {
[INFO] [stdout]     |                                     ^^^^^ help: if this is intentional, prefix it with an underscore: `_field`
[INFO] [stdout] 
[INFO] [stdout] 
[INFO] [stdout] warning: unused variable: `e`
[INFO] [stdout]    --> src/emulator/test.rs:618:33
[INFO] [stdout]     |
[INFO] [stdout] 618 | ...                   Err(e) => vec![],
[INFO] [stdout]     |                           ^ help: if this is intentional, prefix it with an underscore: `_e`
[INFO] [stdout] 
[INFO] [stdout] 
[INFO] [stdout] warning: unreachable pattern
[INFO] [stdout]   --> src/emulator/calc_parser.rs:35:13
[INFO] [stdout]    |
[INFO] [stdout] 33 |             Precedence::Add => 1,
[INFO] [stdout]    |             --------------- matches all the relevant values
[INFO] [stdout] 34 |             Precedence::Subtract => 2,
[INFO] [stdout] 35 |             Precedence::Add => 3,
[INFO] [stdout]    |             ^^^^^^^^^^^^^^^ no value can reach this
[INFO] [stdout]    |
[INFO] [stdout]    = note: `#[warn(unreachable_patterns)]` on by default
[INFO] [stdout] 
[INFO] [stdout] 
[INFO] [stdout] warning: unreachable pattern
[INFO] [stdout]   --> src/emulator/calc_parser.rs:36:13
[INFO] [stdout]    |
[INFO] [stdout] 34 |             Precedence::Subtract => 2,
[INFO] [stdout]    |             -------------------- matches all the relevant values
[INFO] [stdout] 35 |             Precedence::Add => 3,
[INFO] [stdout] 36 |             Precedence::Subtract => 4,
[INFO] [stdout]    |             ^^^^^^^^^^^^^^^^^^^^ no value can reach this
[INFO] [stdout] 
[INFO] [stdout] 
[INFO] [stdout] warning: unused variable: `index`
[INFO] [stdout]    --> src/emulator/calc_parser.rs:172:13
[INFO] [stdout]     |
[INFO] [stdout] 172 |         let index = &self.tokens.index.get_val();
[INFO] [stdout]     |             ^^^^^ help: if this is intentional, prefix it with an underscore: `_index`
[INFO] [stdout] 
[INFO] [stdout] 
[INFO] [stdout] warning: unused variable: `name`
[INFO] [stdout]    --> src/emulator/database.rs:204:13
[INFO] [stdout]     |
[INFO] [stdout] 204 |         let name = self.tables[t.table_ptr as usize].name.clone();
[INFO] [stdout]     |             ^^^^ help: if this is intentional, prefix it with an underscore: `_name`
[INFO] [stdout] 
[INFO] [stdout] 
[INFO] [stdout] warning: unused variable: `related_record_idx`
[INFO] [stdout]    --> src/emulator/database.rs:584:13
[INFO] [stdout]     |
[INFO] [stdout] 584 |         let related_record_idx = current_occurrence.related_records
[INFO] [stdout]     |             ^^^^^^^^^^^^^^^^^^ help: if this is intentional, prefix it with an underscore: `_related_record_idx`
[INFO] [stdout] 
[INFO] [stdout] 
[INFO] [stdout] warning: unused variable: `related_record_idx`
[INFO] [stdout]    --> src/emulator/database.rs:606:13
[INFO] [stdout]     |
[INFO] [stdout] 606 |         let related_record_idx = current_occurrence.related_records
[INFO] [stdout]     |             ^^^^^^^^^^^^^^^^^^ help: if this is intentional, prefix it with an underscore: `_related_record_idx`
[INFO] [stdout] 
[INFO] [stdout] 
[INFO] [stdout] warning: unused variable: `related_record_idx`
[INFO] [stdout]    --> src/emulator/database.rs:633:13
[INFO] [stdout]     |
[INFO] [stdout] 633 |         let related_record_idx = current_occurrence.related_records
[INFO] [stdout]     |             ^^^^^^^^^^^^^^^^^^ help: if this is intentional, prefix it with an underscore: `_related_record_idx`
[INFO] [stdout] 
[INFO] [stdout] 
[INFO] [stdout] warning: unused variable: `schema`
[INFO] [stdout]   --> src/main.rs:43:13
[INFO] [stdout]    |
[INFO] [stdout] 43 |         let schema = match compile_to_schema(code) {
[INFO] [stdout]    |             ^^^^^^ help: if this is intentional, prefix it with an underscore: `_schema`
[INFO] [stdout] 
[INFO] [stdout] 
[INFO] [stdout] warning: type `EvaluateError` is more private than the item `TestEnvironment::<'a>::evaluate`
[INFO] [stdout]    --> src/emulator/test.rs:510:5
[INFO] [stdout]     |
[INFO] [stdout] 510 |     pub fn evaluate(&self, ast: Node) -> Result<String, EvaluateError> {
[INFO] [stdout]     |     ^^^^^^^^^^^^^^^^^^^^^^^^^^^^^^^^^^^^^^^^^^^^^^^^^^^^^^^^^^^^^^^^^^ method `TestEnvironment::<'a>::evaluate` is reachable at visibility `pub(crate)`
[INFO] [stdout]     |
[INFO] [stdout] note: but type `EvaluateError` is only usable at visibility `pub(self)`
[INFO] [stdout]    --> src/emulator/test.rs:37:1
[INFO] [stdout]     |
[INFO] [stdout] 37  | enum EvaluateError {
[INFO] [stdout]     | ^^^^^^^^^^^^^^^^^^
[INFO] [stdout]     = note: `#[warn(private_interfaces)]` on by default
[INFO] [stdout] 
[INFO] [stdout] 
[INFO] [stdout] warning: struct `Cursor` is never constructed
[INFO] [stdout]  --> src/cadlang/lexer.rs:9:8
[INFO] [stdout]   |
[INFO] [stdout] 9 | struct Cursor {
[INFO] [stdout]   |        ^^^^^^
[INFO] [stdout]   |
[INFO] [stdout]   = note: `#[warn(dead_code)]` on by default
[INFO] [stdout] 
[INFO] [stdout] 
[INFO] [stdout] warning: variant `ValueList` is never constructed
[INFO] [stdout]   --> src/cadlang/parser.rs:15:5
[INFO] [stdout]    |
[INFO] [stdout] 11 | pub enum FMObjType {
[INFO] [stdout]    |          --------- variant in this enum
[INFO] [stdout] ...
[INFO] [stdout] 15 |     ValueList,
[INFO] [stdout]    |     ^^^^^^^^^
[INFO] [stdout]    |
[INFO] [stdout]    = note: `FMObjType` has a derived impl for the trait `Debug`, but this is intentionally ignored during dead code analysis
[INFO] [stdout] 
[INFO] [stdout] 
[INFO] [stdout] warning: multiple variants are never constructed
[INFO] [stdout]   --> src/cadlang/token.rs:17:5
[INFO] [stdout]    |
[INFO] [stdout] 5  | pub enum TokenType {
[INFO] [stdout]    |          --------- variants in this enum
[INFO] [stdout] ...
[INFO] [stdout] 17 |     AutoIncrement,
[INFO] [stdout]    |     ^^^^^^^^^^^^^
[INFO] [stdout] 18 |     AutoEntry,
[INFO] [stdout]    |     ^^^^^^^^^
[INFO] [stdout] ...
[INFO] [stdout] 29 |     Creation,
[INFO] [stdout]    |     ^^^^^^^^
[INFO] [stdout] 30 |     Modification,
[INFO] [stdout]    |     ^^^^^^^^^^^^
[INFO] [stdout] ...
[INFO] [stdout] 37 |     LastVisited,
[INFO] [stdout]    |     ^^^^^^^^^^^
[INFO] [stdout] 38 |     Data,
[INFO] [stdout]    |     ^^^^
[INFO] [stdout] ...
[INFO] [stdout] 41 |     Lookup,
[INFO] [stdout]    |     ^^^^^^
[INFO] [stdout] ...
[INFO] [stdout] 44 |     StartTable,
[INFO] [stdout]    |     ^^^^^^^^^^
[INFO] [stdout] 45 |     RelatedTable,
[INFO] [stdout]    |     ^^^^^^^^^^^^
[INFO] [stdout] ...
[INFO] [stdout] 48 |     Validate,
[INFO] [stdout]    |     ^^^^^^^^
[INFO] [stdout] 49 |     Always,
[INFO] [stdout]    |     ^^^^^^
[INFO] [stdout] 50 |     OnEntry,
[INFO] [stdout]    |     ^^^^^^^
[INFO] [stdout] 51 |     AllowOverride,
[INFO] [stdout]    |     ^^^^^^^^^^^^^
[INFO] [stdout] ...
[INFO] [stdout] 54 |     StrictDataType,
[INFO] [stdout]    |     ^^^^^^^^^^^^^^
[INFO] [stdout] 55 |     NotEmpty,
[INFO] [stdout]    |     ^^^^^^^^
[INFO] [stdout] ...
[INFO] [stdout] 58 |     MemberOf,
[INFO] [stdout]    |     ^^^^^^^^
[INFO] [stdout] 59 |     Range,
[INFO] [stdout]    |     ^^^^^
[INFO] [stdout] 60 |     ValidationCalc,
[INFO] [stdout]    |     ^^^^^^^^^^^^^^
[INFO] [stdout] 61 |     MaxChars,
[INFO] [stdout]    |     ^^^^^^^^
[INFO] [stdout] ...
[INFO] [stdout] 65 |     Global,
[INFO] [stdout]    |     ^^^^^^
[INFO] [stdout] 66 |     Repetitions,
[INFO] [stdout]    |     ^^^^^^^^^^^
[INFO] [stdout] ...
[INFO] [stdout] 93 |     OpenParen,
[INFO] [stdout]    |     ^^^^^^^^^
[INFO] [stdout] 94 |     CloseParen,
[INFO] [stdout]    |     ^^^^^^^^^^
[INFO] [stdout] 95 |     OpenSquare,
[INFO] [stdout]    |     ^^^^^^^^^^
[INFO] [stdout] 96 |     CloseSquare,
[INFO] [stdout]    |     ^^^^^^^^^^^
[INFO] [stdout]    |
[INFO] [stdout]    = note: `TokenType` has derived impls for the traits `Debug` and `Clone`, but these are intentionally ignored during dead code analysis
[INFO] [stdout] 
[INFO] [stdout] 
[INFO] [stdout] warning: variants `UnknownTable`, `UnknownTableOccurrence`, `UnknownField`, and `InvalidAssert` are never constructed
[INFO] [stdout]   --> src/cadlang/error.rs:8:5
[INFO] [stdout]    |
[INFO] [stdout] 5  | pub enum CompileErr {
[INFO] [stdout]    |          ---------- variants in this enum
[INFO] [stdout] ...
[INFO] [stdout] 8  |     UnknownTable { token: Token },
[INFO] [stdout]    |     ^^^^^^^^^^^^
[INFO] [stdout] 9  |     UnknownTableOccurrence { token: Token },
[INFO] [stdout]    |     ^^^^^^^^^^^^^^^^^^^^^^
[INFO] [stdout] 10 |     UnknownField { token: Token },
[INFO] [stdout]    |     ^^^^^^^^^^^^
[INFO] [stdout] 11 |     InvalidAssert { token: Token }, // Asserts can only be used in tests
[INFO] [stdout]    |     ^^^^^^^^^^^^^
[INFO] [stdout]    |
[INFO] [stdout]    = note: `CompileErr` has a derived impl for the trait `Debug`, but this is intentionally ignored during dead code analysis
[INFO] [stdout] 
[INFO] [stdout] 
[INFO] [stdout] warning: variants `MemberOf`, `Range`, `Calculation`, and `MaxChars` are never constructed
[INFO] [stdout]   --> src/cadlang/staging.rs:17:5
[INFO] [stdout]    |
[INFO] [stdout] 13 | pub enum StagedValidationType {
[INFO] [stdout]    |          -------------------- variants in this enum
[INFO] [stdout] ...
[INFO] [stdout] 17 |     MemberOf(Token),
[INFO] [stdout]    |     ^^^^^^^^
[INFO] [stdout] 18 |     Range{start: usize, end: usize},
[INFO] [stdout]    |     ^^^^^
[INFO] [stdout] 19 |     Calculation(String),
[INFO] [stdout]    |     ^^^^^^^^^^^
[INFO] [stdout] 20 |     MaxChars(usize),
[INFO] [stdout]    |     ^^^^^^^^
[INFO] [stdout]    |
[INFO] [stdout]    = note: `StagedValidationType` has derived impls for the traits `Clone` and `Debug`, but these are intentionally ignored during dead code analysis
[INFO] [stdout] 
[INFO] [stdout] 
[INFO] [stdout] warning: variants `Lookup`, `Creation`, `Modification`, `LastVisited`, and `Data` are never constructed
[INFO] [stdout]   --> src/cadlang/staging.rs:35:5
[INFO] [stdout]    |
[INFO] [stdout] 32 | pub enum StagedAutoEntryType {
[INFO] [stdout]    |          ------------------- variants in this enum
[INFO] [stdout] ...
[INFO] [stdout] 35 |     Lookup { from: Token, to: Token },
[INFO] [stdout]    |     ^^^^^^
[INFO] [stdout] 36 |     Creation(AutoEntryDataPresets),
[INFO] [stdout]    |     ^^^^^^^^
[INFO] [stdout] 37 |     Modification(AutoEntryDataPresets),
[INFO] [stdout]    |     ^^^^^^^^^^^^
[INFO] [stdout] 38 |     LastVisited,
[INFO] [stdout]    |     ^^^^^^^^^^^
[INFO] [stdout] 39 |     Data(String),
[INFO] [stdout]    |     ^^^^
[INFO] [stdout]    |
[INFO] [stdout]    = note: `StagedAutoEntryType` has derived impls for the traits `Clone` and `Debug`, but these are intentionally ignored during dead code analysis
[INFO] [stdout] 
[INFO] [stdout] 
[INFO] [stdout] warning: function `decode_char` is never used
[INFO] [stdout]   --> src/util/dbcharconv.rs:17:8
[INFO] [stdout]    |
[INFO] [stdout] 17 | pub fn decode_char(high: u8, low: u8) -> char {
[INFO] [stdout]    |        ^^^^^^^^^^^
[INFO] [stdout] 
[INFO] [stdout] 
[INFO] [stdout] warning: function `decode_bytes` is never used
[INFO] [stdout]   --> src/util/dbcharconv.rs:24:8
[INFO] [stdout]    |
[INFO] [stdout] 24 | pub fn decode_bytes(bytes: &[u8]) -> String {
[INFO] [stdout]    |        ^^^^^^^^^^^^
[INFO] [stdout] 
[INFO] [stdout] 
[INFO] [stdout] warning: variants `OpenParen`, `CloseParen`, and `String` are never constructed
[INFO] [stdout]   --> src/burn_script/tokens.rs:6:5
[INFO] [stdout]    |
[INFO] [stdout] 3  | pub enum TokenType {
[INFO] [stdout]    |          --------- variants in this enum
[INFO] [stdout] ...
[INFO] [stdout] 6  |     OpenParen,
[INFO] [stdout]    |     ^^^^^^^^^
[INFO] [stdout] 7  |     CloseParen,
[INFO] [stdout]    |     ^^^^^^^^^^
[INFO] [stdout] ...
[INFO] [stdout] 30 |     String,
[INFO] [stdout]    |     ^^^^^^
[INFO] [stdout]    |
[INFO] [stdout]    = note: `TokenType` has a derived impl for the trait `Debug`, but this is intentionally ignored during dead code analysis
[INFO] [stdout] 
[INFO] [stdout] 
[INFO] [stdout] warning: fields `block_buffer` and `staging_buffer` are never read
[INFO] [stdout]   --> src/hbam/btree.rs:32:9
[INFO] [stdout]    |
[INFO] [stdout] 26 | pub struct HBAMFile {
[INFO] [stdout]    |            -------- fields in this struct
[INFO] [stdout] ...
[INFO] [stdout] 32 |     pub block_buffer: DataStaging,
[INFO] [stdout]    |         ^^^^^^^^^^^^
[INFO] [stdout] 33 |     pub staging_buffer: DataStaging,
[INFO] [stdout]    |         ^^^^^^^^^^^^^^
[INFO] [stdout] 
[INFO] [stdout] 
[INFO] [stdout] warning: multiple methods are never used
[INFO] [stdout]    --> src/hbam/btree.rs:53:12
[INFO] [stdout]     |
[INFO] [stdout] 36  | impl HBAMFile {
[INFO] [stdout]     | ------------- methods in this implementation
[INFO] [stdout] ...
[INFO] [stdout] 53  |     pub fn get_current_path(&self) -> HBAMPath {
[INFO] [stdout]     |            ^^^^^^^^^^^^^^^^
[INFO] [stdout] ...
[INFO] [stdout] 161 |     pub fn get_node(&mut self, hbam_path: &HBAMPath) -> &Block {
[INFO] [stdout]     |            ^^^^^^^^
[INFO] [stdout] ...
[INFO] [stdout] 198 |     pub fn write_dir_chunks_json(&mut self, path: &HBAMPath) {
[INFO] [stdout]     |            ^^^^^^^^^^^^^^^^^^^^^
[INFO] [stdout] ...
[INFO] [stdout] 204 |     pub fn write_all_chunks_json(&mut self) {
[INFO] [stdout]     |            ^^^^^^^^^^^^^^^^^^^^^
[INFO] [stdout] ...
[INFO] [stdout] 230 |     pub fn get_block_chunks(&self) -> &Vec<ChunkType> {
[INFO] [stdout]     |            ^^^^^^^^^^^^^^^^
[INFO] [stdout] ...
[INFO] [stdout] 271 |     pub fn get_root(&mut self) -> Block {
[INFO] [stdout]     |            ^^^^^^^^
[INFO] [stdout] ...
[INFO] [stdout] 346 |     fn load_leaf_from_io(&mut self) -> Block {
[INFO] [stdout]     |        ^^^^^^^^^^^^^^^^^
[INFO] [stdout] ...
[INFO] [stdout] 350 |     pub fn goto_next_leaf(&mut self) -> Result<&Block, String> {
[INFO] [stdout]     |            ^^^^^^^^^^^^^^
[INFO] [stdout] 
[INFO] [stdout] 
[INFO] [stdout] warning: field `block_buffer` is never read
[INFO] [stdout]   --> src/hbam/fs.rs:11:5
[INFO] [stdout]    |
[INFO] [stdout] 8  | pub struct HBAMInterface {
[INFO] [stdout]    |            ------------- field in this struct
[INFO] [stdout] ...
[INFO] [stdout] 11 |     block_buffer: Vec<u8>,
[INFO] [stdout]    |     ^^^^^^^^^^^^
[INFO] [stdout] 
[INFO] [stdout] 
[INFO] [stdout] warning: methods `get_kv`, `set_long_kv`, and `get_long_kv` are never used
[INFO] [stdout]    --> src/hbam/fs.rs:226:8
[INFO] [stdout]     |
[INFO] [stdout] 14  | impl HBAMInterface {
[INFO] [stdout]     | ------------------ methods in this implementation
[INFO] [stdout] ...
[INFO] [stdout] 226 |     fn get_kv(&mut self, key: u16) -> Result<ChunkType, String> {
[INFO] [stdout]     |        ^^^^^^
[INFO] [stdout] ...
[INFO] [stdout] 296 |     fn set_long_kv(&mut self, key: &Vec<u8>, data: &[u8]) -> Result<(), String> {
[INFO] [stdout]     |        ^^^^^^^^^^^
[INFO] [stdout] ...
[INFO] [stdout] 361 |     fn get_long_kv(&mut self, key: &Vec<u8>) -> Result<ChunkType, String> {
[INFO] [stdout]     |        ^^^^^^^^^^^
[INFO] [stdout] 
[INFO] [stdout] 
[INFO] [stdout] warning: variant `MalformedInstruction` is never constructed
[INFO] [stdout]   --> src/hbam/chunk.rs:25:5
[INFO] [stdout]    |
[INFO] [stdout] 21 | pub enum BlockErr {
[INFO] [stdout]    |          -------- variant in this enum
[INFO] [stdout] ...
[INFO] [stdout] 25 |     MalformedInstruction,
[INFO] [stdout]    |     ^^^^^^^^^^^^^^^^^^^^
[INFO] [stdout]    |
[INFO] [stdout]    = note: `BlockErr` has derived impls for the traits `Clone` and `Debug`, but these are intentionally ignored during dead code analysis
[INFO] [stdout] 
[INFO] [stdout] 
[INFO] [stdout] warning: associated items `get_simple_data` and `from_bytes_new` are never used
[INFO] [stdout]    --> src/hbam/chunk.rs:116:12
[INFO] [stdout]     |
[INFO] [stdout] 76  | impl Chunk {
[INFO] [stdout]     | ---------- associated items in this implementation
[INFO] [stdout] ...
[INFO] [stdout] 116 |     pub fn get_simple_data(&self, bytes: &[u8]) -> Result<Vec<u8>, BlockErr> {
[INFO] [stdout]     |            ^^^^^^^^^^^^^^^
[INFO] [stdout] ...
[INFO] [stdout] 217 |     pub fn from_bytes_new(code: &[u8], offset: &mut usize, path: &mut Vec<String>) -> Result<(Chunk, bool), BlockErr> {
[INFO] [stdout]     |            ^^^^^^^^^^^^^^
[INFO] [stdout] 
[INFO] [stdout] 
[INFO] [stdout] warning: fields `offset`, `level`, and `size` are never read
[INFO] [stdout]   --> src/hbam/block.rs:6:9
[INFO] [stdout]    |
[INFO] [stdout] 5  | pub struct Block {
[INFO] [stdout]    |            ----- fields in this struct
[INFO] [stdout] 6  |     pub offset: usize,
[INFO] [stdout]    |         ^^^^^^
[INFO] [stdout] ...
[INFO] [stdout] 9  |     pub level: u32,
[INFO] [stdout]    |         ^^^^^
[INFO] [stdout] ...
[INFO] [stdout] 14 |     pub size: u16,
[INFO] [stdout]    |         ^^^^
[INFO] [stdout]    |
[INFO] [stdout]    = note: `Block` has derived impls for the traits `Debug` and `Clone`, but these are intentionally ignored during dead code analysis
[INFO] [stdout] 
[INFO] [stdout] 
[INFO] [stdout] warning: associated function `from_bytes` is never used
[INFO] [stdout]   --> src/hbam/block.rs:76:12
[INFO] [stdout]    |
[INFO] [stdout] 17 | impl Block {
[INFO] [stdout]    | ---------- associated function in this implementation
[INFO] [stdout] ...
[INFO] [stdout] 76 |     pub fn from_bytes(offset_: usize, index_: Option<u32>, buffer: &[u8]) -> Self {
[INFO] [stdout]    |            ^^^^^^^^^^
[INFO] [stdout] 
[INFO] [stdout] 
[INFO] [stdout] warning: associated function `new` is never used
[INFO] [stdout]  --> src/hbam/block_location.rs:9:12
[INFO] [stdout]   |
[INFO] [stdout] 8 | impl BlockLocation {
[INFO] [stdout]   | ------------------ associated function in this implementation
[INFO] [stdout] 9 |     pub fn new(chunk_index_: u32, local_index_: u32) -> Self {
[INFO] [stdout]   |            ^^^
[INFO] [stdout] 
[INFO] [stdout] 
[INFO] [stdout] warning: type alias `Key` is never used
[INFO] [stdout]  --> src/hbam2/api.rs:5:10
[INFO] [stdout]   |
[INFO] [stdout] 5 | pub type Key = Vec<String>;
[INFO] [stdout]   |          ^^^
[INFO] [stdout] 
[INFO] [stdout] 
[INFO] [stdout] warning: type alias `Value` is never used
[INFO] [stdout]  --> src/hbam2/api.rs:6:10
[INFO] [stdout]   |
[INFO] [stdout] 6 | pub type Value = String;
[INFO] [stdout]   |          ^^^^^
[INFO] [stdout] 
[INFO] [stdout] 
[INFO] [stdout] warning: function `get_keyvalue` is never used
[INFO] [stdout]   --> src/hbam2/api.rs:14:8
[INFO] [stdout]    |
[INFO] [stdout] 14 | pub fn get_keyvalue<'a>(key: &'a Key, store: &'a mut PageStore, file: &'a str) -> Result<Option<KeyValue>, BPlusTreeErr> {
[INFO] [stdout]    |        ^^^^^^^^^^^^
[INFO] [stdout] 
[INFO] [stdout] 
[INFO] [stdout] warning: function `get_data` is never used
[INFO] [stdout]   --> src/hbam2/api.rs:23:8
[INFO] [stdout]    |
[INFO] [stdout] 23 | pub fn get_data<'a>(key: Key) -> Result<KeyValue, BPlusTreeErr> {
[INFO] [stdout]    |        ^^^^^^^^
[INFO] [stdout] 
[INFO] [stdout] 
[INFO] [stdout] warning: function `set_keyvalue` is never used
[INFO] [stdout]   --> src/hbam2/api.rs:27:8
[INFO] [stdout]    |
[INFO] [stdout] 27 | pub fn set_keyvalue<'a>(key: Key, val: Value) -> Result<(), BPlusTreeErr> {
[INFO] [stdout]    |        ^^^^^^^^^^^^
[INFO] [stdout] 
[INFO] [stdout] 
[INFO] [stdout] warning: struct `CachedKeyLocation` is never constructed
[INFO] [stdout]  --> src/hbam2/kv_cache.rs:3:12
[INFO] [stdout]   |
[INFO] [stdout] 3 | pub struct CachedKeyLocation {
[INFO] [stdout]   |            ^^^^^^^^^^^^^^^^^
[INFO] [stdout] 
[INFO] [stdout] 
[INFO] [stdout] warning: struct `KeyValCache` is never constructed
[INFO] [stdout]   --> src/hbam2/kv_cache.rs:10:12
[INFO] [stdout]    |
[INFO] [stdout] 10 | pub struct KeyValCache {
[INFO] [stdout]    |            ^^^^^^^^^^^
[INFO] [stdout] 
[INFO] [stdout] 
[INFO] [stdout] warning: type alias `Offset` is never used
[INFO] [stdout]  --> src/hbam2/bplustree.rs:7:6
[INFO] [stdout]   |
[INFO] [stdout] 7 | type Offset = usize;
[INFO] [stdout]   |      ^^^^^^
[INFO] [stdout] 
[INFO] [stdout] 
[INFO] [stdout] warning: enum `BPlusTreeErr` is never used
[INFO] [stdout]   --> src/hbam2/bplustree.rs:10:17
[INFO] [stdout]    |
[INFO] [stdout] 10 | pub(crate) enum BPlusTreeErr {
[INFO] [stdout]    |                 ^^^^^^^^^^^^
[INFO] [stdout] 
[INFO] [stdout] 
[INFO] [stdout] warning: struct `Cursor` is never constructed
[INFO] [stdout]   --> src/hbam2/bplustree.rs:19:12
[INFO] [stdout]    |
[INFO] [stdout] 19 | pub struct Cursor {
[INFO] [stdout]    |            ^^^^^^
[INFO] [stdout] 
[INFO] [stdout] 
[INFO] [stdout] warning: function `search_key_in_page` is never used
[INFO] [stdout]   --> src/hbam2/bplustree.rs:24:4
[INFO] [stdout]    |
[INFO] [stdout] 24 | fn search_key_in_page<'a>(key_: &'a [String], page_data: &[u8; 4096]) -> Result<Option<KeyValue>, BPlusTreeErr> {
[INFO] [stdout]    |    ^^^^^^^^^^^^^^^^^^
[INFO] [stdout] 
[INFO] [stdout] 
[INFO] [stdout] warning: function `get_page` is never used
[INFO] [stdout]   --> src/hbam2/bplustree.rs:65:4
[INFO] [stdout]    |
[INFO] [stdout] 65 | fn get_page<'a>(index: PageIndex, cache: &'a mut PageStore, file: &'a str) -> Result<Arc<Page>, BPlusTreeErr> {  
[INFO] [stdout]    |    ^^^^^^^^
[INFO] [stdout] 
[INFO] [stdout] 
[INFO] [stdout] warning: function `search_index_page` is never used
[INFO] [stdout]   --> src/hbam2/bplustree.rs:79:4
[INFO] [stdout]    |
[INFO] [stdout] 79 | fn search_index_page(key_: &[String], page: Page) -> Result<PageIndex, BPlusTreeErr> {
[INFO] [stdout]    |    ^^^^^^^^^^^^^^^^^
[INFO] [stdout] 
[INFO] [stdout] 
[INFO] [stdout] warning: function `get_data_page` is never used
[INFO] [stdout]    --> src/hbam2/bplustree.rs:137:4
[INFO] [stdout]     |
[INFO] [stdout] 137 | fn get_data_page<'a>(key: &'a [String], cache: &'a mut PageStore, file: &'a str) -> Result<Arc<Page>, BPlusTreeErr> { 
[INFO] [stdout]     |    ^^^^^^^^^^^^^
[INFO] [stdout] 
[INFO] [stdout] 
[INFO] [stdout] warning: function `search_key` is never used
[INFO] [stdout]    --> src/hbam2/bplustree.rs:163:8
[INFO] [stdout]     |
[INFO] [stdout] 163 | pub fn search_key<'a>(key: &'a [String], cache: &'a mut PageStore, file: &'a str) -> Result<Option<KeyValue>, BPlusTreeErr> {
[INFO] [stdout]     |        ^^^^^^^^^^
[INFO] [stdout] 
[INFO] [stdout] 
[INFO] [stdout] warning: function `load_page_from_disk` is never used
[INFO] [stdout]    --> src/hbam2/bplustree.rs:182:8
[INFO] [stdout]     |
[INFO] [stdout] 182 | pub fn load_page_from_disk(file: &Path, index: PageIndex) -> Result<Page, BPlusTreeErr> {
[INFO] [stdout]     |        ^^^^^^^^^^^^^^^^^^^
[INFO] [stdout] 
[INFO] [stdout] 
[INFO] [stdout] warning: type alias `Data` is never used
[INFO] [stdout]  --> src/hbam2/keyvalue.rs:2:6
[INFO] [stdout]   |
[INFO] [stdout] 2 | type Data = Vec<u8>;
[INFO] [stdout]   |      ^^^^
[INFO] [stdout] 
[INFO] [stdout] 
[INFO] [stdout] warning: enum `Value` is never used
[INFO] [stdout]  --> src/hbam2/keyvalue.rs:4:6
[INFO] [stdout]   |
[INFO] [stdout] 4 | enum Value<'a> {
[INFO] [stdout]   |      ^^^^^
[INFO] [stdout] 
[INFO] [stdout] 
[INFO] [stdout] warning: struct `KeyValue` is never constructed
[INFO] [stdout]   --> src/hbam2/keyvalue.rs:10:8
[INFO] [stdout]    |
[INFO] [stdout] 10 | struct KeyValue<'a> {
[INFO] [stdout]    |        ^^^^^^^^
[INFO] [stdout] 
[INFO] [stdout] 
[INFO] [stdout] warning: function `inspect` is never used
[INFO] [stdout]   --> src/hbam2/keyvalue.rs:15:4
[INFO] [stdout]    |
[INFO] [stdout] 15 | fn inspect(keyvalue: &KeyValue) {
[INFO] [stdout]    |    ^^^^^^^
[INFO] [stdout] 
[INFO] [stdout] 
[INFO] [stdout] warning: variants `Root`, `Index`, and `Data` are never constructed
[INFO] [stdout]  --> src/hbam2/page.rs:6:5
[INFO] [stdout]   |
[INFO] [stdout] 5 | pub enum PageType {
[INFO] [stdout]   |          -------- variants in this enum
[INFO] [stdout] 6 |     Root,
[INFO] [stdout]   |     ^^^^
[INFO] [stdout] 7 |     Index,
[INFO] [stdout]   |     ^^^^^
[INFO] [stdout] 8 |     Data,
[INFO] [stdout]   |     ^^^^
[INFO] [stdout]   |
[INFO] [stdout]   = note: `PageType` has derived impls for the traits `Debug` and `Clone`, but these are intentionally ignored during dead code analysis
[INFO] [stdout] 
[INFO] [stdout] 
[INFO] [stdout] warning: struct `PageHeader` is never constructed
[INFO] [stdout]   --> src/hbam2/page.rs:12:12
[INFO] [stdout]    |
[INFO] [stdout] 12 | pub struct PageHeader {
[INFO] [stdout]    |            ^^^^^^^^^^
[INFO] [stdout]    |
[INFO] [stdout]    = note: `PageHeader` has derived impls for the traits `Debug` and `Clone`, but these are intentionally ignored during dead code analysis
[INFO] [stdout] 
[INFO] [stdout] 
[INFO] [stdout] warning: enum `PageHeaderErr` is never used
[INFO] [stdout]   --> src/hbam2/page.rs:22:10
[INFO] [stdout]    |
[INFO] [stdout] 22 | pub enum PageHeaderErr {
[INFO] [stdout]    |          ^^^^^^^^^^^^^
[INFO] [stdout]    |
[INFO] [stdout]    = note: `PageHeaderErr` has derived impls for the traits `Debug` and `Clone`, but these are intentionally ignored during dead code analysis
[INFO] [stdout] 
[INFO] [stdout] 
[INFO] [stdout] warning: associated items `SIZE` and `from_bytes` are never used
[INFO] [stdout]   --> src/hbam2/page.rs:27:15
[INFO] [stdout]    |
[INFO] [stdout] 26 | impl PageHeader {
[INFO] [stdout]    | --------------- associated items in this implementation
[INFO] [stdout] 27 |     pub const SIZE: u64 = 20;
[INFO] [stdout]    |               ^^^^
[INFO] [stdout] 28 |     pub fn from_bytes(bytes: &[u8]) -> Result<Self, PageHeaderErr> {
[INFO] [stdout]    |            ^^^^^^^^^^
[INFO] [stdout] 
[INFO] [stdout] 
[INFO] [stdout] warning: struct `Page` is never constructed
[INFO] [stdout]   --> src/hbam2/page.rs:51:12
[INFO] [stdout]    |
[INFO] [stdout] 51 | pub struct Page {
[INFO] [stdout]    |            ^^^^
[INFO] [stdout]    |
[INFO] [stdout]    = note: `Page` has a derived impl for the trait `Clone`, but this is intentionally ignored during dead code analysis
[INFO] [stdout] 
[INFO] [stdout] 
[INFO] [stdout] warning: associated items `SIZE` and `from_bytes` are never used
[INFO] [stdout]   --> src/hbam2/page.rs:57:15
[INFO] [stdout]    |
[INFO] [stdout] 56 | impl Page {
[INFO] [stdout]    | --------- associated items in this implementation
[INFO] [stdout] 57 |     pub const SIZE: u64 = 4096;
[INFO] [stdout]    |               ^^^^
[INFO] [stdout] 58 |
[INFO] [stdout] 59 |     pub fn from_bytes(bytes: &[u8; 4096]) -> Self {
[INFO] [stdout]    |            ^^^^^^^^^^
[INFO] [stdout] 
[INFO] [stdout] 
[INFO] [stdout] warning: type alias `FileIndex` is never used
[INFO] [stdout]  --> src/hbam2/page_store.rs:5:10
[INFO] [stdout]   |
[INFO] [stdout] 5 | pub type FileIndex = u8;
[INFO] [stdout]   |          ^^^^^^^^^
[INFO] [stdout] 
[INFO] [stdout] 
[INFO] [stdout] warning: type alias `PageIndex` is never used
[INFO] [stdout]  --> src/hbam2/page_store.rs:6:10
[INFO] [stdout]   |
[INFO] [stdout] 6 | pub type PageIndex = u64;
[INFO] [stdout]   |          ^^^^^^^^^
[INFO] [stdout] 
[INFO] [stdout] 
[INFO] [stdout] warning: struct `PageStore` is never constructed
[INFO] [stdout]  --> src/hbam2/page_store.rs:8:12
[INFO] [stdout]   |
[INFO] [stdout] 8 | pub struct PageStore {
[INFO] [stdout]   |            ^^^^^^^^^
[INFO] [stdout] 
[INFO] [stdout] 
[INFO] [stdout] warning: associated items `new`, `get`, `get_root`, and `put` are never used
[INFO] [stdout]   --> src/hbam2/page_store.rs:14:12
[INFO] [stdout]    |
[INFO] [stdout] 13 | impl PageStore {
[INFO] [stdout]    | -------------- associated items in this implementation
[INFO] [stdout] 14 |     pub fn new() -> Self {
[INFO] [stdout]    |            ^^^
[INFO] [stdout] ...
[INFO] [stdout] 21 |     pub fn get(&self, file: String, page: PageIndex) -> Option<Arc<Page>> {
[INFO] [stdout]    |            ^^^
[INFO] [stdout] ...
[INFO] [stdout] 28 |     pub fn get_root(&self, file: String) -> Option<Arc<Page>> {
[INFO] [stdout]    |            ^^^^^^^^
[INFO] [stdout] ...
[INFO] [stdout] 32 |     pub fn put(&mut self, file: String, index: u64, page: &Page) {
[INFO] [stdout]    |            ^^^
[INFO] [stdout] 
[INFO] [stdout] 
[INFO] [stdout] warning: enum `ParseErr` is never used
[INFO] [stdout]   --> src/hbam2/chunk.rs:19:10
[INFO] [stdout]    |
[INFO] [stdout] 19 | pub enum ParseErr {
[INFO] [stdout]    |          ^^^^^^^^
[INFO] [stdout]    |
[INFO] [stdout]    = note: `ParseErr` has derived impls for the traits `Clone` and `Debug`, but these are intentionally ignored during dead code analysis
[INFO] [stdout] 
[INFO] [stdout] 
[INFO] [stdout] warning: struct `Chunk` is never constructed
[INFO] [stdout]   --> src/hbam2/chunk.rs:28:12
[INFO] [stdout]    |
[INFO] [stdout] 28 | pub struct Chunk<'a> {
[INFO] [stdout]    |            ^^^^^
[INFO] [stdout]    |
[INFO] [stdout]    = note: `Chunk` has derived impls for the traits `Clone` and `Debug`, but these are intentionally ignored during dead code analysis
[INFO] [stdout] 
[INFO] [stdout] 
[INFO] [stdout] warning: associated functions `new` and `from_bytes` are never used
[INFO] [stdout]   --> src/hbam2/chunk.rs:36:12
[INFO] [stdout]    |
[INFO] [stdout] 35 | impl<'a> Chunk<'a> {
[INFO] [stdout]    | ------------------ associated functions in this implementation
[INFO] [stdout] 36 |     pub fn new(
[INFO] [stdout]    |            ^^^
[INFO] [stdout] ...
[INFO] [stdout] 50 |     pub fn from_bytes(code: &'a [u8], offset: &'a mut usize) -> Result<Chunk<'a>, ParseErr> {
[INFO] [stdout]    |            ^^^^^^^^^^
[INFO] [stdout] 
[INFO] [stdout] 
[INFO] [stdout] warning: function `parse_keyvalue` is never used
[INFO] [stdout]  --> src/hbam2/parser.rs:4:8
[INFO] [stdout]   |
[INFO] [stdout] 4 | pub fn parse_keyvalue(data: &[u8], cursor: &mut Cursor) -> Option<KeyValue> {
[INFO] [stdout]   |        ^^^^^^^^^^^^^^
[INFO] [stdout] 
[INFO] [stdout] 
[INFO] [stdout] warning: static `INSTRUCTIONMAP` is never used
[INFO] [stdout]    --> src/fm_script_engine/fm_script_engine_instructions.rs:227:12
[INFO] [stdout]     |
[INFO] [stdout] 227 | pub static INSTRUCTIONMAP : [Option<Instruction>; 255] = [
[INFO] [stdout]     |            ^^^^^^^^^^^^^^
[INFO] [stdout] 
[INFO] [stdout] 
[INFO] [stdout] warning: struct `Script` is never constructed
[INFO] [stdout]    --> src/fm_script_engine/fm_script_engine_instructions.rs:492:12
[INFO] [stdout]     |
[INFO] [stdout] 492 | pub struct Script {
[INFO] [stdout]     |            ^^^^^^
[INFO] [stdout] 
[INFO] [stdout] 
[INFO] [stdout] warning: fields `name` and `global` are never read
[INFO] [stdout]   --> src/emulator/test.rs:21:9
[INFO] [stdout]    |
[INFO] [stdout] 20 | pub struct Variable {
[INFO] [stdout]    |            -------- fields in this struct
[INFO] [stdout] 21 |     pub name: String,
[INFO] [stdout]    |         ^^^^
[INFO] [stdout] 22 |     pub value: String,
[INFO] [stdout] 23 |     pub global: bool,
[INFO] [stdout]    |         ^^^^^^
[INFO] [stdout]    |
[INFO] [stdout]    = note: `Variable` has a derived impl for the trait `Debug`, but this is intentionally ignored during dead code analysis
[INFO] [stdout] 
[INFO] [stdout] 
[INFO] [stdout] warning: fields `operand_left` and `operand_right` are never read
[INFO] [stdout]   --> src/emulator/test.rs:38:20
[INFO] [stdout]    |
[INFO] [stdout] 38 |     DivideByZero { operand_left: String, operand_right: String },
[INFO] [stdout]    |     ------------   ^^^^^^^^^^^^          ^^^^^^^^^^^^^
[INFO] [stdout]    |     |
[INFO] [stdout]    |     fields in this variant
[INFO] [stdout]    |
[INFO] [stdout]    = note: `EvaluateError` has a derived impl for the trait `Debug`, but this is intentionally ignored during dead code analysis
[INFO] [stdout] 
[INFO] [stdout] 
[INFO] [stdout] warning: fields `function` and `argument` are never read
[INFO] [stdout]   --> src/emulator/test.rs:40:23
[INFO] [stdout]    |
[INFO] [stdout] 40 |     InvalidArgument { function: String, argument: String },
[INFO] [stdout]    |     ---------------   ^^^^^^^^          ^^^^^^^^
[INFO] [stdout]    |     |
[INFO] [stdout]    |     fields in this variant
[INFO] [stdout]    |
[INFO] [stdout]    = note: `EvaluateError` has a derived impl for the trait `Debug`, but this is intentionally ignored during dead code analysis
[INFO] [stdout] 
[INFO] [stdout] 
[INFO] [stdout] warning: field `function` is never read
[INFO] [stdout]   --> src/emulator/test.rs:41:29
[INFO] [stdout]    |
[INFO] [stdout] 41 |     UnimplementedFunction { function: String },
[INFO] [stdout]    |     ---------------------   ^^^^^^^^
[INFO] [stdout]    |     |
[INFO] [stdout]    |     field in this variant
[INFO] [stdout]    |
[INFO] [stdout]    = note: `EvaluateError` has a derived impl for the trait `Debug`, but this is intentionally ignored during dead code analysis
[INFO] [stdout] 
[INFO] [stdout] 
[INFO] [stdout] warning: variant `InvalidOperation` is never constructed
[INFO] [stdout]   --> src/emulator/test.rs:39:5
[INFO] [stdout]    |
[INFO] [stdout] 37 | enum EvaluateError {
[INFO] [stdout]    |      ------------- variant in this enum
[INFO] [stdout] 38 |     DivideByZero { operand_left: String, operand_right: String },
[INFO] [stdout] 39 |     InvalidOperation { operand_left: String, operator: String, operand_right: String },
[INFO] [stdout]    |     ^^^^^^^^^^^^^^^^
[INFO] [stdout]    |
[INFO] [stdout]    = note: `EvaluateError` has a derived impl for the trait `Debug`, but this is intentionally ignored during dead code analysis
[INFO] [stdout] 
[INFO] [stdout] 
[INFO] [stdout] warning: struct `VMTable` is never constructed
[INFO] [stdout]   --> src/emulator/test.rs:44:12
[INFO] [stdout]    |
[INFO] [stdout] 44 | pub struct VMTable {
[INFO] [stdout]    |            ^^^^^^^
[INFO] [stdout] 
[INFO] [stdout] 
[INFO] [stdout] warning: variant `FieldName` is never constructed
[INFO] [stdout]   --> src/emulator/test.rs:59:5
[INFO] [stdout]    |
[INFO] [stdout] 56 | enum OperandType {
[INFO] [stdout]    |      ----------- variant in this enum
[INFO] [stdout] ...
[INFO] [stdout] 59 |     FieldName,
[INFO] [stdout]    |     ^^^^^^^^^
[INFO] [stdout]    |
[INFO] [stdout]    = note: `OperandType` has a derived impl for the trait `Debug`, but this is intentionally ignored during dead code analysis
[INFO] [stdout] 
[INFO] [stdout] 
[INFO] [stdout] warning: type alias `Record` is never used
[INFO] [stdout]   --> src/emulator/test.rs:68:6
[INFO] [stdout]    |
[INFO] [stdout] 68 | type Record = usize;
[INFO] [stdout]    |      ^^^^^^
[INFO] [stdout] 
[INFO] [stdout] 
[INFO] [stdout] warning: associated items `new`, `generate_database`, `generate_layout_mgr`, `generate_test_environment`, `run_tests_with_cleanup`, and `get_variable_by_name` are never used
[INFO] [stdout]    --> src/emulator/test.rs:102:12
[INFO] [stdout]     |
[INFO] [stdout] 101 | impl<'a> TestEnvironment<'a> {
[INFO] [stdout]     | ---------------------------- associated items in this implementation
[INFO] [stdout] 102 |     pub fn new(file: &'a schema::Schema) -> Self {
[INFO] [stdout]     |            ^^^
[INFO] [stdout] ...
[INFO] [stdout] 119 |     pub fn generate_database(&mut self) {
[INFO] [stdout]     |            ^^^^^^^^^^^^^^^^^
[INFO] [stdout] ...
[INFO] [stdout] 123 |     pub fn generate_layout_mgr(&mut self) {
[INFO] [stdout]     |            ^^^^^^^^^^^^^^^^^^^
[INFO] [stdout] ...
[INFO] [stdout] 129 |     pub fn generate_test_environment(&mut self) {
[INFO] [stdout]     |            ^^^^^^^^^^^^^^^^^^^^^^^^^
[INFO] [stdout] ...
[INFO] [stdout] 152 |     pub fn run_tests_with_cleanup(&mut self) {
[INFO] [stdout]     |            ^^^^^^^^^^^^^^^^^^^^^^
[INFO] [stdout] ...
[INFO] [stdout] 466 |     pub fn get_variable_by_name(&self, scope: usize, var: &str) -> Option<&Variable> {
[INFO] [stdout]     |            ^^^^^^^^^^^^^^^^^^^^
[INFO] [stdout] 
[INFO] [stdout] 
[INFO] [stdout] warning: variant `UnexpectedEOF` is never constructed
[INFO] [stdout]   --> src/emulator/calc_lexer.rs:10:5
[INFO] [stdout]    |
[INFO] [stdout] 7  | pub enum LexerError {
[INFO] [stdout]    |          ---------- variant in this enum
[INFO] [stdout] ...
[INFO] [stdout] 10 |     UnexpectedEOF,
[INFO] [stdout]    |     ^^^^^^^^^^^^^
[INFO] [stdout]    |
[INFO] [stdout]    = note: `LexerError` has a derived impl for the trait `Debug`, but this is intentionally ignored during dead code analysis
[INFO] [stdout] 
[INFO] [stdout] 
[INFO] [stdout] warning: enum `Precedence` is never used
[INFO] [stdout]  --> src/emulator/calc_parser.rs:7:6
[INFO] [stdout]   |
[INFO] [stdout] 7 | enum Precedence {
[INFO] [stdout]   |      ^^^^^^^^^^
[INFO] [stdout] 
[INFO] [stdout] 
[INFO] [stdout] warning: associated functions `from_int` and `to_int` are never used
[INFO] [stdout]   --> src/emulator/calc_parser.rs:18:12
[INFO] [stdout]    |
[INFO] [stdout] 17 | impl Precedence {
[INFO] [stdout]    | --------------- associated functions in this implementation
[INFO] [stdout] 18 |     pub fn from_int(num: usize) -> Result<Self, String> {
[INFO] [stdout]    |            ^^^^^^^^
[INFO] [stdout] ...
[INFO] [stdout] 30 |     pub fn to_int(num: Self) -> usize {
[INFO] [stdout]    |            ^^^^^^
[INFO] [stdout] 
[INFO] [stdout] 
[INFO] [stdout] warning: variant `Unary` is never constructed
[INFO] [stdout]   --> src/emulator/calc_parser.rs:48:5
[INFO] [stdout]    |
[INFO] [stdout] 47 | pub enum Node {
[INFO] [stdout]    |          ---- variant in this enum
[INFO] [stdout] 48 |     Unary { value: String, child: Option<Box<Node>> },
[INFO] [stdout]    |     ^^^^^
[INFO] [stdout]    |
[INFO] [stdout]    = note: `Node` has derived impls for the traits `Debug` and `Clone`, but these are intentionally ignored during dead code analysis
[INFO] [stdout] 
[INFO] [stdout] 
[INFO] [stdout] warning: method `previous` is never used
[INFO] [stdout]    --> src/emulator/calc_parser.rs:108:8
[INFO] [stdout]     |
[INFO] [stdout] 86  | impl TokenList {
[INFO] [stdout]     | -------------- method in this implementation
[INFO] [stdout] ...
[INFO] [stdout] 108 |     fn previous(&self) -> Option<&Token> {
[INFO] [stdout]     |        ^^^^^^^^
[INFO] [stdout] 
[INFO] [stdout] 
[INFO] [stdout] warning: variant `MissingToken` is never constructed
[INFO] [stdout]    --> src/emulator/calc_parser.rs:124:5
[INFO] [stdout]     |
[INFO] [stdout] 122 | pub enum ParserError {
[INFO] [stdout]     |          ----------- variant in this enum
[INFO] [stdout] 123 |     UnexpectedToken { token: Token, expected: Vec<TokenType> },
[INFO] [stdout] 124 |     MissingToken { expected: TokenType, position: usize },
[INFO] [stdout]     |     ^^^^^^^^^^^^
[INFO] [stdout]     |
[INFO] [stdout]     = note: `ParserError` has a derived impl for the trait `Debug`, but this is intentionally ignored during dead code analysis
[INFO] [stdout] 
[INFO] [stdout] 
[INFO] [stdout] warning: methods `parse_func_call`, `parse_identifier`, `parse_numeric`, and `parse_string` are never used
[INFO] [stdout]    --> src/emulator/calc_parser.rs:167:12
[INFO] [stdout]     |
[INFO] [stdout] 145 | impl Parser {
[INFO] [stdout]     | ----------- methods in this implementation
[INFO] [stdout] ...
[INFO] [stdout] 167 |     pub fn parse_func_call(&mut self, _name: String) -> Result<Box<Node>, &str>{
[INFO] [stdout]     |            ^^^^^^^^^^^^^^^
[INFO] [stdout] ...
[INFO] [stdout] 171 |     pub fn parse_identifier(&mut self, tok: Token) -> Result<Box<Node>, &str> {
[INFO] [stdout]     |            ^^^^^^^^^^^^^^^^
[INFO] [stdout] ...
[INFO] [stdout] 227 |     pub fn parse_numeric(&mut self, tok: Token) -> Result<Box<Node>, &str> {
[INFO] [stdout]     |            ^^^^^^^^^^^^^
[INFO] [stdout] ...
[INFO] [stdout] 284 |     fn parse_string(&mut self, tok: Token) -> Result<Box<Node>, &str> {
[INFO] [stdout]     |        ^^^^^^^^^^^^
[INFO] [stdout] 
[INFO] [stdout] 
[INFO] [stdout] warning: associated function `new` is never used
[INFO] [stdout]   --> src/emulator/database.rs:16:12
[INFO] [stdout]    |
[INFO] [stdout] 15 | impl Field {
[INFO] [stdout]    | ---------- associated function in this implementation
[INFO] [stdout] 16 |     pub fn new() -> Self {
[INFO] [stdout]    |            ^^^
[INFO] [stdout] 
[INFO] [stdout] 
[INFO] [stdout] warning: associated items `new` and `delete_record` are never used
[INFO] [stdout]   --> src/emulator/database.rs:33:12
[INFO] [stdout]    |
[INFO] [stdout] 32 | impl TableObject {
[INFO] [stdout]    | ---------------- associated items in this implementation
[INFO] [stdout] 33 |     pub fn new(table_name: String) -> Self {
[INFO] [stdout]    |            ^^^
[INFO] [stdout] ...
[INFO] [stdout] 50 |     pub fn delete_record(&mut self, record_id: u16) {
[INFO] [stdout]    |            ^^^^^^^^^^^^^
[INFO] [stdout] 
[INFO] [stdout] 
[INFO] [stdout] warning: field `records` is never read
[INFO] [stdout]   --> src/emulator/database.rs:59:5
[INFO] [stdout]    |
[INFO] [stdout] 56 | pub struct RelatedRecordSet {
[INFO] [stdout]    |            ---------------- field in this struct
[INFO] [stdout] ...
[INFO] [stdout] 59 |     records: Vec<usize>,
[INFO] [stdout]    |     ^^^^^^^
[INFO] [stdout]    |
[INFO] [stdout]    = note: `RelatedRecordSet` has derived impls for the traits `Debug` and `Clone`, but these are intentionally ignored during dead code analysis
[INFO] [stdout] 
[INFO] [stdout] 
[INFO] [stdout] warning: associated function `new` is never used
[INFO] [stdout]   --> src/emulator/database.rs:71:12
[INFO] [stdout]    |
[INFO] [stdout] 70 | impl TableOccurrence {
[INFO] [stdout]    | -------------------- associated function in this implementation
[INFO] [stdout] 71 |     pub fn new() -> Self {
[INFO] [stdout]    |            ^^^
[INFO] [stdout] 
[INFO] [stdout] 
[INFO] [stdout] warning: multiple associated items are never used
[INFO] [stdout]    --> src/emulator/database.rs:100:12
[INFO] [stdout]     |
[INFO] [stdout] 99  | impl Database {
[INFO] [stdout]     | ------------- associated items in this implementation
[INFO] [stdout] 100 |     pub fn new() -> Self {
[INFO] [stdout]     |            ^^^
[INFO] [stdout] ...
[INFO] [stdout] 110 |     pub fn clear_records(&mut self) {
[INFO] [stdout]     |            ^^^^^^^^^^^^^
[INFO] [stdout] ...
[INFO] [stdout] 118 |     pub fn generate_from_fmp12(&mut self, file: &Schema) {
[INFO] [stdout]     |            ^^^^^^^^^^^^^^^^^^^
[INFO] [stdout] ...
[INFO] [stdout] 254 |     pub fn get_occurrence_mut(&mut self, occurrence_handle: usize) -> &mut TableOccurrence {
[INFO] [stdout]     |            ^^^^^^^^^^^^^^^^^^
[INFO] [stdout] ...
[INFO] [stdout] 258 |     pub fn get_occurrence_by_name(&self, occurrence_handle: &str) -> &TableOccurrence {
[INFO] [stdout]     |            ^^^^^^^^^^^^^^^^^^^^^^
[INFO] [stdout] ...
[INFO] [stdout] 262 |     pub fn get_occurrence_by_name_mut(&mut self, occurrence_handle: &str) -> &mut TableOccurrence {
[INFO] [stdout]     |            ^^^^^^^^^^^^^^^^^^^^^^^^^^
[INFO] [stdout] ...
[INFO] [stdout] 298 |     pub fn get_table_mut(&mut self, name: &str) -> Option<&mut TableObject> {
[INFO] [stdout]     |            ^^^^^^^^^^^^^
[INFO] [stdout] ...
[INFO] [stdout] 302 |     pub fn get_records_for_current_table(&self) -> &Vec<Field> {
[INFO] [stdout]     |            ^^^^^^^^^^^^^^^^^^^^^^^^^^^^^
[INFO] [stdout] ...
[INFO] [stdout] 332 |     pub fn get_current_record_field(&self, field: &str) -> &str {
[INFO] [stdout]     |            ^^^^^^^^^^^^^^^^^^^^^^^^
[INFO] [stdout] ...
[INFO] [stdout] 350 |     pub fn get_record_by_field(&self, field: &str, record_id: usize) -> Result<&str, &str> {
[INFO] [stdout]     |            ^^^^^^^^^^^^^^^^^^^
[INFO] [stdout] ...
[INFO] [stdout] 367 |     pub fn get_current_record_by_field_mut(&mut self, field: &str) -> Result<&mut str, &str> {
[INFO] [stdout]     |            ^^^^^^^^^^^^^^^^^^^^^^^^^^^^^^^
[INFO] [stdout] ...
[INFO] [stdout] 385 |     pub fn get_current_record_by_table_field(&self, occurrence: &str, field: &str) -> Result<&str, &str> {
[INFO] [stdout]     |            ^^^^^^^^^^^^^^^^^^^^^^^^^^^^^^^^^
[INFO] [stdout] ...
[INFO] [stdout] 499 |     pub fn get_related_record_field(&mut self, occurrence: &str, field_target: &str) -> Result<String, &str> {
[INFO] [stdout]     |            ^^^^^^^^^^^^^^^^^^^^^^^^
[INFO] [stdout] ...
[INFO] [stdout] 579 |     pub fn get_related_record_field_mut(&mut self, occurrence: &str, field: &str) -> &mut str {
[INFO] [stdout]     |            ^^^^^^^^^^^^^^^^^^^^^^^^^^^^
[INFO] [stdout] ...
[INFO] [stdout] 601 |     pub fn get_nth_related_record_field(&mut self, occurrence: &str, field: &str, n: usize) -> &str {
[INFO] [stdout]     |            ^^^^^^^^^^^^^^^^^^^^^^^^^^^^
[INFO] [stdout] ...
[INFO] [stdout] 628 |     pub fn get_nth_related_record_field_mut(&mut self, occurrence: &str, field: &str, n: usize) -> &mut str {
[INFO] [stdout]     |            ^^^^^^^^^^^^^^^^^^^^^^^^^^^^^^^^
[INFO] [stdout] 
[INFO] [stdout] 
[INFO] [stdout] warning: associated items `new` and `add_mapping` are never used
[INFO] [stdout]   --> src/emulator/layout_mgr.rs:8:12
[INFO] [stdout]    |
[INFO] [stdout] 7  | impl LayoutMgr {
[INFO] [stdout]    | -------------- associated items in this implementation
[INFO] [stdout] 8  |     pub fn new() -> Self {
[INFO] [stdout]    |            ^^^
[INFO] [stdout] ...
[INFO] [stdout] 14 |     pub fn add_mapping(&mut self, layout_name: String, table_occurrence: usize) {
[INFO] [stdout]    |            ^^^^^^^^^^^
[INFO] [stdout] 
[INFO] [stdout] 
[INFO] [stdout] warning: associated items `new`, `add_node`, and `add_relation` are never used
[INFO] [stdout]   --> src/emulator/relation_mgr.rs:8:12
[INFO] [stdout]    |
[INFO] [stdout] 7  | impl RelationMgr {
[INFO] [stdout]    | ---------------- associated items in this implementation
[INFO] [stdout] 8  |     pub fn new() -> Self {
[INFO] [stdout]    |            ^^^
[INFO] [stdout] ...
[INFO] [stdout] 14 |     pub fn add_node(&mut self, occ1: usize, occ2: usize) {
[INFO] [stdout]    |            ^^^^^^^^
[INFO] [stdout] ...
[INFO] [stdout] 23 |     pub fn add_relation(&mut self, occ1: usize, occ2: usize) {
[INFO] [stdout]    |            ^^^^^^^^^^^^
[INFO] [stdout] 
[INFO] [stdout] 
[INFO] [stdout] warning: variants `SemiColon`, `OpenSquare`, and `CloseSquare` are never constructed
[INFO] [stdout]   --> src/emulator/calc_tokens.rs:9:5
[INFO] [stdout]    |
[INFO] [stdout] 3  | pub enum TokenType {
[INFO] [stdout]    |          --------- variants in this enum
[INFO] [stdout] ...
[INFO] [stdout] 9  |     SemiColon,
[INFO] [stdout]    |     ^^^^^^^^^
[INFO] [stdout] 10 |     Comma,
[INFO] [stdout] 11 |     OpenSquare,
[INFO] [stdout]    |     ^^^^^^^^^^
[INFO] [stdout] 12 |     CloseSquare,
[INFO] [stdout]    |     ^^^^^^^^^^^
[INFO] [stdout]    |
[INFO] [stdout]    = note: `TokenType` has derived impls for the traits `Clone` and `Debug`, but these are intentionally ignored during dead code analysis
[INFO] [stdout] 
[INFO] [stdout] 
[INFO] [stdout] warning: fields `fields`, `relations`, `value_lists`, `scripts`, and `tests` are never read
[INFO] [stdout]   --> src/diff.rs:10:9
[INFO] [stdout]    |
[INFO] [stdout] 8  | pub struct SchemaDiff {
[INFO] [stdout]    |            ---------- fields in this struct
[INFO] [stdout] 9  |     pub tables: DiffCollection,
[INFO] [stdout] 10 |     pub fields: DiffCollection,
[INFO] [stdout]    |         ^^^^^^
[INFO] [stdout] 11 |     pub table_occurrences: DiffCollection,
[INFO] [stdout] 12 |     pub relations: DiffCollection,
[INFO] [stdout]    |         ^^^^^^^^^
[INFO] [stdout] 13 |     pub value_lists: DiffCollection,
[INFO] [stdout]    |         ^^^^^^^^^^^
[INFO] [stdout] 14 |     pub scripts: DiffCollection,
[INFO] [stdout]    |         ^^^^^^^
[INFO] [stdout] 15 |     pub tests: DiffCollection,
[INFO] [stdout]    |         ^^^^^
[INFO] [stdout] 
[INFO] [stdout] 
[INFO] [stdout] warning: function `get_relations_diffs` is never used
[INFO] [stdout]   --> src/diff.rs:76:8
[INFO] [stdout]    |
[INFO] [stdout] 76 | pub fn get_relations_diffs(original: &Schema, updated: &Schema) -> DiffCollection {
[INFO] [stdout]    |        ^^^^^^^^^^^^^^^^^^^
[INFO] [stdout] 
[INFO] [stdout] 
[INFO] [stderr]     Finished `dev` profile [unoptimized + debuginfo] target(s) in 17.08s
[INFO] running `Command { std: "docker" "inspect" "7a49d857545f4094c633fcb301e87fd110926bcbf3a653b6b0827f4f63c5e836", kill_on_drop: false }`
[INFO] running `Command { std: "docker" "rm" "-f" "7a49d857545f4094c633fcb301e87fd110926bcbf3a653b6b0827f4f63c5e836", kill_on_drop: false }`
[INFO] [stdout] 7a49d857545f4094c633fcb301e87fd110926bcbf3a653b6b0827f4f63c5e836
[INFO] running `Command { std: "docker" "create" "-v" "/var/lib/crater-agent-workspace/builds/worker-4-tc1/target:/opt/rustwide/target:rw,Z" "-v" "/var/lib/crater-agent-workspace/builds/worker-4-tc1/source:/opt/rustwide/workdir:ro,Z" "-v" "/var/lib/crater-agent-workspace/cargo-home:/opt/rustwide/cargo-home:ro,Z" "-v" "/var/lib/crater-agent-workspace/rustup-home:/opt/rustwide/rustup-home:ro,Z" "-e" "SOURCE_DIR=/opt/rustwide/workdir" "-e" "CARGO_TARGET_DIR=/opt/rustwide/target" "-e" "CARGO_INCREMENTAL=0" "-e" "RUST_BACKTRACE=full" "-e" "RUSTFLAGS=--cap-lints=forbid" "-e" "RUSTDOCFLAGS=--cap-lints=forbid" "-e" "CARGO_HOME=/opt/rustwide/cargo-home" "-e" "RUSTUP_HOME=/opt/rustwide/rustup-home" "-w" "/opt/rustwide/workdir" "-m" "1610612736" "--user" "0:0" "--network" "none" "ghcr.io/rust-lang/crates-build-env/linux@sha256:4a844ea9eb2546a2d2c7022eacef16ef2e8229c7fbb2c7d4d55a9ceca922f72d" "/opt/rustwide/cargo-home/bin/cargo" "+nightly-2024-10-28" "test" "--frozen" "--no-run" "--message-format=json", kill_on_drop: false }`
[INFO] [stdout] 58f9e8c410a6d5b3c0ad112dfe1628f4afb4c78463aaf8fa65de9d13c188ddd2
[INFO] running `Command { std: "docker" "start" "-a" "58f9e8c410a6d5b3c0ad112dfe1628f4afb4c78463aaf8fa65de9d13c188ddd2", kill_on_drop: false }`
[INFO] [stderr]    Compiling fmc v0.1.0 (/opt/rustwide/workdir)
[INFO] [stdout] warning: unused import: `staging::Stage`
[INFO] [stdout]  --> src/cadlang/compiler.rs:3:47
[INFO] [stdout]   |
[INFO] [stdout] 3 | use super::{parser::parse, error::CompileErr, staging::Stage}; 
[INFO] [stdout]   |                                               ^^^^^^^^^^^^^^
[INFO] [stdout]   |
[INFO] [stdout]   = note: `#[warn(unused_imports)]` on by default
[INFO] [stdout] 
[INFO] [stdout] 
[INFO] [stdout] warning: unused import: `io::ErrorKind`
[INFO] [stdout]  --> src/cadlang/parser.rs:2:33
[INFO] [stdout]   |
[INFO] [stdout] 2 | use std::{collections::HashMap, io::ErrorKind};
[INFO] [stdout]   |                                 ^^^^^^^^^^^^^
[INFO] [stdout] 
[INFO] [stdout] 
[INFO] [stdout] warning: unused imports: `AutoEntryType`, `AutoEntry`, `Field`, `LayoutFM`, `RelationCriteria`, `Relation`, `Schema`, `Table`, `ValidationType`, `Validation`, `ValueListDefinition`, `ValueListSortBy`, and `ValueList`
[INFO] [stdout]  --> src/cadlang/parser.rs:4:65
[INFO] [stdout]   |
[INFO] [stdout] 4 | ...::{AutoEntry, AutoEntryType, DataType, DBObjectReference, Field, LayoutFM, LayoutFMAttribute, Relation, RelationComparison, RelationCriteria, Schema, Script, SerialTrigger, Table, TableOccurrence, Test, Validation, ValidationTrigger, ValidationType, ValueList, ValueListDefinition, ValueListSortBy...
[INFO] [stdout]   |       ^^^^^^^^^  ^^^^^^^^^^^^^                               ^^^^^  ^^^^^^^^                     ^^^^^^^^                      ^^^^^^^^^^^^^^^^  ^^^^^^                         ^^^^^                         ^^^^^^^^^^                     ^^^^^^^^^^^^^^  ^^^^^^^^^  ^^^^^^^^^^^^^^^^^^^  ^^^^^^^^^^^^^^^
[INFO] [stdout] 
[INFO] [stdout] 
[INFO] [stdout] warning: unnecessary parentheses around function argument
[INFO] [stdout]    --> src/cadlang/parser.rs:749:8
[INFO] [stdout]     |
[INFO] [stdout] 749 |     Ok((result))
[INFO] [stdout]     |        ^      ^
[INFO] [stdout]     |
[INFO] [stdout]     = note: `#[warn(unused_parens)]` on by default
[INFO] [stdout] help: remove these parentheses
[INFO] [stdout]     |
[INFO] [stdout] 749 -     Ok((result))
[INFO] [stdout] 749 +     Ok(result)
[INFO] [stdout]     |
[INFO] [stdout] 
[INFO] [stdout] 
[INFO] [stdout] warning: unused imports: `AutoEntryType`, `AutoEntry`, `DBObjectReference`, `Field`, `RelationCriteria`, `Relation`, `TableOccurrence`, `Table`, `ValidationType`, `Validation`, `ValueListDefinition`, `ValueListSortBy`, and `ValueList`
[INFO] [stdout]    --> src/cadlang/parser.rs:756:86
[INFO] [stdout]     |
[INFO] [stdout] 756 | ...::{AutoEntry, DataType, AutoEntryType, DBObjectReference, Field, Relation, RelationComparison, RelationCriteria, SerialTrigger, Table, TableOccurrence, Validation, ValidationTrigger, ValidationType, ValueList, ValueListDefinition, ValueListSortBy...
[INFO] [stdout]     |       ^^^^^^^^^            ^^^^^^^^^^^^^  ^^^^^^^^^^^^^^^^^  ^^^^^  ^^^^^^^^                      ^^^^^^^^^^^^^^^^                 ^^^^^  ^^^^^^^^^^^^^^^  ^^^^^^^^^^                     ^^^^^^^^^^^^^^  ^^^^^^^^^  ^^^^^^^^^^^^^^^^^^^  ^^^^^^^^^^^^^^^
[INFO] [stdout] 
[INFO] [stdout] 
[INFO] [stdout] warning: unused import: `std::path::Path`
[INFO] [stdout]    --> src/hbam/btree.rs:423:9
[INFO] [stdout]     |
[INFO] [stdout] 423 |     use std::path::Path;
[INFO] [stdout]     |         ^^^^^^^^^^^^^^^
[INFO] [stdout] 
[INFO] [stdout] 
[INFO] [stdout] warning: unused imports: `Block`, `ChunkType`, `Chunk`, `DataStaging`, `HBAMPath`, and `InstructionType`
[INFO] [stdout]    --> src/hbam/btree.rs:424:17
[INFO] [stdout]     |
[INFO] [stdout] 424 |     use super::{Chunk, ChunkType, InstructionType, Block, HBAMPath, DataStaging};
[INFO] [stdout]     |                 ^^^^^  ^^^^^^^^^  ^^^^^^^^^^^^^^^  ^^^^^  ^^^^^^^^  ^^^^^^^^^^^
[INFO] [stdout] 
[INFO] [stdout] 
[INFO] [stdout] warning: unused import: `super::HBAMFile`
[INFO] [stdout]    --> src/hbam/btree.rs:425:9
[INFO] [stdout]     |
[INFO] [stdout] 425 |     use super::HBAMFile;
[INFO] [stdout]     |         ^^^^^^^^^^^^^^^
[INFO] [stdout] 
[INFO] [stdout] 
[INFO] [stdout] warning: unused import: `fs::File`
[INFO] [stdout]    --> src/hbam/fs.rs:501:15
[INFO] [stdout]     |
[INFO] [stdout] 501 |     use std::{fs::File, path::Path};
[INFO] [stdout]     |               ^^^^^^^^
[INFO] [stdout] 
[INFO] [stdout] 
[INFO] [stdout] warning: unused import: `btree::HBAMFile`
[INFO] [stdout]    --> src/hbam/fs.rs:502:23
[INFO] [stdout]     |
[INFO] [stdout] 502 |     use crate::hbam::{btree::HBAMFile, path::HBAMPath};
[INFO] [stdout]     |                       ^^^^^^^^^^^^^^^
[INFO] [stdout] 
[INFO] [stdout] 
[INFO] [stdout] warning: unused import: `std::collections::hash_map::HashMap`
[INFO] [stdout]  --> src/hbam2/api.rs:3:5
[INFO] [stdout]   |
[INFO] [stdout] 3 | use std::collections::hash_map::HashMap;
[INFO] [stdout]   |     ^^^^^^^^^^^^^^^^^^^^^^^^^^^^^^^^^^^
[INFO] [stdout] 
[INFO] [stdout] 
[INFO] [stdout] warning: unused imports: `HashMap` and `RwLock`
[INFO] [stdout]  --> src/hbam2/bplustree.rs:1:25
[INFO] [stdout]   |
[INFO] [stdout] 1 | use std::{collections::{HashMap, HashSet}, fs::File, io::{Read, Seek}, path::Path, sync::{Arc, RwLock}};
[INFO] [stdout]   |                         ^^^^^^^                                                                ^^^^^^
[INFO] [stdout] 
[INFO] [stdout] 
[INFO] [stdout] warning: unused import: `get_path_int`
[INFO] [stdout]  --> src/hbam2/bplustree.rs:3:66
[INFO] [stdout]   |
[INFO] [stdout] 3 | use crate::{hbam::path::HBAMPath, util::encoding_util::{get_int, get_path_int}}; 
[INFO] [stdout]   |                                                                  ^^^^^^^^^^^^
[INFO] [stdout] 
[INFO] [stdout] 
[INFO] [stdout] warning: unused imports: `api::Key` and `bplustree::load_page_from_disk`
[INFO] [stdout]  --> src/hbam2/page_store.rs:3:13
[INFO] [stdout]   |
[INFO] [stdout] 3 | use super::{api::Key, bplustree::load_page_from_disk, page::Page};
[INFO] [stdout]   |             ^^^^^^^^  ^^^^^^^^^^^^^^^^^^^^^^^^^^^^^^
[INFO] [stdout] 
[INFO] [stdout] 
[INFO] [stdout] warning: unused import: `core::fmt`
[INFO] [stdout]  --> src/hbam2/chunk.rs:1:5
[INFO] [stdout]   |
[INFO] [stdout] 1 | use core::fmt;
[INFO] [stdout]   |     ^^^^^^^^^
[INFO] [stdout] 
[INFO] [stdout] 
[INFO] [stdout] warning: unused import: `ops::RangeBounds`
[INFO] [stdout]  --> src/hbam/chunk.rs:3:27
[INFO] [stdout]   |
[INFO] [stdout] 3 | use std::{fmt::Formatter, ops::RangeBounds};
[INFO] [stdout]   |                           ^^^^^^^^^^^^^^^^
[INFO] [stdout] 
[INFO] [stdout] 
[INFO] [stdout] warning: unused import: `clap::Parser`
[INFO] [stdout]  --> src/emulator/test.rs:5:5
[INFO] [stdout]   |
[INFO] [stdout] 5 | use clap::Parser;
[INFO] [stdout]   |     ^^^^^^^^^^^^
[INFO] [stdout] 
[INFO] [stdout] 
[INFO] [stdout] warning: variable does not need to be mutable
[INFO] [stdout]   --> src/cadlang/parser.rs:53:9
[INFO] [stdout]    |
[INFO] [stdout] 53 |     let mut validation_trigger = ValidationTrigger::OnEntry;
[INFO] [stdout]    |         ----^^^^^^^^^^^^^^^^^^
[INFO] [stdout]    |         |
[INFO] [stdout]    |         help: remove this `mut`
[INFO] [stdout]    |
[INFO] [stdout]    = note: `#[warn(unused_mut)]` on by default
[INFO] [stdout] 
[INFO] [stdout] 
[INFO] [stdout] warning: variable does not need to be mutable
[INFO] [stdout]   --> src/cadlang/parser.rs:54:9
[INFO] [stdout]    |
[INFO] [stdout] 54 |     let mut user_override_ = true;
[INFO] [stdout]    |         ----^^^^^^^^^^^^^^
[INFO] [stdout]    |         |
[INFO] [stdout]    |         help: remove this `mut`
[INFO] [stdout] 
[INFO] [stdout] 
[INFO] [stdout] warning: unused variable: `result`
[INFO] [stdout]    --> src/cadlang/parser.rs:293:9
[INFO] [stdout]     |
[INFO] [stdout] 293 |     let result = TableOccurrence {
[INFO] [stdout]     |         ^^^^^^ help: if this is intentional, prefix it with an underscore: `_result`
[INFO] [stdout]     |
[INFO] [stdout]     = note: `#[warn(unused_variables)]` on by default
[INFO] [stdout] 
[INFO] [stdout] 
[INFO] [stdout] warning: unused variable: `schema`
[INFO] [stdout]     --> src/cadlang/parser.rs:1225:13
[INFO] [stdout]      |
[INFO] [stdout] 1225 |         let schema = parse(&tokens).expect("Parsing failed.");
[INFO] [stdout]      |             ^^^^^^ help: if this is intentional, prefix it with an underscore: `_schema`
[INFO] [stdout] 
[INFO] [stdout] 
[INFO] [stdout] warning: unused variable: `to_field`
[INFO] [stdout]    --> src/cadlang/staging.rs:193:29
[INFO] [stdout]     |
[INFO] [stdout] 193 |                         let to_field = to_parts[1];
[INFO] [stdout]     |                             ^^^^^^^^ help: if this is intentional, prefix it with an underscore: `_to_field`
[INFO] [stdout] 
[INFO] [stdout] 
[INFO] [stdout] warning: unused variable: `occ_id`
[INFO] [stdout]    --> src/cadlang/staging.rs:195:30
[INFO] [stdout]     |
[INFO] [stdout] 195 |                         let (occ_id, occ_base_table) = match self.table_occurrences.iter()
[INFO] [stdout]     |                              ^^^^^^ help: if this is intentional, prefix it with an underscore: `_occ_id`
[INFO] [stdout] 
[INFO] [stdout] 
[INFO] [stdout] warning: unused variable: `table_actual`
[INFO] [stdout]    --> src/cadlang/staging.rs:208:29
[INFO] [stdout]     |
[INFO] [stdout] 208 |                         let table_actual = match self.tables.iter()
[INFO] [stdout]     |                             ^^^^^^^^^^^^ help: if this is intentional, prefix it with an underscore: `_table_actual`
[INFO] [stdout] 
[INFO] [stdout] 
[INFO] [stdout] warning: unused variable: `id_`
[INFO] [stdout]    --> src/cadlang/staging.rs:289:14
[INFO] [stdout]     |
[INFO] [stdout] 289 |         for (id_, relation) in &self.relations {
[INFO] [stdout]     |              ^^^ help: if this is intentional, prefix it with an underscore: `_id_`
[INFO] [stdout] 
[INFO] [stdout] 
[INFO] [stdout] warning: unused variable: `comparison`
[INFO] [stdout]    --> src/cadlang/staging.rs:299:21
[INFO] [stdout]     |
[INFO] [stdout] 299 |                 let comparison = RelationComparison::Equal;
[INFO] [stdout]     |                     ^^^^^^^^^^ help: if this is intentional, prefix it with an underscore: `_comparison`
[INFO] [stdout] 
[INFO] [stdout] 
[INFO] [stdout] warning: variable `occ1_id` is assigned to, but never used
[INFO] [stdout]    --> src/cadlang/staging.rs:304:25
[INFO] [stdout]     |
[INFO] [stdout] 304 |                 let mut occ1_id = 0;
[INFO] [stdout]     |                         ^^^^^^^
[INFO] [stdout]     |
[INFO] [stdout]     = note: consider using `_occ1_id` instead
[INFO] [stdout] 
[INFO] [stdout] 
[INFO] [stdout] warning: value assigned to `occ1_id` is never read
[INFO] [stdout]    --> src/cadlang/staging.rs:309:25
[INFO] [stdout]     |
[INFO] [stdout] 309 |                         occ1_id = (*inner.0) as usize;
[INFO] [stdout]     |                         ^^^^^^^
[INFO] [stdout]     |
[INFO] [stdout]     = help: maybe it is overwritten before being read?
[INFO] [stdout]     = note: `#[warn(unused_assignments)]` on by default
[INFO] [stdout] 
[INFO] [stdout] 
[INFO] [stdout] warning: variable `occ2_id` is assigned to, but never used
[INFO] [stdout]    --> src/cadlang/staging.rs:348:25
[INFO] [stdout]     |
[INFO] [stdout] 348 |                 let mut occ2_id = 0;
[INFO] [stdout]     |                         ^^^^^^^
[INFO] [stdout]     |
[INFO] [stdout]     = note: consider using `_occ2_id` instead
[INFO] [stdout] 
[INFO] [stdout] 
[INFO] [stdout] warning: value assigned to `occ2_id` is never read
[INFO] [stdout]    --> src/cadlang/staging.rs:353:25
[INFO] [stdout]     |
[INFO] [stdout] 353 |                         occ2_id = (*inner.0) as usize;
[INFO] [stdout]     |                         ^^^^^^^
[INFO] [stdout]     |
[INFO] [stdout]     = help: maybe it is overwritten before being read?
[INFO] [stdout] 
[INFO] [stdout] 
[INFO] [stdout] warning: variable does not need to be mutable
[INFO] [stdout]    --> src/cadlang/staging.rs:346:21
[INFO] [stdout]     |
[INFO] [stdout] 346 |                 let mut field2_name = parts[1];
[INFO] [stdout]     |                     ----^^^^^^^^^^^
[INFO] [stdout]     |                     |
[INFO] [stdout]     |                     help: remove this `mut`
[INFO] [stdout] 
[INFO] [stdout] 
[INFO] [stdout] warning: unused variable: `schema`
[INFO] [stdout]    --> src/cadlang/staging.rs:450:13
[INFO] [stdout]     |
[INFO] [stdout] 450 |         let schema = parse(&tokens).expect("Parsing failed.").to_schema();
[INFO] [stdout]     |             ^^^^^^ help: if this is intentional, prefix it with an underscore: `_schema`
[INFO] [stdout] 
[INFO] [stdout] 
[INFO] [stdout] warning: variable `scope` is assigned to, but never used
[INFO] [stdout]   --> src/burn_script/lexer.rs:18:17
[INFO] [stdout]    |
[INFO] [stdout] 18 |         let mut scope = 0;
[INFO] [stdout]    |                 ^^^^^
[INFO] [stdout]    |
[INFO] [stdout]    = note: consider using `_scope` instead
[INFO] [stdout] 
[INFO] [stdout] 
[INFO] [stdout] warning: unused variable: `b`
[INFO] [stdout]   --> src/burn_script/lexer.rs:42:17
[INFO] [stdout]    |
[INFO] [stdout] 42 |             let b = buffer.as_str();
[INFO] [stdout]    |                 ^ help: if this is intentional, prefix it with an underscore: `_b`
[INFO] [stdout] 
[INFO] [stdout] 
[INFO] [stdout] warning: variable does not need to be mutable
[INFO] [stdout]   --> src/hbam/fs.rs:55:21
[INFO] [stdout]    |
[INFO] [stdout] 55 |                 let mut tmp_occurrence = TableOccurrence {
[INFO] [stdout]    |                     ----^^^^^^^^^^^^^^
[INFO] [stdout]    |                     |
[INFO] [stdout]    |                     help: remove this `mut`
[INFO] [stdout] 
[INFO] [stdout] 
[INFO] [stdout] warning: unused variable: `block_start`
[INFO] [stdout]    --> src/hbam/fs.rs:249:13
[INFO] [stdout]     |
[INFO] [stdout] 249 |         let block_start = self.inner.cursor.block_index;
[INFO] [stdout]     |             ^^^^^^^^^^^ help: if this is intentional, prefix it with an underscore: `_block_start`
[INFO] [stdout] 
[INFO] [stdout] 
[INFO] [stdout] warning: unused variable: `data`
[INFO] [stdout]    --> src/hbam/fs.rs:328:54
[INFO] [stdout]     |
[INFO] [stdout] 328 |     fn set_long_kv_by_data(&mut self, key: &Vec<u8>, data: &[u8]) -> Result<(), String> {
[INFO] [stdout]     |                                                      ^^^^ help: if this is intentional, prefix it with an underscore: `_data`
[INFO] [stdout] 
[INFO] [stdout] 
[INFO] [stdout] warning: unused variable: `key`
[INFO] [stdout]    --> src/hbam/fs.rs:374:27
[INFO] [stdout]     |
[INFO] [stdout] 374 |                 if let Ok(key) = chunk.ref_data.unwrap().lookup_from_buffer(storage) {
[INFO] [stdout]     |                           ^^^ help: if this is intentional, prefix it with an underscore: `_key`
[INFO] [stdout] 
[INFO] [stdout] 
[INFO] [stdout] warning: unused variable: `data`
[INFO] [stdout]    --> src/hbam/fs.rs:548:13
[INFO] [stdout]     |
[INFO] [stdout] 548 |         let data = file.get_kv_value(8).expect("Unable to get keyvalue");
[INFO] [stdout]     |             ^^^^ help: if this is intentional, prefix it with an underscore: `_data`
[INFO] [stdout] 
[INFO] [stdout] 
[INFO] [stdout] warning: variable `size_` is assigned to, but never used
[INFO] [stdout]   --> src/hbam/block.rs:49:17
[INFO] [stdout]    |
[INFO] [stdout] 49 |         let mut size_ = 0;
[INFO] [stdout]    |                 ^^^^^
[INFO] [stdout]    |
[INFO] [stdout]    = note: consider using `_size_` instead
[INFO] [stdout] 
[INFO] [stdout] 
[INFO] [stdout] warning: unused variable: `key`
[INFO] [stdout]   --> src/hbam2/api.rs:23:21
[INFO] [stdout]    |
[INFO] [stdout] 23 | pub fn get_data<'a>(key: Key) -> Result<KeyValue, BPlusTreeErr> {
[INFO] [stdout]    |                     ^^^ help: if this is intentional, prefix it with an underscore: `_key`
[INFO] [stdout] 
[INFO] [stdout] 
[INFO] [stdout] warning: unused variable: `key`
[INFO] [stdout]   --> src/hbam2/api.rs:27:25
[INFO] [stdout]    |
[INFO] [stdout] 27 | pub fn set_keyvalue<'a>(key: Key, val: Value) -> Result<(), BPlusTreeErr> {
[INFO] [stdout]    |                         ^^^ help: if this is intentional, prefix it with an underscore: `_key`
[INFO] [stdout] 
[INFO] [stdout] 
[INFO] [stdout] warning: unused variable: `val`
[INFO] [stdout]   --> src/hbam2/api.rs:27:35
[INFO] [stdout]    |
[INFO] [stdout] 27 | pub fn set_keyvalue<'a>(key: Key, val: Value) -> Result<(), BPlusTreeErr> {
[INFO] [stdout]    |                                   ^^^ help: if this is intentional, prefix it with an underscore: `_val`
[INFO] [stdout] 
[INFO] [stdout] 
[INFO] [stdout] warning: unused variable: `data`
[INFO] [stdout]  --> src/hbam2/parser.rs:4:23
[INFO] [stdout]   |
[INFO] [stdout] 4 | pub fn parse_keyvalue(data: &[u8], cursor: &mut Cursor) -> Option<KeyValue> {
[INFO] [stdout]   |                       ^^^^ help: if this is intentional, prefix it with an underscore: `_data`
[INFO] [stdout] 
[INFO] [stdout] 
[INFO] [stdout] warning: unused variable: `cursor`
[INFO] [stdout]  --> src/hbam2/parser.rs:4:36
[INFO] [stdout]   |
[INFO] [stdout] 4 | pub fn parse_keyvalue(data: &[u8], cursor: &mut Cursor) -> Option<KeyValue> {
[INFO] [stdout]   |                                    ^^^^^^ help: if this is intentional, prefix it with an underscore: `_cursor`
[INFO] [stdout] 
[INFO] [stdout] 
[INFO] [stdout] warning: unused variable: `field`
[INFO] [stdout]    --> src/emulator/test.rs:605:37
[INFO] [stdout]     |
[INFO] [stdout] 605 |                         let (table, field) = match &args[0] {
[INFO] [stdout]     |                                     ^^^^^ help: if this is intentional, prefix it with an underscore: `_field`
[INFO] [stdout] 
[INFO] [stdout] 
[INFO] [stdout] warning: unused variable: `e`
[INFO] [stdout]    --> src/emulator/test.rs:618:33
[INFO] [stdout]     |
[INFO] [stdout] 618 | ...                   Err(e) => vec![],
[INFO] [stdout]     |                           ^ help: if this is intentional, prefix it with an underscore: `_e`
[INFO] [stdout] 
[INFO] [stdout] 
[INFO] [stdout] warning: unreachable pattern
[INFO] [stdout]   --> src/emulator/calc_parser.rs:35:13
[INFO] [stdout]    |
[INFO] [stdout] 33 |             Precedence::Add => 1,
[INFO] [stdout]    |             --------------- matches all the relevant values
[INFO] [stdout] 34 |             Precedence::Subtract => 2,
[INFO] [stdout] 35 |             Precedence::Add => 3,
[INFO] [stdout]    |             ^^^^^^^^^^^^^^^ no value can reach this
[INFO] [stdout]    |
[INFO] [stdout]    = note: `#[warn(unreachable_patterns)]` on by default
[INFO] [stdout] 
[INFO] [stdout] 
[INFO] [stdout] warning: unreachable pattern
[INFO] [stdout]   --> src/emulator/calc_parser.rs:36:13
[INFO] [stdout]    |
[INFO] [stdout] 34 |             Precedence::Subtract => 2,
[INFO] [stdout]    |             -------------------- matches all the relevant values
[INFO] [stdout] 35 |             Precedence::Add => 3,
[INFO] [stdout] 36 |             Precedence::Subtract => 4,
[INFO] [stdout]    |             ^^^^^^^^^^^^^^^^^^^^ no value can reach this
[INFO] [stdout] 
[INFO] [stdout] 
[INFO] [stdout] warning: unused variable: `index`
[INFO] [stdout]    --> src/emulator/calc_parser.rs:172:13
[INFO] [stdout]     |
[INFO] [stdout] 172 |         let index = &self.tokens.index.get_val();
[INFO] [stdout]     |             ^^^^^ help: if this is intentional, prefix it with an underscore: `_index`
[INFO] [stdout] 
[INFO] [stdout] 
[INFO] [stdout] warning: unused variable: `name`
[INFO] [stdout]    --> src/emulator/database.rs:204:13
[INFO] [stdout]     |
[INFO] [stdout] 204 |         let name = self.tables[t.table_ptr as usize].name.clone();
[INFO] [stdout]     |             ^^^^ help: if this is intentional, prefix it with an underscore: `_name`
[INFO] [stdout] 
[INFO] [stdout] 
[INFO] [stdout] warning: unused variable: `related_record_idx`
[INFO] [stdout]    --> src/emulator/database.rs:584:13
[INFO] [stdout]     |
[INFO] [stdout] 584 |         let related_record_idx = current_occurrence.related_records
[INFO] [stdout]     |             ^^^^^^^^^^^^^^^^^^ help: if this is intentional, prefix it with an underscore: `_related_record_idx`
[INFO] [stdout] 
[INFO] [stdout] 
[INFO] [stdout] warning: unused variable: `related_record_idx`
[INFO] [stdout]    --> src/emulator/database.rs:606:13
[INFO] [stdout]     |
[INFO] [stdout] 606 |         let related_record_idx = current_occurrence.related_records
[INFO] [stdout]     |             ^^^^^^^^^^^^^^^^^^ help: if this is intentional, prefix it with an underscore: `_related_record_idx`
[INFO] [stdout] 
[INFO] [stdout] 
[INFO] [stdout] warning: unused variable: `related_record_idx`
[INFO] [stdout]    --> src/emulator/database.rs:633:13
[INFO] [stdout]     |
[INFO] [stdout] 633 |         let related_record_idx = current_occurrence.related_records
[INFO] [stdout]     |             ^^^^^^^^^^^^^^^^^^ help: if this is intentional, prefix it with an underscore: `_related_record_idx`
[INFO] [stdout] 
[INFO] [stdout] 
[INFO] [stdout] warning: unused variable: `schema`
[INFO] [stdout]   --> src/main.rs:43:13
[INFO] [stdout]    |
[INFO] [stdout] 43 |         let schema = match compile_to_schema(code) {
[INFO] [stdout]    |             ^^^^^^ help: if this is intentional, prefix it with an underscore: `_schema`
[INFO] [stdout] 
[INFO] [stdout] 
[INFO] [stdout] warning: type `EvaluateError` is more private than the item `TestEnvironment::<'a>::evaluate`
[INFO] [stdout]    --> src/emulator/test.rs:510:5
[INFO] [stdout]     |
[INFO] [stdout] 510 |     pub fn evaluate(&self, ast: Node) -> Result<String, EvaluateError> {
[INFO] [stdout]     |     ^^^^^^^^^^^^^^^^^^^^^^^^^^^^^^^^^^^^^^^^^^^^^^^^^^^^^^^^^^^^^^^^^^ method `TestEnvironment::<'a>::evaluate` is reachable at visibility `pub(crate)`
[INFO] [stdout]     |
[INFO] [stdout] note: but type `EvaluateError` is only usable at visibility `pub(self)`
[INFO] [stdout]    --> src/emulator/test.rs:37:1
[INFO] [stdout]     |
[INFO] [stdout] 37  | enum EvaluateError {
[INFO] [stdout]     | ^^^^^^^^^^^^^^^^^^
[INFO] [stdout]     = note: `#[warn(private_interfaces)]` on by default
[INFO] [stdout] 
[INFO] [stdout] 
[INFO] [stdout] warning: struct `Cursor` is never constructed
[INFO] [stdout]  --> src/cadlang/lexer.rs:9:8
[INFO] [stdout]   |
[INFO] [stdout] 9 | struct Cursor {
[INFO] [stdout]   |        ^^^^^^
[INFO] [stdout]   |
[INFO] [stdout]   = note: `#[warn(dead_code)]` on by default
[INFO] [stdout] 
[INFO] [stdout] 
[INFO] [stdout] warning: variant `ValueList` is never constructed
[INFO] [stdout]   --> src/cadlang/parser.rs:15:5
[INFO] [stdout]    |
[INFO] [stdout] 11 | pub enum FMObjType {
[INFO] [stdout]    |          --------- variant in this enum
[INFO] [stdout] ...
[INFO] [stdout] 15 |     ValueList,
[INFO] [stdout]    |     ^^^^^^^^^
[INFO] [stdout]    |
[INFO] [stdout]    = note: `FMObjType` has a derived impl for the trait `Debug`, but this is intentionally ignored during dead code analysis
[INFO] [stdout] 
[INFO] [stdout] 
[INFO] [stdout] warning: multiple variants are never constructed
[INFO] [stdout]   --> src/cadlang/token.rs:17:5
[INFO] [stdout]    |
[INFO] [stdout] 5  | pub enum TokenType {
[INFO] [stdout]    |          --------- variants in this enum
[INFO] [stdout] ...
[INFO] [stdout] 17 |     AutoIncrement,
[INFO] [stdout]    |     ^^^^^^^^^^^^^
[INFO] [stdout] 18 |     AutoEntry,
[INFO] [stdout]    |     ^^^^^^^^^
[INFO] [stdout] ...
[INFO] [stdout] 29 |     Creation,
[INFO] [stdout]    |     ^^^^^^^^
[INFO] [stdout] 30 |     Modification,
[INFO] [stdout]    |     ^^^^^^^^^^^^
[INFO] [stdout] ...
[INFO] [stdout] 37 |     LastVisited,
[INFO] [stdout]    |     ^^^^^^^^^^^
[INFO] [stdout] 38 |     Data,
[INFO] [stdout]    |     ^^^^
[INFO] [stdout] ...
[INFO] [stdout] 41 |     Lookup,
[INFO] [stdout]    |     ^^^^^^
[INFO] [stdout] ...
[INFO] [stdout] 44 |     StartTable,
[INFO] [stdout]    |     ^^^^^^^^^^
[INFO] [stdout] 45 |     RelatedTable,
[INFO] [stdout]    |     ^^^^^^^^^^^^
[INFO] [stdout] ...
[INFO] [stdout] 48 |     Validate,
[INFO] [stdout]    |     ^^^^^^^^
[INFO] [stdout] 49 |     Always,
[INFO] [stdout]    |     ^^^^^^
[INFO] [stdout] 50 |     OnEntry,
[INFO] [stdout]    |     ^^^^^^^
[INFO] [stdout] 51 |     AllowOverride,
[INFO] [stdout]    |     ^^^^^^^^^^^^^
[INFO] [stdout] ...
[INFO] [stdout] 54 |     StrictDataType,
[INFO] [stdout]    |     ^^^^^^^^^^^^^^
[INFO] [stdout] 55 |     NotEmpty,
[INFO] [stdout]    |     ^^^^^^^^
[INFO] [stdout] ...
[INFO] [stdout] 58 |     MemberOf,
[INFO] [stdout]    |     ^^^^^^^^
[INFO] [stdout] 59 |     Range,
[INFO] [stdout]    |     ^^^^^
[INFO] [stdout] 60 |     ValidationCalc,
[INFO] [stdout]    |     ^^^^^^^^^^^^^^
[INFO] [stdout] 61 |     MaxChars,
[INFO] [stdout]    |     ^^^^^^^^
[INFO] [stdout] ...
[INFO] [stdout] 65 |     Global,
[INFO] [stdout]    |     ^^^^^^
[INFO] [stdout] 66 |     Repetitions,
[INFO] [stdout]    |     ^^^^^^^^^^^
[INFO] [stdout] ...
[INFO] [stdout] 93 |     OpenParen,
[INFO] [stdout]    |     ^^^^^^^^^
[INFO] [stdout] 94 |     CloseParen,
[INFO] [stdout]    |     ^^^^^^^^^^
[INFO] [stdout] 95 |     OpenSquare,
[INFO] [stdout]    |     ^^^^^^^^^^
[INFO] [stdout] 96 |     CloseSquare,
[INFO] [stdout]    |     ^^^^^^^^^^^
[INFO] [stdout]    |
[INFO] [stdout]    = note: `TokenType` has derived impls for the traits `Debug` and `Clone`, but these are intentionally ignored during dead code analysis
[INFO] [stdout] 
[INFO] [stdout] 
[INFO] [stdout] warning: variants `UnknownTable`, `UnknownTableOccurrence`, `UnknownField`, and `InvalidAssert` are never constructed
[INFO] [stdout]   --> src/cadlang/error.rs:8:5
[INFO] [stdout]    |
[INFO] [stdout] 5  | pub enum CompileErr {
[INFO] [stdout]    |          ---------- variants in this enum
[INFO] [stdout] ...
[INFO] [stdout] 8  |     UnknownTable { token: Token },
[INFO] [stdout]    |     ^^^^^^^^^^^^
[INFO] [stdout] 9  |     UnknownTableOccurrence { token: Token },
[INFO] [stdout]    |     ^^^^^^^^^^^^^^^^^^^^^^
[INFO] [stdout] 10 |     UnknownField { token: Token },
[INFO] [stdout]    |     ^^^^^^^^^^^^
[INFO] [stdout] 11 |     InvalidAssert { token: Token }, // Asserts can only be used in tests
[INFO] [stdout]    |     ^^^^^^^^^^^^^
[INFO] [stdout]    |
[INFO] [stdout]    = note: `CompileErr` has a derived impl for the trait `Debug`, but this is intentionally ignored during dead code analysis
[INFO] [stdout] 
[INFO] [stdout] 
[INFO] [stdout] warning: variants `MemberOf`, `Range`, `Calculation`, and `MaxChars` are never constructed
[INFO] [stdout]   --> src/cadlang/staging.rs:17:5
[INFO] [stdout]    |
[INFO] [stdout] 13 | pub enum StagedValidationType {
[INFO] [stdout]    |          -------------------- variants in this enum
[INFO] [stdout] ...
[INFO] [stdout] 17 |     MemberOf(Token),
[INFO] [stdout]    |     ^^^^^^^^
[INFO] [stdout] 18 |     Range{start: usize, end: usize},
[INFO] [stdout]    |     ^^^^^
[INFO] [stdout] 19 |     Calculation(String),
[INFO] [stdout]    |     ^^^^^^^^^^^
[INFO] [stdout] 20 |     MaxChars(usize),
[INFO] [stdout]    |     ^^^^^^^^
[INFO] [stdout]    |
[INFO] [stdout]    = note: `StagedValidationType` has derived impls for the traits `Clone` and `Debug`, but these are intentionally ignored during dead code analysis
[INFO] [stdout] 
[INFO] [stdout] 
[INFO] [stdout] warning: variants `Lookup`, `Creation`, `Modification`, `LastVisited`, and `Data` are never constructed
[INFO] [stdout]   --> src/cadlang/staging.rs:35:5
[INFO] [stdout]    |
[INFO] [stdout] 32 | pub enum StagedAutoEntryType {
[INFO] [stdout]    |          ------------------- variants in this enum
[INFO] [stdout] ...
[INFO] [stdout] 35 |     Lookup { from: Token, to: Token },
[INFO] [stdout]    |     ^^^^^^
[INFO] [stdout] 36 |     Creation(AutoEntryDataPresets),
[INFO] [stdout]    |     ^^^^^^^^
[INFO] [stdout] 37 |     Modification(AutoEntryDataPresets),
[INFO] [stdout]    |     ^^^^^^^^^^^^
[INFO] [stdout] 38 |     LastVisited,
[INFO] [stdout]    |     ^^^^^^^^^^^
[INFO] [stdout] 39 |     Data(String),
[INFO] [stdout]    |     ^^^^
[INFO] [stdout]    |
[INFO] [stdout]    = note: `StagedAutoEntryType` has derived impls for the traits `Clone` and `Debug`, but these are intentionally ignored during dead code analysis
[INFO] [stdout] 
[INFO] [stdout] 
[INFO] [stdout] warning: function `decode_bytes` is never used
[INFO] [stdout]   --> src/util/dbcharconv.rs:24:8
[INFO] [stdout]    |
[INFO] [stdout] 24 | pub fn decode_bytes(bytes: &[u8]) -> String {
[INFO] [stdout]    |        ^^^^^^^^^^^^
[INFO] [stdout] 
[INFO] [stdout] 
[INFO] [stdout] warning: variants `OpenParen`, `CloseParen`, and `String` are never constructed
[INFO] [stdout]   --> src/burn_script/tokens.rs:6:5
[INFO] [stdout]    |
[INFO] [stdout] 3  | pub enum TokenType {
[INFO] [stdout]    |          --------- variants in this enum
[INFO] [stdout] ...
[INFO] [stdout] 6  |     OpenParen,
[INFO] [stdout]    |     ^^^^^^^^^
[INFO] [stdout] 7  |     CloseParen,
[INFO] [stdout]    |     ^^^^^^^^^^
[INFO] [stdout] ...
[INFO] [stdout] 30 |     String,
[INFO] [stdout]    |     ^^^^^^
[INFO] [stdout]    |
[INFO] [stdout]    = note: `TokenType` has a derived impl for the trait `Debug`, but this is intentionally ignored during dead code analysis
[INFO] [stdout] 
[INFO] [stdout] 
[INFO] [stdout] warning: fields `block_buffer` and `staging_buffer` are never read
[INFO] [stdout]   --> src/hbam/btree.rs:32:9
[INFO] [stdout]    |
[INFO] [stdout] 26 | pub struct HBAMFile {
[INFO] [stdout]    |            -------- fields in this struct
[INFO] [stdout] ...
[INFO] [stdout] 32 |     pub block_buffer: DataStaging,
[INFO] [stdout]    |         ^^^^^^^^^^^^
[INFO] [stdout] 33 |     pub staging_buffer: DataStaging,
[INFO] [stdout]    |         ^^^^^^^^^^^^^^
[INFO] [stdout] 
[INFO] [stdout] 
[INFO] [stdout] warning: multiple methods are never used
[INFO] [stdout]    --> src/hbam/btree.rs:53:12
[INFO] [stdout]     |
[INFO] [stdout] 36  | impl HBAMFile {
[INFO] [stdout]     | ------------- methods in this implementation
[INFO] [stdout] ...
[INFO] [stdout] 53  |     pub fn get_current_path(&self) -> HBAMPath {
[INFO] [stdout]     |            ^^^^^^^^^^^^^^^^
[INFO] [stdout] ...
[INFO] [stdout] 161 |     pub fn get_node(&mut self, hbam_path: &HBAMPath) -> &Block {
[INFO] [stdout]     |            ^^^^^^^^
[INFO] [stdout] ...
[INFO] [stdout] 198 |     pub fn write_dir_chunks_json(&mut self, path: &HBAMPath) {
[INFO] [stdout]     |            ^^^^^^^^^^^^^^^^^^^^^
[INFO] [stdout] ...
[INFO] [stdout] 204 |     pub fn write_all_chunks_json(&mut self) {
[INFO] [stdout]     |            ^^^^^^^^^^^^^^^^^^^^^
[INFO] [stdout] ...
[INFO] [stdout] 230 |     pub fn get_block_chunks(&self) -> &Vec<ChunkType> {
[INFO] [stdout]     |            ^^^^^^^^^^^^^^^^
[INFO] [stdout] ...
[INFO] [stdout] 271 |     pub fn get_root(&mut self) -> Block {
[INFO] [stdout]     |            ^^^^^^^^
[INFO] [stdout] ...
[INFO] [stdout] 346 |     fn load_leaf_from_io(&mut self) -> Block {
[INFO] [stdout]     |        ^^^^^^^^^^^^^^^^^
[INFO] [stdout] ...
[INFO] [stdout] 350 |     pub fn goto_next_leaf(&mut self) -> Result<&Block, String> {
[INFO] [stdout]     |            ^^^^^^^^^^^^^^
[INFO] [stdout] 
[INFO] [stdout] 
[INFO] [stdout] warning: field `block_buffer` is never read
[INFO] [stdout]   --> src/hbam/fs.rs:11:5
[INFO] [stdout]    |
[INFO] [stdout] 8  | pub struct HBAMInterface {
[INFO] [stdout]    |            ------------- field in this struct
[INFO] [stdout] ...
[INFO] [stdout] 11 |     block_buffer: Vec<u8>,
[INFO] [stdout]    |     ^^^^^^^^^^^^
[INFO] [stdout] 
[INFO] [stdout] 
[INFO] [stdout] warning: variant `MalformedInstruction` is never constructed
[INFO] [stdout]   --> src/hbam/chunk.rs:25:5
[INFO] [stdout]    |
[INFO] [stdout] 21 | pub enum BlockErr {
[INFO] [stdout]    |          -------- variant in this enum
[INFO] [stdout] ...
[INFO] [stdout] 25 |     MalformedInstruction,
[INFO] [stdout]    |     ^^^^^^^^^^^^^^^^^^^^
[INFO] [stdout]    |
[INFO] [stdout]    = note: `BlockErr` has derived impls for the traits `Clone` and `Debug`, but these are intentionally ignored during dead code analysis
[INFO] [stdout] 
[INFO] [stdout] 
[INFO] [stdout] warning: associated items `get_simple_data` and `from_bytes_new` are never used
[INFO] [stdout]    --> src/hbam/chunk.rs:116:12
[INFO] [stdout]     |
[INFO] [stdout] 76  | impl Chunk {
[INFO] [stdout]     | ---------- associated items in this implementation
[INFO] [stdout] ...
[INFO] [stdout] 116 |     pub fn get_simple_data(&self, bytes: &[u8]) -> Result<Vec<u8>, BlockErr> {
[INFO] [stdout]     |            ^^^^^^^^^^^^^^^
[INFO] [stdout] ...
[INFO] [stdout] 217 |     pub fn from_bytes_new(code: &[u8], offset: &mut usize, path: &mut Vec<String>) -> Result<(Chunk, bool), BlockErr> {
[INFO] [stdout]     |            ^^^^^^^^^^^^^^
[INFO] [stdout] 
[INFO] [stdout] 
[INFO] [stdout] warning: fields `offset`, `level`, and `size` are never read
[INFO] [stdout]   --> src/hbam/block.rs:6:9
[INFO] [stdout]    |
[INFO] [stdout] 5  | pub struct Block {
[INFO] [stdout]    |            ----- fields in this struct
[INFO] [stdout] 6  |     pub offset: usize,
[INFO] [stdout]    |         ^^^^^^
[INFO] [stdout] ...
[INFO] [stdout] 9  |     pub level: u32,
[INFO] [stdout]    |         ^^^^^
[INFO] [stdout] ...
[INFO] [stdout] 14 |     pub size: u16,
[INFO] [stdout]    |         ^^^^
[INFO] [stdout]    |
[INFO] [stdout]    = note: `Block` has derived impls for the traits `Debug` and `Clone`, but these are intentionally ignored during dead code analysis
[INFO] [stdout] 
[INFO] [stdout] 
[INFO] [stdout] warning: associated function `from_bytes` is never used
[INFO] [stdout]   --> src/hbam/block.rs:76:12
[INFO] [stdout]    |
[INFO] [stdout] 17 | impl Block {
[INFO] [stdout]    | ---------- associated function in this implementation
[INFO] [stdout] ...
[INFO] [stdout] 76 |     pub fn from_bytes(offset_: usize, index_: Option<u32>, buffer: &[u8]) -> Self {
[INFO] [stdout]    |            ^^^^^^^^^^
[INFO] [stdout] 
[INFO] [stdout] 
[INFO] [stdout] warning: associated function `new` is never used
[INFO] [stdout]  --> src/hbam/block_location.rs:9:12
[INFO] [stdout]   |
[INFO] [stdout] 8 | impl BlockLocation {
[INFO] [stdout]   | ------------------ associated function in this implementation
[INFO] [stdout] 9 |     pub fn new(chunk_index_: u32, local_index_: u32) -> Self {
[INFO] [stdout]   |            ^^^
[INFO] [stdout] 
[INFO] [stdout] 
[INFO] [stdout] warning: function `comparison_test` is never used
[INFO] [stdout]   --> src/hbam/block_location.rs:21:12
[INFO] [stdout]    |
[INFO] [stdout] 21 |     pub fn comparison_test() {
[INFO] [stdout]    |            ^^^^^^^^^^^^^^^
[INFO] [stdout] 
[INFO] [stdout] 
[INFO] [stdout] warning: type alias `Value` is never used
[INFO] [stdout]  --> src/hbam2/api.rs:6:10
[INFO] [stdout]   |
[INFO] [stdout] 6 | pub type Value = String;
[INFO] [stdout]   |          ^^^^^
[INFO] [stdout] 
[INFO] [stdout] 
[INFO] [stdout] warning: function `get_data` is never used
[INFO] [stdout]   --> src/hbam2/api.rs:23:8
[INFO] [stdout]    |
[INFO] [stdout] 23 | pub fn get_data<'a>(key: Key) -> Result<KeyValue, BPlusTreeErr> {
[INFO] [stdout]    |        ^^^^^^^^
[INFO] [stdout] 
[INFO] [stdout] 
[INFO] [stdout] warning: function `set_keyvalue` is never used
[INFO] [stdout]   --> src/hbam2/api.rs:27:8
[INFO] [stdout]    |
[INFO] [stdout] 27 | pub fn set_keyvalue<'a>(key: Key, val: Value) -> Result<(), BPlusTreeErr> {
[INFO] [stdout]    |        ^^^^^^^^^^^^
[INFO] [stdout] 
[INFO] [stdout] 
[INFO] [stdout] warning: struct `CachedKeyLocation` is never constructed
[INFO] [stdout]  --> src/hbam2/kv_cache.rs:3:12
[INFO] [stdout]   |
[INFO] [stdout] 3 | pub struct CachedKeyLocation {
[INFO] [stdout]   |            ^^^^^^^^^^^^^^^^^
[INFO] [stdout] 
[INFO] [stdout] 
[INFO] [stdout] warning: struct `KeyValCache` is never constructed
[INFO] [stdout]   --> src/hbam2/kv_cache.rs:10:12
[INFO] [stdout]    |
[INFO] [stdout] 10 | pub struct KeyValCache {
[INFO] [stdout]    |            ^^^^^^^^^^^
[INFO] [stdout] 
[INFO] [stdout] 
[INFO] [stdout] warning: field `0` is never read
[INFO] [stdout]   --> src/hbam2/bplustree.rs:11:17
[INFO] [stdout]    |
[INFO] [stdout] 11 |     KeyNotFound(Key),
[INFO] [stdout]    |     ----------- ^^^
[INFO] [stdout]    |     |
[INFO] [stdout]    |     field in this variant
[INFO] [stdout]    |
[INFO] [stdout]    = note: `BPlusTreeErr` has a derived impl for the trait `Debug`, but this is intentionally ignored during dead code analysis
[INFO] [stdout] help: consider changing the field to be of unit type to suppress this warning while preserving the field numbering, or remove the field
[INFO] [stdout]    |
[INFO] [stdout] 11 |     KeyNotFound(()),
[INFO] [stdout]    |                 ~~
[INFO] [stdout] 
[INFO] [stdout] 
[INFO] [stdout] warning: field `0` is never read
[INFO] [stdout]   --> src/hbam2/bplustree.rs:15:29
[INFO] [stdout]    |
[INFO] [stdout] 15 |     InvalidChunkComposition(ParseErr),
[INFO] [stdout]    |     ----------------------- ^^^^^^^^
[INFO] [stdout]    |     |
[INFO] [stdout]    |     field in this variant
[INFO] [stdout]    |
[INFO] [stdout]    = note: `BPlusTreeErr` has a derived impl for the trait `Debug`, but this is intentionally ignored during dead code analysis
[INFO] [stdout] help: consider changing the field to be of unit type to suppress this warning while preserving the field numbering, or remove the field
[INFO] [stdout]    |
[INFO] [stdout] 15 |     InvalidChunkComposition(()),
[INFO] [stdout]    |                             ~~
[INFO] [stdout] 
[INFO] [stdout] 
[INFO] [stdout] warning: field `0` is never read
[INFO] [stdout]   --> src/hbam2/bplustree.rs:16:15
[INFO] [stdout]    |
[INFO] [stdout] 16 |     PageCycle(PageIndex)
[INFO] [stdout]    |     --------- ^^^^^^^^^
[INFO] [stdout]    |     |
[INFO] [stdout]    |     field in this variant
[INFO] [stdout]    |
[INFO] [stdout]    = note: `BPlusTreeErr` has a derived impl for the trait `Debug`, but this is intentionally ignored during dead code analysis
[INFO] [stdout] help: consider changing the field to be of unit type to suppress this warning while preserving the field numbering, or remove the field
[INFO] [stdout]    |
[INFO] [stdout] 16 |     PageCycle(())
[INFO] [stdout]    |               ~~
[INFO] [stdout] 
[INFO] [stdout] 
[INFO] [stdout] warning: variant `PageNotFound` is never constructed
[INFO] [stdout]   --> src/hbam2/bplustree.rs:13:5
[INFO] [stdout]    |
[INFO] [stdout] 10 | pub(crate) enum BPlusTreeErr {
[INFO] [stdout]    |                 ------------ variant in this enum
[INFO] [stdout] ...
[INFO] [stdout] 13 |     PageNotFound(usize),
[INFO] [stdout]    |     ^^^^^^^^^^^^
[INFO] [stdout]    |
[INFO] [stdout]    = note: `BPlusTreeErr` has a derived impl for the trait `Debug`, but this is intentionally ignored during dead code analysis
[INFO] [stdout] 
[INFO] [stdout] 
[INFO] [stdout] warning: field `key` is never read
[INFO] [stdout]   --> src/hbam2/bplustree.rs:20:5
[INFO] [stdout]    |
[INFO] [stdout] 19 | pub struct Cursor {
[INFO] [stdout]    |            ------ field in this struct
[INFO] [stdout] 20 |     key: Key,
[INFO] [stdout]    |     ^^^
[INFO] [stdout] 
[INFO] [stdout] 
[INFO] [stdout] warning: type alias `Data` is never used
[INFO] [stdout]  --> src/hbam2/keyvalue.rs:2:6
[INFO] [stdout]   |
[INFO] [stdout] 2 | type Data = Vec<u8>;
[INFO] [stdout]   |      ^^^^
[INFO] [stdout] 
[INFO] [stdout] 
[INFO] [stdout] warning: enum `Value` is never used
[INFO] [stdout]  --> src/hbam2/keyvalue.rs:4:6
[INFO] [stdout]   |
[INFO] [stdout] 4 | enum Value<'a> {
[INFO] [stdout]   |      ^^^^^
[INFO] [stdout] 
[INFO] [stdout] 
[INFO] [stdout] warning: struct `KeyValue` is never constructed
[INFO] [stdout]   --> src/hbam2/keyvalue.rs:10:8
[INFO] [stdout]    |
[INFO] [stdout] 10 | struct KeyValue<'a> {
[INFO] [stdout]    |        ^^^^^^^^
[INFO] [stdout] 
[INFO] [stdout] 
[INFO] [stdout] warning: function `inspect` is never used
[INFO] [stdout]   --> src/hbam2/keyvalue.rs:15:4
[INFO] [stdout]    |
[INFO] [stdout] 15 | fn inspect(keyvalue: &KeyValue) {
[INFO] [stdout]    |    ^^^^^^^
[INFO] [stdout] 
[INFO] [stdout] 
[INFO] [stdout] warning: fields `index`, `deleted`, `level`, and `previous` are never read
[INFO] [stdout]   --> src/hbam2/page.rs:13:9
[INFO] [stdout]    |
[INFO] [stdout] 12 | pub struct PageHeader {
[INFO] [stdout]    |            ---------- fields in this struct
[INFO] [stdout] 13 |     pub index: u32,
[INFO] [stdout]    |         ^^^^^
[INFO] [stdout] 14 |     pub deleted: bool,
[INFO] [stdout]    |         ^^^^^^^
[INFO] [stdout] 15 |     pub level: u32,
[INFO] [stdout]    |         ^^^^^
[INFO] [stdout] 16 |     pub previous: u32,
[INFO] [stdout]    |         ^^^^^^^^
[INFO] [stdout]    |
[INFO] [stdout]    = note: `PageHeader` has derived impls for the traits `Debug` and `Clone`, but these are intentionally ignored during dead code analysis
[INFO] [stdout] 
[INFO] [stdout] 
[INFO] [stdout] warning: fields `0` and `1` are never read
[INFO] [stdout]   --> src/hbam2/page.rs:23:21
[INFO] [stdout]    |
[INFO] [stdout] 23 |     InvalidPageType(u32, u32)
[INFO] [stdout]    |     --------------- ^^^  ^^^
[INFO] [stdout]    |     |
[INFO] [stdout]    |     fields in this variant
[INFO] [stdout]    |
[INFO] [stdout]    = note: `PageHeaderErr` has derived impls for the traits `Debug` and `Clone`, but these are intentionally ignored during dead code analysis
[INFO] [stdout] help: consider changing the fields to be of unit type to suppress this warning while preserving the field numbering, or remove the fields
[INFO] [stdout]    |
[INFO] [stdout] 23 |     InvalidPageType((), ())
[INFO] [stdout]    |                     ~~  ~~
[INFO] [stdout] 
[INFO] [stdout] 
[INFO] [stdout] warning: method `get_root` is never used
[INFO] [stdout]   --> src/hbam2/page_store.rs:28:12
[INFO] [stdout]    |
[INFO] [stdout] 13 | impl PageStore {
[INFO] [stdout]    | -------------- method in this implementation
[INFO] [stdout] ...
[INFO] [stdout] 28 |     pub fn get_root(&self, file: String) -> Option<Arc<Page>> {
[INFO] [stdout]    |            ^^^^^^^^
[INFO] [stdout] 
[INFO] [stdout] 
[INFO] [stdout] warning: field `0` is never read
[INFO] [stdout]   --> src/hbam2/chunk.rs:22:24
[INFO] [stdout]    |
[INFO] [stdout] 22 |     UnrecognizedOpcode(u8),
[INFO] [stdout]    |     ------------------ ^^
[INFO] [stdout]    |     |
[INFO] [stdout]    |     field in this variant
[INFO] [stdout]    |
[INFO] [stdout]    = note: `ParseErr` has derived impls for the traits `Clone` and `Debug`, but these are intentionally ignored during dead code analysis
[INFO] [stdout] help: consider changing the field to be of unit type to suppress this warning while preserving the field numbering, or remove the field
[INFO] [stdout]    |
[INFO] [stdout] 22 |     UnrecognizedOpcode(()),
[INFO] [stdout]    |                        ~~
[INFO] [stdout] 
[INFO] [stdout] 
[INFO] [stdout] warning: variants `UnexpectedEndOfPage` and `MalformedChunk` are never constructed
[INFO] [stdout]   --> src/hbam2/chunk.rs:21:5
[INFO] [stdout]    |
[INFO] [stdout] 19 | pub enum ParseErr {
[INFO] [stdout]    |          -------- variants in this enum
[INFO] [stdout] 20 |     EndChunk,
[INFO] [stdout] 21 |     UnexpectedEndOfPage,
[INFO] [stdout]    |     ^^^^^^^^^^^^^^^^^^^
[INFO] [stdout] 22 |     UnrecognizedOpcode(u8),
[INFO] [stdout] 23 |     MalformedChunk,
[INFO] [stdout]    |     ^^^^^^^^^^^^^^
[INFO] [stdout]    |
[INFO] [stdout]    = note: `ParseErr` has derived impls for the traits `Clone` and `Debug`, but these are intentionally ignored during dead code analysis
[INFO] [stdout] 
[INFO] [stdout] 
[INFO] [stdout] warning: fields `offset` and `opcode` are never read
[INFO] [stdout]   --> src/hbam2/chunk.rs:29:9
[INFO] [stdout]    |
[INFO] [stdout] 28 | pub struct Chunk<'a> {
[INFO] [stdout]    |            ----- fields in this struct
[INFO] [stdout] 29 |     pub offset: u16,
[INFO] [stdout]    |         ^^^^^^
[INFO] [stdout] 30 |     pub opcode: u16,
[INFO] [stdout]    |         ^^^^^^
[INFO] [stdout]    |
[INFO] [stdout]    = note: `Chunk` has derived impls for the traits `Clone` and `Debug`, but these are intentionally ignored during dead code analysis
[INFO] [stdout] 
[INFO] [stdout] 
[INFO] [stdout] warning: function `parse_keyvalue` is never used
[INFO] [stdout]  --> src/hbam2/parser.rs:4:8
[INFO] [stdout]   |
[INFO] [stdout] 4 | pub fn parse_keyvalue(data: &[u8], cursor: &mut Cursor) -> Option<KeyValue> {
[INFO] [stdout]   |        ^^^^^^^^^^^^^^
[INFO] [stdout] 
[INFO] [stdout] 
[INFO] [stdout] warning: static `INSTRUCTIONMAP` is never used
[INFO] [stdout]    --> src/fm_script_engine/fm_script_engine_instructions.rs:227:12
[INFO] [stdout]     |
[INFO] [stdout] 227 | pub static INSTRUCTIONMAP : [Option<Instruction>; 255] = [
[INFO] [stdout]     |            ^^^^^^^^^^^^^^
[INFO] [stdout] 
[INFO] [stdout] 
[INFO] [stdout] warning: struct `Script` is never constructed
[INFO] [stdout]    --> src/fm_script_engine/fm_script_engine_instructions.rs:492:12
[INFO] [stdout]     |
[INFO] [stdout] 492 | pub struct Script {
[INFO] [stdout]     |            ^^^^^^
[INFO] [stdout] 
[INFO] [stdout] 
[INFO] [stdout] warning: fields `name` and `global` are never read
[INFO] [stdout]   --> src/emulator/test.rs:21:9
[INFO] [stdout]    |
[INFO] [stdout] 20 | pub struct Variable {
[INFO] [stdout]    |            -------- fields in this struct
[INFO] [stdout] 21 |     pub name: String,
[INFO] [stdout]    |         ^^^^
[INFO] [stdout] 22 |     pub value: String,
[INFO] [stdout] 23 |     pub global: bool,
[INFO] [stdout]    |         ^^^^^^
[INFO] [stdout]    |
[INFO] [stdout]    = note: `Variable` has a derived impl for the trait `Debug`, but this is intentionally ignored during dead code analysis
[INFO] [stdout] 
[INFO] [stdout] 
[INFO] [stdout] warning: fields `operand_left` and `operand_right` are never read
[INFO] [stdout]   --> src/emulator/test.rs:38:20
[INFO] [stdout]    |
[INFO] [stdout] 38 |     DivideByZero { operand_left: String, operand_right: String },
[INFO] [stdout]    |     ------------   ^^^^^^^^^^^^          ^^^^^^^^^^^^^
[INFO] [stdout]    |     |
[INFO] [stdout]    |     fields in this variant
[INFO] [stdout]    |
[INFO] [stdout]    = note: `EvaluateError` has a derived impl for the trait `Debug`, but this is intentionally ignored during dead code analysis
[INFO] [stdout] 
[INFO] [stdout] 
[INFO] [stdout] warning: fields `function` and `argument` are never read
[INFO] [stdout]   --> src/emulator/test.rs:40:23
[INFO] [stdout]    |
[INFO] [stdout] 40 |     InvalidArgument { function: String, argument: String },
[INFO] [stdout]    |     ---------------   ^^^^^^^^          ^^^^^^^^
[INFO] [stdout]    |     |
[INFO] [stdout]    |     fields in this variant
[INFO] [stdout]    |
[INFO] [stdout]    = note: `EvaluateError` has a derived impl for the trait `Debug`, but this is intentionally ignored during dead code analysis
[INFO] [stdout] 
[INFO] [stdout] 
[INFO] [stdout] warning: field `function` is never read
[INFO] [stdout]   --> src/emulator/test.rs:41:29
[INFO] [stdout]    |
[INFO] [stdout] 41 |     UnimplementedFunction { function: String },
[INFO] [stdout]    |     ---------------------   ^^^^^^^^
[INFO] [stdout]    |     |
[INFO] [stdout]    |     field in this variant
[INFO] [stdout]    |
[INFO] [stdout]    = note: `EvaluateError` has a derived impl for the trait `Debug`, but this is intentionally ignored during dead code analysis
[INFO] [stdout] 
[INFO] [stdout] 
[INFO] [stdout] warning: variant `InvalidOperation` is never constructed
[INFO] [stdout]   --> src/emulator/test.rs:39:5
[INFO] [stdout]    |
[INFO] [stdout] 37 | enum EvaluateError {
[INFO] [stdout]    |      ------------- variant in this enum
[INFO] [stdout] 38 |     DivideByZero { operand_left: String, operand_right: String },
[INFO] [stdout] 39 |     InvalidOperation { operand_left: String, operator: String, operand_right: String },
[INFO] [stdout]    |     ^^^^^^^^^^^^^^^^
[INFO] [stdout]    |
[INFO] [stdout]    = note: `EvaluateError` has a derived impl for the trait `Debug`, but this is intentionally ignored during dead code analysis
[INFO] [stdout] 
[INFO] [stdout] 
[INFO] [stdout] warning: struct `VMTable` is never constructed
[INFO] [stdout]   --> src/emulator/test.rs:44:12
[INFO] [stdout]    |
[INFO] [stdout] 44 | pub struct VMTable {
[INFO] [stdout]    |            ^^^^^^^
[INFO] [stdout] 
[INFO] [stdout] 
[INFO] [stdout] warning: variant `FieldName` is never constructed
[INFO] [stdout]   --> src/emulator/test.rs:59:5
[INFO] [stdout]    |
[INFO] [stdout] 56 | enum OperandType {
[INFO] [stdout]    |      ----------- variant in this enum
[INFO] [stdout] ...
[INFO] [stdout] 59 |     FieldName,
[INFO] [stdout]    |     ^^^^^^^^^
[INFO] [stdout]    |
[INFO] [stdout]    = note: `OperandType` has a derived impl for the trait `Debug`, but this is intentionally ignored during dead code analysis
[INFO] [stdout] 
[INFO] [stdout] 
[INFO] [stdout] warning: type alias `Record` is never used
[INFO] [stdout]   --> src/emulator/test.rs:68:6
[INFO] [stdout]    |
[INFO] [stdout] 68 | type Record = usize;
[INFO] [stdout]    |      ^^^^^^
[INFO] [stdout] 
[INFO] [stdout] 
[INFO] [stdout] warning: methods `run_tests_with_cleanup` and `get_variable_by_name` are never used
[INFO] [stdout]    --> src/emulator/test.rs:152:12
[INFO] [stdout]     |
[INFO] [stdout] 101 | impl<'a> TestEnvironment<'a> {
[INFO] [stdout]     | ---------------------------- methods in this implementation
[INFO] [stdout] ...
[INFO] [stdout] 152 |     pub fn run_tests_with_cleanup(&mut self) {
[INFO] [stdout]     |            ^^^^^^^^^^^^^^^^^^^^^^
[INFO] [stdout] ...
[INFO] [stdout] 466 |     pub fn get_variable_by_name(&self, scope: usize, var: &str) -> Option<&Variable> {
[INFO] [stdout]     |            ^^^^^^^^^^^^^^^^^^^^
[INFO] [stdout] 
[INFO] [stdout] 
[INFO] [stdout] warning: variant `UnexpectedEOF` is never constructed
[INFO] [stdout]   --> src/emulator/calc_lexer.rs:10:5
[INFO] [stdout]    |
[INFO] [stdout] 7  | pub enum LexerError {
[INFO] [stdout]    |          ---------- variant in this enum
[INFO] [stdout] ...
[INFO] [stdout] 10 |     UnexpectedEOF,
[INFO] [stdout]    |     ^^^^^^^^^^^^^
[INFO] [stdout]    |
[INFO] [stdout]    = note: `LexerError` has a derived impl for the trait `Debug`, but this is intentionally ignored during dead code analysis
[INFO] [stdout] 
[INFO] [stdout] 
[INFO] [stdout] warning: enum `Precedence` is never used
[INFO] [stdout]  --> src/emulator/calc_parser.rs:7:6
[INFO] [stdout]   |
[INFO] [stdout] 7 | enum Precedence {
[INFO] [stdout]   |      ^^^^^^^^^^
[INFO] [stdout] 
[INFO] [stdout] 
[INFO] [stdout] warning: associated functions `from_int` and `to_int` are never used
[INFO] [stdout]   --> src/emulator/calc_parser.rs:18:12
[INFO] [stdout]    |
[INFO] [stdout] 17 | impl Precedence {
[INFO] [stdout]    | --------------- associated functions in this implementation
[INFO] [stdout] 18 |     pub fn from_int(num: usize) -> Result<Self, String> {
[INFO] [stdout]    |            ^^^^^^^^
[INFO] [stdout] ...
[INFO] [stdout] 30 |     pub fn to_int(num: Self) -> usize {
[INFO] [stdout]    |            ^^^^^^
[INFO] [stdout] 
[INFO] [stdout] 
[INFO] [stdout] warning: variant `Unary` is never constructed
[INFO] [stdout]   --> src/emulator/calc_parser.rs:48:5
[INFO] [stdout]    |
[INFO] [stdout] 47 | pub enum Node {
[INFO] [stdout]    |          ---- variant in this enum
[INFO] [stdout] 48 |     Unary { value: String, child: Option<Box<Node>> },
[INFO] [stdout]    |     ^^^^^
[INFO] [stdout]    |
[INFO] [stdout]    = note: `Node` has derived impls for the traits `Debug` and `Clone`, but these are intentionally ignored during dead code analysis
[INFO] [stdout] 
[INFO] [stdout] 
[INFO] [stdout] warning: method `previous` is never used
[INFO] [stdout]    --> src/emulator/calc_parser.rs:108:8
[INFO] [stdout]     |
[INFO] [stdout] 86  | impl TokenList {
[INFO] [stdout]     | -------------- method in this implementation
[INFO] [stdout] ...
[INFO] [stdout] 108 |     fn previous(&self) -> Option<&Token> {
[INFO] [stdout]     |        ^^^^^^^^
[INFO] [stdout] 
[INFO] [stdout] 
[INFO] [stdout] warning: variant `MissingToken` is never constructed
[INFO] [stdout]    --> src/emulator/calc_parser.rs:124:5
[INFO] [stdout]     |
[INFO] [stdout] 122 | pub enum ParserError {
[INFO] [stdout]     |          ----------- variant in this enum
[INFO] [stdout] 123 |     UnexpectedToken { token: Token, expected: Vec<TokenType> },
[INFO] [stdout] 124 |     MissingToken { expected: TokenType, position: usize },
[INFO] [stdout]     |     ^^^^^^^^^^^^
[INFO] [stdout]     |
[INFO] [stdout]     = note: `ParserError` has a derived impl for the trait `Debug`, but this is intentionally ignored during dead code analysis
[INFO] [stdout] 
[INFO] [stdout] 
[INFO] [stdout] warning: methods `parse_func_call`, `parse_identifier`, `parse_numeric`, and `parse_string` are never used
[INFO] [stdout]    --> src/emulator/calc_parser.rs:167:12
[INFO] [stdout]     |
[INFO] [stdout] 145 | impl Parser {
[INFO] [stdout]     | ----------- methods in this implementation
[INFO] [stdout] ...
[INFO] [stdout] 167 |     pub fn parse_func_call(&mut self, _name: String) -> Result<Box<Node>, &str>{
[INFO] [stdout]     |            ^^^^^^^^^^^^^^^
[INFO] [stdout] ...
[INFO] [stdout] 171 |     pub fn parse_identifier(&mut self, tok: Token) -> Result<Box<Node>, &str> {
[INFO] [stdout]     |            ^^^^^^^^^^^^^^^^
[INFO] [stdout] ...
[INFO] [stdout] 227 |     pub fn parse_numeric(&mut self, tok: Token) -> Result<Box<Node>, &str> {
[INFO] [stdout]     |            ^^^^^^^^^^^^^
[INFO] [stdout] ...
[INFO] [stdout] 284 |     fn parse_string(&mut self, tok: Token) -> Result<Box<Node>, &str> {
[INFO] [stdout]     |        ^^^^^^^^^^^^
[INFO] [stdout] 
[INFO] [stdout] 
[INFO] [stdout] warning: method `delete_record` is never used
[INFO] [stdout]   --> src/emulator/database.rs:50:12
[INFO] [stdout]    |
[INFO] [stdout] 32 | impl TableObject {
[INFO] [stdout]    | ---------------- method in this implementation
[INFO] [stdout] ...
[INFO] [stdout] 50 |     pub fn delete_record(&mut self, record_id: u16) {
[INFO] [stdout]    |            ^^^^^^^^^^^^^
[INFO] [stdout] 
[INFO] [stdout] 
[INFO] [stdout] warning: field `records` is never read
[INFO] [stdout]   --> src/emulator/database.rs:59:5
[INFO] [stdout]    |
[INFO] [stdout] 56 | pub struct RelatedRecordSet {
[INFO] [stdout]    |            ---------------- field in this struct
[INFO] [stdout] ...
[INFO] [stdout] 59 |     records: Vec<usize>,
[INFO] [stdout]    |     ^^^^^^^
[INFO] [stdout]    |
[INFO] [stdout]    = note: `RelatedRecordSet` has derived impls for the traits `Debug` and `Clone`, but these are intentionally ignored during dead code analysis
[INFO] [stdout] 
[INFO] [stdout] 
[INFO] [stdout] warning: multiple methods are never used
[INFO] [stdout]    --> src/emulator/database.rs:110:12
[INFO] [stdout]     |
[INFO] [stdout] 99  | impl Database {
[INFO] [stdout]     | ------------- methods in this implementation
[INFO] [stdout] ...
[INFO] [stdout] 110 |     pub fn clear_records(&mut self) {
[INFO] [stdout]     |            ^^^^^^^^^^^^^
[INFO] [stdout] ...
[INFO] [stdout] 254 |     pub fn get_occurrence_mut(&mut self, occurrence_handle: usize) -> &mut TableOccurrence {
[INFO] [stdout]     |            ^^^^^^^^^^^^^^^^^^
[INFO] [stdout] ...
[INFO] [stdout] 262 |     pub fn get_occurrence_by_name_mut(&mut self, occurrence_handle: &str) -> &mut TableOccurrence {
[INFO] [stdout]     |            ^^^^^^^^^^^^^^^^^^^^^^^^^^
[INFO] [stdout] ...
[INFO] [stdout] 298 |     pub fn get_table_mut(&mut self, name: &str) -> Option<&mut TableObject> {
[INFO] [stdout]     |            ^^^^^^^^^^^^^
[INFO] [stdout] ...
[INFO] [stdout] 302 |     pub fn get_records_for_current_table(&self) -> &Vec<Field> {
[INFO] [stdout]     |            ^^^^^^^^^^^^^^^^^^^^^^^^^^^^^
[INFO] [stdout] ...
[INFO] [stdout] 367 |     pub fn get_current_record_by_field_mut(&mut self, field: &str) -> Result<&mut str, &str> {
[INFO] [stdout]     |            ^^^^^^^^^^^^^^^^^^^^^^^^^^^^^^^
[INFO] [stdout] ...
[INFO] [stdout] 385 |     pub fn get_current_record_by_table_field(&self, occurrence: &str, field: &str) -> Result<&str, &str> {
[INFO] [stdout]     |            ^^^^^^^^^^^^^^^^^^^^^^^^^^^^^^^^^
[INFO] [stdout] ...
[INFO] [stdout] 579 |     pub fn get_related_record_field_mut(&mut self, occurrence: &str, field: &str) -> &mut str {
[INFO] [stdout]     |            ^^^^^^^^^^^^^^^^^^^^^^^^^^^^
[INFO] [stdout] ...
[INFO] [stdout] 601 |     pub fn get_nth_related_record_field(&mut self, occurrence: &str, field: &str, n: usize) -> &str {
[INFO] [stdout]     |            ^^^^^^^^^^^^^^^^^^^^^^^^^^^^
[INFO] [stdout] ...
[INFO] [stdout] 628 |     pub fn get_nth_related_record_field_mut(&mut self, occurrence: &str, field: &str, n: usize) -> &mut str {
[INFO] [stdout]     |            ^^^^^^^^^^^^^^^^^^^^^^^^^^^^^^^^
[INFO] [stdout] 
[INFO] [stdout] 
[INFO] [stdout] warning: variants `SemiColon`, `OpenSquare`, and `CloseSquare` are never constructed
[INFO] [stdout]   --> src/emulator/calc_tokens.rs:9:5
[INFO] [stdout]    |
[INFO] [stdout] 3  | pub enum TokenType {
[INFO] [stdout]    |          --------- variants in this enum
[INFO] [stdout] ...
[INFO] [stdout] 9  |     SemiColon,
[INFO] [stdout]    |     ^^^^^^^^^
[INFO] [stdout] 10 |     Comma,
[INFO] [stdout] 11 |     OpenSquare,
[INFO] [stdout]    |     ^^^^^^^^^^
[INFO] [stdout] 12 |     CloseSquare,
[INFO] [stdout]    |     ^^^^^^^^^^^
[INFO] [stdout]    |
[INFO] [stdout]    = note: `TokenType` has derived impls for the traits `Clone` and `Debug`, but these are intentionally ignored during dead code analysis
[INFO] [stdout] 
[INFO] [stdout] 
[INFO] [stdout] warning: fields `fields`, `relations`, `value_lists`, `scripts`, and `tests` are never read
[INFO] [stdout]   --> src/diff.rs:10:9
[INFO] [stdout]    |
[INFO] [stdout] 8  | pub struct SchemaDiff {
[INFO] [stdout]    |            ---------- fields in this struct
[INFO] [stdout] 9  |     pub tables: DiffCollection,
[INFO] [stdout] 10 |     pub fields: DiffCollection,
[INFO] [stdout]    |         ^^^^^^
[INFO] [stdout] 11 |     pub table_occurrences: DiffCollection,
[INFO] [stdout] 12 |     pub relations: DiffCollection,
[INFO] [stdout]    |         ^^^^^^^^^
[INFO] [stdout] 13 |     pub value_lists: DiffCollection,
[INFO] [stdout]    |         ^^^^^^^^^^^
[INFO] [stdout] 14 |     pub scripts: DiffCollection,
[INFO] [stdout]    |         ^^^^^^^
[INFO] [stdout] 15 |     pub tests: DiffCollection,
[INFO] [stdout]    |         ^^^^^
[INFO] [stdout] 
[INFO] [stdout] 
[INFO] [stdout] warning: function `get_relations_diffs` is never used
[INFO] [stdout]   --> src/diff.rs:76:8
[INFO] [stdout]    |
[INFO] [stdout] 76 | pub fn get_relations_diffs(original: &Schema, updated: &Schema) -> DiffCollection {
[INFO] [stdout]    |        ^^^^^^^^^^^^^^^^^^^
[INFO] [stdout] 
[INFO] [stdout] 
[INFO] [stderr]     Finished `test` profile [unoptimized + debuginfo] target(s) in 3.62s
[INFO] running `Command { std: "docker" "inspect" "58f9e8c410a6d5b3c0ad112dfe1628f4afb4c78463aaf8fa65de9d13c188ddd2", kill_on_drop: false }`
[INFO] running `Command { std: "docker" "rm" "-f" "58f9e8c410a6d5b3c0ad112dfe1628f4afb4c78463aaf8fa65de9d13c188ddd2", kill_on_drop: false }`
[INFO] [stdout] 58f9e8c410a6d5b3c0ad112dfe1628f4afb4c78463aaf8fa65de9d13c188ddd2
[INFO] running `Command { std: "docker" "create" "-v" "/var/lib/crater-agent-workspace/builds/worker-4-tc1/target:/opt/rustwide/target:rw,Z" "-v" "/var/lib/crater-agent-workspace/builds/worker-4-tc1/source:/opt/rustwide/workdir:ro,Z" "-v" "/var/lib/crater-agent-workspace/cargo-home:/opt/rustwide/cargo-home:ro,Z" "-v" "/var/lib/crater-agent-workspace/rustup-home:/opt/rustwide/rustup-home:ro,Z" "-e" "SOURCE_DIR=/opt/rustwide/workdir" "-e" "CARGO_TARGET_DIR=/opt/rustwide/target" "-e" "CARGO_INCREMENTAL=0" "-e" "RUST_BACKTRACE=full" "-e" "RUSTFLAGS=--cap-lints=forbid" "-e" "RUSTDOCFLAGS=--cap-lints=forbid" "-e" "CARGO_HOME=/opt/rustwide/cargo-home" "-e" "RUSTUP_HOME=/opt/rustwide/rustup-home" "-w" "/opt/rustwide/workdir" "-m" "1610612736" "--user" "0:0" "--network" "none" "ghcr.io/rust-lang/crates-build-env/linux@sha256:4a844ea9eb2546a2d2c7022eacef16ef2e8229c7fbb2c7d4d55a9ceca922f72d" "/opt/rustwide/cargo-home/bin/cargo" "+nightly-2024-10-28" "test" "--frozen", kill_on_drop: false }`
[INFO] [stdout] f8820dfd75f7866b953691ec7f55b303beb3196aa6f2c46baf96750af3b7d6c2
[INFO] running `Command { std: "docker" "start" "-a" "f8820dfd75f7866b953691ec7f55b303beb3196aa6f2c46baf96750af3b7d6c2", kill_on_drop: false }`
[INFO] [stderr] warning: unused import: `staging::Stage`
[INFO] [stderr]  --> src/cadlang/compiler.rs:3:47
[INFO] [stderr]   |
[INFO] [stderr] 3 | use super::{parser::parse, error::CompileErr, staging::Stage}; 
[INFO] [stderr]   |                                               ^^^^^^^^^^^^^^
[INFO] [stderr]   |
[INFO] [stderr]   = note: `#[warn(unused_imports)]` on by default
[INFO] [stderr] 
[INFO] [stderr] warning: unused import: `io::ErrorKind`
[INFO] [stderr]  --> src/cadlang/parser.rs:2:33
[INFO] [stderr]   |
[INFO] [stderr] 2 | use std::{collections::HashMap, io::ErrorKind};
[INFO] [stderr]   |                                 ^^^^^^^^^^^^^
[INFO] [stderr] 
[INFO] [stderr] warning: unused imports: `AutoEntryType`, `AutoEntry`, `Field`, `LayoutFM`, `RelationCriteria`, `Relation`, `Schema`, `Table`, `ValidationType`, `Validation`, `ValueListDefinition`, `ValueListSortBy`, and `ValueList`
[INFO] [stderr]  --> src/cadlang/parser.rs:4:65
[INFO] [stderr]   |
[INFO] [stderr] 4 | ...::{AutoEntry, AutoEntryType, DataType, DBObjectReference, Field, LayoutFM, LayoutFMAttribute, Relation, RelationComparison, RelationCriteria, Schema, Script, SerialTrigger, Table, TableOccurrence, Test, Validation, ValidationTrigger, ValidationType, ValueList, ValueListDefinition, ValueListSortBy...
[INFO] [stderr]   |       ^^^^^^^^^  ^^^^^^^^^^^^^                               ^^^^^  ^^^^^^^^                     ^^^^^^^^                      ^^^^^^^^^^^^^^^^  ^^^^^^                         ^^^^^                         ^^^^^^^^^^                     ^^^^^^^^^^^^^^  ^^^^^^^^^  ^^^^^^^^^^^^^^^^^^^  ^^^^^^^^^^^^^^^
[INFO] [stderr] 
[INFO] [stderr] warning: unnecessary parentheses around function argument
[INFO] [stderr]    --> src/cadlang/parser.rs:749:8
[INFO] [stderr]     |
[INFO] [stderr] 749 |     Ok((result))
[INFO] [stderr]     |        ^      ^
[INFO] [stderr]     |
[INFO] [stderr]     = note: `#[warn(unused_parens)]` on by default
[INFO] [stderr] help: remove these parentheses
[INFO] [stderr]     |
[INFO] [stderr] 749 -     Ok((result))
[INFO] [stderr] 749 +     Ok(result)
[INFO] [stderr]     |
[INFO] [stderr] 
[INFO] [stderr] warning: unused imports: `AutoEntryType`, `AutoEntry`, `DBObjectReference`, `Field`, `RelationCriteria`, `Relation`, `TableOccurrence`, `Table`, `ValidationType`, `Validation`, `ValueListDefinition`, `ValueListSortBy`, and `ValueList`
[INFO] [stderr]    --> src/cadlang/parser.rs:756:86
[INFO] [stderr]     |
[INFO] [stderr] 756 | ...::{AutoEntry, DataType, AutoEntryType, DBObjectReference, Field, Relation, RelationComparison, RelationCriteria, SerialTrigger, Table, TableOccurrence, Validation, ValidationTrigger, ValidationType, ValueList, ValueListDefinition, ValueListSortBy...
[INFO] [stderr]     |       ^^^^^^^^^            ^^^^^^^^^^^^^  ^^^^^^^^^^^^^^^^^  ^^^^^  ^^^^^^^^                      ^^^^^^^^^^^^^^^^                 ^^^^^  ^^^^^^^^^^^^^^^  ^^^^^^^^^^                     ^^^^^^^^^^^^^^  ^^^^^^^^^  ^^^^^^^^^^^^^^^^^^^  ^^^^^^^^^^^^^^^
[INFO] [stderr] 
[INFO] [stderr] warning: unused import: `std::path::Path`
[INFO] [stderr]    --> src/hbam/btree.rs:423:9
[INFO] [stderr]     |
[INFO] [stderr] 423 |     use std::path::Path;
[INFO] [stderr]     |         ^^^^^^^^^^^^^^^
[INFO] [stderr] 
[INFO] [stderr] warning: unused imports: `Block`, `ChunkType`, `Chunk`, `DataStaging`, `HBAMPath`, and `InstructionType`
[INFO] [stderr]    --> src/hbam/btree.rs:424:17
[INFO] [stderr]     |
[INFO] [stderr] 424 |     use super::{Chunk, ChunkType, InstructionType, Block, HBAMPath, DataStaging};
[INFO] [stderr]     |                 ^^^^^  ^^^^^^^^^  ^^^^^^^^^^^^^^^  ^^^^^  ^^^^^^^^  ^^^^^^^^^^^
[INFO] [stderr] 
[INFO] [stderr] warning: unused import: `super::HBAMFile`
[INFO] [stderr]    --> src/hbam/btree.rs:425:9
[INFO] [stderr]     |
[INFO] [stderr] 425 |     use super::HBAMFile;
[INFO] [stderr]     |         ^^^^^^^^^^^^^^^
[INFO] [stderr] 
[INFO] [stderr] warning: unused import: `fs::File`
[INFO] [stderr]    --> src/hbam/fs.rs:501:15
[INFO] [stderr]     |
[INFO] [stderr] 501 |     use std::{fs::File, path::Path};
[INFO] [stderr]     |               ^^^^^^^^
[INFO] [stderr] 
[INFO] [stderr] warning: unused import: `btree::HBAMFile`
[INFO] [stderr]    --> src/hbam/fs.rs:502:23
[INFO] [stderr]     |
[INFO] [stderr] 502 |     use crate::hbam::{btree::HBAMFile, path::HBAMPath};
[INFO] [stderr]     |                       ^^^^^^^^^^^^^^^
[INFO] [stderr] 
[INFO] [stderr] warning: unused import: `std::collections::hash_map::HashMap`
[INFO] [stderr]  --> src/hbam2/api.rs:3:5
[INFO] [stderr]   |
[INFO] [stderr] 3 | use std::collections::hash_map::HashMap;
[INFO] [stderr]   |     ^^^^^^^^^^^^^^^^^^^^^^^^^^^^^^^^^^^
[INFO] [stderr] 
[INFO] [stderr] warning: unused imports: `HashMap` and `RwLock`
[INFO] [stderr]  --> src/hbam2/bplustree.rs:1:25
[INFO] [stderr]   |
[INFO] [stderr] 1 | use std::{collections::{HashMap, HashSet}, fs::File, io::{Read, Seek}, path::Path, sync::{Arc, RwLock}};
[INFO] [stderr]   |                         ^^^^^^^                                                                ^^^^^^
[INFO] [stderr] 
[INFO] [stderr] warning: unused import: `get_path_int`
[INFO] [stderr]  --> src/hbam2/bplustree.rs:3:66
[INFO] [stderr]   |
[INFO] [stderr] 3 | use crate::{hbam::path::HBAMPath, util::encoding_util::{get_int, get_path_int}}; 
[INFO] [stderr]   |                                                                  ^^^^^^^^^^^^
[INFO] [stderr] 
[INFO] [stderr] warning: unused imports: `api::Key` and `bplustree::load_page_from_disk`
[INFO] [stderr]  --> src/hbam2/page_store.rs:3:13
[INFO] [stderr]   |
[INFO] [stderr] 3 | use super::{api::Key, bplustree::load_page_from_disk, page::Page};
[INFO] [stderr]   |             ^^^^^^^^  ^^^^^^^^^^^^^^^^^^^^^^^^^^^^^^
[INFO] [stderr] 
[INFO] [stderr] warning: unused import: `core::fmt`
[INFO] [stderr]  --> src/hbam2/chunk.rs:1:5
[INFO] [stderr]   |
[INFO] [stderr] 1 | use core::fmt;
[INFO] [stderr]   |     ^^^^^^^^^
[INFO] [stderr] 
[INFO] [stderr] warning: unused import: `ops::RangeBounds`
[INFO] [stderr]  --> src/hbam/chunk.rs:3:27
[INFO] [stderr]   |
[INFO] [stderr] 3 | use std::{fmt::Formatter, ops::RangeBounds};
[INFO] [stderr]   |                           ^^^^^^^^^^^^^^^^
[INFO] [stderr] 
[INFO] [stderr] warning: unused import: `clap::Parser`
[INFO] [stderr]  --> src/emulator/test.rs:5:5
[INFO] [stderr]   |
[INFO] [stderr] 5 | use clap::Parser;
[INFO] [stderr]   |     ^^^^^^^^^^^^
[INFO] [stderr] 
[INFO] [stderr] warning: variable does not need to be mutable
[INFO] [stderr]   --> src/cadlang/parser.rs:53:9
[INFO] [stderr]    |
[INFO] [stderr] 53 |     let mut validation_trigger = ValidationTrigger::OnEntry;
[INFO] [stderr]    |         ----^^^^^^^^^^^^^^^^^^
[INFO] [stderr]    |         |
[INFO] [stderr]    |         help: remove this `mut`
[INFO] [stderr]    |
[INFO] [stderr]    = note: `#[warn(unused_mut)]` on by default
[INFO] [stderr] 
[INFO] [stderr] warning: variable does not need to be mutable
[INFO] [stderr]   --> src/cadlang/parser.rs:54:9
[INFO] [stderr]    |
[INFO] [stderr] 54 |     let mut user_override_ = true;
[INFO] [stderr]    |         ----^^^^^^^^^^^^^^
[INFO] [stderr]    |         |
[INFO] [stderr]    |         help: remove this `mut`
[INFO] [stderr] 
[INFO] [stderr] warning: unused variable: `result`
[INFO] [stderr]    --> src/cadlang/parser.rs:293:9
[INFO] [stderr]     |
[INFO] [stderr] 293 |     let result = TableOccurrence {
[INFO] [stderr]     |         ^^^^^^ help: if this is intentional, prefix it with an underscore: `_result`
[INFO] [stderr]     |
[INFO] [stderr]     = note: `#[warn(unused_variables)]` on by default
[INFO] [stderr] 
[INFO] [stderr] warning: unused variable: `schema`
[INFO] [stderr]     --> src/cadlang/parser.rs:1225:13
[INFO] [stderr]      |
[INFO] [stderr] 1225 |         let schema = parse(&tokens).expect("Parsing failed.");
[INFO] [stderr]      |             ^^^^^^ help: if this is intentional, prefix it with an underscore: `_schema`
[INFO] [stderr] 
[INFO] [stderr] warning: unused variable: `to_field`
[INFO] [stderr]    --> src/cadlang/staging.rs:193:29
[INFO] [stderr]     |
[INFO] [stderr] 193 |                         let to_field = to_parts[1];
[INFO] [stderr]     |                             ^^^^^^^^ help: if this is intentional, prefix it with an underscore: `_to_field`
[INFO] [stderr] 
[INFO] [stderr] warning: unused variable: `occ_id`
[INFO] [stderr]    --> src/cadlang/staging.rs:195:30
[INFO] [stderr]     |
[INFO] [stderr] 195 |                         let (occ_id, occ_base_table) = match self.table_occurrences.iter()
[INFO] [stderr]     |                              ^^^^^^ help: if this is intentional, prefix it with an underscore: `_occ_id`
[INFO] [stderr] 
[INFO] [stderr] warning: unused variable: `table_actual`
[INFO] [stderr]    --> src/cadlang/staging.rs:208:29
[INFO] [stderr]     |
[INFO] [stderr] 208 |                         let table_actual = match self.tables.iter()
[INFO] [stderr]     |                             ^^^^^^^^^^^^ help: if this is intentional, prefix it with an underscore: `_table_actual`
[INFO] [stderr] 
[INFO] [stderr] warning: unused variable: `id_`
[INFO] [stderr]    --> src/cadlang/staging.rs:289:14
[INFO] [stderr]     |
[INFO] [stderr] 289 |         for (id_, relation) in &self.relations {
[INFO] [stderr]     |              ^^^ help: if this is intentional, prefix it with an underscore: `_id_`
[INFO] [stderr] 
[INFO] [stderr] warning: unused variable: `comparison`
[INFO] [stderr]    --> src/cadlang/staging.rs:299:21
[INFO] [stderr]     |
[INFO] [stderr] 299 |                 let comparison = RelationComparison::Equal;
[INFO] [stderr]     |                     ^^^^^^^^^^ help: if this is intentional, prefix it with an underscore: `_comparison`
[INFO] [stderr] 
[INFO] [stderr] warning: variable `occ1_id` is assigned to, but never used
[INFO] [stderr]    --> src/cadlang/staging.rs:304:25
[INFO] [stderr]     |
[INFO] [stderr] 304 |                 let mut occ1_id = 0;
[INFO] [stderr]     |                         ^^^^^^^
[INFO] [stderr]     |
[INFO] [stderr]     = note: consider using `_occ1_id` instead
[INFO] [stderr] 
[INFO] [stderr] warning: value assigned to `occ1_id` is never read
[INFO] [stderr]    --> src/cadlang/staging.rs:309:25
[INFO] [stderr]     |
[INFO] [stderr] 309 |                         occ1_id = (*inner.0) as usize;
[INFO] [stderr]     |                         ^^^^^^^
[INFO] [stderr]     |
[INFO] [stderr]     = help: maybe it is overwritten before being read?
[INFO] [stderr]     = note: `#[warn(unused_assignments)]` on by default
[INFO] [stderr] 
[INFO] [stderr] warning: variable `occ2_id` is assigned to, but never used
[INFO] [stderr]    --> src/cadlang/staging.rs:348:25
[INFO] [stderr]     |
[INFO] [stderr] 348 |                 let mut occ2_id = 0;
[INFO] [stderr]     |                         ^^^^^^^
[INFO] [stderr]     |
[INFO] [stderr]     = note: consider using `_occ2_id` instead
[INFO] [stderr] 
[INFO] [stderr] warning: value assigned to `occ2_id` is never read
[INFO] [stderr]    --> src/cadlang/staging.rs:353:25
[INFO] [stderr]     |
[INFO] [stderr] 353 |                         occ2_id = (*inner.0) as usize;
[INFO] [stderr]     |                         ^^^^^^^
[INFO] [stderr]     |
[INFO] [stderr]     = help: maybe it is overwritten before being read?
[INFO] [stderr] 
[INFO] [stderr] warning: variable does not need to be mutable
[INFO] [stderr]    --> src/cadlang/staging.rs:346:21
[INFO] [stderr]     |
[INFO] [stderr] 346 |                 let mut field2_name = parts[1];
[INFO] [stderr]     |                     ----^^^^^^^^^^^
[INFO] [stderr]     |                     |
[INFO] [stderr]     |                     help: remove this `mut`
[INFO] [stderr] 
[INFO] [stderr] warning: unused variable: `schema`
[INFO] [stderr]    --> src/cadlang/staging.rs:450:13
[INFO] [stderr]     |
[INFO] [stderr] 450 |         let schema = parse(&tokens).expect("Parsing failed.").to_schema();
[INFO] [stderr]     |             ^^^^^^ help: if this is intentional, prefix it with an underscore: `_schema`
[INFO] [stderr] 
[INFO] [stderr] warning: variable `scope` is assigned to, but never used
[INFO] [stderr]   --> src/burn_script/lexer.rs:18:17
[INFO] [stderr]    |
[INFO] [stderr] 18 |         let mut scope = 0;
[INFO] [stderr]    |                 ^^^^^
[INFO] [stderr]    |
[INFO] [stderr]    = note: consider using `_scope` instead
[INFO] [stderr] 
[INFO] [stderr] warning: unused variable: `b`
[INFO] [stderr]   --> src/burn_script/lexer.rs:42:17
[INFO] [stderr]    |
[INFO] [stderr] 42 |             let b = buffer.as_str();
[INFO] [stderr]    |                 ^ help: if this is intentional, prefix it with an underscore: `_b`
[INFO] [stderr] 
[INFO] [stderr] warning: variable does not need to be mutable
[INFO] [stderr]   --> src/hbam/fs.rs:55:21
[INFO] [stderr]    |
[INFO] [stderr] 55 |                 let mut tmp_occurrence = TableOccurrence {
[INFO] [stderr]    |                     ----^^^^^^^^^^^^^^
[INFO] [stderr]    |                     |
[INFO] [stderr]    |                     help: remove this `mut`
[INFO] [stderr] 
[INFO] [stderr] warning: unused variable: `block_start`
[INFO] [stderr]    --> src/hbam/fs.rs:249:13
[INFO] [stderr]     |
[INFO] [stderr] 249 |         let block_start = self.inner.cursor.block_index;
[INFO] [stderr]     |             ^^^^^^^^^^^ help: if this is intentional, prefix it with an underscore: `_block_start`
[INFO] [stderr] 
[INFO] [stderr] warning: unused variable: `data`
[INFO] [stderr]    --> src/hbam/fs.rs:328:54
[INFO] [stderr]     |
[INFO] [stderr] 328 |     fn set_long_kv_by_data(&mut self, key: &Vec<u8>, data: &[u8]) -> Result<(), String> {
[INFO] [stderr]     |                                                      ^^^^ help: if this is intentional, prefix it with an underscore: `_data`
[INFO] [stderr] 
[INFO] [stderr] warning: unused variable: `key`
[INFO] [stderr]    --> src/hbam/fs.rs:374:27
[INFO] [stderr]     |
[INFO] [stderr] 374 |                 if let Ok(key) = chunk.ref_data.unwrap().lookup_from_buffer(storage) {
[INFO] [stderr]     |                           ^^^ help: if this is intentional, prefix it with an underscore: `_key`
[INFO] [stderr] 
[INFO] [stderr] warning: unused variable: `data`
[INFO] [stderr]    --> src/hbam/fs.rs:548:13
[INFO] [stderr]     |
[INFO] [stderr] 548 |         let data = file.get_kv_value(8).expect("Unable to get keyvalue");
[INFO] [stderr]     |             ^^^^ help: if this is intentional, prefix it with an underscore: `_data`
[INFO] [stderr] 
[INFO] [stderr] warning: variable `size_` is assigned to, but never used
[INFO] [stderr]   --> src/hbam/block.rs:49:17
[INFO] [stderr]    |
[INFO] [stderr] 49 |         let mut size_ = 0;
[INFO] [stderr]    |                 ^^^^^
[INFO] [stderr]    |
[INFO] [stderr]    = note: consider using `_size_` instead
[INFO] [stderr] 
[INFO] [stderr] warning: unused variable: `key`
[INFO] [stderr]   --> src/hbam2/api.rs:23:21
[INFO] [stderr]    |
[INFO] [stderr] 23 | pub fn get_data<'a>(key: Key) -> Result<KeyValue, BPlusTreeErr> {
[INFO] [stderr]    |                     ^^^ help: if this is intentional, prefix it with an underscore: `_key`
[INFO] [stderr] 
[INFO] [stderr] warning: unused variable: `key`
[INFO] [stderr]   --> src/hbam2/api.rs:27:25
[INFO] [stderr]    |
[INFO] [stderr] 27 | pub fn set_keyvalue<'a>(key: Key, val: Value) -> Result<(), BPlusTreeErr> {
[INFO] [stderr]    |                         ^^^ help: if this is intentional, prefix it with an underscore: `_key`
[INFO] [stderr] 
[INFO] [stderr] warning: unused variable: `val`
[INFO] [stderr]   --> src/hbam2/api.rs:27:35
[INFO] [stderr]    |
[INFO] [stderr] 27 | pub fn set_keyvalue<'a>(key: Key, val: Value) -> Result<(), BPlusTreeErr> {
[INFO] [stderr]    |                                   ^^^ help: if this is intentional, prefix it with an underscore: `_val`
[INFO] [stderr] 
[INFO] [stderr] warning: unused variable: `data`
[INFO] [stderr]  --> src/hbam2/parser.rs:4:23
[INFO] [stderr]   |
[INFO] [stderr] 4 | pub fn parse_keyvalue(data: &[u8], cursor: &mut Cursor) -> Option<KeyValue> {
[INFO] [stderr]   |                       ^^^^ help: if this is intentional, prefix it with an underscore: `_data`
[INFO] [stderr] 
[INFO] [stderr] warning: unused variable: `cursor`
[INFO] [stderr]  --> src/hbam2/parser.rs:4:36
[INFO] [stderr]   |
[INFO] [stderr] 4 | pub fn parse_keyvalue(data: &[u8], cursor: &mut Cursor) -> Option<KeyValue> {
[INFO] [stderr]   |                                    ^^^^^^ help: if this is intentional, prefix it with an underscore: `_cursor`
[INFO] [stderr] 
[INFO] [stderr] warning: unused variable: `field`
[INFO] [stderr]    --> src/emulator/test.rs:605:37
[INFO] [stderr]     |
[INFO] [stderr] 605 |                         let (table, field) = match &args[0] {
[INFO] [stderr]     |                                     ^^^^^ help: if this is intentional, prefix it with an underscore: `_field`
[INFO] [stderr] 
[INFO] [stderr] warning: unused variable: `e`
[INFO] [stderr]    --> src/emulator/test.rs:618:33
[INFO] [stderr]     |
[INFO] [stderr] 618 | ...                   Err(e) => vec![],
[INFO] [stderr]     |                           ^ help: if this is intentional, prefix it with an underscore: `_e`
[INFO] [stderr] 
[INFO] [stderr] warning: unreachable pattern
[INFO] [stderr]   --> src/emulator/calc_parser.rs:35:13
[INFO] [stderr]    |
[INFO] [stderr] 33 |             Precedence::Add => 1,
[INFO] [stderr]    |             --------------- matches all the relevant values
[INFO] [stderr] 34 |             Precedence::Subtract => 2,
[INFO] [stderr] 35 |             Precedence::Add => 3,
[INFO] [stderr]    |             ^^^^^^^^^^^^^^^ no value can reach this
[INFO] [stderr]    |
[INFO] [stderr]    = note: `#[warn(unreachable_patterns)]` on by default
[INFO] [stderr] 
[INFO] [stderr] warning: unreachable pattern
[INFO] [stderr]   --> src/emulator/calc_parser.rs:36:13
[INFO] [stderr]    |
[INFO] [stderr] 34 |             Precedence::Subtract => 2,
[INFO] [stderr]    |             -------------------- matches all the relevant values
[INFO] [stderr] 35 |             Precedence::Add => 3,
[INFO] [stderr] 36 |             Precedence::Subtract => 4,
[INFO] [stderr]    |             ^^^^^^^^^^^^^^^^^^^^ no value can reach this
[INFO] [stderr] 
[INFO] [stderr] warning: unused variable: `index`
[INFO] [stderr]    --> src/emulator/calc_parser.rs:172:13
[INFO] [stderr]     |
[INFO] [stderr] 172 |         let index = &self.tokens.index.get_val();
[INFO] [stderr]     |             ^^^^^ help: if this is intentional, prefix it with an underscore: `_index`
[INFO] [stderr] 
[INFO] [stderr] warning: unused variable: `name`
[INFO] [stderr]    --> src/emulator/database.rs:204:13
[INFO] [stderr]     |
[INFO] [stderr] 204 |         let name = self.tables[t.table_ptr as usize].name.clone();
[INFO] [stderr]     |             ^^^^ help: if this is intentional, prefix it with an underscore: `_name`
[INFO] [stderr] 
[INFO] [stderr] warning: unused variable: `related_record_idx`
[INFO] [stderr]    --> src/emulator/database.rs:584:13
[INFO] [stderr]     |
[INFO] [stderr] 584 |         let related_record_idx = current_occurrence.related_records
[INFO] [stderr]     |             ^^^^^^^^^^^^^^^^^^ help: if this is intentional, prefix it with an underscore: `_related_record_idx`
[INFO] [stderr] 
[INFO] [stderr] warning: unused variable: `related_record_idx`
[INFO] [stderr]    --> src/emulator/database.rs:606:13
[INFO] [stderr]     |
[INFO] [stderr] 606 |         let related_record_idx = current_occurrence.related_records
[INFO] [stderr]     |             ^^^^^^^^^^^^^^^^^^ help: if this is intentional, prefix it with an underscore: `_related_record_idx`
[INFO] [stderr] 
[INFO] [stderr] warning: unused variable: `related_record_idx`
[INFO] [stderr]    --> src/emulator/database.rs:633:13
[INFO] [stderr]     |
[INFO] [stderr] 633 |         let related_record_idx = current_occurrence.related_records
[INFO] [stderr]     |             ^^^^^^^^^^^^^^^^^^ help: if this is intentional, prefix it with an underscore: `_related_record_idx`
[INFO] [stderr] 
[INFO] [stderr] warning: unused variable: `schema`
[INFO] [stderr]   --> src/main.rs:43:13
[INFO] [stderr]    |
[INFO] [stderr] 43 |         let schema = match compile_to_schema(code) {
[INFO] [stderr]    |             ^^^^^^ help: if this is intentional, prefix it with an underscore: `_schema`
[INFO] [stderr] 
[INFO] [stderr] warning: type `EvaluateError` is more private than the item `TestEnvironment::<'a>::evaluate`
[INFO] [stderr]    --> src/emulator/test.rs:510:5
[INFO] [stderr]     |
[INFO] [stderr] 510 |     pub fn evaluate(&self, ast: Node) -> Result<String, EvaluateError> {
[INFO] [stderr]     |     ^^^^^^^^^^^^^^^^^^^^^^^^^^^^^^^^^^^^^^^^^^^^^^^^^^^^^^^^^^^^^^^^^^ method `TestEnvironment::<'a>::evaluate` is reachable at visibility `pub(crate)`
[INFO] [stderr]     |
[INFO] [stderr] note: but type `EvaluateError` is only usable at visibility `pub(self)`
[INFO] [stderr]    --> src/emulator/test.rs:37:1
[INFO] [stderr]     |
[INFO] [stderr] 37  | enum EvaluateError {
[INFO] [stderr]     | ^^^^^^^^^^^^^^^^^^
[INFO] [stderr]     = note: `#[warn(private_interfaces)]` on by default
[INFO] [stderr] 
[INFO] [stderr] warning: struct `Cursor` is never constructed
[INFO] [stderr]  --> src/cadlang/lexer.rs:9:8
[INFO] [stderr]   |
[INFO] [stderr] 9 | struct Cursor {
[INFO] [stderr]   |        ^^^^^^
[INFO] [stderr]   |
[INFO] [stderr]   = note: `#[warn(dead_code)]` on by default
[INFO] [stderr] 
[INFO] [stderr] warning: variant `ValueList` is never constructed
[INFO] [stderr]   --> src/cadlang/parser.rs:15:5
[INFO] [stderr]    |
[INFO] [stderr] 11 | pub enum FMObjType {
[INFO] [stderr]    |          --------- variant in this enum
[INFO] [stderr] ...
[INFO] [stderr] 15 |     ValueList,
[INFO] [stderr]    |     ^^^^^^^^^
[INFO] [stderr]    |
[INFO] [stderr]    = note: `FMObjType` has a derived impl for the trait `Debug`, but this is intentionally ignored during dead code analysis
[INFO] [stderr] 
[INFO] [stderr] warning: multiple variants are never constructed
[INFO] [stderr]   --> src/cadlang/token.rs:17:5
[INFO] [stderr]    |
[INFO] [stderr] 5  | pub enum TokenType {
[INFO] [stderr]    |          --------- variants in this enum
[INFO] [stderr] ...
[INFO] [stderr] 17 |     AutoIncrement,
[INFO] [stderr]    |     ^^^^^^^^^^^^^
[INFO] [stderr] 18 |     AutoEntry,
[INFO] [stderr]    |     ^^^^^^^^^
[INFO] [stderr] ...
[INFO] [stderr] 29 |     Creation,
[INFO] [stderr]    |     ^^^^^^^^
[INFO] [stderr] 30 |     Modification,
[INFO] [stderr]    |     ^^^^^^^^^^^^
[INFO] [stderr] ...
[INFO] [stderr] 37 |     LastVisited,
[INFO] [stderr]    |     ^^^^^^^^^^^
[INFO] [stderr] 38 |     Data,
[INFO] [stderr]    |     ^^^^
[INFO] [stderr] ...
[INFO] [stderr] 41 |     Lookup,
[INFO] [stderr]    |     ^^^^^^
[INFO] [stderr] ...
[INFO] [stderr] 44 |     StartTable,
[INFO] [stderr]    |     ^^^^^^^^^^
[INFO] [stderr] 45 |     RelatedTable,
[INFO] [stderr]    |     ^^^^^^^^^^^^
[INFO] [stderr] ...
[INFO] [stderr] 48 |     Validate,
[INFO] [stderr]    |     ^^^^^^^^
[INFO] [stderr] 49 |     Always,
[INFO] [stderr]    |     ^^^^^^
[INFO] [stderr] 50 |     OnEntry,
[INFO] [stderr]    |     ^^^^^^^
[INFO] [stderr] 51 |     AllowOverride,
[INFO] [stderr]    |     ^^^^^^^^^^^^^
[INFO] [stderr] ...
[INFO] [stderr] 54 |     StrictDataType,
[INFO] [stderr]    |     ^^^^^^^^^^^^^^
[INFO] [stderr] 55 |     NotEmpty,
[INFO] [stderr]    |     ^^^^^^^^
[INFO] [stderr] ...
[INFO] [stderr] 58 |     MemberOf,
[INFO] [stderr]    |     ^^^^^^^^
[INFO] [stderr] 59 |     Range,
[INFO] [stderr]    |     ^^^^^
[INFO] [stderr] 60 |     ValidationCalc,
[INFO] [stderr]    |     ^^^^^^^^^^^^^^
[INFO] [stderr] 61 |     MaxChars,
[INFO] [stderr]    |     ^^^^^^^^
[INFO] [stderr] ...
[INFO] [stderr] 65 |     Global,
[INFO] [stderr]    |     ^^^^^^
[INFO] [stderr] 66 |     Repetitions,
[INFO] [stderr]    |     ^^^^^^^^^^^
[INFO] [stderr] ...
[INFO] [stderr] 93 |     OpenParen,
[INFO] [stderr]    |     ^^^^^^^^^
[INFO] [stderr] 94 |     CloseParen,
[INFO] [stderr]    |     ^^^^^^^^^^
[INFO] [stderr] 95 |     OpenSquare,
[INFO] [stderr]    |     ^^^^^^^^^^
[INFO] [stderr] 96 |     CloseSquare,
[INFO] [stderr]    |     ^^^^^^^^^^^
[INFO] [stderr]    |
[INFO] [stderr]    = note: `TokenType` has derived impls for the traits `Debug` and `Clone`, but these are intentionally ignored during dead code analysis
[INFO] [stderr] 
[INFO] [stderr] warning: variants `UnknownTable`, `UnknownTableOccurrence`, `UnknownField`, and `InvalidAssert` are never constructed
[INFO] [stderr]   --> src/cadlang/error.rs:8:5
[INFO] [stderr]    |
[INFO] [stderr] 5  | pub enum CompileErr {
[INFO] [stderr]    |          ---------- variants in this enum
[INFO] [stderr] ...
[INFO] [stderr] 8  |     UnknownTable { token: Token },
[INFO] [stderr]    |     ^^^^^^^^^^^^
[INFO] [stderr] 9  |     UnknownTableOccurrence { token: Token },
[INFO] [stderr]    |     ^^^^^^^^^^^^^^^^^^^^^^
[INFO] [stderr] 10 |     UnknownField { token: Token },
[INFO] [stderr]    |     ^^^^^^^^^^^^
[INFO] [stderr] 11 |     InvalidAssert { token: Token }, // Asserts can only be used in tests
[INFO] [stderr]    |     ^^^^^^^^^^^^^
[INFO] [stderr]    |
[INFO] [stderr]    = note: `CompileErr` has a derived impl for the trait `Debug`, but this is intentionally ignored during dead code analysis
[INFO] [stderr] 
[INFO] [stderr] warning: variants `MemberOf`, `Range`, `Calculation`, and `MaxChars` are never constructed
[INFO] [stderr]   --> src/cadlang/staging.rs:17:5
[INFO] [stderr]    |
[INFO] [stderr] 13 | pub enum StagedValidationType {
[INFO] [stderr]    |          -------------------- variants in this enum
[INFO] [stderr] ...
[INFO] [stderr] 17 |     MemberOf(Token),
[INFO] [stderr]    |     ^^^^^^^^
[INFO] [stderr] 18 |     Range{start: usize, end: usize},
[INFO] [stderr]    |     ^^^^^
[INFO] [stderr] 19 |     Calculation(String),
[INFO] [stderr]    |     ^^^^^^^^^^^
[INFO] [stderr] 20 |     MaxChars(usize),
[INFO] [stderr]    |     ^^^^^^^^
[INFO] [stderr]    |
[INFO] [stderr]    = note: `StagedValidationType` has derived impls for the traits `Clone` and `Debug`, but these are intentionally ignored during dead code analysis
[INFO] [stderr] 
[INFO] [stderr] warning: variants `Lookup`, `Creation`, `Modification`, `LastVisited`, and `Data` are never constructed
[INFO] [stderr]   --> src/cadlang/staging.rs:35:5
[INFO] [stderr]    |
[INFO] [stderr] 32 | pub enum StagedAutoEntryType {
[INFO] [stderr]    |          ------------------- variants in this enum
[INFO] [stderr] ...
[INFO] [stderr] 35 |     Lookup { from: Token, to: Token },
[INFO] [stderr]    |     ^^^^^^
[INFO] [stderr] 36 |     Creation(AutoEntryDataPresets),
[INFO] [stderr]    |     ^^^^^^^^
[INFO] [stderr] 37 |     Modification(AutoEntryDataPresets),
[INFO] [stderr]    |     ^^^^^^^^^^^^
[INFO] [stderr] 38 |     LastVisited,
[INFO] [stderr]    |     ^^^^^^^^^^^
[INFO] [stderr] 39 |     Data(String),
[INFO] [stderr]    |     ^^^^
[INFO] [stderr]    |
[INFO] [stderr]    = note: `StagedAutoEntryType` has derived impls for the traits `Clone` and `Debug`, but these are intentionally ignored during dead code analysis
[INFO] [stderr] 
[INFO] [stderr] warning: function `decode_bytes` is never used
[INFO] [stderr]   --> src/util/dbcharconv.rs:24:8
[INFO] [stderr]    |
[INFO] [stderr] 24 | pub fn decode_bytes(bytes: &[u8]) -> String {
[INFO] [stderr]    |        ^^^^^^^^^^^^
[INFO] [stderr] 
[INFO] [stderr] warning: variants `OpenParen`, `CloseParen`, and `String` are never constructed
[INFO] [stderr]   --> src/burn_script/tokens.rs:6:5
[INFO] [stderr]    |
[INFO] [stderr] 3  | pub enum TokenType {
[INFO] [stderr]    |          --------- variants in this enum
[INFO] [stderr] ...
[INFO] [stderr] 6  |     OpenParen,
[INFO] [stderr]    |     ^^^^^^^^^
[INFO] [stderr] 7  |     CloseParen,
[INFO] [stderr]    |     ^^^^^^^^^^
[INFO] [stderr] ...
[INFO] [stderr] 30 |     String,
[INFO] [stderr]    |     ^^^^^^
[INFO] [stderr]    |
[INFO] [stderr]    = note: `TokenType` has a derived impl for the trait `Debug`, but this is intentionally ignored during dead code analysis
[INFO] [stderr] 
[INFO] [stderr] warning: fields `block_buffer` and `staging_buffer` are never read
[INFO] [stderr]   --> src/hbam/btree.rs:32:9
[INFO] [stderr]    |
[INFO] [stderr] 26 | pub struct HBAMFile {
[INFO] [stderr]    |            -------- fields in this struct
[INFO] [stderr] ...
[INFO] [stderr] 32 |     pub block_buffer: DataStaging,
[INFO] [stderr]    |         ^^^^^^^^^^^^
[INFO] [stderr] 33 |     pub staging_buffer: DataStaging,
[INFO] [stderr]    |         ^^^^^^^^^^^^^^
[INFO] [stderr] 
[INFO] [stderr] warning: multiple methods are never used
[INFO] [stderr]    --> src/hbam/btree.rs:53:12
[INFO] [stderr]     |
[INFO] [stderr] 36  | impl HBAMFile {
[INFO] [stderr]     | ------------- methods in this implementation
[INFO] [stderr] ...
[INFO] [stderr] 53  |     pub fn get_current_path(&self) -> HBAMPath {
[INFO] [stderr]     |            ^^^^^^^^^^^^^^^^
[INFO] [stderr] ...
[INFO] [stderr] 161 |     pub fn get_node(&mut self, hbam_path: &HBAMPath) -> &Block {
[INFO] [stderr]     |            ^^^^^^^^
[INFO] [stderr] ...
[INFO] [stderr] 198 |     pub fn write_dir_chunks_json(&mut self, path: &HBAMPath) {
[INFO] [stderr]     |            ^^^^^^^^^^^^^^^^^^^^^
[INFO] [stderr] ...
[INFO] [stderr] 204 |     pub fn write_all_chunks_json(&mut self) {
[INFO] [stderr]     |            ^^^^^^^^^^^^^^^^^^^^^
[INFO] [stderr] ...
[INFO] [stderr] 230 |     pub fn get_block_chunks(&self) -> &Vec<ChunkType> {
[INFO] [stderr]     |            ^^^^^^^^^^^^^^^^
[INFO] [stderr] ...
[INFO] [stderr] 271 |     pub fn get_root(&mut self) -> Block {
[INFO] [stderr]     |            ^^^^^^^^
[INFO] [stderr] ...
[INFO] [stderr] 346 |     fn load_leaf_from_io(&mut self) -> Block {
[INFO] [stderr]     |        ^^^^^^^^^^^^^^^^^
[INFO] [stderr] ...
[INFO] [stderr] 350 |     pub fn goto_next_leaf(&mut self) -> Result<&Block, String> {
[INFO] [stderr]     |            ^^^^^^^^^^^^^^
[INFO] [stderr] 
[INFO] [stderr] warning: field `block_buffer` is never read
[INFO] [stderr]   --> src/hbam/fs.rs:11:5
[INFO] [stderr]    |
[INFO] [stderr] 8  | pub struct HBAMInterface {
[INFO] [stderr]    |            ------------- field in this struct
[INFO] [stderr] ...
[INFO] [stderr] 11 |     block_buffer: Vec<u8>,
[INFO] [stderr]    |     ^^^^^^^^^^^^
[INFO] [stderr] 
[INFO] [stderr] warning: variant `MalformedInstruction` is never constructed
[INFO] [stderr]   --> src/hbam/chunk.rs:25:5
[INFO] [stderr]    |
[INFO] [stderr] 21 | pub enum BlockErr {
[INFO] [stderr]    |          -------- variant in this enum
[INFO] [stderr] ...
[INFO] [stderr] 25 |     MalformedInstruction,
[INFO] [stderr]    |     ^^^^^^^^^^^^^^^^^^^^
[INFO] [stderr]    |
[INFO] [stderr]    = note: `BlockErr` has derived impls for the traits `Clone` and `Debug`, but these are intentionally ignored during dead code analysis
[INFO] [stderr] 
[INFO] [stderr] warning: associated items `get_simple_data` and `from_bytes_new` are never used
[INFO] [stderr]    --> src/hbam/chunk.rs:116:12
[INFO] [stderr]     |
[INFO] [stderr] 76  | impl Chunk {
[INFO] [stderr]     | ---------- associated items in this implementation
[INFO] [stderr] ...
[INFO] [stderr] 116 |     pub fn get_simple_data(&self, bytes: &[u8]) -> Result<Vec<u8>, BlockErr> {
[INFO] [stderr]     |            ^^^^^^^^^^^^^^^
[INFO] [stderr] ...
[INFO] [stderr] 217 |     pub fn from_bytes_new(code: &[u8], offset: &mut usize, path: &mut Vec<String>) -> Result<(Chunk, bool), BlockErr> {
[INFO] [stderr]     |            ^^^^^^^^^^^^^^
[INFO] [stderr] 
[INFO] [stderr] warning: fields `offset`, `level`, and `size` are never read
[INFO] [stderr]   --> src/hbam/block.rs:6:9
[INFO] [stderr]    |
[INFO] [stderr] 5  | pub struct Block {
[INFO] [stderr]    |            ----- fields in this struct
[INFO] [stderr] 6  |     pub offset: usize,
[INFO] [stderr]    |         ^^^^^^
[INFO] [stderr] ...
[INFO] [stderr] 9  |     pub level: u32,
[INFO] [stderr]    |         ^^^^^
[INFO] [stderr] ...
[INFO] [stderr] 14 |     pub size: u16,
[INFO] [stderr]    |         ^^^^
[INFO] [stderr]    |
[INFO] [stderr]    = note: `Block` has derived impls for the traits `Debug` and `Clone`, but these are intentionally ignored during dead code analysis
[INFO] [stderr] 
[INFO] [stderr] warning: associated function `from_bytes` is never used
[INFO] [stderr]   --> src/hbam/block.rs:76:12
[INFO] [stderr]    |
[INFO] [stderr] 17 | impl Block {
[INFO] [stderr]    | ---------- associated function in this implementation
[INFO] [stderr] ...
[INFO] [stderr] 76 |     pub fn from_bytes(offset_: usize, index_: Option<u32>, buffer: &[u8]) -> Self {
[INFO] [stderr]    |            ^^^^^^^^^^
[INFO] [stderr] 
[INFO] [stderr] warning: associated function `new` is never used
[INFO] [stderr]  --> src/hbam/block_location.rs:9:12
[INFO] [stderr]   |
[INFO] [stderr] 8 | impl BlockLocation {
[INFO] [stderr]   | ------------------ associated function in this implementation
[INFO] [stderr] 9 |     pub fn new(chunk_index_: u32, local_index_: u32) -> Self {
[INFO] [stderr]   |            ^^^
[INFO] [stderr] 
[INFO] [stderr] warning: function `comparison_test` is never used
[INFO] [stderr]   --> src/hbam/block_location.rs:21:12
[INFO] [stderr]    |
[INFO] [stderr] 21 |     pub fn comparison_test() {
[INFO] [stderr]    |            ^^^^^^^^^^^^^^^
[INFO] [stderr] 
[INFO] [stderr] warning: type alias `Value` is never used
[INFO] [stderr]  --> src/hbam2/api.rs:6:10
[INFO] [stderr]   |
[INFO] [stderr] 6 | pub type Value = String;
[INFO] [stderr]   |          ^^^^^
[INFO] [stderr] 
[INFO] [stderr] warning: function `get_data` is never used
[INFO] [stderr]   --> src/hbam2/api.rs:23:8
[INFO] [stderr]    |
[INFO] [stderr] 23 | pub fn get_data<'a>(key: Key) -> Result<KeyValue, BPlusTreeErr> {
[INFO] [stderr]    |        ^^^^^^^^
[INFO] [stderr] 
[INFO] [stderr] warning: function `set_keyvalue` is never used
[INFO] [stderr]   --> src/hbam2/api.rs:27:8
[INFO] [stderr]    |
[INFO] [stderr] 27 | pub fn set_keyvalue<'a>(key: Key, val: Value) -> Result<(), BPlusTreeErr> {
[INFO] [stderr]    |        ^^^^^^^^^^^^
[INFO] [stderr] 
[INFO] [stderr] warning: struct `CachedKeyLocation` is never constructed
[INFO] [stderr]  --> src/hbam2/kv_cache.rs:3:12
[INFO] [stderr]   |
[INFO] [stderr] 3 | pub struct CachedKeyLocation {
[INFO] [stderr]   |            ^^^^^^^^^^^^^^^^^
[INFO] [stderr] 
[INFO] [stderr] warning: struct `KeyValCache` is never constructed
[INFO] [stderr]   --> src/hbam2/kv_cache.rs:10:12
[INFO] [stderr]    |
[INFO] [stderr] 10 | pub struct KeyValCache {
[INFO] [stderr]    |            ^^^^^^^^^^^
[INFO] [stderr] 
[INFO] [stderr] warning: field `0` is never read
[INFO] [stderr]   --> src/hbam2/bplustree.rs:11:17
[INFO] [stderr]    |
[INFO] [stderr] 11 |     KeyNotFound(Key),
[INFO] [stderr]    |     ----------- ^^^
[INFO] [stderr]    |     |
[INFO] [stderr]    |     field in this variant
[INFO] [stderr]    |
[INFO] [stderr]    = note: `BPlusTreeErr` has a derived impl for the trait `Debug`, but this is intentionally ignored during dead code analysis
[INFO] [stderr] help: consider changing the field to be of unit type to suppress this warning while preserving the field numbering, or remove the field
[INFO] [stderr]    |
[INFO] [stderr] 11 |     KeyNotFound(()),
[INFO] [stderr]    |                 ~~
[INFO] [stderr] 
[INFO] [stderr] warning: field `0` is never read
[INFO] [stderr]   --> src/hbam2/bplustree.rs:15:29
[INFO] [stderr]    |
[INFO] [stderr] 15 |     InvalidChunkComposition(ParseErr),
[INFO] [stderr]    |     ----------------------- ^^^^^^^^
[INFO] [stderr]    |     |
[INFO] [stderr]    |     field in this variant
[INFO] [stderr]    |
[INFO] [stderr]    = note: `BPlusTreeErr` has a derived impl for the trait `Debug`, but this is intentionally ignored during dead code analysis
[INFO] [stderr] help: consider changing the field to be of unit type to suppress this warning while preserving the field numbering, or remove the field
[INFO] [stderr]    |
[INFO] [stderr] 15 |     InvalidChunkComposition(()),
[INFO] [stderr]    |                             ~~
[INFO] [stderr] 
[INFO] [stderr] warning: field `0` is never read
[INFO] [stderr]   --> src/hbam2/bplustree.rs:16:15
[INFO] [stderr]    |
[INFO] [stderr] 16 |     PageCycle(PageIndex)
[INFO] [stderr]    |     --------- ^^^^^^^^^
[INFO] [stderr]    |     |
[INFO] [stderr]    |     field in this variant
[INFO] [stderr]    |
[INFO] [stderr]    = note: `BPlusTreeErr` has a derived impl for the trait `Debug`, but this is intentionally ignored during dead code analysis
[INFO] [stderr] help: consider changing the field to be of unit type to suppress this warning while preserving the field numbering, or remove the field
[INFO] [stderr]    |
[INFO] [stderr] 16 |     PageCycle(())
[INFO] [stderr]    |               ~~
[INFO] [stderr] 
[INFO] [stderr] warning: variant `PageNotFound` is never constructed
[INFO] [stderr]   --> src/hbam2/bplustree.rs:13:5
[INFO] [stderr]    |
[INFO] [stderr] 10 | pub(crate) enum BPlusTreeErr {
[INFO] [stderr]    |                 ------------ variant in this enum
[INFO] [stderr] ...
[INFO] [stderr] 13 |     PageNotFound(usize),
[INFO] [stderr]    |     ^^^^^^^^^^^^
[INFO] [stderr]    |
[INFO] [stderr]    = note: `BPlusTreeErr` has a derived impl for the trait `Debug`, but this is intentionally ignored during dead code analysis
[INFO] [stderr] 
[INFO] [stderr] warning: field `key` is never read
[INFO] [stderr]   --> src/hbam2/bplustree.rs:20:5
[INFO] [stderr]    |
[INFO] [stderr] 19 | pub struct Cursor {
[INFO] [stderr]    |            ------ field in this struct
[INFO] [stderr] 20 |     key: Key,
[INFO] [stderr]    |     ^^^
[INFO] [stderr] 
[INFO] [stderr] warning: type alias `Data` is never used
[INFO] [stderr]  --> src/hbam2/keyvalue.rs:2:6
[INFO] [stderr]   |
[INFO] [stderr] 2 | type Data = Vec<u8>;
[INFO] [stderr]   |      ^^^^
[INFO] [stderr] 
[INFO] [stderr] warning: enum `Value` is never used
[INFO] [stderr]  --> src/hbam2/keyvalue.rs:4:6
[INFO] [stderr]   |
[INFO] [stderr] 4 | enum Value<'a> {
[INFO] [stderr]   |      ^^^^^
[INFO] [stderr] 
[INFO] [stderr] warning: struct `KeyValue` is never constructed
[INFO] [stderr]   --> src/hbam2/keyvalue.rs:10:8
[INFO] [stderr]    |
[INFO] [stderr] 10 | struct KeyValue<'a> {
[INFO] [stderr]    |        ^^^^^^^^
[INFO] [stderr] 
[INFO] [stderr] warning: function `inspect` is never used
[INFO] [stderr]   --> src/hbam2/keyvalue.rs:15:4
[INFO] [stderr]    |
[INFO] [stderr] 15 | fn inspect(keyvalue: &KeyValue) {
[INFO] [stderr]    |    ^^^^^^^
[INFO] [stderr] 
[INFO] [stderr] warning: fields `index`, `deleted`, `level`, and `previous` are never read
[INFO] [stderr]   --> src/hbam2/page.rs:13:9
[INFO] [stderr]    |
[INFO] [stderr] 12 | pub struct PageHeader {
[INFO] [stderr]    |            ---------- fields in this struct
[INFO] [stderr] 13 |     pub index: u32,
[INFO] [stderr]    |         ^^^^^
[INFO] [stderr] 14 |     pub deleted: bool,
[INFO] [stderr]    |         ^^^^^^^
[INFO] [stderr] 15 |     pub level: u32,
[INFO] [stderr]    |         ^^^^^
[INFO] [stderr] 16 |     pub previous: u32,
[INFO] [stderr]    |         ^^^^^^^^
[INFO] [stderr]    |
[INFO] [stderr]    = note: `PageHeader` has derived impls for the traits `Debug` and `Clone`, but these are intentionally ignored during dead code analysis
[INFO] [stderr] 
[INFO] [stderr] warning: fields `0` and `1` are never read
[INFO] [stderr]   --> src/hbam2/page.rs:23:21
[INFO] [stderr]    |
[INFO] [stderr] 23 |     InvalidPageType(u32, u32)
[INFO] [stderr]    |     --------------- ^^^  ^^^
[INFO] [stderr]    |     |
[INFO] [stderr]    |     fields in this variant
[INFO] [stderr]    |
[INFO] [stderr]    = note: `PageHeaderErr` has derived impls for the traits `Debug` and `Clone`, but these are intentionally ignored during dead code analysis
[INFO] [stderr] help: consider changing the fields to be of unit type to suppress this warning while preserving the field numbering, or remove the fields
[INFO] [stderr]    |
[INFO] [stderr] 23 |     InvalidPageType((), ())
[INFO] [stderr]    |                     ~~  ~~
[INFO] [stderr] 
[INFO] [stderr] warning: method `get_root` is never used
[INFO] [stderr]   --> src/hbam2/page_store.rs:28:12
[INFO] [stderr]    |
[INFO] [stderr] 13 | impl PageStore {
[INFO] [stderr]    | -------------- method in this implementation
[INFO] [stderr] ...
[INFO] [stderr] 28 |     pub fn get_root(&self, file: String) -> Option<Arc<Page>> {
[INFO] [stderr]    |            ^^^^^^^^
[INFO] [stderr] 
[INFO] [stderr] warning: field `0` is never read
[INFO] [stderr]   --> src/hbam2/chunk.rs:22:24
[INFO] [stderr]    |
[INFO] [stderr] 22 |     UnrecognizedOpcode(u8),
[INFO] [stderr]    |     ------------------ ^^
[INFO] [stderr]    |     |
[INFO] [stderr]    |     field in this variant
[INFO] [stderr]    |
[INFO] [stderr]    = note: `ParseErr` has derived impls for the traits `Clone` and `Debug`, but these are intentionally ignored during dead code analysis
[INFO] [stderr] help: consider changing the field to be of unit type to suppress this warning while preserving the field numbering, or remove the field
[INFO] [stderr]    |
[INFO] [stderr] 22 |     UnrecognizedOpcode(()),
[INFO] [stderr]    |                        ~~
[INFO] [stderr] 
[INFO] [stderr] warning: variants `UnexpectedEndOfPage` and `MalformedChunk` are never constructed
[INFO] [stderr]   --> src/hbam2/chunk.rs:21:5
[INFO] [stderr]    |
[INFO] [stderr] 19 | pub enum ParseErr {
[INFO] [stderr]    |          -------- variants in this enum
[INFO] [stderr] 20 |     EndChunk,
[INFO] [stderr] 21 |     UnexpectedEndOfPage,
[INFO] [stderr]    |     ^^^^^^^^^^^^^^^^^^^
[INFO] [stderr] 22 |     UnrecognizedOpcode(u8),
[INFO] [stderr] 23 |     MalformedChunk,
[INFO] [stderr]    |     ^^^^^^^^^^^^^^
[INFO] [stderr]    |
[INFO] [stderr]    = note: `ParseErr` has derived impls for the traits `Clone` and `Debug`, but these are intentionally ignored during dead code analysis
[INFO] [stderr] 
[INFO] [stderr] warning: fields `offset` and `opcode` are never read
[INFO] [stderr]   --> src/hbam2/chunk.rs:29:9
[INFO] [stderr]    |
[INFO] [stderr] 28 | pub struct Chunk<'a> {
[INFO] [stderr]    |            ----- fields in this struct
[INFO] [stderr] 29 |     pub offset: u16,
[INFO] [stderr]    |         ^^^^^^
[INFO] [stderr] 30 |     pub opcode: u16,
[INFO] [stderr]    |         ^^^^^^
[INFO] [stderr]    |
[INFO] [stderr]    = note: `Chunk` has derived impls for the traits `Clone` and `Debug`, but these are intentionally ignored during dead code analysis
[INFO] [stderr] 
[INFO] [stderr] warning: function `parse_keyvalue` is never used
[INFO] [stderr]  --> src/hbam2/parser.rs:4:8
[INFO] [stderr]   |
[INFO] [stderr] 4 | pub fn parse_keyvalue(data: &[u8], cursor: &mut Cursor) -> Option<KeyValue> {
[INFO] [stderr]   |        ^^^^^^^^^^^^^^
[INFO] [stderr] 
[INFO] [stderr] warning: static `INSTRUCTIONMAP` is never used
[INFO] [stderr]    --> src/fm_script_engine/fm_script_engine_instructions.rs:227:12
[INFO] [stderr]     |
[INFO] [stderr] 227 | pub static INSTRUCTIONMAP : [Option<Instruction>; 255] = [
[INFO] [stderr]     |            ^^^^^^^^^^^^^^
[INFO] [stderr] 
[INFO] [stderr] warning: struct `Script` is never constructed
[INFO] [stderr]    --> src/fm_script_engine/fm_script_engine_instructions.rs:492:12
[INFO] [stderr]     |
[INFO] [stderr] 492 | pub struct Script {
[INFO] [stderr]     |            ^^^^^^
[INFO] [stderr] 
[INFO] [stderr] warning: fields `name` and `global` are never read
[INFO] [stderr]   --> src/emulator/test.rs:21:9
[INFO] [stderr]    |
[INFO] [stderr] 20 | pub struct Variable {
[INFO] [stderr]    |            -------- fields in this struct
[INFO] [stderr] 21 |     pub name: String,
[INFO] [stderr]    |         ^^^^
[INFO] [stderr] 22 |     pub value: String,
[INFO] [stderr] 23 |     pub global: bool,
[INFO] [stderr]    |         ^^^^^^
[INFO] [stderr]    |
[INFO] [stderr]    = note: `Variable` has a derived impl for the trait `Debug`, but this is intentionally ignored during dead code analysis
[INFO] [stderr] 
[INFO] [stderr] warning: fields `operand_left` and `operand_right` are never read
[INFO] [stderr]   --> src/emulator/test.rs:38:20
[INFO] [stderr]    |
[INFO] [stderr] 38 |     DivideByZero { operand_left: String, operand_right: String },
[INFO] [stderr]    |     ------------   ^^^^^^^^^^^^          ^^^^^^^^^^^^^
[INFO] [stderr]    |     |
[INFO] [stderr]    |     fields in this variant
[INFO] [stderr]    |
[INFO] [stderr]    = note: `EvaluateError` has a derived impl for the trait `Debug`, but this is intentionally ignored during dead code analysis
[INFO] [stderr] 
[INFO] [stderr] warning: fields `function` and `argument` are never read
[INFO] [stderr]   --> src/emulator/test.rs:40:23
[INFO] [stderr]    |
[INFO] [stderr] 40 |     InvalidArgument { function: String, argument: String },
[INFO] [stderr]    |     ---------------   ^^^^^^^^          ^^^^^^^^
[INFO] [stderr]    |     |
[INFO] [stderr]    |     fields in this variant
[INFO] [stderr]    |
[INFO] [stderr]    = note: `EvaluateError` has a derived impl for the trait `Debug`, but this is intentionally ignored during dead code analysis
[INFO] [stderr] 
[INFO] [stderr] warning: field `function` is never read
[INFO] [stderr]   --> src/emulator/test.rs:41:29
[INFO] [stderr]    |
[INFO] [stderr] 41 |     UnimplementedFunction { function: String },
[INFO] [stderr]    |     ---------------------   ^^^^^^^^
[INFO] [stderr]    |     |
[INFO] [stderr]    |     field in this variant
[INFO] [stderr]    |
[INFO] [stderr]    = note: `EvaluateError` has a derived impl for the trait `Debug`, but this is intentionally ignored during dead code analysis
[INFO] [stderr] 
[INFO] [stderr] warning: variant `InvalidOperation` is never constructed
[INFO] [stderr]   --> src/emulator/test.rs:39:5
[INFO] [stderr]    |
[INFO] [stderr] 37 | enum EvaluateError {
[INFO] [stderr]    |      ------------- variant in this enum
[INFO] [stderr] 38 |     DivideByZero { operand_left: String, operand_right: String },
[INFO] [stderr] 39 |     InvalidOperation { operand_left: String, operator: String, operand_right: String },
[INFO] [stderr]    |     ^^^^^^^^^^^^^^^^
[INFO] [stderr]    |
[INFO] [stderr]    = note: `EvaluateError` has a derived impl for the trait `Debug`, but this is intentionally ignored during dead code analysis
[INFO] [stderr] 
[INFO] [stderr] warning: struct `VMTable` is never constructed
[INFO] [stderr]   --> src/emulator/test.rs:44:12
[INFO] [stderr]    |
[INFO] [stderr] 44 | pub struct VMTable {
[INFO] [stderr]    |            ^^^^^^^
[INFO] [stderr] 
[INFO] [stderr] warning: variant `FieldName` is never constructed
[INFO] [stderr]   --> src/emulator/test.rs:59:5
[INFO] [stderr]    |
[INFO] [stderr] 56 | enum OperandType {
[INFO] [stderr]    |      ----------- variant in this enum
[INFO] [stderr] ...
[INFO] [stderr] 59 |     FieldName,
[INFO] [stderr]    |     ^^^^^^^^^
[INFO] [stderr]    |
[INFO] [stderr]    = note: `OperandType` has a derived impl for the trait `Debug`, but this is intentionally ignored during dead code analysis
[INFO] [stderr] 
[INFO] [stderr] warning: type alias `Record` is never used
[INFO] [stderr]   --> src/emulator/test.rs:68:6
[INFO] [stderr]    |
[INFO] [stderr] 68 | type Record = usize;
[INFO] [stderr]    |      ^^^^^^
[INFO] [stderr] 
[INFO] [stderr] warning: methods `run_tests_with_cleanup` and `get_variable_by_name` are never used
[INFO] [stderr]    --> src/emulator/test.rs:152:12
[INFO] [stderr]     |
[INFO] [stderr] 101 | impl<'a> TestEnvironment<'a> {
[INFO] [stderr]     | ---------------------------- methods in this implementation
[INFO] [stderr] ...
[INFO] [stderr] 152 |     pub fn run_tests_with_cleanup(&mut self) {
[INFO] [stderr]     |            ^^^^^^^^^^^^^^^^^^^^^^
[INFO] [stderr] ...
[INFO] [stderr] 466 |     pub fn get_variable_by_name(&self, scope: usize, var: &str) -> Option<&Variable> {
[INFO] [stderr]     |            ^^^^^^^^^^^^^^^^^^^^
[INFO] [stderr] 
[INFO] [stderr] warning: variant `UnexpectedEOF` is never constructed
[INFO] [stderr]   --> src/emulator/calc_lexer.rs:10:5
[INFO] [stderr]    |
[INFO] [stderr] 7  | pub enum LexerError {
[INFO] [stderr]    |          ---------- variant in this enum
[INFO] [stderr] ...
[INFO] [stderr] 10 |     UnexpectedEOF,
[INFO] [stderr]    |     ^^^^^^^^^^^^^
[INFO] [stderr]    |
[INFO] [stderr]    = note: `LexerError` has a derived impl for the trait `Debug`, but this is intentionally ignored during dead code analysis
[INFO] [stderr] 
[INFO] [stderr] warning: enum `Precedence` is never used
[INFO] [stderr]  --> src/emulator/calc_parser.rs:7:6
[INFO] [stderr]   |
[INFO] [stderr] 7 | enum Precedence {
[INFO] [stderr]   |      ^^^^^^^^^^
[INFO] [stderr] 
[INFO] [stderr] warning: associated functions `from_int` and `to_int` are never used
[INFO] [stderr]   --> src/emulator/calc_parser.rs:18:12
[INFO] [stderr]    |
[INFO] [stderr] 17 | impl Precedence {
[INFO] [stderr]    | --------------- associated functions in this implementation
[INFO] [stderr] 18 |     pub fn from_int(num: usize) -> Result<Self, String> {
[INFO] [stderr]    |            ^^^^^^^^
[INFO] [stderr] ...
[INFO] [stderr] 30 |     pub fn to_int(num: Self) -> usize {
[INFO] [stderr]    |            ^^^^^^
[INFO] [stderr] 
[INFO] [stderr] warning: variant `Unary` is never constructed
[INFO] [stderr]   --> src/emulator/calc_parser.rs:48:5
[INFO] [stderr]    |
[INFO] [stderr] 47 | pub enum Node {
[INFO] [stderr]    |          ---- variant in this enum
[INFO] [stderr] 48 |     Unary { value: String, child: Option<Box<Node>> },
[INFO] [stderr]    |     ^^^^^
[INFO] [stderr]    |
[INFO] [stderr]    = note: `Node` has derived impls for the traits `Debug` and `Clone`, but these are intentionally ignored during dead code analysis
[INFO] [stderr] 
[INFO] [stderr] warning: method `previous` is never used
[INFO] [stderr]    --> src/emulator/calc_parser.rs:108:8
[INFO] [stderr]     |
[INFO] [stderr] 86  | impl TokenList {
[INFO] [stderr]     | -------------- method in this implementation
[INFO] [stderr] ...
[INFO] [stderr] 108 |     fn previous(&self) -> Option<&Token> {
[INFO] [stderr]     |        ^^^^^^^^
[INFO] [stderr] 
[INFO] [stderr] warning: variant `MissingToken` is never constructed
[INFO] [stderr]    --> src/emulator/calc_parser.rs:124:5
[INFO] [stderr]     |
[INFO] [stderr] 122 | pub enum ParserError {
[INFO] [stderr]     |          ----------- variant in this enum
[INFO] [stderr] 123 |     UnexpectedToken { token: Token, expected: Vec<TokenType> },
[INFO] [stderr] 124 |     MissingToken { expected: TokenType, position: usize },
[INFO] [stderr]     |     ^^^^^^^^^^^^
[INFO] [stderr]     |
[INFO] [stderr]     = note: `ParserError` has a derived impl for the trait `Debug`, but this is intentionally ignored during dead code analysis
[INFO] [stderr] 
[INFO] [stderr] warning: methods `parse_func_call`, `parse_identifier`, `parse_numeric`, and `parse_string` are never used
[INFO] [stderr]    --> src/emulator/calc_parser.rs:167:12
[INFO] [stderr]     |
[INFO] [stderr] 145 | impl Parser {
[INFO] [stderr]     | ----------- methods in this implementation
[INFO] [stderr] ...
[INFO] [stderr] 167 |     pub fn parse_func_call(&mut self, _name: String) -> Result<Box<Node>, &str>{
[INFO] [stderr]     |            ^^^^^^^^^^^^^^^
[INFO] [stderr] ...
[INFO] [stderr] 171 |     pub fn parse_identifier(&mut self, tok: Token) -> Result<Box<Node>, &str> {
[INFO] [stderr]     |            ^^^^^^^^^^^^^^^^
[INFO] [stderr] ...
[INFO] [stderr] 227 |     pub fn parse_numeric(&mut self, tok: Token) -> Result<Box<Node>, &str> {
[INFO] [stderr]     |            ^^^^^^^^^^^^^
[INFO] [stderr] ...
[INFO] [stderr] 284 |     fn parse_string(&mut self, tok: Token) -> Result<Box<Node>, &str> {
[INFO] [stderr]     |        ^^^^^^^^^^^^
[INFO] [stderr] 
[INFO] [stderr] warning: method `delete_record` is never used
[INFO] [stderr]   --> src/emulator/database.rs:50:12
[INFO] [stderr]    |
[INFO] [stderr] 32 | impl TableObject {
[INFO] [stderr]    | ---------------- method in this implementation
[INFO] [stderr] ...
[INFO] [stderr] 50 |     pub fn delete_record(&mut self, record_id: u16) {
[INFO] [stderr]    |            ^^^^^^^^^^^^^
[INFO] [stderr] 
[INFO] [stderr] warning: field `records` is never read
[INFO] [stderr]   --> src/emulator/database.rs:59:5
[INFO] [stderr]    |
[INFO] [stderr] 56 | pub struct RelatedRecordSet {
[INFO] [stderr]    |            ---------------- field in this struct
[INFO] [stderr] ...
[INFO] [stderr] 59 |     records: Vec<usize>,
[INFO] [stderr]    |     ^^^^^^^
[INFO] [stderr]    |
[INFO] [stderr]    = note: `RelatedRecordSet` has derived impls for the traits `Debug` and `Clone`, but these are intentionally ignored during dead code analysis
[INFO] [stderr] 
[INFO] [stderr] warning: multiple methods are never used
[INFO] [stderr]    --> src/emulator/database.rs:110:12
[INFO] [stderr]     |
[INFO] [stderr] 99  | impl Database {
[INFO] [stderr]     | ------------- methods in this implementation
[INFO] [stderr] ...
[INFO] [stderr] 110 |     pub fn clear_records(&mut self) {
[INFO] [stderr]     |            ^^^^^^^^^^^^^
[INFO] [stderr] ...
[INFO] [stderr] 254 |     pub fn get_occurrence_mut(&mut self, occurrence_handle: usize) -> &mut TableOccurrence {
[INFO] [stderr]     |            ^^^^^^^^^^^^^^^^^^
[INFO] [stderr] ...
[INFO] [stderr] 262 |     pub fn get_occurrence_by_name_mut(&mut self, occurrence_handle: &str) -> &mut TableOccurrence {
[INFO] [stderr]     |            ^^^^^^^^^^^^^^^^^^^^^^^^^^
[INFO] [stderr] ...
[INFO] [stderr] 298 |     pub fn get_table_mut(&mut self, name: &str) -> Option<&mut TableObject> {
[INFO] [stderr]     |            ^^^^^^^^^^^^^
[INFO] [stderr] ...
[INFO] [stderr] 302 |     pub fn get_records_for_current_table(&self) -> &Vec<Field> {
[INFO] [stderr]     |            ^^^^^^^^^^^^^^^^^^^^^^^^^^^^^
[INFO] [stderr] ...
[INFO] [stderr] 367 |     pub fn get_current_record_by_field_mut(&mut self, field: &str) -> Result<&mut str, &str> {
[INFO] [stderr]     |            ^^^^^^^^^^^^^^^^^^^^^^^^^^^^^^^
[INFO] [stderr] ...
[INFO] [stderr] 385 |     pub fn get_current_record_by_table_field(&self, occurrence: &str, field: &str) -> Result<&str, &str> {
[INFO] [stderr]     |            ^^^^^^^^^^^^^^^^^^^^^^^^^^^^^^^^^
[INFO] [stderr] ...
[INFO] [stderr] 579 |     pub fn get_related_record_field_mut(&mut self, occurrence: &str, field: &str) -> &mut str {
[INFO] [stderr]     |            ^^^^^^^^^^^^^^^^^^^^^^^^^^^^
[INFO] [stderr] ...
[INFO] [stderr] 601 |     pub fn get_nth_related_record_field(&mut self, occurrence: &str, field: &str, n: usize) -> &str {
[INFO] [stderr]     |            ^^^^^^^^^^^^^^^^^^^^^^^^^^^^
[INFO] [stderr] ...
[INFO] [stderr] 628 |     pub fn get_nth_related_record_field_mut(&mut self, occurrence: &str, field: &str, n: usize) -> &mut str {
[INFO] [stderr]     |            ^^^^^^^^^^^^^^^^^^^^^^^^^^^^^^^^
[INFO] [stderr] 
[INFO] [stderr] warning: variants `SemiColon`, `OpenSquare`, and `CloseSquare` are never constructed
[INFO] [stderr]   --> src/emulator/calc_tokens.rs:9:5
[INFO] [stderr]    |
[INFO] [stderr] 3  | pub enum TokenType {
[INFO] [stderr]    |          --------- variants in this enum
[INFO] [stderr] ...
[INFO] [stderr] 9  |     SemiColon,
[INFO] [stderr]    |     ^^^^^^^^^
[INFO] [stderr] 10 |     Comma,
[INFO] [stderr] 11 |     OpenSquare,
[INFO] [stderr]    |     ^^^^^^^^^^
[INFO] [stderr] 12 |     CloseSquare,
[INFO] [stderr]    |     ^^^^^^^^^^^
[INFO] [stderr]    |
[INFO] [stderr]    = note: `TokenType` has derived impls for the traits `Clone` and `Debug`, but these are intentionally ignored during dead code analysis
[INFO] [stderr] 
[INFO] [stderr] warning: fields `fields`, `relations`, `value_lists`, `scripts`, and `tests` are never read
[INFO] [stderr]   --> src/diff.rs:10:9
[INFO] [stderr]    |
[INFO] [stderr] 8  | pub struct SchemaDiff {
[INFO] [stderr]    |            ---------- fields in this struct
[INFO] [stderr] 9  |     pub tables: DiffCollection,
[INFO] [stderr] 10 |     pub fields: DiffCollection,
[INFO] [stderr]    |         ^^^^^^
[INFO] [stderr] 11 |     pub table_occurrences: DiffCollection,
[INFO] [stderr] 12 |     pub relations: DiffCollection,
[INFO] [stderr]    |         ^^^^^^^^^
[INFO] [stderr] 13 |     pub value_lists: DiffCollection,
[INFO] [stderr]    |         ^^^^^^^^^^^
[INFO] [stderr] 14 |     pub scripts: DiffCollection,
[INFO] [stderr]    |         ^^^^^^^
[INFO] [stderr] 15 |     pub tests: DiffCollection,
[INFO] [stderr]    |         ^^^^^
[INFO] [stderr] 
[INFO] [stderr] warning: function `get_relations_diffs` is never used
[INFO] [stderr]   --> src/diff.rs:76:8
[INFO] [stderr]    |
[INFO] [stderr] 76 | pub fn get_relations_diffs(original: &Schema, updated: &Schema) -> DiffCollection {
[INFO] [stderr]    |        ^^^^^^^^^^^^^^^^^^^
[INFO] [stderr] 
[INFO] [stderr] warning: `fmc` (bin "fmc" test) generated 118 warnings (run `cargo fix --bin "fmc" --tests` to apply 19 suggestions)
[INFO] [stderr]     Finished `test` profile [unoptimized + debuginfo] target(s) in 0.07s
[INFO] [stderr]      Running unittests src/main.rs (/opt/rustwide/target/debug/deps/fmc-4d58cb107a294c1e)
[INFO] [stdout] 
[INFO] [stdout] running 45 tests
[INFO] [stdout] test burn_script::lexer::tests::lex_test_basic ... ok
[INFO] [stdout] test burn_script::parser::tests::parse_test_basic ... ok
[INFO] [stdout] test cadlang::lexer::tests::lex_test ... ok
[INFO] [stdout] test cadlang::parser::tests::basic_table_occurrence_parse_test ... ok
[INFO] [stdout] test cadlang::parser::tests::basic_table_parse_test ... ok
[INFO] [stdout] test cadlang::parser::tests::field_value_list ... ok
[INFO] [stdout] test cadlang::parser::tests::field_value_list_double_with_from_option ... ok
[INFO] [stdout] test cadlang::parser::tests::compile_initial_cad ... ok
[INFO] [stdout] test cadlang::parser::tests::custom_value_list ... ok
[INFO] [stdout] test cadlang::parser::tests::field_value_list_double_with_options ... ok
[INFO] [stdout] test cadlang::parser::tests::field_value_list_double_with_sort_option ... ok
[INFO] [stdout] test cadlang::parser::tests::field_value_list_single ... ok
[INFO] [stdout] test cadlang::parser::tests::field_value_list_single_with_options ... ok
[INFO] [stdout] test cadlang::parser::tests::relation_compound_criteria_test ... ok
[INFO] [stdout] test cadlang::parser::tests::relation_invalid_criteria_test ... ok
[INFO] [stdout] test cadlang::parser::tests::relation_single_criteria_test ... ok
[INFO] [stdout] test cadlang::parser::tests::value_list_single_followed_by_object ... ok
[INFO] [stdout] test emulator::calc_parser::tests::basic_addition ... ok
[INFO] [stdout] test emulator::calc_parser::tests::group_arithmetic ... ok
[INFO] [stdout] test emulator::relation_mgr::tests::graph_test ... ok
[INFO] [stdout] test cadlang::staging::tests::multi_crit_relation_to_real ... ok
[INFO] [stdout] test emulator::test::tests::prec_test ... ok
[INFO] [stdout] test emulator::calc_parser::tests::string_concat ... ok
[INFO] [stdout] test hbam2::bplustree::tests::index_page_parse_basic ... ok
[INFO] [stdout] test emulator::database::tests::multi_criteria_test ... ok
[INFO] [stdout] test hbam2::bplustree::tests::get_keyvalue_test ... ok
[INFO] [stdout] test emulator::test::tests::calc_test ... ok
[INFO] [stdout] test hbam2::api::tests::get_keyval_test ... ok
[INFO] [stdout] test hbam2::bplustree::tests::index_page_parse_large_segment_list_middle ... ok
[INFO] [stdout] test hbam2::bplustree::tests::index_page_parse_large_segment_list_start ... ok
[INFO] [stdout] test hbam2::bplustree::tests::index_page_parse_layered_repeating_key_components_after ... ok
[INFO] [stdout] test hbam2::bplustree::tests::index_page_parse_layered_repeating_key_components_exact ... ok
[INFO] [stdout] test hbam::btree::tests::directory_traversal_test ... ok
[INFO] [stdout] test hbam::btree::tests::emit_block_test ... ok
[INFO] [stdout] test hbam::btree::tests::changes_test ... ok
[INFO] [stdout] test util::dbcharconv::tests::encode_test ... ok
[INFO] [stdout] test util::encoding_util::tests::path_int_testing ... ok
[INFO] [stdout] test util::encoding_util::tests::string_testing ... ok
[INFO] [stdout] test hbam::path::tests::path_cmp ... ok
[INFO] [stdout] test util::encoding_util::tests::int_testing ... ok
[INFO] [stdout] test emulator::test::tests::basic_loop_test ... FAILED
[INFO] [stdout] test hbam::fs::tests::kv_retrieval_test ... FAILED
[INFO] [stdout] test hbam::fs::tests::kv_set_test ... FAILED
[INFO] [stdout] test hbam::fs::tests::long_kv_set_test ... FAILED
[INFO] [stdout] test hbam::fs::tests::dir_traversal_test ... FAILED
[INFO] [stdout] 
[INFO] [stdout] failures:
[INFO] [stdout] 
[INFO] [stdout] ---- emulator::test::tests::basic_loop_test stdout ----
[INFO] [stdout] thread 'emulator::test::tests::basic_loop_test' panicked at src/hbam/btree.rs:43:18:
[INFO] [stdout] Unable to open file.: Os { code: 30, kind: ReadOnlyFilesystem, message: "Read-only file system" }
[INFO] [stdout] stack backtrace:
[INFO] [stdout]    0:     0x5ed8a7cc2aca - std::backtrace_rs::backtrace::libunwind::trace::h207520d6e9873551
[INFO] [stdout]                                at /rustc/df4ca44d3fbc9301ee17f30f4d474e6ae4b05252/library/std/src/../../backtrace/src/backtrace/libunwind.rs:116:5
[INFO] [stdout]    1:     0x5ed8a7cc2aca - std::backtrace_rs::backtrace::trace_unsynchronized::h2ed7433f370e3eca
[INFO] [stdout]                                at /rustc/df4ca44d3fbc9301ee17f30f4d474e6ae4b05252/library/std/src/../../backtrace/src/backtrace/mod.rs:66:5
[INFO] [stdout]    2:     0x5ed8a7cc2aca - std::sys::backtrace::_print_fmt::h916fac51166b18d7
[INFO] [stdout]                                at /rustc/df4ca44d3fbc9301ee17f30f4d474e6ae4b05252/library/std/src/sys/backtrace.rs:66:9
[INFO] [stdout]    3:     0x5ed8a7cc2aca - <std::sys::backtrace::BacktraceLock::print::DisplayBacktrace as core::fmt::Display>::fmt::ha0a4c9b8ce3802e6
[INFO] [stdout]                                at /rustc/df4ca44d3fbc9301ee17f30f4d474e6ae4b05252/library/std/src/sys/backtrace.rs:39:26
[INFO] [stdout]    4:     0x5ed8a7ceb623 - core::fmt::rt::Argument::fmt::h4cfc8587d52b3eb5
[INFO] [stdout]                                at /rustc/df4ca44d3fbc9301ee17f30f4d474e6ae4b05252/library/core/src/fmt/rt.rs:177:76
[INFO] [stdout]    5:     0x5ed8a7ceb623 - core::fmt::write::h522cc39e5b36ae9f
[INFO] [stdout]                                at /rustc/df4ca44d3fbc9301ee17f30f4d474e6ae4b05252/library/core/src/fmt/mod.rs:1190:21
[INFO] [stdout]    6:     0x5ed8a7cbf4b3 - std::io::Write::write_fmt::h7d3c26752da97734
[INFO] [stdout]                                at /rustc/df4ca44d3fbc9301ee17f30f4d474e6ae4b05252/library/std/src/io/mod.rs:1839:15
[INFO] [stdout]    7:     0x5ed8a7cc2912 - std::sys::backtrace::BacktraceLock::print::h4b9e00b29e9c0942
[INFO] [stdout]                                at /rustc/df4ca44d3fbc9301ee17f30f4d474e6ae4b05252/library/std/src/sys/backtrace.rs:42:9
[INFO] [stdout]    8:     0x5ed8a7cc3f5a - std::panicking::default_hook::{{closure}}::hb59b88280d0324d9
[INFO] [stdout]                                at /rustc/df4ca44d3fbc9301ee17f30f4d474e6ae4b05252/library/std/src/panicking.rs:268:22
[INFO] [stdout]    9:     0x5ed8a7cc3d64 - std::panicking::default_hook::he1dd496665be4a29
[INFO] [stdout]                                at /rustc/df4ca44d3fbc9301ee17f30f4d474e6ae4b05252/library/std/src/panicking.rs:292:9
[INFO] [stdout]   10:     0x5ed8a7c53989 - <alloc::boxed::Box<F,A> as core::ops::function::Fn<Args>>::call::h4ff71de18744e1dc
[INFO] [stdout]                                at /rustc/df4ca44d3fbc9301ee17f30f4d474e6ae4b05252/library/alloc/src/boxed.rs:2468:9
[INFO] [stdout]   11:     0x5ed8a7c53989 - test::test_main::{{closure}}::hcf7c055ce117aa81
[INFO] [stdout]                                at /rustc/df4ca44d3fbc9301ee17f30f4d474e6ae4b05252/library/test/src/lib.rs:133:21
[INFO] [stdout]   12:     0x5ed8a7cc4658 - <alloc::boxed::Box<F,A> as core::ops::function::Fn<Args>>::call::h1d66c6bbd60c9692
[INFO] [stdout]                                at /rustc/df4ca44d3fbc9301ee17f30f4d474e6ae4b05252/library/alloc/src/boxed.rs:2468:9
[INFO] [stdout]   13:     0x5ed8a7cc4658 - std::panicking::rust_panic_with_hook::h2ff17fe8f26dfcf8
[INFO] [stdout]                                at /rustc/df4ca44d3fbc9301ee17f30f4d474e6ae4b05252/library/std/src/panicking.rs:809:13
[INFO] [stdout]   14:     0x5ed8a7cc441a - std::panicking::begin_panic_handler::{{closure}}::h4fad77951c07e101
[INFO] [stdout]                                at /rustc/df4ca44d3fbc9301ee17f30f4d474e6ae4b05252/library/std/src/panicking.rs:674:13
[INFO] [stdout]   15:     0x5ed8a7cc2fa9 - std::sys::backtrace::__rust_end_short_backtrace::hb1a25b3da5d0ea08
[INFO] [stdout]                                at /rustc/df4ca44d3fbc9301ee17f30f4d474e6ae4b05252/library/std/src/sys/backtrace.rs:170:18
[INFO] [stdout]   16:     0x5ed8a7cc40ac - rust_begin_unwind
[INFO] [stdout]                                at /rustc/df4ca44d3fbc9301ee17f30f4d474e6ae4b05252/library/std/src/panicking.rs:665:5
[INFO] [stdout]   17:     0x5ed8a7ce92b0 - core::panicking::panic_fmt::ha9db07b529f9b256
[INFO] [stdout]                                at /rustc/df4ca44d3fbc9301ee17f30f4d474e6ae4b05252/library/core/src/panicking.rs:75:14
[INFO] [stdout]   18:     0x5ed8a7ce9796 - core::result::unwrap_failed::h5e8218e4d4338b8a
[INFO] [stdout]                                at /rustc/df4ca44d3fbc9301ee17f30f4d474e6ae4b05252/library/core/src/result.rs:1698:5
[INFO] [stdout]   19:     0x5ed8a7b9b24d - core::result::Result<T,E>::expect::h35bfda30f1c6ea3f
[INFO] [stdout]                                at /rustc/df4ca44d3fbc9301ee17f30f4d474e6ae4b05252/library/core/src/result.rs:1060:23
[INFO] [stdout]   20:     0x5ed8a7b8d476 - fmc::hbam::btree::HBAMFile::new::hf3dca2bb0e753a0a
[INFO] [stdout]                                at /opt/rustwide/workdir/src/hbam/btree.rs:40:17
[INFO] [stdout]   21:     0x5ed8a7bd7d0b - fmc::hbam::fs::HBAMInterface::new::h472e13d15d6ccf1c
[INFO] [stdout]                                at /opt/rustwide/workdir/src/hbam/fs.rs:18:20
[INFO] [stdout]   22:     0x5ed8a7be78cf - fmc::emulator::test::tests::basic_loop_test::h6c2b154a060e5fb8
[INFO] [stdout]                                at /opt/rustwide/workdir/src/emulator/test.rs:834:42
[INFO] [stdout]   23:     0x5ed8a7be7837 - fmc::emulator::test::tests::basic_loop_test::{{closure}}::hfe0e6ec899352646
[INFO] [stdout]                                at /opt/rustwide/workdir/src/emulator/test.rs:786:29
[INFO] [stdout]   24:     0x5ed8a7b7c0f6 - core::ops::function::FnOnce::call_once::h6952154ffa51b127
[INFO] [stdout]                                at /rustc/df4ca44d3fbc9301ee17f30f4d474e6ae4b05252/library/core/src/ops/function.rs:250:5
[INFO] [stdout]   25:     0x5ed8a7c5825b - core::ops::function::FnOnce::call_once::h22c3ba5715e93f05
[INFO] [stdout]                                at /rustc/df4ca44d3fbc9301ee17f30f4d474e6ae4b05252/library/core/src/ops/function.rs:250:5
[INFO] [stdout]   26:     0x5ed8a7c5825b - test::__rust_begin_short_backtrace::h8e82d8113d0da17f
[INFO] [stdout]                                at /rustc/df4ca44d3fbc9301ee17f30f4d474e6ae4b05252/library/test/src/lib.rs:621:18
[INFO] [stdout]   27:     0x5ed8a7c57bd7 - test::run_test_in_process::{{closure}}::h33235f4f20b7b7c7
[INFO] [stdout]                                at /rustc/df4ca44d3fbc9301ee17f30f4d474e6ae4b05252/library/test/src/lib.rs:644:60
[INFO] [stdout]   28:     0x5ed8a7c57bd7 - <core::panic::unwind_safe::AssertUnwindSafe<F> as core::ops::function::FnOnce<()>>::call_once::hb5043206310c586f
[INFO] [stdout]                                at /rustc/df4ca44d3fbc9301ee17f30f4d474e6ae4b05252/library/core/src/panic/unwind_safe.rs:272:9
[INFO] [stdout]   29:     0x5ed8a7c57bd7 - std::panicking::try::do_call::h9ad4731a60ab23e2
[INFO] [stdout]                                at /rustc/df4ca44d3fbc9301ee17f30f4d474e6ae4b05252/library/std/src/panicking.rs:557:40
[INFO] [stdout]   30:     0x5ed8a7c57bd7 - std::panicking::try::h3824d23db772a716
[INFO] [stdout]                                at /rustc/df4ca44d3fbc9301ee17f30f4d474e6ae4b05252/library/std/src/panicking.rs:520:19
[INFO] [stdout]   31:     0x5ed8a7c57bd7 - std::panic::catch_unwind::h5afd514605fde46b
[INFO] [stdout]                                at /rustc/df4ca44d3fbc9301ee17f30f4d474e6ae4b05252/library/std/src/panic.rs:358:14
[INFO] [stdout]   32:     0x5ed8a7c57bd7 - test::run_test_in_process::h0d5cbfa7067d1720
[INFO] [stdout]                                at /rustc/df4ca44d3fbc9301ee17f30f4d474e6ae4b05252/library/test/src/lib.rs:644:27
[INFO] [stdout]   33:     0x5ed8a7c57bd7 - test::run_test::{{closure}}::h708eb8872708115d
[INFO] [stdout]                                at /rustc/df4ca44d3fbc9301ee17f30f4d474e6ae4b05252/library/test/src/lib.rs:565:43
[INFO] [stdout]   34:     0x5ed8a7c1b2f4 - test::run_test::{{closure}}::h392c51cee94713ab
[INFO] [stdout]                                at /rustc/df4ca44d3fbc9301ee17f30f4d474e6ae4b05252/library/test/src/lib.rs:595:41
[INFO] [stdout]   35:     0x5ed8a7c1b2f4 - std::sys::backtrace::__rust_begin_short_backtrace::h2f40290710935a8b
[INFO] [stdout]                                at /rustc/df4ca44d3fbc9301ee17f30f4d474e6ae4b05252/library/std/src/sys/backtrace.rs:154:18
[INFO] [stdout]   36:     0x5ed8a7c1ea9e - std::thread::Builder::spawn_unchecked_::{{closure}}::{{closure}}::h3fd968d89053a903
[INFO] [stdout]                                at /rustc/df4ca44d3fbc9301ee17f30f4d474e6ae4b05252/library/std/src/thread/mod.rs:541:17
[INFO] [stdout]   37:     0x5ed8a7c1ea9e - <core::panic::unwind_safe::AssertUnwindSafe<F> as core::ops::function::FnOnce<()>>::call_once::h743f637ba4229880
[INFO] [stdout]                                at /rustc/df4ca44d3fbc9301ee17f30f4d474e6ae4b05252/library/core/src/panic/unwind_safe.rs:272:9
[INFO] [stdout]   38:     0x5ed8a7c1ea9e - std::panicking::try::do_call::h07440897322525a6
[INFO] [stdout]                                at /rustc/df4ca44d3fbc9301ee17f30f4d474e6ae4b05252/library/std/src/panicking.rs:557:40
[INFO] [stdout]   39:     0x5ed8a7c1ea9e - std::panicking::try::he5a2e00188156637
[INFO] [stdout]                                at /rustc/df4ca44d3fbc9301ee17f30f4d474e6ae4b05252/library/std/src/panicking.rs:520:19
[INFO] [stdout]   40:     0x5ed8a7c1ea9e - std::panic::catch_unwind::hbaf3cae49b3c6433
[INFO] [stdout]                                at /rustc/df4ca44d3fbc9301ee17f30f4d474e6ae4b05252/library/std/src/panic.rs:358:14
[INFO] [stdout]   41:     0x5ed8a7c1ea9e - std::thread::Builder::spawn_unchecked_::{{closure}}::h8e141ea224820bce
[INFO] [stdout]                                at /rustc/df4ca44d3fbc9301ee17f30f4d474e6ae4b05252/library/std/src/thread/mod.rs:540:30
[INFO] [stdout]   42:     0x5ed8a7c1ea9e - core::ops::function::FnOnce::call_once{{vtable.shim}}::h90d312fedd7b8ea8
[INFO] [stdout]                                at /rustc/df4ca44d3fbc9301ee17f30f4d474e6ae4b05252/library/core/src/ops/function.rs:250:5
[INFO] [stdout]   43:     0x5ed8a7cc87eb - <alloc::boxed::Box<F,A> as core::ops::function::FnOnce<Args>>::call_once::h69aa08ddb6adb8b6
[INFO] [stdout]                                at /rustc/df4ca44d3fbc9301ee17f30f4d474e6ae4b05252/library/alloc/src/boxed.rs:2454:9
[INFO] [stdout]   44:     0x5ed8a7cc87eb - <alloc::boxed::Box<F,A> as core::ops::function::FnOnce<Args>>::call_once::h5aa36efdb79c806f
[INFO] [stdout]                                at /rustc/df4ca44d3fbc9301ee17f30f4d474e6ae4b05252/library/alloc/src/boxed.rs:2454:9
[INFO] [stdout]   45:     0x5ed8a7cc87eb - std::sys::pal::unix::thread::Thread::new::thread_start::h6cd80a1b4be5158d
[INFO] [stdout]                                at /rustc/df4ca44d3fbc9301ee17f30f4d474e6ae4b05252/library/std/src/sys/pal/unix/thread.rs:105:17
[INFO] [stdout]   46:     0x7afaf3b35ac3 - <unknown>
[INFO] [stdout]   47:     0x7afaf3bc6a04 - clone
[INFO] [stdout]   48:                0x0 - <unknown>
[INFO] [stdout] 
[INFO] [stdout] ---- hbam::fs::tests::kv_retrieval_test stdout ----
[INFO] [stdout] thread 'hbam::fs::tests::kv_retrieval_test' panicked at src/hbam/btree.rs:43:18:
[INFO] [stdout] Unable to open file.: Os { code: 30, kind: ReadOnlyFilesystem, message: "Read-only file system" }
[INFO] [stdout] stack backtrace:
[INFO] [stdout]    0:     0x5ed8a7cc2aca - std::backtrace_rs::backtrace::libunwind::trace::h207520d6e9873551
[INFO] [stdout]                                at /rustc/df4ca44d3fbc9301ee17f30f4d474e6ae4b05252/library/std/src/../../backtrace/src/backtrace/libunwind.rs:116:5
[INFO] [stdout]    1:     0x5ed8a7cc2aca - std::backtrace_rs::backtrace::trace_unsynchronized::h2ed7433f370e3eca
[INFO] [stdout]                                at /rustc/df4ca44d3fbc9301ee17f30f4d474e6ae4b05252/library/std/src/../../backtrace/src/backtrace/mod.rs:66:5
[INFO] [stdout]    2:     0x5ed8a7cc2aca - std::sys::backtrace::_print_fmt::h916fac51166b18d7
[INFO] [stdout]                                at /rustc/df4ca44d3fbc9301ee17f30f4d474e6ae4b05252/library/std/src/sys/backtrace.rs:66:9
[INFO] [stdout]    3:     0x5ed8a7cc2aca - <std::sys::backtrace::BacktraceLock::print::DisplayBacktrace as core::fmt::Display>::fmt::ha0a4c9b8ce3802e6
[INFO] [stdout]                                at /rustc/df4ca44d3fbc9301ee17f30f4d474e6ae4b05252/library/std/src/sys/backtrace.rs:39:26
[INFO] [stdout]    4:     0x5ed8a7ceb623 - core::fmt::rt::Argument::fmt::h4cfc8587d52b3eb5
[INFO] [stdout]                                at /rustc/df4ca44d3fbc9301ee17f30f4d474e6ae4b05252/library/core/src/fmt/rt.rs:177:76
[INFO] [stdout]    5:     0x5ed8a7ceb623 - core::fmt::write::h522cc39e5b36ae9f
[INFO] [stdout]                                at /rustc/df4ca44d3fbc9301ee17f30f4d474e6ae4b05252/library/core/src/fmt/mod.rs:1190:21
[INFO] [stdout]    6:     0x5ed8a7cbf4b3 - std::io::Write::write_fmt::h7d3c26752da97734
[INFO] [stdout]                                at /rustc/df4ca44d3fbc9301ee17f30f4d474e6ae4b05252/library/std/src/io/mod.rs:1839:15
[INFO] [stdout]    7:     0x5ed8a7cc2912 - std::sys::backtrace::BacktraceLock::print::h4b9e00b29e9c0942
[INFO] [stdout]                                at /rustc/df4ca44d3fbc9301ee17f30f4d474e6ae4b05252/library/std/src/sys/backtrace.rs:42:9
[INFO] [stdout]    8:     0x5ed8a7cc3f5a - std::panicking::default_hook::{{closure}}::hb59b88280d0324d9
[INFO] [stdout]                                at /rustc/df4ca44d3fbc9301ee17f30f4d474e6ae4b05252/library/std/src/panicking.rs:268:22
[INFO] [stdout]    9:     0x5ed8a7cc3d64 - std::panicking::default_hook::he1dd496665be4a29
[INFO] [stdout]                                at /rustc/df4ca44d3fbc9301ee17f30f4d474e6ae4b05252/library/std/src/panicking.rs:292:9
[INFO] [stdout]   10:     0x5ed8a7c53989 - <alloc::boxed::Box<F,A> as core::ops::function::Fn<Args>>::call::h4ff71de18744e1dc
[INFO] [stdout]                                at /rustc/df4ca44d3fbc9301ee17f30f4d474e6ae4b05252/library/alloc/src/boxed.rs:2468:9
[INFO] [stdout]   11:     0x5ed8a7c53989 - test::test_main::{{closure}}::hcf7c055ce117aa81
[INFO] [stdout]                                at /rustc/df4ca44d3fbc9301ee17f30f4d474e6ae4b05252/library/test/src/lib.rs:133:21
[INFO] [stdout]   12:     0x5ed8a7cc4658 - <alloc::boxed::Box<F,A> as core::ops::function::Fn<Args>>::call::h1d66c6bbd60c9692
[INFO] [stdout]                                at /rustc/df4ca44d3fbc9301ee17f30f4d474e6ae4b05252/library/alloc/src/boxed.rs:2468:9
[INFO] [stdout]   13:     0x5ed8a7cc4658 - std::panicking::rust_panic_with_hook::h2ff17fe8f26dfcf8
[INFO] [stdout]                                at /rustc/df4ca44d3fbc9301ee17f30f4d474e6ae4b05252/library/std/src/panicking.rs:809:13
[INFO] [stdout]   14:     0x5ed8a7cc441a - std::panicking::begin_panic_handler::{{closure}}::h4fad77951c07e101
[INFO] [stdout]                                at /rustc/df4ca44d3fbc9301ee17f30f4d474e6ae4b05252/library/std/src/panicking.rs:674:13
[INFO] [stdout]   15:     0x5ed8a7cc2fa9 - std::sys::backtrace::__rust_end_short_backtrace::hb1a25b3da5d0ea08
[INFO] [stdout]                                at /rustc/df4ca44d3fbc9301ee17f30f4d474e6ae4b05252/library/std/src/sys/backtrace.rs:170:18
[INFO] [stdout]   16:     0x5ed8a7cc40ac - rust_begin_unwind
[INFO] [stdout]                                at /rustc/df4ca44d3fbc9301ee17f30f4d474e6ae4b05252/library/std/src/panicking.rs:665:5
[INFO] [stdout]   17:     0x5ed8a7ce92b0 - core::panicking::panic_fmt::ha9db07b529f9b256
[INFO] [stdout]                                at /rustc/df4ca44d3fbc9301ee17f30f4d474e6ae4b05252/library/core/src/panicking.rs:75:14
[INFO] [stdout]   18:     0x5ed8a7ce9796 - core::result::unwrap_failed::h5e8218e4d4338b8a
[INFO] [stdout]                                at /rustc/df4ca44d3fbc9301ee17f30f4d474e6ae4b05252/library/core/src/result.rs:1698:5
[INFO] [stdout]   19:     0x5ed8a7b9b24d - core::result::Result<T,E>::expect::h35bfda30f1c6ea3f
[INFO] [stdout]                                at /rustc/df4ca44d3fbc9301ee17f30f4d474e6ae4b05252/library/core/src/result.rs:1060:23
[INFO] [stdout]   20:     0x5ed8a7b8d476 - fmc::hbam::btree::HBAMFile::new::hf3dca2bb0e753a0a
[INFO] [stdout]                                at /opt/rustwide/workdir/src/hbam/btree.rs:40:17
[INFO] [stdout]   21:     0x5ed8a7bd7d0b - fmc::hbam::fs::HBAMInterface::new::h472e13d15d6ccf1c
[INFO] [stdout]                                at /opt/rustwide/workdir/src/hbam/fs.rs:18:20
[INFO] [stdout]   22:     0x5ed8a7be3a58 - fmc::hbam::fs::tests::kv_retrieval_test::hd3d1b791254c50a3
[INFO] [stdout]                                at /opt/rustwide/workdir/src/hbam/fs.rs:528:24
[INFO] [stdout]   23:     0x5ed8a7be3a17 - fmc::hbam::fs::tests::kv_retrieval_test::{{closure}}::ha47c9c20fd6ef018
[INFO] [stdout]                                at /opt/rustwide/workdir/src/hbam/fs.rs:527:27
[INFO] [stdout]   24:     0x5ed8a7b7b7c6 - core::ops::function::FnOnce::call_once::h2a197ade61c67c7c
[INFO] [stdout]                                at /rustc/df4ca44d3fbc9301ee17f30f4d474e6ae4b05252/library/core/src/ops/function.rs:250:5
[INFO] [stdout]   25:     0x5ed8a7c5825b - core::ops::function::FnOnce::call_once::h22c3ba5715e93f05
[INFO] [stdout]                                at /rustc/df4ca44d3fbc9301ee17f30f4d474e6ae4b05252/library/core/src/ops/function.rs:250:5
[INFO] [stdout]   26:     0x5ed8a7c5825b - test::__rust_begin_short_backtrace::h8e82d8113d0da17f
[INFO] [stdout]                                at /rustc/df4ca44d3fbc9301ee17f30f4d474e6ae4b05252/library/test/src/lib.rs:621:18
[INFO] [stdout]   27:     0x5ed8a7c57bd7 - test::run_test_in_process::{{closure}}::h33235f4f20b7b7c7
[INFO] [stdout]                                at /rustc/df4ca44d3fbc9301ee17f30f4d474e6ae4b05252/library/test/src/lib.rs:644:60
[INFO] [stdout]   28:     0x5ed8a7c57bd7 - <core::panic::unwind_safe::AssertUnwindSafe<F> as core::ops::function::FnOnce<()>>::call_once::hb5043206310c586f
[INFO] [stdout]                                at /rustc/df4ca44d3fbc9301ee17f30f4d474e6ae4b05252/library/core/src/panic/unwind_safe.rs:272:9
[INFO] [stdout]   29:     0x5ed8a7c57bd7 - std::panicking::try::do_call::h9ad4731a60ab23e2
[INFO] [stdout]                                at /rustc/df4ca44d3fbc9301ee17f30f4d474e6ae4b05252/library/std/src/panicking.rs:557:40
[INFO] [stdout]   30:     0x5ed8a7c57bd7 - std::panicking::try::h3824d23db772a716
[INFO] [stdout]                                at /rustc/df4ca44d3fbc9301ee17f30f4d474e6ae4b05252/library/std/src/panicking.rs:520:19
[INFO] [stdout]   31:     0x5ed8a7c57bd7 - std::panic::catch_unwind::h5afd514605fde46b
[INFO] [stdout]                                at /rustc/df4ca44d3fbc9301ee17f30f4d474e6ae4b05252/library/std/src/panic.rs:358:14
[INFO] [stdout]   32:     0x5ed8a7c57bd7 - test::run_test_in_process::h0d5cbfa7067d1720
[INFO] [stdout]                                at /rustc/df4ca44d3fbc9301ee17f30f4d474e6ae4b05252/library/test/src/lib.rs:644:27
[INFO] [stdout]   33:     0x5ed8a7c57bd7 - test::run_test::{{closure}}::h708eb8872708115d
[INFO] [stdout]                                at /rustc/df4ca44d3fbc9301ee17f30f4d474e6ae4b05252/library/test/src/lib.rs:565:43
[INFO] [stdout]   34:     0x5ed8a7c1b2f4 - test::run_test::{{closure}}::h392c51cee94713ab
[INFO] [stdout]                                at /rustc/df4ca44d3fbc9301ee17f30f4d474e6ae4b05252/library/test/src/lib.rs:595:41
[INFO] [stdout]   35:     0x5ed8a7c1b2f4 - std::sys::backtrace::__rust_begin_short_backtrace::h2f40290710935a8b
[INFO] [stdout]                                at /rustc/df4ca44d3fbc9301ee17f30f4d474e6ae4b05252/library/std/src/sys/backtrace.rs:154:18
[INFO] [stdout]   36:     0x5ed8a7c1ea9e - std::thread::Builder::spawn_unchecked_::{{closure}}::{{closure}}::h3fd968d89053a903
[INFO] [stdout]                                at /rustc/df4ca44d3fbc9301ee17f30f4d474e6ae4b05252/library/std/src/thread/mod.rs:541:17
[INFO] [stdout]   37:     0x5ed8a7c1ea9e - <core::panic::unwind_safe::AssertUnwindSafe<F> as core::ops::function::FnOnce<()>>::call_once::h743f637ba4229880
[INFO] [stdout]                                at /rustc/df4ca44d3fbc9301ee17f30f4d474e6ae4b05252/library/core/src/panic/unwind_safe.rs:272:9
[INFO] [stdout]   38:     0x5ed8a7c1ea9e - std::panicking::try::do_call::h07440897322525a6
[INFO] [stdout]                                at /rustc/df4ca44d3fbc9301ee17f30f4d474e6ae4b05252/library/std/src/panicking.rs:557:40
[INFO] [stdout]   39:     0x5ed8a7c1ea9e - std::panicking::try::he5a2e00188156637
[INFO] [stdout]                                at /rustc/df4ca44d3fbc9301ee17f30f4d474e6ae4b05252/library/std/src/panicking.rs:520:19
[INFO] [stdout]   40:     0x5ed8a7c1ea9e - std::panic::catch_unwind::hbaf3cae49b3c6433
[INFO] [stdout]                                at /rustc/df4ca44d3fbc9301ee17f30f4d474e6ae4b05252/library/std/src/panic.rs:358:14
[INFO] [stdout]   41:     0x5ed8a7c1ea9e - std::thread::Builder::spawn_unchecked_::{{closure}}::h8e141ea224820bce
[INFO] [stdout]                                at /rustc/df4ca44d3fbc9301ee17f30f4d474e6ae4b05252/library/std/src/thread/mod.rs:540:30
[INFO] [stdout]   42:     0x5ed8a7c1ea9e - core::ops::function::FnOnce::call_once{{vtable.shim}}::h90d312fedd7b8ea8
[INFO] [stdout]                                at /rustc/df4ca44d3fbc9301ee17f30f4d474e6ae4b05252/library/core/src/ops/function.rs:250:5
[INFO] [stdout]   43:     0x5ed8a7cc87eb - <alloc::boxed::Box<F,A> as core::ops::function::FnOnce<Args>>::call_once::h69aa08ddb6adb8b6
[INFO] [stdout]                                at /rustc/df4ca44d3fbc9301ee17f30f4d474e6ae4b05252/library/alloc/src/boxed.rs:2454:9
[INFO] [stdout]   44:     0x5ed8a7cc87eb - <alloc::boxed::Box<F,A> as core::ops::function::FnOnce<Args>>::call_once::h5aa36efdb79c806f
[INFO] [stdout]                                at /rustc/df4ca44d3fbc9301ee17f30f4d474e6ae4b05252/library/alloc/src/boxed.rs:2454:9
[INFO] [stdout]   45:     0x5ed8a7cc87eb - std::sys::pal::unix::thread::Thread::new::thread_start::h6cd80a1b4be5158d
[INFO] [stdout]                                at /rustc/df4ca44d3fbc9301ee17f30f4d474e6ae4b05252/library/std/src/sys/pal/unix/thread.rs:105:17
[INFO] [stdout]   46:     0x7afaf3b35ac3 - <unknown>
[INFO] [stdout]   47:     0x7afaf3bc6a04 - clone
[INFO] [stdout]   48:                0x0 - <unknown>
[INFO] [stdout] 
[INFO] [stdout] ---- hbam::fs::tests::kv_set_test stdout ----
[INFO] [stdout] thread 'hbam::fs::tests::kv_set_test' panicked at src/hbam/btree.rs:43:18:
[INFO] [stdout] Unable to open file.: Os { code: 30, kind: ReadOnlyFilesystem, message: "Read-only file system" }
[INFO] [stdout] stack backtrace:
[INFO] [stdout]    0:     0x5ed8a7cc2aca - std::backtrace_rs::backtrace::libunwind::trace::h207520d6e9873551
[INFO] [stdout]                                at /rustc/df4ca44d3fbc9301ee17f30f4d474e6ae4b05252/library/std/src/../../backtrace/src/backtrace/libunwind.rs:116:5
[INFO] [stdout]    1:     0x5ed8a7cc2aca - std::backtrace_rs::backtrace::trace_unsynchronized::h2ed7433f370e3eca
[INFO] [stdout]                                at /rustc/df4ca44d3fbc9301ee17f30f4d474e6ae4b05252/library/std/src/../../backtrace/src/backtrace/mod.rs:66:5
[INFO] [stdout]    2:     0x5ed8a7cc2aca - std::sys::backtrace::_print_fmt::h916fac51166b18d7
[INFO] [stdout]                                at /rustc/df4ca44d3fbc9301ee17f30f4d474e6ae4b05252/library/std/src/sys/backtrace.rs:66:9
[INFO] [stdout]    3:     0x5ed8a7cc2aca - <std::sys::backtrace::BacktraceLock::print::DisplayBacktrace as core::fmt::Display>::fmt::ha0a4c9b8ce3802e6
[INFO] [stdout]                                at /rustc/df4ca44d3fbc9301ee17f30f4d474e6ae4b05252/library/std/src/sys/backtrace.rs:39:26
[INFO] [stdout]    4:     0x5ed8a7ceb623 - core::fmt::rt::Argument::fmt::h4cfc8587d52b3eb5
[INFO] [stdout]                                at /rustc/df4ca44d3fbc9301ee17f30f4d474e6ae4b05252/library/core/src/fmt/rt.rs:177:76
[INFO] [stdout]    5:     0x5ed8a7ceb623 - core::fmt::write::h522cc39e5b36ae9f
[INFO] [stdout]                                at /rustc/df4ca44d3fbc9301ee17f30f4d474e6ae4b05252/library/core/src/fmt/mod.rs:1190:21
[INFO] [stdout]    6:     0x5ed8a7cbf4b3 - std::io::Write::write_fmt::h7d3c26752da97734
[INFO] [stdout]                                at /rustc/df4ca44d3fbc9301ee17f30f4d474e6ae4b05252/library/std/src/io/mod.rs:1839:15
[INFO] [stdout]    7:     0x5ed8a7cc2912 - std::sys::backtrace::BacktraceLock::print::h4b9e00b29e9c0942
[INFO] [stdout]                                at /rustc/df4ca44d3fbc9301ee17f30f4d474e6ae4b05252/library/std/src/sys/backtrace.rs:42:9
[INFO] [stdout]    8:     0x5ed8a7cc3f5a - std::panicking::default_hook::{{closure}}::hb59b88280d0324d9
[INFO] [stdout]                                at /rustc/df4ca44d3fbc9301ee17f30f4d474e6ae4b05252/library/std/src/panicking.rs:268:22
[INFO] [stdout]    9:     0x5ed8a7cc3d64 - std::panicking::default_hook::he1dd496665be4a29
[INFO] [stdout]                                at /rustc/df4ca44d3fbc9301ee17f30f4d474e6ae4b05252/library/std/src/panicking.rs:292:9
[INFO] [stdout]   10:     0x5ed8a7c53989 - <alloc::boxed::Box<F,A> as core::ops::function::Fn<Args>>::call::h4ff71de18744e1dc
[INFO] [stdout]                                at /rustc/df4ca44d3fbc9301ee17f30f4d474e6ae4b05252/library/alloc/src/boxed.rs:2468:9
[INFO] [stdout]   11:     0x5ed8a7c53989 - test::test_main::{{closure}}::hcf7c055ce117aa81
[INFO] [stdout]                                at /rustc/df4ca44d3fbc9301ee17f30f4d474e6ae4b05252/library/test/src/lib.rs:133:21
[INFO] [stdout]   12:     0x5ed8a7cc4658 - <alloc::boxed::Box<F,A> as core::ops::function::Fn<Args>>::call::h1d66c6bbd60c9692
[INFO] [stdout]                                at /rustc/df4ca44d3fbc9301ee17f30f4d474e6ae4b05252/library/alloc/src/boxed.rs:2468:9
[INFO] [stdout]   13:     0x5ed8a7cc4658 - std::panicking::rust_panic_with_hook::h2ff17fe8f26dfcf8
[INFO] [stdout]                                at /rustc/df4ca44d3fbc9301ee17f30f4d474e6ae4b05252/library/std/src/panicking.rs:809:13
[INFO] [stdout]   14:     0x5ed8a7cc441a - std::panicking::begin_panic_handler::{{closure}}::h4fad77951c07e101
[INFO] [stdout]                                at /rustc/df4ca44d3fbc9301ee17f30f4d474e6ae4b05252/library/std/src/panicking.rs:674:13
[INFO] [stdout]   15:     0x5ed8a7cc2fa9 - std::sys::backtrace::__rust_end_short_backtrace::hb1a25b3da5d0ea08
[INFO] [stdout]                                at /rustc/df4ca44d3fbc9301ee17f30f4d474e6ae4b05252/library/std/src/sys/backtrace.rs:170:18
[INFO] [stdout]   16:     0x5ed8a7cc40ac - rust_begin_unwind
[INFO] [stdout]                                at /rustc/df4ca44d3fbc9301ee17f30f4d474e6ae4b05252/library/std/src/panicking.rs:665:5
[INFO] [stdout]   17:     0x5ed8a7ce92b0 - core::panicking::panic_fmt::ha9db07b529f9b256
[INFO] [stdout]                                at /rustc/df4ca44d3fbc9301ee17f30f4d474e6ae4b05252/library/core/src/panicking.rs:75:14
[INFO] [stdout]   18:     0x5ed8a7ce9796 - core::result::unwrap_failed::h5e8218e4d4338b8a
[INFO] [stdout]                                at /rustc/df4ca44d3fbc9301ee17f30f4d474e6ae4b05252/library/core/src/result.rs:1698:5
[INFO] [stdout]   19:     0x5ed8a7b9b24d - core::result::Result<T,E>::expect::h35bfda30f1c6ea3f
[INFO] [stdout]                                at /rustc/df4ca44d3fbc9301ee17f30f4d474e6ae4b05252/library/core/src/result.rs:1060:23
[INFO] [stdout]   20:     0x5ed8a7b8d476 - fmc::hbam::btree::HBAMFile::new::hf3dca2bb0e753a0a
[INFO] [stdout]                                at /opt/rustwide/workdir/src/hbam/btree.rs:40:17
[INFO] [stdout]   21:     0x5ed8a7bd7d0b - fmc::hbam::fs::HBAMInterface::new::h472e13d15d6ccf1c
[INFO] [stdout]                                at /opt/rustwide/workdir/src/hbam/fs.rs:18:20
[INFO] [stdout]   22:     0x5ed8a7be49f8 - fmc::hbam::fs::tests::kv_set_test::ha476912aaa258572
[INFO] [stdout]                                at /opt/rustwide/workdir/src/hbam/fs.rs:563:24
[INFO] [stdout]   23:     0x5ed8a7be49b7 - fmc::hbam::fs::tests::kv_set_test::{{closure}}::hd48691ddc0fc66f6
[INFO] [stdout]                                at /opt/rustwide/workdir/src/hbam/fs.rs:562:21
[INFO] [stdout]   24:     0x5ed8a7b7ca76 - core::ops::function::FnOnce::call_once::ha492a740aabbc5ba
[INFO] [stdout]                                at /rustc/df4ca44d3fbc9301ee17f30f4d474e6ae4b05252/library/core/src/ops/function.rs:250:5
[INFO] [stdout]   25:     0x5ed8a7c5825b - core::ops::function::FnOnce::call_once::h22c3ba5715e93f05
[INFO] [stdout]                                at /rustc/df4ca44d3fbc9301ee17f30f4d474e6ae4b05252/library/core/src/ops/function.rs:250:5
[INFO] [stdout]   26:     0x5ed8a7c5825b - test::__rust_begin_short_backtrace::h8e82d8113d0da17f
[INFO] [stdout]                                at /rustc/df4ca44d3fbc9301ee17f30f4d474e6ae4b05252/library/test/src/lib.rs:621:18
[INFO] [stdout]   27:     0x5ed8a7c57bd7 - test::run_test_in_process::{{closure}}::h33235f4f20b7b7c7
[INFO] [stdout]                                at /rustc/df4ca44d3fbc9301ee17f30f4d474e6ae4b05252/library/test/src/lib.rs:644:60
[INFO] [stdout]   28:     0x5ed8a7c57bd7 - <core::panic::unwind_safe::AssertUnwindSafe<F> as core::ops::function::FnOnce<()>>::call_once::hb5043206310c586f
[INFO] [stdout]                                at /rustc/df4ca44d3fbc9301ee17f30f4d474e6ae4b05252/library/core/src/panic/unwind_safe.rs:272:9
[INFO] [stdout]   29:     0x5ed8a7c57bd7 - std::panicking::try::do_call::h9ad4731a60ab23e2
[INFO] [stdout]                                at /rustc/df4ca44d3fbc9301ee17f30f4d474e6ae4b05252/library/std/src/panicking.rs:557:40
[INFO] [stdout]   30:     0x5ed8a7c57bd7 - std::panicking::try::h3824d23db772a716
[INFO] [stdout]                                at /rustc/df4ca44d3fbc9301ee17f30f4d474e6ae4b05252/library/std/src/panicking.rs:520:19
[INFO] [stdout]   31:     0x5ed8a7c57bd7 - std::panic::catch_unwind::h5afd514605fde46b
[INFO] [stdout]                                at /rustc/df4ca44d3fbc9301ee17f30f4d474e6ae4b05252/library/std/src/panic.rs:358:14
[INFO] [stdout]   32:     0x5ed8a7c57bd7 - test::run_test_in_process::h0d5cbfa7067d1720
[INFO] [stdout]                                at /rustc/df4ca44d3fbc9301ee17f30f4d474e6ae4b05252/library/test/src/lib.rs:644:27
[INFO] [stdout]   33:     0x5ed8a7c57bd7 - test::run_test::{{closure}}::h708eb8872708115d
[INFO] [stdout]                                at /rustc/df4ca44d3fbc9301ee17f30f4d474e6ae4b05252/library/test/src/lib.rs:565:43
[INFO] [stdout]   34:     0x5ed8a7c1b2f4 - test::run_test::{{closure}}::h392c51cee94713ab
[INFO] [stdout]                                at /rustc/df4ca44d3fbc9301ee17f30f4d474e6ae4b05252/library/test/src/lib.rs:595:41
[INFO] [stdout]   35:     0x5ed8a7c1b2f4 - std::sys::backtrace::__rust_begin_short_backtrace::h2f40290710935a8b
[INFO] [stdout]                                at /rustc/df4ca44d3fbc9301ee17f30f4d474e6ae4b05252/library/std/src/sys/backtrace.rs:154:18
[INFO] [stdout]   36:     0x5ed8a7c1ea9e - std::thread::Builder::spawn_unchecked_::{{closure}}::{{closure}}::h3fd968d89053a903
[INFO] [stdout]                                at /rustc/df4ca44d3fbc9301ee17f30f4d474e6ae4b05252/library/std/src/thread/mod.rs:541:17
[INFO] [stdout]   37:     0x5ed8a7c1ea9e - <core::panic::unwind_safe::AssertUnwindSafe<F> as core::ops::function::FnOnce<()>>::call_once::h743f637ba4229880
[INFO] [stdout]                                at /rustc/df4ca44d3fbc9301ee17f30f4d474e6ae4b05252/library/core/src/panic/unwind_safe.rs:272:9
[INFO] [stdout]   38:     0x5ed8a7c1ea9e - std::panicking::try::do_call::h07440897322525a6
[INFO] [stdout]                                at /rustc/df4ca44d3fbc9301ee17f30f4d474e6ae4b05252/library/std/src/panicking.rs:557:40
[INFO] [stdout]   39:     0x5ed8a7c1ea9e - std::panicking::try::he5a2e00188156637
[INFO] [stdout]                                at /rustc/df4ca44d3fbc9301ee17f30f4d474e6ae4b05252/library/std/src/panicking.rs:520:19
[INFO] [stdout]   40:     0x5ed8a7c1ea9e - std::panic::catch_unwind::hbaf3cae49b3c6433
[INFO] [stdout]                                at /rustc/df4ca44d3fbc9301ee17f30f4d474e6ae4b05252/library/std/src/panic.rs:358:14
[INFO] [stdout]   41:     0x5ed8a7c1ea9e - std::thread::Builder::spawn_unchecked_::{{closure}}::h8e141ea224820bce
[INFO] [stdout]                                at /rustc/df4ca44d3fbc9301ee17f30f4d474e6ae4b05252/library/std/src/thread/mod.rs:540:30
[INFO] [stdout]   42:     0x5ed8a7c1ea9e - core::ops::function::FnOnce::call_once{{vtable.shim}}::h90d312fedd7b8ea8
[INFO] [stdout]                                at /rustc/df4ca44d3fbc9301ee17f30f4d474e6ae4b05252/library/core/src/ops/function.rs:250:5
[INFO] [stdout]   43:     0x5ed8a7cc87eb - <alloc::boxed::Box<F,A> as core::ops::function::FnOnce<Args>>::call_once::h69aa08ddb6adb8b6
[INFO] [stdout]                                at /rustc/df4ca44d3fbc9301ee17f30f4d474e6ae4b05252/library/alloc/src/boxed.rs:2454:9
[INFO] [stdout]   44:     0x5ed8a7cc87eb - <alloc::boxed::Box<F,A> as core::ops::function::FnOnce<Args>>::call_once::h5aa36efdb79c806f
[INFO] [stdout]                                at /rustc/df4ca44d3fbc9301ee17f30f4d474e6ae4b05252/library/alloc/src/boxed.rs:2454:9
[INFO] [stdout]   45:     0x5ed8a7cc87eb - std::sys::pal::unix::thread::Thread::new::thread_start::h6cd80a1b4be5158d
[INFO] [stdout]                                at /rustc/df4ca44d3fbc9301ee17f30f4d474e6ae4b05252/library/std/src/sys/pal/unix/thread.rs:105:17
[INFO] [stdout]   46:     0x7afaf3b35ac3 - <unknown>
[INFO] [stdout]   47:     0x7afaf3bc6a04 - clone
[INFO] [stdout]   48:                0x0 - <unknown>
[INFO] [stdout] 
[INFO] [stdout] ---- hbam::fs::tests::long_kv_set_test stdout ----
[INFO] [stdout] thread 'hbam::fs::tests::long_kv_set_test' panicked at src/hbam/btree.rs:43:18:
[INFO] [stdout] Unable to open file.: Os { code: 30, kind: ReadOnlyFilesystem, message: "Read-only file system" }
[INFO] [stdout] stack backtrace:
[INFO] [stdout]    0:     0x5ed8a7cc2aca - std::backtrace_rs::backtrace::libunwind::trace::h207520d6e9873551
[INFO] [stdout]                                at /rustc/df4ca44d3fbc9301ee17f30f4d474e6ae4b05252/library/std/src/../../backtrace/src/backtrace/libunwind.rs:116:5
[INFO] [stdout]    1:     0x5ed8a7cc2aca - std::backtrace_rs::backtrace::trace_unsynchronized::h2ed7433f370e3eca
[INFO] [stdout]                                at /rustc/df4ca44d3fbc9301ee17f30f4d474e6ae4b05252/library/std/src/../../backtrace/src/backtrace/mod.rs:66:5
[INFO] [stdout]    2:     0x5ed8a7cc2aca - std::sys::backtrace::_print_fmt::h916fac51166b18d7
[INFO] [stdout]                                at /rustc/df4ca44d3fbc9301ee17f30f4d474e6ae4b05252/library/std/src/sys/backtrace.rs:66:9
[INFO] [stdout]    3:     0x5ed8a7cc2aca - <std::sys::backtrace::BacktraceLock::print::DisplayBacktrace as core::fmt::Display>::fmt::ha0a4c9b8ce3802e6
[INFO] [stdout]                                at /rustc/df4ca44d3fbc9301ee17f30f4d474e6ae4b05252/library/std/src/sys/backtrace.rs:39:26
[INFO] [stdout]    4:     0x5ed8a7ceb623 - core::fmt::rt::Argument::fmt::h4cfc8587d52b3eb5
[INFO] [stdout]                                at /rustc/df4ca44d3fbc9301ee17f30f4d474e6ae4b05252/library/core/src/fmt/rt.rs:177:76
[INFO] [stdout]    5:     0x5ed8a7ceb623 - core::fmt::write::h522cc39e5b36ae9f
[INFO] [stdout]                                at /rustc/df4ca44d3fbc9301ee17f30f4d474e6ae4b05252/library/core/src/fmt/mod.rs:1190:21
[INFO] [stdout]    6:     0x5ed8a7cbf4b3 - std::io::Write::write_fmt::h7d3c26752da97734
[INFO] [stdout]                                at /rustc/df4ca44d3fbc9301ee17f30f4d474e6ae4b05252/library/std/src/io/mod.rs:1839:15
[INFO] [stdout]    7:     0x5ed8a7cc2912 - std::sys::backtrace::BacktraceLock::print::h4b9e00b29e9c0942
[INFO] [stdout]                                at /rustc/df4ca44d3fbc9301ee17f30f4d474e6ae4b05252/library/std/src/sys/backtrace.rs:42:9
[INFO] [stdout]    8:     0x5ed8a7cc3f5a - std::panicking::default_hook::{{closure}}::hb59b88280d0324d9
[INFO] [stdout]                                at /rustc/df4ca44d3fbc9301ee17f30f4d474e6ae4b05252/library/std/src/panicking.rs:268:22
[INFO] [stdout]    9:     0x5ed8a7cc3d64 - std::panicking::default_hook::he1dd496665be4a29
[INFO] [stdout]                                at /rustc/df4ca44d3fbc9301ee17f30f4d474e6ae4b05252/library/std/src/panicking.rs:292:9
[INFO] [stdout]   10:     0x5ed8a7c53989 - <alloc::boxed::Box<F,A> as core::ops::function::Fn<Args>>::call::h4ff71de18744e1dc
[INFO] [stdout]                                at /rustc/df4ca44d3fbc9301ee17f30f4d474e6ae4b05252/library/alloc/src/boxed.rs:2468:9
[INFO] [stdout]   11:     0x5ed8a7c53989 - test::test_main::{{closure}}::hcf7c055ce117aa81
[INFO] [stdout]                                at /rustc/df4ca44d3fbc9301ee17f30f4d474e6ae4b05252/library/test/src/lib.rs:133:21
[INFO] [stdout]   12:     0x5ed8a7cc4658 - <alloc::boxed::Box<F,A> as core::ops::function::Fn<Args>>::call::h1d66c6bbd60c9692
[INFO] [stdout]                                at /rustc/df4ca44d3fbc9301ee17f30f4d474e6ae4b05252/library/alloc/src/boxed.rs:2468:9
[INFO] [stdout]   13:     0x5ed8a7cc4658 - std::panicking::rust_panic_with_hook::h2ff17fe8f26dfcf8
[INFO] [stdout]                                at /rustc/df4ca44d3fbc9301ee17f30f4d474e6ae4b05252/library/std/src/panicking.rs:809:13
[INFO] [stdout]   14:     0x5ed8a7cc441a - std::panicking::begin_panic_handler::{{closure}}::h4fad77951c07e101
[INFO] [stdout]                                at /rustc/df4ca44d3fbc9301ee17f30f4d474e6ae4b05252/library/std/src/panicking.rs:674:13
[INFO] [stdout]   15:     0x5ed8a7cc2fa9 - std::sys::backtrace::__rust_end_short_backtrace::hb1a25b3da5d0ea08
[INFO] [stderr] error: test failed, to rerun pass `--bin fmc`
[INFO] [stdout]                                at /rustc/df4ca44d3fbc9301ee17f30f4d474e6ae4b05252/library/std/src/sys/backtrace.rs:170:18
[INFO] [stdout]   16:     0x5ed8a7cc40ac - rust_begin_unwind
[INFO] [stdout]                                at /rustc/df4ca44d3fbc9301ee17f30f4d474e6ae4b05252/library/std/src/panicking.rs:665:5
[INFO] [stdout]   17:     0x5ed8a7ce92b0 - core::panicking::panic_fmt::ha9db07b529f9b256
[INFO] [stdout]                                at /rustc/df4ca44d3fbc9301ee17f30f4d474e6ae4b05252/library/core/src/panicking.rs:75:14
[INFO] [stdout]   18:     0x5ed8a7ce9796 - core::result::unwrap_failed::h5e8218e4d4338b8a
[INFO] [stdout]                                at /rustc/df4ca44d3fbc9301ee17f30f4d474e6ae4b05252/library/core/src/result.rs:1698:5
[INFO] [stdout]   19:     0x5ed8a7b9b24d - core::result::Result<T,E>::expect::h35bfda30f1c6ea3f
[INFO] [stdout]                                at /rustc/df4ca44d3fbc9301ee17f30f4d474e6ae4b05252/library/core/src/result.rs:1060:23
[INFO] [stdout]   20:     0x5ed8a7b8d476 - fmc::hbam::btree::HBAMFile::new::hf3dca2bb0e753a0a
[INFO] [stdout]                                at /opt/rustwide/workdir/src/hbam/btree.rs:40:17
[INFO] [stdout]   21:     0x5ed8a7bd7d0b - fmc::hbam::fs::HBAMInterface::new::h472e13d15d6ccf1c
[INFO] [stdout]                                at /opt/rustwide/workdir/src/hbam/fs.rs:18:20
[INFO] [stdout]   22:     0x5ed8a7be55d8 - fmc::hbam::fs::tests::long_kv_set_test::h6946bb90c68a6dca
[INFO] [stdout]                                at /opt/rustwide/workdir/src/hbam/fs.rs:578:24
[INFO] [stdout]   23:     0x5ed8a7be5597 - fmc::hbam::fs::tests::long_kv_set_test::{{closure}}::h3ba016937d49688c
[INFO] [stdout]                                at /opt/rustwide/workdir/src/hbam/fs.rs:577:26
[INFO] [stdout]   24:     0x5ed8a7b7bb86 - core::ops::function::FnOnce::call_once::h452c244dd42056f8
[INFO] [stdout]                                at /rustc/df4ca44d3fbc9301ee17f30f4d474e6ae4b05252/library/core/src/ops/function.rs:250:5
[INFO] [stdout]   25:     0x5ed8a7c5825b - core::ops::function::FnOnce::call_once::h22c3ba5715e93f05
[INFO] [stdout]                                at /rustc/df4ca44d3fbc9301ee17f30f4d474e6ae4b05252/library/core/src/ops/function.rs:250:5
[INFO] [stdout]   26:     0x5ed8a7c5825b - test::__rust_begin_short_backtrace::h8e82d8113d0da17f
[INFO] [stdout]                                at /rustc/df4ca44d3fbc9301ee17f30f4d474e6ae4b05252/library/test/src/lib.rs:621:18
[INFO] [stdout]   27:     0x5ed8a7c57bd7 - test::run_test_in_process::{{closure}}::h33235f4f20b7b7c7
[INFO] [stdout]                                at /rustc/df4ca44d3fbc9301ee17f30f4d474e6ae4b05252/library/test/src/lib.rs:644:60
[INFO] [stdout]   28:     0x5ed8a7c57bd7 - <core::panic::unwind_safe::AssertUnwindSafe<F> as core::ops::function::FnOnce<()>>::call_once::hb5043206310c586f
[INFO] [stdout]                                at /rustc/df4ca44d3fbc9301ee17f30f4d474e6ae4b05252/library/core/src/panic/unwind_safe.rs:272:9
[INFO] [stdout]   29:     0x5ed8a7c57bd7 - std::panicking::try::do_call::h9ad4731a60ab23e2
[INFO] [stdout]                                at /rustc/df4ca44d3fbc9301ee17f30f4d474e6ae4b05252/library/std/src/panicking.rs:557:40
[INFO] [stdout]   30:     0x5ed8a7c57bd7 - std::panicking::try::h3824d23db772a716
[INFO] [stdout]                                at /rustc/df4ca44d3fbc9301ee17f30f4d474e6ae4b05252/library/std/src/panicking.rs:520:19
[INFO] [stdout]   31:     0x5ed8a7c57bd7 - std::panic::catch_unwind::h5afd514605fde46b
[INFO] [stdout]                                at /rustc/df4ca44d3fbc9301ee17f30f4d474e6ae4b05252/library/std/src/panic.rs:358:14
[INFO] [stdout]   32:     0x5ed8a7c57bd7 - test::run_test_in_process::h0d5cbfa7067d1720
[INFO] [stdout]                                at /rustc/df4ca44d3fbc9301ee17f30f4d474e6ae4b05252/library/test/src/lib.rs:644:27
[INFO] [stdout]   33:     0x5ed8a7c57bd7 - test::run_test::{{closure}}::h708eb8872708115d
[INFO] [stdout]                                at /rustc/df4ca44d3fbc9301ee17f30f4d474e6ae4b05252/library/test/src/lib.rs:565:43
[INFO] [stdout]   34:     0x5ed8a7c1b2f4 - test::run_test::{{closure}}::h392c51cee94713ab
[INFO] [stdout]                                at /rustc/df4ca44d3fbc9301ee17f30f4d474e6ae4b05252/library/test/src/lib.rs:595:41
[INFO] [stdout]   35:     0x5ed8a7c1b2f4 - std::sys::backtrace::__rust_begin_short_backtrace::h2f40290710935a8b
[INFO] [stdout]                                at /rustc/df4ca44d3fbc9301ee17f30f4d474e6ae4b05252/library/std/src/sys/backtrace.rs:154:18
[INFO] [stdout]   36:     0x5ed8a7c1ea9e - std::thread::Builder::spawn_unchecked_::{{closure}}::{{closure}}::h3fd968d89053a903
[INFO] [stdout]                                at /rustc/df4ca44d3fbc9301ee17f30f4d474e6ae4b05252/library/std/src/thread/mod.rs:541:17
[INFO] [stdout]   37:     0x5ed8a7c1ea9e - <core::panic::unwind_safe::AssertUnwindSafe<F> as core::ops::function::FnOnce<()>>::call_once::h743f637ba4229880
[INFO] [stdout]                                at /rustc/df4ca44d3fbc9301ee17f30f4d474e6ae4b05252/library/core/src/panic/unwind_safe.rs:272:9
[INFO] [stdout]   38:     0x5ed8a7c1ea9e - std::panicking::try::do_call::h07440897322525a6
[INFO] [stdout]                                at /rustc/df4ca44d3fbc9301ee17f30f4d474e6ae4b05252/library/std/src/panicking.rs:557:40
[INFO] [stdout]   39:     0x5ed8a7c1ea9e - std::panicking::try::he5a2e00188156637
[INFO] [stdout]                                at /rustc/df4ca44d3fbc9301ee17f30f4d474e6ae4b05252/library/std/src/panicking.rs:520:19
[INFO] [stdout]   40:     0x5ed8a7c1ea9e - std::panic::catch_unwind::hbaf3cae49b3c6433
[INFO] [stdout]                                at /rustc/df4ca44d3fbc9301ee17f30f4d474e6ae4b05252/library/std/src/panic.rs:358:14
[INFO] [stdout]   41:     0x5ed8a7c1ea9e - std::thread::Builder::spawn_unchecked_::{{closure}}::h8e141ea224820bce
[INFO] [stdout]                                at /rustc/df4ca44d3fbc9301ee17f30f4d474e6ae4b05252/library/std/src/thread/mod.rs:540:30
[INFO] [stdout]   42:     0x5ed8a7c1ea9e - core::ops::function::FnOnce::call_once{{vtable.shim}}::h90d312fedd7b8ea8
[INFO] [stdout]                                at /rustc/df4ca44d3fbc9301ee17f30f4d474e6ae4b05252/library/core/src/ops/function.rs:250:5
[INFO] [stdout]   43:     0x5ed8a7cc87eb - <alloc::boxed::Box<F,A> as core::ops::function::FnOnce<Args>>::call_once::h69aa08ddb6adb8b6
[INFO] [stdout]                                at /rustc/df4ca44d3fbc9301ee17f30f4d474e6ae4b05252/library/alloc/src/boxed.rs:2454:9
[INFO] [stdout]   44:     0x5ed8a7cc87eb - <alloc::boxed::Box<F,A> as core::ops::function::FnOnce<Args>>::call_once::h5aa36efdb79c806f
[INFO] [stdout]                                at /rustc/df4ca44d3fbc9301ee17f30f4d474e6ae4b05252/library/alloc/src/boxed.rs:2454:9
[INFO] [stdout]   45:     0x5ed8a7cc87eb - std::sys::pal::unix::thread::Thread::new::thread_start::h6cd80a1b4be5158d
[INFO] [stdout]                                at /rustc/df4ca44d3fbc9301ee17f30f4d474e6ae4b05252/library/std/src/sys/pal/unix/thread.rs:105:17
[INFO] [stdout]   46:     0x7afaf3b35ac3 - <unknown>
[INFO] [stdout]   47:     0x7afaf3bc6a04 - clone
[INFO] [stdout]   48:                0x0 - <unknown>
[INFO] [stdout] 
[INFO] [stdout] ---- hbam::fs::tests::dir_traversal_test stdout ----
[INFO] [stdout] thread 'hbam::fs::tests::dir_traversal_test' panicked at src/hbam/btree.rs:43:18:
[INFO] [stdout] Unable to open file.: Os { code: 30, kind: ReadOnlyFilesystem, message: "Read-only file system" }
[INFO] [stdout] stack backtrace:
[INFO] [stdout]    0:     0x5ed8a7cc2aca - std::backtrace_rs::backtrace::libunwind::trace::h207520d6e9873551
[INFO] [stdout]                                at /rustc/df4ca44d3fbc9301ee17f30f4d474e6ae4b05252/library/std/src/../../backtrace/src/backtrace/libunwind.rs:116:5
[INFO] [stdout]    1:     0x5ed8a7cc2aca - std::backtrace_rs::backtrace::trace_unsynchronized::h2ed7433f370e3eca
[INFO] [stdout]                                at /rustc/df4ca44d3fbc9301ee17f30f4d474e6ae4b05252/library/std/src/../../backtrace/src/backtrace/mod.rs:66:5
[INFO] [stdout]    2:     0x5ed8a7cc2aca - std::sys::backtrace::_print_fmt::h916fac51166b18d7
[INFO] [stdout]                                at /rustc/df4ca44d3fbc9301ee17f30f4d474e6ae4b05252/library/std/src/sys/backtrace.rs:66:9
[INFO] [stdout]    3:     0x5ed8a7cc2aca - <std::sys::backtrace::BacktraceLock::print::DisplayBacktrace as core::fmt::Display>::fmt::ha0a4c9b8ce3802e6
[INFO] [stdout]                                at /rustc/df4ca44d3fbc9301ee17f30f4d474e6ae4b05252/library/std/src/sys/backtrace.rs:39:26
[INFO] [stdout]    4:     0x5ed8a7ceb623 - core::fmt::rt::Argument::fmt::h4cfc8587d52b3eb5
[INFO] [stdout]                                at /rustc/df4ca44d3fbc9301ee17f30f4d474e6ae4b05252/library/core/src/fmt/rt.rs:177:76
[INFO] [stdout]    5:     0x5ed8a7ceb623 - core::fmt::write::h522cc39e5b36ae9f
[INFO] [stdout]                                at /rustc/df4ca44d3fbc9301ee17f30f4d474e6ae4b05252/library/core/src/fmt/mod.rs:1190:21
[INFO] [stdout]    6:     0x5ed8a7cbf4b3 - std::io::Write::write_fmt::h7d3c26752da97734
[INFO] [stdout]                                at /rustc/df4ca44d3fbc9301ee17f30f4d474e6ae4b05252/library/std/src/io/mod.rs:1839:15
[INFO] [stdout]    7:     0x5ed8a7cc2912 - std::sys::backtrace::BacktraceLock::print::h4b9e00b29e9c0942
[INFO] [stdout]                                at /rustc/df4ca44d3fbc9301ee17f30f4d474e6ae4b05252/library/std/src/sys/backtrace.rs:42:9
[INFO] [stdout]    8:     0x5ed8a7cc3f5a - std::panicking::default_hook::{{closure}}::hb59b88280d0324d9
[INFO] [stdout]                                at /rustc/df4ca44d3fbc9301ee17f30f4d474e6ae4b05252/library/std/src/panicking.rs:268:22
[INFO] [stdout]    9:     0x5ed8a7cc3d64 - std::panicking::default_hook::he1dd496665be4a29
[INFO] [stdout]                                at /rustc/df4ca44d3fbc9301ee17f30f4d474e6ae4b05252/library/std/src/panicking.rs:292:9
[INFO] [stdout]   10:     0x5ed8a7c53989 - <alloc::boxed::Box<F,A> as core::ops::function::Fn<Args>>::call::h4ff71de18744e1dc
[INFO] [stdout]                                at /rustc/df4ca44d3fbc9301ee17f30f4d474e6ae4b05252/library/alloc/src/boxed.rs:2468:9
[INFO] [stdout]   11:     0x5ed8a7c53989 - test::test_main::{{closure}}::hcf7c055ce117aa81
[INFO] [stdout]                                at /rustc/df4ca44d3fbc9301ee17f30f4d474e6ae4b05252/library/test/src/lib.rs:133:21
[INFO] [stdout]   12:     0x5ed8a7cc4658 - <alloc::boxed::Box<F,A> as core::ops::function::Fn<Args>>::call::h1d66c6bbd60c9692
[INFO] [stdout]                                at /rustc/df4ca44d3fbc9301ee17f30f4d474e6ae4b05252/library/alloc/src/boxed.rs:2468:9
[INFO] [stdout]   13:     0x5ed8a7cc4658 - std::panicking::rust_panic_with_hook::h2ff17fe8f26dfcf8
[INFO] [stdout]                                at /rustc/df4ca44d3fbc9301ee17f30f4d474e6ae4b05252/library/std/src/panicking.rs:809:13
[INFO] [stdout]   14:     0x5ed8a7cc441a - std::panicking::begin_panic_handler::{{closure}}::h4fad77951c07e101
[INFO] [stdout]                                at /rustc/df4ca44d3fbc9301ee17f30f4d474e6ae4b05252/library/std/src/panicking.rs:674:13
[INFO] [stdout]   15:     0x5ed8a7cc2fa9 - std::sys::backtrace::__rust_end_short_backtrace::hb1a25b3da5d0ea08
[INFO] [stdout]                                at /rustc/df4ca44d3fbc9301ee17f30f4d474e6ae4b05252/library/std/src/sys/backtrace.rs:170:18
[INFO] [stdout]   16:     0x5ed8a7cc40ac - rust_begin_unwind
[INFO] [stdout]                                at /rustc/df4ca44d3fbc9301ee17f30f4d474e6ae4b05252/library/std/src/panicking.rs:665:5
[INFO] [stdout]   17:     0x5ed8a7ce92b0 - core::panicking::panic_fmt::ha9db07b529f9b256
[INFO] [stdout]                                at /rustc/df4ca44d3fbc9301ee17f30f4d474e6ae4b05252/library/core/src/panicking.rs:75:14
[INFO] [stdout]   18:     0x5ed8a7ce9796 - core::result::unwrap_failed::h5e8218e4d4338b8a
[INFO] [stdout]                                at /rustc/df4ca44d3fbc9301ee17f30f4d474e6ae4b05252/library/core/src/result.rs:1698:5
[INFO] [stdout]   19:     0x5ed8a7b9b24d - core::result::Result<T,E>::expect::h35bfda30f1c6ea3f
[INFO] [stdout]                                at /rustc/df4ca44d3fbc9301ee17f30f4d474e6ae4b05252/library/core/src/result.rs:1060:23
[INFO] [stdout]   20:     0x5ed8a7b8d476 - fmc::hbam::btree::HBAMFile::new::hf3dca2bb0e753a0a
[INFO] [stdout]                                at /opt/rustwide/workdir/src/hbam/btree.rs:40:17
[INFO] [stdout]   21:     0x5ed8a7bd7d0b - fmc::hbam::fs::HBAMInterface::new::h472e13d15d6ccf1c
[INFO] [stdout]                                at /opt/rustwide/workdir/src/hbam/fs.rs:18:20
[INFO] [stdout]   22:     0x5ed8a7be3345 - fmc::hbam::fs::tests::dir_traversal_test::hc0bd86cc4b992632
[INFO] [stdout]                                at /opt/rustwide/workdir/src/hbam/fs.rs:507:24
[INFO] [stdout]   23:     0x5ed8a7be3307 - fmc::hbam::fs::tests::dir_traversal_test::{{closure}}::h6d8926b0dc3a61a1
[INFO] [stdout]                                at /opt/rustwide/workdir/src/hbam/fs.rs:506:28
[INFO] [stdout]   24:     0x5ed8a7b7c4f6 - core::ops::function::FnOnce::call_once::h7ff8cd1f2a9e2c42
[INFO] [stdout]                                at /rustc/df4ca44d3fbc9301ee17f30f4d474e6ae4b05252/library/core/src/ops/function.rs:250:5
[INFO] [stdout]   25:     0x5ed8a7c5825b - core::ops::function::FnOnce::call_once::h22c3ba5715e93f05
[INFO] [stdout]                                at /rustc/df4ca44d3fbc9301ee17f30f4d474e6ae4b05252/library/core/src/ops/function.rs:250:5
[INFO] [stdout]   26:     0x5ed8a7c5825b - test::__rust_begin_short_backtrace::h8e82d8113d0da17f
[INFO] [stdout]                                at /rustc/df4ca44d3fbc9301ee17f30f4d474e6ae4b05252/library/test/src/lib.rs:621:18
[INFO] [stdout]   27:     0x5ed8a7c57bd7 - test::run_test_in_process::{{closure}}::h33235f4f20b7b7c7
[INFO] [stdout]                                at /rustc/df4ca44d3fbc9301ee17f30f4d474e6ae4b05252/library/test/src/lib.rs:644:60
[INFO] [stdout]   28:     0x5ed8a7c57bd7 - <core::panic::unwind_safe::AssertUnwindSafe<F> as core::ops::function::FnOnce<()>>::call_once::hb5043206310c586f
[INFO] [stdout]                                at /rustc/df4ca44d3fbc9301ee17f30f4d474e6ae4b05252/library/core/src/panic/unwind_safe.rs:272:9
[INFO] [stdout]   29:     0x5ed8a7c57bd7 - std::panicking::try::do_call::h9ad4731a60ab23e2
[INFO] [stdout]                                at /rustc/df4ca44d3fbc9301ee17f30f4d474e6ae4b05252/library/std/src/panicking.rs:557:40
[INFO] [stdout]   30:     0x5ed8a7c57bd7 - std::panicking::try::h3824d23db772a716
[INFO] [stdout]                                at /rustc/df4ca44d3fbc9301ee17f30f4d474e6ae4b05252/library/std/src/panicking.rs:520:19
[INFO] [stdout]   31:     0x5ed8a7c57bd7 - std::panic::catch_unwind::h5afd514605fde46b
[INFO] [stdout]                                at /rustc/df4ca44d3fbc9301ee17f30f4d474e6ae4b05252/library/std/src/panic.rs:358:14
[INFO] [stdout]   32:     0x5ed8a7c57bd7 - test::run_test_in_process::h0d5cbfa7067d1720
[INFO] [stdout]                                at /rustc/df4ca44d3fbc9301ee17f30f4d474e6ae4b05252/library/test/src/lib.rs:644:27
[INFO] [stdout]   33:     0x5ed8a7c57bd7 - test::run_test::{{closure}}::h708eb8872708115d
[INFO] [stdout]                                at /rustc/df4ca44d3fbc9301ee17f30f4d474e6ae4b05252/library/test/src/lib.rs:565:43
[INFO] [stdout]   34:     0x5ed8a7c1b2f4 - test::run_test::{{closure}}::h392c51cee94713ab
[INFO] [stdout]                                at /rustc/df4ca44d3fbc9301ee17f30f4d474e6ae4b05252/library/test/src/lib.rs:595:41
[INFO] [stdout]   35:     0x5ed8a7c1b2f4 - std::sys::backtrace::__rust_begin_short_backtrace::h2f40290710935a8b
[INFO] [stdout]                                at /rustc/df4ca44d3fbc9301ee17f30f4d474e6ae4b05252/library/std/src/sys/backtrace.rs:154:18
[INFO] [stdout]   36:     0x5ed8a7c1ea9e - std::thread::Builder::spawn_unchecked_::{{closure}}::{{closure}}::h3fd968d89053a903
[INFO] [stdout]                                at /rustc/df4ca44d3fbc9301ee17f30f4d474e6ae4b05252/library/std/src/thread/mod.rs:541:17
[INFO] [stdout]   37:     0x5ed8a7c1ea9e - <core::panic::unwind_safe::AssertUnwindSafe<F> as core::ops::function::FnOnce<()>>::call_once::h743f637ba4229880
[INFO] [stdout]                                at /rustc/df4ca44d3fbc9301ee17f30f4d474e6ae4b05252/library/core/src/panic/unwind_safe.rs:272:9
[INFO] [stdout]   38:     0x5ed8a7c1ea9e - std::panicking::try::do_call::h07440897322525a6
[INFO] [stdout]                                at /rustc/df4ca44d3fbc9301ee17f30f4d474e6ae4b05252/library/std/src/panicking.rs:557:40
[INFO] [stdout]   39:     0x5ed8a7c1ea9e - std::panicking::try::he5a2e00188156637
[INFO] [stdout]                                at /rustc/df4ca44d3fbc9301ee17f30f4d474e6ae4b05252/library/std/src/panicking.rs:520:19
[INFO] [stdout]   40:     0x5ed8a7c1ea9e - std::panic::catch_unwind::hbaf3cae49b3c6433
[INFO] [stdout]                                at /rustc/df4ca44d3fbc9301ee17f30f4d474e6ae4b05252/library/std/src/panic.rs:358:14
[INFO] [stdout]   41:     0x5ed8a7c1ea9e - std::thread::Builder::spawn_unchecked_::{{closure}}::h8e141ea224820bce
[INFO] [stdout]                                at /rustc/df4ca44d3fbc9301ee17f30f4d474e6ae4b05252/library/std/src/thread/mod.rs:540:30
[INFO] [stdout]   42:     0x5ed8a7c1ea9e - core::ops::function::FnOnce::call_once{{vtable.shim}}::h90d312fedd7b8ea8
[INFO] [stdout]                                at /rustc/df4ca44d3fbc9301ee17f30f4d474e6ae4b05252/library/core/src/ops/function.rs:250:5
[INFO] [stdout]   43:     0x5ed8a7cc87eb - <alloc::boxed::Box<F,A> as core::ops::function::FnOnce<Args>>::call_once::h69aa08ddb6adb8b6
[INFO] [stdout]                                at /rustc/df4ca44d3fbc9301ee17f30f4d474e6ae4b05252/library/alloc/src/boxed.rs:2454:9
[INFO] [stdout]   44:     0x5ed8a7cc87eb - <alloc::boxed::Box<F,A> as core::ops::function::FnOnce<Args>>::call_once::h5aa36efdb79c806f
[INFO] [stdout]                                at /rustc/df4ca44d3fbc9301ee17f30f4d474e6ae4b05252/library/alloc/src/boxed.rs:2454:9
[INFO] [stdout]   45:     0x5ed8a7cc87eb - std::sys::pal::unix::thread::Thread::new::thread_start::h6cd80a1b4be5158d
[INFO] [stdout]                                at /rustc/df4ca44d3fbc9301ee17f30f4d474e6ae4b05252/library/std/src/sys/pal/unix/thread.rs:105:17
[INFO] [stdout]   46:     0x7afaf3b35ac3 - <unknown>
[INFO] [stdout]   47:     0x7afaf3bc6a04 - clone
[INFO] [stdout]   48:                0x0 - <unknown>
[INFO] [stdout] 
[INFO] [stdout] 
[INFO] [stdout] failures:
[INFO] [stdout]     emulator::test::tests::basic_loop_test
[INFO] [stdout]     hbam::fs::tests::dir_traversal_test
[INFO] [stdout]     hbam::fs::tests::kv_retrieval_test
[INFO] [stdout]     hbam::fs::tests::kv_set_test
[INFO] [stdout]     hbam::fs::tests::long_kv_set_test
[INFO] [stdout] 
[INFO] [stdout] test result: FAILED. 40 passed; 5 failed; 0 ignored; 0 measured; 0 filtered out; finished in 0.03s
[INFO] [stdout] 
[INFO] running `Command { std: "docker" "inspect" "f8820dfd75f7866b953691ec7f55b303beb3196aa6f2c46baf96750af3b7d6c2", kill_on_drop: false }`
[INFO] running `Command { std: "docker" "rm" "-f" "f8820dfd75f7866b953691ec7f55b303beb3196aa6f2c46baf96750af3b7d6c2", kill_on_drop: false }`
[INFO] [stdout] f8820dfd75f7866b953691ec7f55b303beb3196aa6f2c46baf96750af3b7d6c2
