[INFO] cloning repository https://github.com/RajendrabinHafiz/OpenAPI-integration-with-rust
[INFO] running `Command { std: "git" "-c" "credential.helper=" "-c" "credential.helper=/workspace/cargo-home/bin/git-credential-null" "clone" "--bare" "https://github.com/RajendrabinHafiz/OpenAPI-integration-with-rust" "/workspace/cache/git-repos/https%3A%2F%2Fgithub.com%2FRajendrabinHafiz%2FOpenAPI-integration-with-rust", kill_on_drop: false }`
[INFO] [stderr] Cloning into bare repository '/workspace/cache/git-repos/https%3A%2F%2Fgithub.com%2FRajendrabinHafiz%2FOpenAPI-integration-with-rust'...
[INFO] running `Command { std: "git" "rev-parse" "HEAD", kill_on_drop: false }`
[INFO] [stdout] 7221197cc7ae96d78e6d833258a0b6890a55d71c
[INFO] testing RajendrabinHafiz/OpenAPI-integration-with-rust/7221197cc7ae96d78e6d833258a0b6890a55d71c against nightly-2024-10-28+rustflags=-Zrandomize-layout for randomize-layout
[INFO] running `Command { std: "git" "clone" "/workspace/cache/git-repos/https%3A%2F%2Fgithub.com%2FRajendrabinHafiz%2FOpenAPI-integration-with-rust" "/workspace/builds/worker-6-tc2/source", kill_on_drop: false }`
[INFO] [stderr] Cloning into '/workspace/builds/worker-6-tc2/source'...
[INFO] [stderr] done.
[INFO] validating manifest of git repo https://github.com/RajendrabinHafiz/OpenAPI-integration-with-rust on toolchain nightly-2024-10-28
[INFO] running `Command { std: CARGO_HOME="/workspace/cargo-home" RUSTUP_HOME="/workspace/rustup-home" "/workspace/cargo-home/bin/cargo" "+nightly-2024-10-28" "metadata" "--manifest-path" "Cargo.toml" "--no-deps", kill_on_drop: false }`
[INFO] started tweaking git repo https://github.com/RajendrabinHafiz/OpenAPI-integration-with-rust
[INFO] finished tweaking git repo https://github.com/RajendrabinHafiz/OpenAPI-integration-with-rust
[INFO] tweaked toml for git repo https://github.com/RajendrabinHafiz/OpenAPI-integration-with-rust written to /workspace/builds/worker-6-tc2/source/Cargo.toml
[INFO] crate git repo https://github.com/RajendrabinHafiz/OpenAPI-integration-with-rust already has a lockfile, it will not be regenerated
[INFO] running `Command { std: CARGO_HOME="/workspace/cargo-home" RUSTUP_HOME="/workspace/rustup-home" "/workspace/cargo-home/bin/cargo" "+nightly-2024-10-28" "fetch" "--manifest-path" "Cargo.toml", kill_on_drop: false }`
[INFO] running `Command { std: "docker" "create" "-v" "/var/lib/crater-agent-workspace/builds/worker-6-tc2/target:/opt/rustwide/target:rw,Z" "-v" "/var/lib/crater-agent-workspace/builds/worker-6-tc2/source:/opt/rustwide/workdir:ro,Z" "-v" "/var/lib/crater-agent-workspace/cargo-home:/opt/rustwide/cargo-home:ro,Z" "-v" "/var/lib/crater-agent-workspace/rustup-home:/opt/rustwide/rustup-home:ro,Z" "-e" "SOURCE_DIR=/opt/rustwide/workdir" "-e" "CARGO_TARGET_DIR=/opt/rustwide/target" "-e" "CARGO_HOME=/opt/rustwide/cargo-home" "-e" "RUSTUP_HOME=/opt/rustwide/rustup-home" "-w" "/opt/rustwide/workdir" "-m" "1610612736" "--user" "0:0" "--network" "none" "ghcr.io/rust-lang/crates-build-env/linux@sha256:4a844ea9eb2546a2d2c7022eacef16ef2e8229c7fbb2c7d4d55a9ceca922f72d" "/opt/rustwide/cargo-home/bin/cargo" "+nightly-2024-10-28" "metadata" "--no-deps" "--format-version=1", kill_on_drop: false }`
[INFO] [stdout] 64f7eeb080cfd5958d7368989da03c481392196de2a2b3c17d92b4426875ab96
[INFO] running `Command { std: "docker" "start" "-a" "64f7eeb080cfd5958d7368989da03c481392196de2a2b3c17d92b4426875ab96", kill_on_drop: false }`
[INFO] running `Command { std: "docker" "inspect" "64f7eeb080cfd5958d7368989da03c481392196de2a2b3c17d92b4426875ab96", kill_on_drop: false }`
[INFO] running `Command { std: "docker" "rm" "-f" "64f7eeb080cfd5958d7368989da03c481392196de2a2b3c17d92b4426875ab96", kill_on_drop: false }`
[INFO] [stdout] 64f7eeb080cfd5958d7368989da03c481392196de2a2b3c17d92b4426875ab96
[INFO] running `Command { std: "docker" "create" "-v" "/var/lib/crater-agent-workspace/builds/worker-6-tc2/target:/opt/rustwide/target:rw,Z" "-v" "/var/lib/crater-agent-workspace/builds/worker-6-tc2/source:/opt/rustwide/workdir:ro,Z" "-v" "/var/lib/crater-agent-workspace/cargo-home:/opt/rustwide/cargo-home:ro,Z" "-v" "/var/lib/crater-agent-workspace/rustup-home:/opt/rustwide/rustup-home:ro,Z" "-e" "SOURCE_DIR=/opt/rustwide/workdir" "-e" "CARGO_TARGET_DIR=/opt/rustwide/target" "-e" "CARGO_INCREMENTAL=0" "-e" "RUST_BACKTRACE=full" "-e" "RUSTFLAGS=--cap-lints=forbid -Zrandomize-layout" "-e" "RUSTDOCFLAGS=--cap-lints=forbid" "-e" "CARGO_HOME=/opt/rustwide/cargo-home" "-e" "RUSTUP_HOME=/opt/rustwide/rustup-home" "-w" "/opt/rustwide/workdir" "-m" "1610612736" "--user" "0:0" "--network" "none" "ghcr.io/rust-lang/crates-build-env/linux@sha256:4a844ea9eb2546a2d2c7022eacef16ef2e8229c7fbb2c7d4d55a9ceca922f72d" "/opt/rustwide/cargo-home/bin/cargo" "+nightly-2024-10-28" "build" "--frozen" "--message-format=json", kill_on_drop: false }`
[INFO] [stdout] 974ca26f4ce0ec937492330b013fd376d90febdfd883c9688ad3e522ad21777c
[INFO] running `Command { std: "docker" "start" "-a" "974ca26f4ce0ec937492330b013fd376d90febdfd883c9688ad3e522ad21777c", kill_on_drop: false }`
[INFO] [stderr]    Compiling proc-macro2 v1.0.63
[INFO] [stderr]    Compiling quote v1.0.29
[INFO] [stderr]    Compiling unicode-ident v1.0.8
[INFO] [stderr]    Compiling libc v0.2.147
[INFO] [stderr]    Compiling autocfg v1.1.0
[INFO] [stderr]    Compiling once_cell v1.17.1
[INFO] [stderr]    Compiling cfg-if v1.0.0
[INFO] [stderr]    Compiling cc v1.0.79
[INFO] [stderr]    Compiling log v0.4.17
[INFO] [stderr]    Compiling fnv v1.0.7
[INFO] [stderr]    Compiling pin-project-lite v0.2.9
[INFO] [stderr]    Compiling bytes v1.4.0
[INFO] [stderr]    Compiling futures-core v0.3.28
[INFO] [stderr]    Compiling spin v0.5.2
[INFO] [stderr]    Compiling untrusted v0.7.1
[INFO] [stderr]    Compiling itoa v1.0.6
[INFO] [stderr]    Compiling syn v1.0.109
[INFO] [stderr]    Compiling futures-task v0.3.28
[INFO] [stderr]    Compiling strsim v0.10.0
[INFO] [stderr]    Compiling futures-util v0.3.28
[INFO] [stderr]    Compiling ident_case v1.0.1
[INFO] [stderr]    Compiling pin-utils v0.1.0
[INFO] [stderr]    Compiling futures-sink v0.3.28
[INFO] [stderr]    Compiling tracing-core v0.1.30
[INFO] [stderr]    Compiling serde v1.0.171
[INFO] [stderr]    Compiling rustls v0.21.1
[INFO] [stderr]    Compiling futures-channel v0.3.28
[INFO] [stderr]    Compiling hashbrown v0.12.3
[INFO] [stderr]    Compiling httparse v1.8.0
[INFO] [stderr]    Compiling tinyvec_macros v0.1.1
[INFO] [stderr]    Compiling tinyvec v1.6.0
[INFO] [stderr]    Compiling try-lock v0.2.4
[INFO] [stderr]    Compiling percent-encoding v2.3.0
[INFO] [stderr]    Compiling tokio v1.29.1
[INFO] [stderr]    Compiling indexmap v1.9.3
[INFO] [stderr]    Compiling slab v0.4.8
[INFO] [stderr]    Compiling want v0.3.0
[INFO] [stderr]    Compiling unicode-bidi v0.3.13
[INFO] [stderr]    Compiling http v0.2.9
[INFO] [stderr]    Compiling form_urlencoded v1.2.0
[INFO] [stderr]    Compiling serde_json v1.0.100
[INFO] [stderr]    Compiling tower-service v0.3.2
[INFO] [stderr]    Compiling tracing v0.1.37
[INFO] [stderr]    Compiling ryu v1.0.13
[INFO] [stderr]    Compiling httpdate v1.0.2
[INFO] [stderr]    Compiling thiserror v1.0.43
[INFO] [stderr]    Compiling base64 v0.21.0
[INFO] [stderr]    Compiling encoding_rs v0.8.32
[INFO] [stderr]    Compiling mime v0.3.17
[INFO] [stderr]    Compiling ipnet v2.7.2
[INFO] [stderr]    Compiling syn v2.0.25
[INFO] [stderr]    Compiling mio v0.8.6
[INFO] [stderr]    Compiling socket2 v0.4.9
[INFO] [stderr]    Compiling rustls-pemfile v1.0.2
[INFO] [stderr]    Compiling ring v0.16.20
[INFO] [stderr]    Compiling unicode-normalization v0.1.22
[INFO] [stderr]    Compiling http-body v0.4.5
[INFO] [stderr]    Compiling idna v0.4.0
[INFO] [stderr]    Compiling url v2.4.0
[INFO] [stderr]    Compiling tokio-macros v2.1.0
[INFO] [stderr]    Compiling serde_derive v1.0.171
[INFO] [stderr]    Compiling thiserror-impl v1.0.43
[INFO] [stderr]    Compiling darling_core v0.14.4
[INFO] [stderr]    Compiling sct v0.7.0
[INFO] [stderr]    Compiling rustls-webpki v0.100.1
[INFO] [stderr]    Compiling webpki v0.22.0
[INFO] [stderr]    Compiling webpki-roots v0.22.6
[INFO] [stderr]    Compiling darling_macro v0.14.4
[INFO] [stderr]    Compiling darling v0.14.4
[INFO] [stderr]    Compiling derive_builder_core v0.12.0
[INFO] [stderr]    Compiling derive_builder_macro v0.12.0
[INFO] [stderr]    Compiling derive_builder v0.12.0
[INFO] [stderr]    Compiling tokio-util v0.7.7
[INFO] [stderr]    Compiling tokio-rustls v0.24.0
[INFO] [stderr]    Compiling h2 v0.3.16
[INFO] [stderr]    Compiling serde_urlencoded v0.7.1
[INFO] [stderr]    Compiling hyper v0.14.25
[INFO] [stderr]    Compiling hyper-rustls v0.24.0
[INFO] [stderr]    Compiling reqwest v0.11.18
[INFO] [stderr]    Compiling chatgpt_rs v1.1.12 (/opt/rustwide/workdir)
[INFO] [stderr]     Finished `dev` profile [unoptimized + debuginfo] target(s) in 11.54s
[INFO] running `Command { std: "docker" "inspect" "974ca26f4ce0ec937492330b013fd376d90febdfd883c9688ad3e522ad21777c", kill_on_drop: false }`
[INFO] running `Command { std: "docker" "rm" "-f" "974ca26f4ce0ec937492330b013fd376d90febdfd883c9688ad3e522ad21777c", kill_on_drop: false }`
[INFO] [stdout] 974ca26f4ce0ec937492330b013fd376d90febdfd883c9688ad3e522ad21777c
[INFO] running `Command { std: "docker" "create" "-v" "/var/lib/crater-agent-workspace/builds/worker-6-tc2/target:/opt/rustwide/target:rw,Z" "-v" "/var/lib/crater-agent-workspace/builds/worker-6-tc2/source:/opt/rustwide/workdir:ro,Z" "-v" "/var/lib/crater-agent-workspace/cargo-home:/opt/rustwide/cargo-home:ro,Z" "-v" "/var/lib/crater-agent-workspace/rustup-home:/opt/rustwide/rustup-home:ro,Z" "-e" "SOURCE_DIR=/opt/rustwide/workdir" "-e" "CARGO_TARGET_DIR=/opt/rustwide/target" "-e" "CARGO_INCREMENTAL=0" "-e" "RUST_BACKTRACE=full" "-e" "RUSTFLAGS=--cap-lints=forbid -Zrandomize-layout" "-e" "RUSTDOCFLAGS=--cap-lints=forbid" "-e" "CARGO_HOME=/opt/rustwide/cargo-home" "-e" "RUSTUP_HOME=/opt/rustwide/rustup-home" "-w" "/opt/rustwide/workdir" "-m" "1610612736" "--user" "0:0" "--network" "none" "ghcr.io/rust-lang/crates-build-env/linux@sha256:4a844ea9eb2546a2d2c7022eacef16ef2e8229c7fbb2c7d4d55a9ceca922f72d" "/opt/rustwide/cargo-home/bin/cargo" "+nightly-2024-10-28" "test" "--frozen" "--no-run" "--message-format=json", kill_on_drop: false }`
[INFO] [stdout] eecaaa499b0fb86f86622d97442db1a03b3c69db85a1ea52c7158963a8158c59
[INFO] running `Command { std: "docker" "start" "-a" "eecaaa499b0fb86f86622d97442db1a03b3c69db85a1ea52c7158963a8158c59", kill_on_drop: false }`
[INFO] [stderr]    Compiling memchr v2.5.0
[INFO] [stderr]    Compiling futures-task v0.3.28
[INFO] [stderr]    Compiling futures-channel v0.3.28
[INFO] [stderr]    Compiling tokio v1.29.1
[INFO] [stderr]    Compiling futures-util v0.3.28
[INFO] [stderr]    Compiling futures-io v0.3.28
[INFO] [stderr]    Compiling semver v1.0.17
[INFO] [stderr]    Compiling serde v1.0.171
[INFO] [stderr]    Compiling num_cpus v1.15.0
[INFO] [stderr]    Compiling futures-macro v0.3.28
[INFO] [stderr]    Compiling lock_api v0.4.9
[INFO] [stderr]    Compiling scopeguard v1.1.0
[INFO] [stderr]    Compiling byteorder v1.4.3
[INFO] [stderr]    Compiling minimal-lexical v0.2.1
[INFO] [stderr]    Compiling stable_deref_trait v1.2.0
[INFO] [stderr]    Compiling cobs v0.2.3
[INFO] [stderr]    Compiling hash32 v0.2.1
[INFO] [stderr]    Compiling spin v0.9.7
[INFO] [stderr]    Compiling rustc_version v0.4.0
[INFO] [stderr]    Compiling nom v7.1.3
[INFO] [stderr]    Compiling heapless v0.7.16
[INFO] [stderr]    Compiling eventsource-stream v0.2.3
[INFO] [stderr]    Compiling serde_urlencoded v0.7.1
[INFO] [stderr]    Compiling serde_json v1.0.100
[INFO] [stderr]    Compiling futures-executor v0.3.28
[INFO] [stderr]    Compiling futures v0.3.28
[INFO] [stderr]    Compiling postcard v1.0.4
[INFO] [stderr]    Compiling tokio-util v0.7.7
[INFO] [stderr]    Compiling tokio-rustls v0.24.0
[INFO] [stderr]    Compiling h2 v0.3.16
[INFO] [stderr]    Compiling hyper v0.14.25
[INFO] [stderr]    Compiling hyper-rustls v0.24.0
[INFO] [stderr]    Compiling reqwest v0.11.18
[INFO] [stderr]    Compiling chatgpt_rs v1.1.12 (/opt/rustwide/workdir)
[INFO] [stdout] warning: unused import: `ChatGPTEngine`
[INFO] [stdout]   --> src/chatgpt.rs:28:18
[INFO] [stdout]    |
[INFO] [stdout] 28 |         config::{ChatGPTEngine, ModelConfiguration},
[INFO] [stdout]    |                  ^^^^^^^^^^^^^
[INFO] [stdout]    |
[INFO] [stdout]    = note: `#[warn(unused_imports)]` on by default
[INFO] [stdout] 
[INFO] [stdout] 
[INFO] [stdout] warning: missing documentation for a module
[INFO] [stdout]   --> src/chatgpt.rs:21:1
[INFO] [stdout]    |
[INFO] [stdout] 21 | pub mod test {
[INFO] [stdout]    | ^^^^^^^^^^^^
[INFO] [stdout]    |
[INFO] [stdout] note: the lint level is defined here
[INFO] [stdout]   --> src/chatgpt.rs:1:9
[INFO] [stdout]    |
[INFO] [stdout] 1  | #![warn(missing_docs)]
[INFO] [stdout]    |         ^^^^^^^^^^^^
[INFO] [stdout] 
[INFO] [stdout] 
[INFO] [stderr]     Finished `test` profile [unoptimized + debuginfo] target(s) in 11.85s
[INFO] running `Command { std: "docker" "inspect" "eecaaa499b0fb86f86622d97442db1a03b3c69db85a1ea52c7158963a8158c59", kill_on_drop: false }`
[INFO] running `Command { std: "docker" "rm" "-f" "eecaaa499b0fb86f86622d97442db1a03b3c69db85a1ea52c7158963a8158c59", kill_on_drop: false }`
[INFO] [stdout] eecaaa499b0fb86f86622d97442db1a03b3c69db85a1ea52c7158963a8158c59
[INFO] running `Command { std: "docker" "create" "-v" "/var/lib/crater-agent-workspace/builds/worker-6-tc2/target:/opt/rustwide/target:rw,Z" "-v" "/var/lib/crater-agent-workspace/builds/worker-6-tc2/source:/opt/rustwide/workdir:ro,Z" "-v" "/var/lib/crater-agent-workspace/cargo-home:/opt/rustwide/cargo-home:ro,Z" "-v" "/var/lib/crater-agent-workspace/rustup-home:/opt/rustwide/rustup-home:ro,Z" "-e" "SOURCE_DIR=/opt/rustwide/workdir" "-e" "CARGO_TARGET_DIR=/opt/rustwide/target" "-e" "CARGO_INCREMENTAL=0" "-e" "RUST_BACKTRACE=full" "-e" "RUSTFLAGS=--cap-lints=forbid -Zrandomize-layout" "-e" "RUSTDOCFLAGS=--cap-lints=forbid" "-e" "CARGO_HOME=/opt/rustwide/cargo-home" "-e" "RUSTUP_HOME=/opt/rustwide/rustup-home" "-w" "/opt/rustwide/workdir" "-m" "1610612736" "--user" "0:0" "--network" "none" "ghcr.io/rust-lang/crates-build-env/linux@sha256:4a844ea9eb2546a2d2c7022eacef16ef2e8229c7fbb2c7d4d55a9ceca922f72d" "/opt/rustwide/cargo-home/bin/cargo" "+nightly-2024-10-28" "test" "--frozen", kill_on_drop: false }`
[INFO] [stdout] 0b5e8e766873f9cc779dc6d3cb36a179b73462c90a417c6dd78c67f3c9a87da2
[INFO] running `Command { std: "docker" "start" "-a" "0b5e8e766873f9cc779dc6d3cb36a179b73462c90a417c6dd78c67f3c9a87da2", kill_on_drop: false }`
[INFO] [stderr] warning: unused import: `ChatGPTEngine`
[INFO] [stderr]   --> src/chatgpt.rs:28:18
[INFO] [stderr]    |
[INFO] [stderr] 28 |         config::{ChatGPTEngine, ModelConfiguration},
[INFO] [stderr]    |                  ^^^^^^^^^^^^^
[INFO] [stderr]    |
[INFO] [stderr]    = note: `#[warn(unused_imports)]` on by default
[INFO] [stderr] 
[INFO] [stderr] warning: missing documentation for a module
[INFO] [stderr]   --> src/chatgpt.rs:21:1
[INFO] [stderr]    |
[INFO] [stderr] 21 | pub mod test {
[INFO] [stderr]    | ^^^^^^^^^^^^
[INFO] [stderr]    |
[INFO] [stderr] note: the lint level is defined here
[INFO] [stderr]   --> src/chatgpt.rs:1:9
[INFO] [stderr]    |
[INFO] [stderr] 1  | #![warn(missing_docs)]
[INFO] [stderr]    |         ^^^^^^^^^^^^
[INFO] [stderr] 
[INFO] [stderr] warning: `chatgpt_rs` (lib test) generated 2 warnings (run `cargo fix --lib -p chatgpt_rs --tests` to apply 1 suggestion)
[INFO] [stderr]     Finished `test` profile [unoptimized + debuginfo] target(s) in 0.21s
[INFO] [stderr]      Running unittests src/chatgpt.rs (/opt/rustwide/target/debug/deps/chatgpt-f5ce0d2a5e23b946)
[INFO] [stdout] 
[INFO] [stdout] running 8 tests
[INFO] [stdout] test test::test_conversation_restoring ... FAILED
[INFO] [stdout] test test::test_client ... FAILED
[INFO] [stdout] test test::test_conversation_saving ... FAILED
[INFO] [stdout] test test::test_some_config ... FAILED
[INFO] [stdout] test test::test_conversation ... FAILED
[INFO] [stdout] test test::test_streaming_conv ... FAILED
[INFO] [stdout] test test::test_streaming ... FAILED
[INFO] [stdout] test test::test_undirected_conversation ... FAILED
[INFO] [stdout] 
[INFO] [stdout] failures:
[INFO] [stdout] 
[INFO] [stdout] ---- test::test_conversation_restoring stdout ----
[INFO] [stdout] Error: VarError(NotPresent)
[INFO] [stdout] 
[INFO] [stdout] ---- test::test_client stdout ----
[INFO] [stdout] Error: VarError(NotPresent)
[INFO] [stdout] 
[INFO] [stdout] ---- test::test_conversation_saving stdout ----
[INFO] [stdout] Error: VarError(NotPresent)
[INFO] [stdout] 
[INFO] [stdout] ---- test::test_some_config stdout ----
[INFO] [stdout] Error: VarError(NotPresent)
[INFO] [stdout] 
[INFO] [stdout] ---- test::test_conversation stdout ----
[INFO] [stdout] Error: VarError(NotPresent)
[INFO] [stdout] 
[INFO] [stdout] ---- test::test_streaming_conv stdout ----
[INFO] [stdout] Error: VarError(NotPresent)
[INFO] [stdout] 
[INFO] [stdout] ---- test::test_streaming stdout ----
[INFO] [stdout] Error: VarError(NotPresent)
[INFO] [stdout] 
[INFO] [stdout] ---- test::test_undirected_conversation stdout ----
[INFO] [stdout] Error: VarError(NotPresent)
[INFO] [stdout] 
[INFO] [stdout] 
[INFO] [stdout] failures:
[INFO] [stdout]     test::test_client
[INFO] [stdout]     test::test_conversation
[INFO] [stdout]     test::test_conversation_restoring
[INFO] [stdout]     test::test_conversation_saving
[INFO] [stdout]     test::test_some_config
[INFO] [stdout]     test::test_streaming
[INFO] [stdout]     test::test_streaming_conv
[INFO] [stdout]     test::test_undirected_conversation
[INFO] [stdout] 
[INFO] [stdout] test result: FAILED. 0 passed; 8 failed; 0 ignored; 0 measured; 0 filtered out; finished in 0.00s
[INFO] [stdout] 
[INFO] [stderr] error: test failed, to rerun pass `--lib`
[INFO] running `Command { std: "docker" "inspect" "0b5e8e766873f9cc779dc6d3cb36a179b73462c90a417c6dd78c67f3c9a87da2", kill_on_drop: false }`
[INFO] running `Command { std: "docker" "rm" "-f" "0b5e8e766873f9cc779dc6d3cb36a179b73462c90a417c6dd78c67f3c9a87da2", kill_on_drop: false }`
[INFO] [stdout] 0b5e8e766873f9cc779dc6d3cb36a179b73462c90a417c6dd78c67f3c9a87da2
