[INFO] cloning repository https://github.com/RagnarGrootKoerkamp/bd-anchors
[INFO] running `Command { std: "git" "-c" "credential.helper=" "-c" "credential.helper=/workspace/cargo-home/bin/git-credential-null" "clone" "--bare" "https://github.com/RagnarGrootKoerkamp/bd-anchors" "/workspace/cache/git-repos/https%3A%2F%2Fgithub.com%2FRagnarGrootKoerkamp%2Fbd-anchors", kill_on_drop: false }`
[INFO] [stderr] Cloning into bare repository '/workspace/cache/git-repos/https%3A%2F%2Fgithub.com%2FRagnarGrootKoerkamp%2Fbd-anchors'...
[INFO] running `Command { std: "git" "rev-parse" "HEAD", kill_on_drop: false }`
[INFO] [stdout] 4e7686f9a29ea5be6991f6c24eeb066c51aea755
[INFO] testing RagnarGrootKoerkamp/bd-anchors/4e7686f9a29ea5be6991f6c24eeb066c51aea755 against nightly-2024-10-28+rustflags=-Zrandomize-layout for randomize-layout
[INFO] running `Command { std: "git" "clone" "/workspace/cache/git-repos/https%3A%2F%2Fgithub.com%2FRagnarGrootKoerkamp%2Fbd-anchors" "/workspace/builds/worker-7-tc2/source", kill_on_drop: false }`
[INFO] [stderr] Cloning into '/workspace/builds/worker-7-tc2/source'...
[INFO] [stderr] done.
[INFO] validating manifest of git repo https://github.com/RagnarGrootKoerkamp/bd-anchors on toolchain nightly-2024-10-28
[INFO] running `Command { std: CARGO_HOME="/workspace/cargo-home" RUSTUP_HOME="/workspace/rustup-home" "/workspace/cargo-home/bin/cargo" "+nightly-2024-10-28" "metadata" "--manifest-path" "Cargo.toml" "--no-deps", kill_on_drop: false }`
[INFO] removed /workspace/builds/worker-7-tc2/source/.cargo/config.toml
[INFO] started tweaking git repo https://github.com/RagnarGrootKoerkamp/bd-anchors
[INFO] removed 0 missing examples
[INFO] finished tweaking git repo https://github.com/RagnarGrootKoerkamp/bd-anchors
[INFO] tweaked toml for git repo https://github.com/RagnarGrootKoerkamp/bd-anchors written to /workspace/builds/worker-7-tc2/source/Cargo.toml
[INFO] crate git repo https://github.com/RagnarGrootKoerkamp/bd-anchors already has a lockfile, it will not be regenerated
[INFO] running `Command { std: CARGO_HOME="/workspace/cargo-home" RUSTUP_HOME="/workspace/rustup-home" "/workspace/cargo-home/bin/cargo" "+nightly-2024-10-28" "fetch" "--manifest-path" "Cargo.toml", kill_on_drop: false }`
[INFO] running `Command { std: "docker" "create" "-v" "/var/lib/crater-agent-workspace/builds/worker-7-tc2/target:/opt/rustwide/target:rw,Z" "-v" "/var/lib/crater-agent-workspace/builds/worker-7-tc2/source:/opt/rustwide/workdir:ro,Z" "-v" "/var/lib/crater-agent-workspace/cargo-home:/opt/rustwide/cargo-home:ro,Z" "-v" "/var/lib/crater-agent-workspace/rustup-home:/opt/rustwide/rustup-home:ro,Z" "-e" "SOURCE_DIR=/opt/rustwide/workdir" "-e" "CARGO_TARGET_DIR=/opt/rustwide/target" "-e" "CARGO_HOME=/opt/rustwide/cargo-home" "-e" "RUSTUP_HOME=/opt/rustwide/rustup-home" "-w" "/opt/rustwide/workdir" "-m" "1610612736" "--user" "0:0" "--network" "none" "ghcr.io/rust-lang/crates-build-env/linux@sha256:4a844ea9eb2546a2d2c7022eacef16ef2e8229c7fbb2c7d4d55a9ceca922f72d" "/opt/rustwide/cargo-home/bin/cargo" "+nightly-2024-10-28" "metadata" "--no-deps" "--format-version=1", kill_on_drop: false }`
[INFO] [stdout] 5fdbc613227b33fa6057d0e758e763f7514cd2becf949bf013c7d34ca43e8ce5
[INFO] running `Command { std: "docker" "start" "-a" "5fdbc613227b33fa6057d0e758e763f7514cd2becf949bf013c7d34ca43e8ce5", kill_on_drop: false }`
[INFO] running `Command { std: "docker" "inspect" "5fdbc613227b33fa6057d0e758e763f7514cd2becf949bf013c7d34ca43e8ce5", kill_on_drop: false }`
[INFO] running `Command { std: "docker" "rm" "-f" "5fdbc613227b33fa6057d0e758e763f7514cd2becf949bf013c7d34ca43e8ce5", kill_on_drop: false }`
[INFO] [stdout] 5fdbc613227b33fa6057d0e758e763f7514cd2becf949bf013c7d34ca43e8ce5
[INFO] running `Command { std: "docker" "create" "-v" "/var/lib/crater-agent-workspace/builds/worker-7-tc2/target:/opt/rustwide/target:rw,Z" "-v" "/var/lib/crater-agent-workspace/builds/worker-7-tc2/source:/opt/rustwide/workdir:ro,Z" "-v" "/var/lib/crater-agent-workspace/cargo-home:/opt/rustwide/cargo-home:ro,Z" "-v" "/var/lib/crater-agent-workspace/rustup-home:/opt/rustwide/rustup-home:ro,Z" "-e" "SOURCE_DIR=/opt/rustwide/workdir" "-e" "CARGO_TARGET_DIR=/opt/rustwide/target" "-e" "CARGO_INCREMENTAL=0" "-e" "RUST_BACKTRACE=full" "-e" "RUSTFLAGS=--cap-lints=forbid -Zrandomize-layout" "-e" "RUSTDOCFLAGS=--cap-lints=forbid" "-e" "CARGO_HOME=/opt/rustwide/cargo-home" "-e" "RUSTUP_HOME=/opt/rustwide/rustup-home" "-w" "/opt/rustwide/workdir" "-m" "1610612736" "--user" "0:0" "--network" "none" "ghcr.io/rust-lang/crates-build-env/linux@sha256:4a844ea9eb2546a2d2c7022eacef16ef2e8229c7fbb2c7d4d55a9ceca922f72d" "/opt/rustwide/cargo-home/bin/cargo" "+nightly-2024-10-28" "build" "--frozen" "--message-format=json", kill_on_drop: false }`
[INFO] [stdout] ff1365fb071d259c25c14573d0e94e8b7436b69392b0ddbff0a5df3641b5b661
[INFO] running `Command { std: "docker" "start" "-a" "ff1365fb071d259c25c14573d0e94e8b7436b69392b0ddbff0a5df3641b5b661", kill_on_drop: false }`
[INFO] [stderr]    Compiling proc-macro2 v1.0.88
[INFO] [stderr]    Compiling unicode-ident v1.0.13
[INFO] [stderr]    Compiling autocfg v1.4.0
[INFO] [stderr]    Compiling libc v0.2.161
[INFO] [stderr]    Compiling target-lexicon v0.12.16
[INFO] [stderr]    Compiling cfg-if v1.0.0
[INFO] [stderr]    Compiling once_cell v1.20.2
[INFO] [stderr]    Compiling byteorder v1.5.0
[INFO] [stderr]    Compiling heck v0.5.0
[INFO] [stderr]    Compiling memchr v2.7.4
[INFO] [stderr]    Compiling thiserror v1.0.64
[INFO] [stderr]    Compiling same-file v1.0.6
[INFO] [stderr]    Compiling crossbeam-utils v0.8.20
[INFO] [stderr]    Compiling num-traits v0.2.19
[INFO] [stderr]    Compiling memoffset v0.7.1
[INFO] [stderr]    Compiling walkdir v2.5.0
[INFO] [stderr]    Compiling anyhow v1.0.90
[INFO] [stderr]    Compiling bitflags v2.6.0
[INFO] [stderr]    Compiling quote v1.0.37
[INFO] [stderr]    Compiling pyo3-build-config v0.22.5
[INFO] [stderr]    Compiling serde v1.0.210
[INFO] [stderr]    Compiling bytes v1.7.2
[INFO] [stderr]    Compiling pin-utils v0.1.0
[INFO] [stderr]    Compiling syn v2.0.79
[INFO] [stderr]    Compiling bitflags v1.3.2
[INFO] [stderr]    Compiling memoffset v0.9.1
[INFO] [stderr]    Compiling typeid v1.0.2
[INFO] [stderr]    Compiling utf8parse v0.2.2
[INFO] [stderr]    Compiling combine v4.6.7
[INFO] [stderr]    Compiling anstyle-parse v0.2.5
[INFO] [stderr]    Compiling num-integer v0.1.46
[INFO] [stderr]    Compiling crossbeam-epoch v0.9.18
[INFO] [stderr]    Compiling getrandom v0.2.15
[INFO] [stderr]    Compiling rand_core v0.6.4
[INFO] [stderr]    Compiling nix v0.26.4
[INFO] [stderr]    Compiling half v2.4.1
[INFO] [stderr]    Compiling gimli v0.31.1
[INFO] [stderr]    Compiling rayon-core v1.12.1
[INFO] [stderr]    Compiling bytemuck v1.19.0
[INFO] [stderr]    Compiling adler2 v2.0.0
[INFO] [stderr]    Compiling is_terminal_polyfill v1.70.1
[INFO] [stderr]    Compiling colorchoice v1.0.2
[INFO] [stderr]    Compiling anstyle-query v1.1.1
[INFO] [stderr]    Compiling anstyle v1.0.8
[INFO] [stderr]    Compiling heck v0.4.1
[INFO] [stderr]    Compiling maligned v0.2.1
[INFO] [stderr]    Compiling epserde v0.6.1
[INFO] [stderr]    Compiling pyo3-macros-backend v0.22.5
[INFO] [stderr]    Compiling pyo3-ffi v0.22.5
[INFO] [stderr]    Compiling pyo3 v0.22.5
[INFO] [stderr]    Compiling anstream v0.6.15
[INFO] [stderr]    Compiling safe_arch v0.7.2
[INFO] [stderr]    Compiling miniz_oxide v0.8.0
[INFO] [stderr]    Compiling common_traits v0.10.2
[INFO] [stderr]    Compiling crossbeam-deque v0.8.5
[INFO] [stderr]    Compiling num-bigint v0.4.6
[INFO] [stderr]    Compiling object v0.36.5
[INFO] [stderr]    Compiling rustc-demangle v0.1.24
[INFO] [stderr]    Compiling xxhash-rust v0.8.12
[INFO] [stderr]    Compiling addr2line v0.24.2
[INFO] [stderr]    Compiling unindent v0.2.3
[INFO] [stderr]    Compiling serde_json v1.0.130
[INFO] [stderr]    Compiling strsim v0.11.1
[INFO] [stderr]    Compiling either v1.13.0
[INFO] [stderr]    Compiling indoc v2.0.5
[INFO] [stderr]    Compiling clap_lex v0.7.2
[INFO] [stderr]    Compiling clap_builder v4.5.20
[INFO] [stderr]    Compiling num-rational v0.4.2
[INFO] [stderr]    Compiling wide v0.7.28
[INFO] [stderr]    Compiling num-iter v0.1.45
[INFO] [stderr]    Compiling num-complex v0.4.6
[INFO] [stderr]    Compiling itoa v1.0.11
[INFO] [stderr]    Compiling termcolor v1.4.1
[INFO] [stderr]    Compiling inventory v0.3.15
[INFO] [stderr]    Compiling zerocopy-derive v0.7.35
[INFO] [stderr]    Compiling thiserror-impl v1.0.64
[INFO] [stderr]    Compiling enum-as-inner v0.6.1
[INFO] [stderr]    Compiling serde_derive v1.0.210
[INFO] [stderr]    Compiling mem_dbg-derive v0.1.6
[INFO] [stderr]    Compiling zerocopy v0.7.35
[INFO] [stderr]    Compiling sealed v0.5.0
[INFO] [stderr]    Compiling epserde-derive v0.6.0
[INFO] [stderr]    Compiling backtrace v0.3.74
[INFO] [stderr]    Compiling typetag-impl v0.2.18
[INFO] [stderr]    Compiling sysctl v0.5.5
[INFO] [stderr]    Compiling ppv-lite86 v0.2.20
[INFO] [stderr]    Compiling mmap-rs v0.6.1
[INFO] [stderr]    Compiling rand_chacha v0.3.1
[INFO] [stderr]    Compiling rand_core v0.9.0-alpha.2
[INFO] [stderr]    Compiling clap_derive v4.5.18
[INFO] [stderr]    Compiling rand v0.8.5
[INFO] [stderr]    Compiling pyo3-macros v0.22.5
[INFO] [stderr]    Compiling mem_dbg v0.2.4
[INFO] [stderr]    Compiling ryu v1.0.18
[INFO] [stderr]    Compiling rand_chacha v0.9.0-alpha.2
[INFO] [stderr]    Compiling color-backtrace v0.6.1
[INFO] [stderr]    Compiling num v0.4.3
[INFO] [stderr]    Compiling ctor v0.2.8
[INFO] [stderr]    Compiling rayon v1.10.0
[INFO] [stderr]    Compiling itertools v0.12.1
[INFO] [stderr]    Compiling wyhash v0.5.0
[INFO] [stderr]    Compiling clap v4.5.20
[INFO] [stderr]    Compiling packed-seq v0.1.0 (https://github.com/rust-seq/packed-seq#dce95935)
[INFO] [stderr]    Compiling erased-serde v0.4.5
[INFO] [stderr]    Compiling typetag v0.2.18
[INFO] [stderr]    Compiling minimizers v0.1.0 (/opt/rustwide/workdir)
[INFO] [stdout] warning: unused import: `std::cell::Cell`
[INFO] [stdout]  --> src/schemes/threshold.rs:1:5
[INFO] [stdout]   |
[INFO] [stdout] 1 | use std::cell::Cell;
[INFO] [stdout]   |     ^^^^^^^^^^^^^^^
[INFO] [stdout]   |
[INFO] [stdout]   = note: `#[warn(unused_imports)]` on by default
[INFO] [stdout] 
[INFO] [stdout] 
[INFO] [stdout] warning: value assigned to `pref` is never read
[INFO] [stdout]   --> src/schemes/threshold.rs:67:17
[INFO] [stdout]    |
[INFO] [stdout] 67 |         let mut pref = 0;
[INFO] [stdout]    |                 ^^^^
[INFO] [stdout]    |
[INFO] [stdout]    = help: maybe it is overwritten before being read?
[INFO] [stdout]    = note: `#[warn(unused_assignments)]` on by default
[INFO] [stdout] 
[INFO] [stdout] 
[INFO] [stdout] warning: unused variable: `skip`
[INFO] [stdout]    --> src/schemes/threshold.rs:211:17
[INFO] [stdout]     |
[INFO] [stdout] 211 |         let mut skip = 0;
[INFO] [stdout]     |                 ^^^^ help: if this is intentional, prefix it with an underscore: `_skip`
[INFO] [stdout]     |
[INFO] [stdout]     = note: `#[warn(unused_variables)]` on by default
[INFO] [stdout] 
[INFO] [stdout] 
[INFO] [stdout] warning: unused variable: `pref`
[INFO] [stdout]    --> src/schemes/threshold.rs:214:15
[INFO] [stdout]     |
[INFO] [stdout] 214 |         let ((pref, _, _), mut p, _) = lmer
[INFO] [stdout]     |               ^^^^ help: if this is intentional, prefix it with an underscore: `_pref`
[INFO] [stdout] 
[INFO] [stdout] 
[INFO] [stdout] warning: variable does not need to be mutable
[INFO] [stdout]    --> src/schemes/threshold.rs:211:13
[INFO] [stdout]     |
[INFO] [stdout] 211 |         let mut skip = 0;
[INFO] [stdout]     |             ----^^^^
[INFO] [stdout]     |             |
[INFO] [stdout]     |             help: remove this `mut`
[INFO] [stdout]     |
[INFO] [stdout]     = note: `#[warn(unused_mut)]` on by default
[INFO] [stdout] 
[INFO] [stdout] 
[INFO] [stdout] warning: variable does not need to be mutable
[INFO] [stdout]    --> src/schemes/threshold.rs:214:28
[INFO] [stdout]     |
[INFO] [stdout] 214 |         let ((pref, _, _), mut p, _) = lmer
[INFO] [stdout]     |                            ----^
[INFO] [stdout]     |                            |
[INFO] [stdout]     |                            help: remove this `mut`
[INFO] [stdout] 
[INFO] [stdout] 
[INFO] [stdout] warning: fields `t`, `rand_mini`, and `threshold2` are never read
[INFO] [stdout]   --> src/schemes/threshold.rs:28:5
[INFO] [stdout]    |
[INFO] [stdout] 24 | pub struct ThresholdMinimizer {
[INFO] [stdout]    |            ------------------ fields in this struct
[INFO] [stdout] ...
[INFO] [stdout] 28 |     t: usize,
[INFO] [stdout]    |     ^
[INFO] [stdout] ...
[INFO] [stdout] 33 |     rand_mini: RandomMinimizer,
[INFO] [stdout]    |     ^^^^^^^^^
[INFO] [stdout] 34 |     threshold: usize,
[INFO] [stdout] 35 |     threshold2: usize,
[INFO] [stdout]    |     ^^^^^^^^^^
[INFO] [stdout]    |
[INFO] [stdout]    = note: `#[warn(dead_code)]` on by default
[INFO] [stdout] 
[INFO] [stdout] 
[INFO] [stderr]     Finished `dev` profile [unoptimized + debuginfo] target(s) in 15.76s
[INFO] running `Command { std: "docker" "inspect" "ff1365fb071d259c25c14573d0e94e8b7436b69392b0ddbff0a5df3641b5b661", kill_on_drop: false }`
[INFO] running `Command { std: "docker" "rm" "-f" "ff1365fb071d259c25c14573d0e94e8b7436b69392b0ddbff0a5df3641b5b661", kill_on_drop: false }`
[INFO] [stdout] ff1365fb071d259c25c14573d0e94e8b7436b69392b0ddbff0a5df3641b5b661
[INFO] running `Command { std: "docker" "create" "-v" "/var/lib/crater-agent-workspace/builds/worker-7-tc2/target:/opt/rustwide/target:rw,Z" "-v" "/var/lib/crater-agent-workspace/builds/worker-7-tc2/source:/opt/rustwide/workdir:ro,Z" "-v" "/var/lib/crater-agent-workspace/cargo-home:/opt/rustwide/cargo-home:ro,Z" "-v" "/var/lib/crater-agent-workspace/rustup-home:/opt/rustwide/rustup-home:ro,Z" "-e" "SOURCE_DIR=/opt/rustwide/workdir" "-e" "CARGO_TARGET_DIR=/opt/rustwide/target" "-e" "CARGO_INCREMENTAL=0" "-e" "RUST_BACKTRACE=full" "-e" "RUSTFLAGS=--cap-lints=forbid -Zrandomize-layout" "-e" "RUSTDOCFLAGS=--cap-lints=forbid" "-e" "CARGO_HOME=/opt/rustwide/cargo-home" "-e" "RUSTUP_HOME=/opt/rustwide/rustup-home" "-w" "/opt/rustwide/workdir" "-m" "1610612736" "--user" "0:0" "--network" "none" "ghcr.io/rust-lang/crates-build-env/linux@sha256:4a844ea9eb2546a2d2c7022eacef16ef2e8229c7fbb2c7d4d55a9ceca922f72d" "/opt/rustwide/cargo-home/bin/cargo" "+nightly-2024-10-28" "test" "--frozen" "--no-run" "--message-format=json", kill_on_drop: false }`
[INFO] [stdout] 496500b36320ca04f2e11ef4bcfd2b2ed3dc2d7e35b7e3cc84b25117356cc994
[INFO] running `Command { std: "docker" "start" "-a" "496500b36320ca04f2e11ef4bcfd2b2ed3dc2d7e35b7e3cc84b25117356cc994", kill_on_drop: false }`
[INFO] [stderr]    Compiling memchr v2.7.4
[INFO] [stderr]    Compiling num-traits v0.2.19
[INFO] [stderr]    Compiling shlex v1.3.0
[INFO] [stderr]    Compiling bitflags v2.6.0
[INFO] [stderr]    Compiling pkg-config v0.3.31
[INFO] [stderr]    Compiling miniz_oxide v0.8.0
[INFO] [stderr]    Compiling rustix v0.38.37
[INFO] [stderr]    Compiling linux-raw-sys v0.4.14
[INFO] [stderr]    Compiling cc v1.1.30
[INFO] [stderr]    Compiling sysctl v0.5.5
[INFO] [stderr]    Compiling fastrand v2.1.1
[INFO] [stderr]    Compiling combine v4.6.7
[INFO] [stderr]    Compiling serde_json v1.0.130
[INFO] [stderr]    Compiling object v0.36.5
[INFO] [stderr]    Compiling plotters-backend v0.3.7
[INFO] [stderr]    Compiling num-integer v0.1.46
[INFO] [stderr]    Compiling no-std-compat v0.4.1
[INFO] [stderr]    Compiling ciborium-io v0.2.2
[INFO] [stderr]    Compiling regex-syntax v0.8.5
[INFO] [stderr]    Compiling ciborium-ll v0.2.2
[INFO] [stderr]    Compiling num-bigint v0.4.6
[INFO] [stderr]    Compiling num-iter v0.1.45
[INFO] [stderr]    Compiling wyhash2 v0.2.1
[INFO] [stderr]    Compiling plotters-svg v0.3.7
[INFO] [stderr]    Compiling bzip2-sys v0.1.11+1.0.8
[INFO] [stderr]    Compiling lzma-sys v0.1.20
[INFO] [stderr]    Compiling num-complex v0.4.6
[INFO] [stderr]    Compiling itertools v0.10.5
[INFO] [stderr]    Compiling tempfile v3.13.0
[INFO] [stderr]    Compiling num-rational v0.4.2
[INFO] [stderr]    Compiling regex-automata v0.4.8
[INFO] [stderr]    Compiling crc32fast v1.4.2
[INFO] [stderr]    Compiling cast v0.3.0
[INFO] [stderr]    Compiling xml-rs v0.8.22
[INFO] [stderr]    Compiling strength_reduce v0.2.4
[INFO] [stderr]    Compiling criterion-plot v0.5.0
[INFO] [stderr]    Compiling minimizer-queue v1.2.3
[INFO] [stderr]    Compiling flate2 v1.0.34
[INFO] [stderr]    Compiling num v0.4.3
[INFO] [stderr]    Compiling bzip2 v0.4.4
[INFO] [stderr]    Compiling xz2 v0.1.7
[INFO] [stderr]    Compiling lp-solvers v1.0.1
[INFO] [stderr]    Compiling plotters v0.3.7
[INFO] [stderr]    Compiling tinytemplate v1.2.1
[INFO] [stderr]    Compiling ciborium v0.2.2
[INFO] [stderr]    Compiling backtrace v0.3.74
[INFO] [stderr]    Compiling regex v1.11.0
[INFO] [stderr]    Compiling buffer-redux v1.0.2
[INFO] [stderr]    Compiling is-terminal v0.4.13
[INFO] [stderr]    Compiling anes v0.1.6
[INFO] [stderr]    Compiling fnv v1.0.7
[INFO] [stderr]    Compiling color-backtrace v0.6.1
[INFO] [stderr]    Compiling oorandom v11.1.4
[INFO] [stderr]    Compiling bytecount v0.6.8
[INFO] [stderr]    Compiling good_lp v1.8.1
[INFO] [stderr]    Compiling mmap-rs v0.6.1
[INFO] [stderr]    Compiling needletail v0.5.1
[INFO] [stderr]    Compiling criterion v0.5.1
[INFO] [stderr]    Compiling minimizer-iter v1.2.1
[INFO] [stderr]    Compiling nthash v0.5.1
[INFO] [stderr]    Compiling fxhash v0.2.1
[INFO] [stderr]    Compiling mem_dbg v0.2.4
[INFO] [stderr]    Compiling epserde v0.6.1
[INFO] [stderr]    Compiling packed-seq v0.1.0 (https://github.com/rust-seq/packed-seq#dce95935)
[INFO] [stderr]    Compiling minimizers v0.1.0 (/opt/rustwide/workdir)
[INFO] [stdout] warning: unused import: `std::cell::Cell`
[INFO] [stdout]  --> src/schemes/threshold.rs:1:5
[INFO] [stdout]   |
[INFO] [stdout] 1 | use std::cell::Cell;
[INFO] [stdout]   |     ^^^^^^^^^^^^^^^
[INFO] [stdout]   |
[INFO] [stdout]   = note: `#[warn(unused_imports)]` on by default
[INFO] [stdout] 
[INFO] [stdout] 
[INFO] [stdout] warning: value assigned to `pref` is never read
[INFO] [stdout]   --> src/schemes/threshold.rs:67:17
[INFO] [stdout]    |
[INFO] [stdout] 67 |         let mut pref = 0;
[INFO] [stdout]    |                 ^^^^
[INFO] [stdout]    |
[INFO] [stdout]    = help: maybe it is overwritten before being read?
[INFO] [stdout]    = note: `#[warn(unused_assignments)]` on by default
[INFO] [stdout] 
[INFO] [stdout] 
[INFO] [stdout] warning: unused variable: `skip`
[INFO] [stdout]    --> src/schemes/threshold.rs:211:17
[INFO] [stdout]     |
[INFO] [stdout] 211 |         let mut skip = 0;
[INFO] [stdout]     |                 ^^^^ help: if this is intentional, prefix it with an underscore: `_skip`
[INFO] [stdout]     |
[INFO] [stdout]     = note: `#[warn(unused_variables)]` on by default
[INFO] [stdout] 
[INFO] [stdout] 
[INFO] [stdout] warning: unused variable: `pref`
[INFO] [stdout]    --> src/schemes/threshold.rs:214:15
[INFO] [stdout]     |
[INFO] [stdout] 214 |         let ((pref, _, _), mut p, _) = lmer
[INFO] [stdout]     |               ^^^^ help: if this is intentional, prefix it with an underscore: `_pref`
[INFO] [stdout] 
[INFO] [stdout] 
[INFO] [stdout] warning: variable does not need to be mutable
[INFO] [stdout]    --> src/schemes/threshold.rs:211:13
[INFO] [stdout]     |
[INFO] [stdout] 211 |         let mut skip = 0;
[INFO] [stdout]     |             ----^^^^
[INFO] [stdout]     |             |
[INFO] [stdout]     |             help: remove this `mut`
[INFO] [stdout]     |
[INFO] [stdout]     = note: `#[warn(unused_mut)]` on by default
[INFO] [stdout] 
[INFO] [stdout] 
[INFO] [stdout] warning: variable does not need to be mutable
[INFO] [stdout]    --> src/schemes/threshold.rs:214:28
[INFO] [stdout]     |
[INFO] [stdout] 214 |         let ((pref, _, _), mut p, _) = lmer
[INFO] [stdout]     |                            ----^
[INFO] [stdout]     |                            |
[INFO] [stdout]     |                            help: remove this `mut`
[INFO] [stdout] 
[INFO] [stdout] 
[INFO] [stdout] warning: fields `t`, `rand_mini`, and `threshold2` are never read
[INFO] [stdout]   --> src/schemes/threshold.rs:28:5
[INFO] [stdout]    |
[INFO] [stdout] 24 | pub struct ThresholdMinimizer {
[INFO] [stdout]    |            ------------------ fields in this struct
[INFO] [stdout] ...
[INFO] [stdout] 28 |     t: usize,
[INFO] [stdout]    |     ^
[INFO] [stdout] ...
[INFO] [stdout] 33 |     rand_mini: RandomMinimizer,
[INFO] [stdout]    |     ^^^^^^^^^
[INFO] [stdout] 34 |     threshold: usize,
[INFO] [stdout] 35 |     threshold2: usize,
[INFO] [stdout]    |     ^^^^^^^^^^
[INFO] [stdout]    |
[INFO] [stdout]    = note: `#[warn(dead_code)]` on by default
[INFO] [stdout] 
[INFO] [stdout] 
[INFO] [stdout] warning: unused import: `std::cell::Cell`
[INFO] [stdout]  --> src/schemes/threshold.rs:1:5
[INFO] [stdout]   |
[INFO] [stdout] 1 | use std::cell::Cell;
[INFO] [stdout]   |     ^^^^^^^^^^^^^^^
[INFO] [stdout]   |
[INFO] [stdout]   = note: `#[warn(unused_imports)]` on by default
[INFO] [stdout] 
[INFO] [stdout] 
[INFO] [stdout] warning: use of deprecated constant `simd::intrinsics::table_lookup::tests::test_table_lookup`: This implementation uses SIMD, make sure you are compiling using `-C target-cpu=native` to get the expected performance. You can hide this warning by enabling the `hide-simd-warning` feature.
[INFO] [stdout]   --> src/simd/intrinsics/table_lookup.rs:72:5
[INFO] [stdout]    |
[INFO] [stdout] 72 | /     fn test_table_lookup() {
[INFO] [stdout] 73 | |         let t = S::new([1000, 1001, 1002, 1003, 1000, 1001, 1002, 1003]);
[INFO] [stdout] 74 | |         let idx = S::new([2, 0, 3, 1, 0, 2, 1, 0]);
[INFO] [stdout] 75 | |         let res = table_lookup(t, idx);
[INFO] [stdout] ...  |
[INFO] [stdout] 80 | |         );
[INFO] [stdout] 81 | |     }
[INFO] [stdout]    | |_____^
[INFO] [stdout]    |
[INFO] [stdout]    = note: `#[warn(deprecated)]` on by default
[INFO] [stdout] 
[INFO] [stdout] 
[INFO] [stdout] warning: use of deprecated constant `simd::minimizer::test::linearized`: This implementation uses SIMD, make sure you are compiling using `-C target-cpu=native` to get the expected performance. You can hide this warning by enabling the `hide-simd-warning` feature.
[INFO] [stdout]    --> src/simd/minimizer.rs:299:5
[INFO] [stdout]     |
[INFO] [stdout] 299 | /     fn linearized() {
[INFO] [stdout] 300 | |         let seq = &*PACKED_SEQ;
[INFO] [stdout] 301 | |         for k in [1, 2, 3, 4, 5, 31, 32, 33, 63, 64, 65] {
[INFO] [stdout] 302 | |             for w in [1, 2, 3, 4, 5, 31, 32, 33, 63, 64, 65] {
[INFO] [stdout] ...   |
[INFO] [stdout] 318 | |         }
[INFO] [stdout] 319 | |     }
[INFO] [stdout]     | |_____^
[INFO] [stdout] 
[INFO] [stdout] 
[INFO] [stdout] warning: use of deprecated constant `simd::minimizer::test::parallel_iter_byte`: This implementation uses SIMD, make sure you are compiling using `-C target-cpu=native` to get the expected performance. You can hide this warning by enabling the `hide-simd-warning` feature.
[INFO] [stdout]    --> src/simd/minimizer.rs:258:5
[INFO] [stdout]     |
[INFO] [stdout] 258 | /     fn parallel_iter_byte() {
[INFO] [stdout] 259 | |         let seq = &*ASCII_SEQ;
[INFO] [stdout] 260 | |         for k in [1, 2, 3, 4, 5, 31, 32, 33, 63, 64, 65] {
[INFO] [stdout] 261 | |             for w in [1, 2, 3, 4, 5, 31, 32, 33, 63, 64, 65] {
[INFO] [stdout] ...   |
[INFO] [stdout] 275 | |         }
[INFO] [stdout] 276 | |     }
[INFO] [stdout]     | |_____^
[INFO] [stdout] 
[INFO] [stdout] 
[INFO] [stdout] warning: use of deprecated constant `simd::minimizer::test::parallel_iter_packed`: This implementation uses SIMD, make sure you are compiling using `-C target-cpu=native` to get the expected performance. You can hide this warning by enabling the `hide-simd-warning` feature.
[INFO] [stdout]    --> src/simd/minimizer.rs:279:5
[INFO] [stdout]     |
[INFO] [stdout] 279 | /     fn parallel_iter_packed() {
[INFO] [stdout] 280 | |         let seq = &*PACKED_SEQ;
[INFO] [stdout] 281 | |         for k in [1, 2, 3, 4, 5, 31, 32, 33, 63, 64, 65] {
[INFO] [stdout] 282 | |             for w in [1, 2, 3, 4, 5, 31, 32, 33, 63, 64, 65] {
[INFO] [stdout] ...   |
[INFO] [stdout] 295 | |         }
[INFO] [stdout] 296 | |     }
[INFO] [stdout]     | |_____^
[INFO] [stdout] 
[INFO] [stdout] 
[INFO] [stdout] warning: use of deprecated constant `simd::minimizer::test::scalar_byte`: This implementation uses SIMD, make sure you are compiling using `-C target-cpu=native` to get the expected performance. You can hide this warning by enabling the `hide-simd-warning` feature.
[INFO] [stdout]    --> src/simd/minimizer.rs:237:5
[INFO] [stdout]     |
[INFO] [stdout] 237 | /     fn scalar_byte() {
[INFO] [stdout] 238 | |         let seq = &*ASCII_SEQ;
[INFO] [stdout] 239 | |         for k in [1, 2, 3, 4, 5, 31, 32, 33, 63, 64, 65] {
[INFO] [stdout] 240 | |             for w in [1, 2, 3, 4, 5, 31, 32, 33, 63, 64, 65] {
[INFO] [stdout] ...   |
[INFO] [stdout] 254 | |         }
[INFO] [stdout] 255 | |     }
[INFO] [stdout]     | |_____^
[INFO] [stdout] 
[INFO] [stdout] 
[INFO] [stdout] warning: use of deprecated constant `simd::nthash::test::canonical_is_revcomp`: This implementation uses SIMD, make sure you are compiling using `-C target-cpu=native` to get the expected performance. You can hide this warning by enabling the `hide-simd-warning` feature.
[INFO] [stdout]    --> src/simd/nthash.rs:259:5
[INFO] [stdout]     |
[INFO] [stdout] 259 | /     fn canonical_is_revcomp() {
[INFO] [stdout] 260 | |         let seq = &*ASCII_SEQ;
[INFO] [stdout] 261 | |         let seq_rc = AsciiSeqVec::from_vec(
[INFO] [stdout] 262 | |             seq.seq
[INFO] [stdout] ...   |
[INFO] [stdout] 287 | |         }
[INFO] [stdout] 288 | |     }
[INFO] [stdout]     | |_____^
[INFO] [stdout] 
[INFO] [stdout] 
[INFO] [stdout] warning: use of deprecated constant `simd::nthash::test::linearized`: This implementation uses SIMD, make sure you are compiling using `-C target-cpu=native` to get the expected performance. You can hide this warning by enabling the `hide-simd-warning` feature.
[INFO] [stdout]    --> src/simd/nthash.rs:330:5
[INFO] [stdout]     |
[INFO] [stdout] 330 | /     fn linearized() {
[INFO] [stdout] 331 | |         let seq = &*PACKED_SEQ;
[INFO] [stdout] 332 | |         for k in [
[INFO] [stdout] 333 | |             1, 2, 3, 4, 5, 6, 7, 8, 9, 15, 16, 17, 31, 32, 33, 63, 64, 65,
[INFO] [stdout] ...   |
[INFO] [stdout] 341 | |         }
[INFO] [stdout] 342 | |     }
[INFO] [stdout]     | |_____^
[INFO] [stdout] 
[INFO] [stdout] 
[INFO] [stdout] warning: use of deprecated constant `simd::nthash::test::parallel_byte`: This implementation uses SIMD, make sure you are compiling using `-C target-cpu=native` to get the expected performance. You can hide this warning by enabling the `hide-simd-warning` feature.
[INFO] [stdout]    --> src/simd/nthash.rs:188:5
[INFO] [stdout]     |
[INFO] [stdout] 188 | /     fn parallel_byte() {
[INFO] [stdout] 189 | |         let seq = &*ASCII_SEQ;
[INFO] [stdout] 190 | |         for k in [
[INFO] [stdout] 191 | |             1, 2, 3, 4, 5, 6, 7, 8, 9, 15, 16, 17, 31, 32, 33, 63, 64, 65,
[INFO] [stdout] ...   |
[INFO] [stdout] 199 | |         }
[INFO] [stdout] 200 | |     }
[INFO] [stdout]     | |_____^
[INFO] [stdout] 
[INFO] [stdout] 
[INFO] [stdout] warning: use of deprecated constant `simd::nthash::test::parallel_iter_byte`: This implementation uses SIMD, make sure you are compiling using `-C target-cpu=native` to get the expected performance. You can hide this warning by enabling the `hide-simd-warning` feature.
[INFO] [stdout]    --> src/simd/nthash.rs:218:5
[INFO] [stdout]     |
[INFO] [stdout] 218 | /     fn parallel_iter_byte() {
[INFO] [stdout] 219 | |         let seq = &*ASCII_SEQ;
[INFO] [stdout] 220 | |         for k in [
[INFO] [stdout] 221 | |             1, 2, 3, 4, 5, 6, 7, 8, 9, 15, 16, 17, 31, 32, 33, 63, 64, 65,
[INFO] [stdout] ...   |
[INFO] [stdout] 235 | |         }
[INFO] [stdout] 236 | |     }
[INFO] [stdout]     | |_____^
[INFO] [stdout] 
[INFO] [stdout] 
[INFO] [stdout] warning: use of deprecated constant `simd::nthash::test::parallel_iter_packed`: This implementation uses SIMD, make sure you are compiling using `-C target-cpu=native` to get the expected performance. You can hide this warning by enabling the `hide-simd-warning` feature.
[INFO] [stdout]    --> src/simd/nthash.rs:239:5
[INFO] [stdout]     |
[INFO] [stdout] 239 | /     fn parallel_iter_packed() {
[INFO] [stdout] 240 | |         let seq = &*PACKED_SEQ;
[INFO] [stdout] 241 | |         for k in [
[INFO] [stdout] 242 | |             1, 2, 3, 4, 5, 6, 7, 8, 9, 15, 16, 17, 31, 32, 33, 63, 64, 65,
[INFO] [stdout] ...   |
[INFO] [stdout] 255 | |         }
[INFO] [stdout] 256 | |     }
[INFO] [stdout]     | |_____^
[INFO] [stdout] 
[INFO] [stdout] 
[INFO] [stdout] warning: use of deprecated constant `simd::nthash::test::parallel_iter_packed_canonical`: This implementation uses SIMD, make sure you are compiling using `-C target-cpu=native` to get the expected performance. You can hide this warning by enabling the `hide-simd-warning` feature.
[INFO] [stdout]    --> src/simd/nthash.rs:310:5
[INFO] [stdout]     |
[INFO] [stdout] 310 | /     fn parallel_iter_packed_canonical() {
[INFO] [stdout] 311 | |         let seq = &*PACKED_SEQ;
[INFO] [stdout] 312 | |         for k in [
[INFO] [stdout] 313 | |             1, 2, 3, 4, 5, 6, 7, 8, 9, 15, 16, 17, 31, 32, 33, 63, 64, 65,
[INFO] [stdout] ...   |
[INFO] [stdout] 326 | |         }
[INFO] [stdout] 327 | |     }
[INFO] [stdout]     | |_____^
[INFO] [stdout] 
[INFO] [stdout] 
[INFO] [stdout] warning: use of deprecated constant `simd::nthash::test::parallel_packed`: This implementation uses SIMD, make sure you are compiling using `-C target-cpu=native` to get the expected performance. You can hide this warning by enabling the `hide-simd-warning` feature.
[INFO] [stdout]    --> src/simd/nthash.rs:203:5
[INFO] [stdout]     |
[INFO] [stdout] 203 | /     fn parallel_packed() {
[INFO] [stdout] 204 | |         let seq = &*PACKED_SEQ;
[INFO] [stdout] 205 | |         for k in [
[INFO] [stdout] 206 | |             1, 2, 3, 4, 5, 6, 7, 8, 9, 15, 16, 17, 31, 32, 33, 63, 64, 65,
[INFO] [stdout] ...   |
[INFO] [stdout] 214 | |         }
[INFO] [stdout] 215 | |     }
[INFO] [stdout]     | |_____^
[INFO] [stdout] 
[INFO] [stdout] 
[INFO] [stdout] warning: use of deprecated constant `simd::nthash::test::scalar_byte`: This implementation uses SIMD, make sure you are compiling using `-C target-cpu=native` to get the expected performance. You can hide this warning by enabling the `hide-simd-warning` feature.
[INFO] [stdout]    --> src/simd/nthash.rs:169:5
[INFO] [stdout]     |
[INFO] [stdout] 169 | /     fn scalar_byte() {
[INFO] [stdout] 170 | |         let seq = &*ASCII_SEQ;
[INFO] [stdout] 171 | |         for k in [
[INFO] [stdout] 172 | |             1, 2, 3, 4, 5, 6, 7, 8, 9, 15, 16, 17, 31, 32, 33, 63, 64, 65,
[INFO] [stdout] ...   |
[INFO] [stdout] 184 | |         }
[INFO] [stdout] 185 | |     }
[INFO] [stdout]     | |_____^
[INFO] [stdout] 
[INFO] [stdout] 
[INFO] [stdout] warning: use of deprecated constant `simd::nthash::test::scalar_byte_canonical`: This implementation uses SIMD, make sure you are compiling using `-C target-cpu=native` to get the expected performance. You can hide this warning by enabling the `hide-simd-warning` feature.
[INFO] [stdout]    --> src/simd/nthash.rs:291:5
[INFO] [stdout]     |
[INFO] [stdout] 291 | /     fn scalar_byte_canonical() {
[INFO] [stdout] 292 | |         let seq = &*ASCII_SEQ;
[INFO] [stdout] 293 | |         for k in [
[INFO] [stdout] 294 | |             1, 2, 3, 4, 5, 6, 7, 8, 9, 15, 16, 17, 31, 32, 33, 63, 64, 65,
[INFO] [stdout] ...   |
[INFO] [stdout] 306 | |         }
[INFO] [stdout] 307 | |     }
[INFO] [stdout]     | |_____^
[INFO] [stdout] 
[INFO] [stdout] 
[INFO] [stdout] warning: value assigned to `pref` is never read
[INFO] [stdout]   --> src/schemes/threshold.rs:67:17
[INFO] [stdout]    |
[INFO] [stdout] 67 |         let mut pref = 0;
[INFO] [stdout]    |                 ^^^^
[INFO] [stdout]    |
[INFO] [stdout]    = help: maybe it is overwritten before being read?
[INFO] [stdout]    = note: `#[warn(unused_assignments)]` on by default
[INFO] [stdout] 
[INFO] [stdout] 
[INFO] [stdout] warning: unused variable: `skip`
[INFO] [stdout]    --> src/schemes/threshold.rs:211:17
[INFO] [stdout]     |
[INFO] [stdout] 211 |         let mut skip = 0;
[INFO] [stdout]     |                 ^^^^ help: if this is intentional, prefix it with an underscore: `_skip`
[INFO] [stdout]     |
[INFO] [stdout]     = note: `#[warn(unused_variables)]` on by default
[INFO] [stdout] 
[INFO] [stdout] 
[INFO] [stdout] warning: unused variable: `pref`
[INFO] [stdout]    --> src/schemes/threshold.rs:214:15
[INFO] [stdout]     |
[INFO] [stdout] 214 |         let ((pref, _, _), mut p, _) = lmer
[INFO] [stdout]     |               ^^^^ help: if this is intentional, prefix it with an underscore: `_pref`
[INFO] [stdout] 
[INFO] [stdout] 
[INFO] [stdout] warning: variable does not need to be mutable
[INFO] [stdout]    --> src/schemes/threshold.rs:211:13
[INFO] [stdout]     |
[INFO] [stdout] 211 |         let mut skip = 0;
[INFO] [stdout]     |             ----^^^^
[INFO] [stdout]     |             |
[INFO] [stdout]     |             help: remove this `mut`
[INFO] [stdout]     |
[INFO] [stdout]     = note: `#[warn(unused_mut)]` on by default
[INFO] [stdout] 
[INFO] [stdout] 
[INFO] [stdout] warning: variable does not need to be mutable
[INFO] [stdout]    --> src/schemes/threshold.rs:214:28
[INFO] [stdout]     |
[INFO] [stdout] 214 |         let ((pref, _, _), mut p, _) = lmer
[INFO] [stdout]     |                            ----^
[INFO] [stdout]     |                            |
[INFO] [stdout]     |                            help: remove this `mut`
[INFO] [stdout] 
[INFO] [stdout] 
[INFO] [stdout] warning: fields `t`, `rand_mini`, and `threshold2` are never read
[INFO] [stdout]   --> src/schemes/threshold.rs:28:5
[INFO] [stdout]    |
[INFO] [stdout] 24 | pub struct ThresholdMinimizer {
[INFO] [stdout]    |            ------------------ fields in this struct
[INFO] [stdout] ...
[INFO] [stdout] 28 |     t: usize,
[INFO] [stdout]    |     ^
[INFO] [stdout] ...
[INFO] [stdout] 33 |     rand_mini: RandomMinimizer,
[INFO] [stdout]    |     ^^^^^^^^^
[INFO] [stdout] 34 |     threshold: usize,
[INFO] [stdout] 35 |     threshold2: usize,
[INFO] [stdout]    |     ^^^^^^^^^^
[INFO] [stdout]    |
[INFO] [stdout]    = note: `#[warn(dead_code)]` on by default
[INFO] [stdout] 
[INFO] [stdout] 
[INFO] [stderr]     Finished `test` profile [unoptimized + debuginfo] target(s) in 10.46s
[INFO] running `Command { std: "docker" "inspect" "496500b36320ca04f2e11ef4bcfd2b2ed3dc2d7e35b7e3cc84b25117356cc994", kill_on_drop: false }`
[INFO] running `Command { std: "docker" "rm" "-f" "496500b36320ca04f2e11ef4bcfd2b2ed3dc2d7e35b7e3cc84b25117356cc994", kill_on_drop: false }`
[INFO] [stdout] 496500b36320ca04f2e11ef4bcfd2b2ed3dc2d7e35b7e3cc84b25117356cc994
[INFO] running `Command { std: "docker" "create" "-v" "/var/lib/crater-agent-workspace/builds/worker-7-tc2/target:/opt/rustwide/target:rw,Z" "-v" "/var/lib/crater-agent-workspace/builds/worker-7-tc2/source:/opt/rustwide/workdir:ro,Z" "-v" "/var/lib/crater-agent-workspace/cargo-home:/opt/rustwide/cargo-home:ro,Z" "-v" "/var/lib/crater-agent-workspace/rustup-home:/opt/rustwide/rustup-home:ro,Z" "-e" "SOURCE_DIR=/opt/rustwide/workdir" "-e" "CARGO_TARGET_DIR=/opt/rustwide/target" "-e" "CARGO_INCREMENTAL=0" "-e" "RUST_BACKTRACE=full" "-e" "RUSTFLAGS=--cap-lints=forbid -Zrandomize-layout" "-e" "RUSTDOCFLAGS=--cap-lints=forbid" "-e" "CARGO_HOME=/opt/rustwide/cargo-home" "-e" "RUSTUP_HOME=/opt/rustwide/rustup-home" "-w" "/opt/rustwide/workdir" "-m" "1610612736" "--user" "0:0" "--network" "none" "ghcr.io/rust-lang/crates-build-env/linux@sha256:4a844ea9eb2546a2d2c7022eacef16ef2e8229c7fbb2c7d4d55a9ceca922f72d" "/opt/rustwide/cargo-home/bin/cargo" "+nightly-2024-10-28" "test" "--frozen", kill_on_drop: false }`
[INFO] [stdout] abc0de8f829b376c28487ca1c95d8e578bd7074af5d0960b7ad0f630c7a68398
[INFO] running `Command { std: "docker" "start" "-a" "abc0de8f829b376c28487ca1c95d8e578bd7074af5d0960b7ad0f630c7a68398", kill_on_drop: false }`
[INFO] [stderr] warning: unused import: `std::cell::Cell`
[INFO] [stderr]  --> src/schemes/threshold.rs:1:5
[INFO] [stderr]   |
[INFO] [stderr] 1 | use std::cell::Cell;
[INFO] [stderr]   |     ^^^^^^^^^^^^^^^
[INFO] [stderr]   |
[INFO] [stderr]   = note: `#[warn(unused_imports)]` on by default
[INFO] [stderr] 
[INFO] [stderr] warning: value assigned to `pref` is never read
[INFO] [stderr]   --> src/schemes/threshold.rs:67:17
[INFO] [stderr]    |
[INFO] [stderr] 67 |         let mut pref = 0;
[INFO] [stderr]    |                 ^^^^
[INFO] [stderr]    |
[INFO] [stderr]    = help: maybe it is overwritten before being read?
[INFO] [stderr]    = note: `#[warn(unused_assignments)]` on by default
[INFO] [stderr] 
[INFO] [stderr] warning: unused variable: `skip`
[INFO] [stderr]    --> src/schemes/threshold.rs:211:17
[INFO] [stderr]     |
[INFO] [stderr] 211 |         let mut skip = 0;
[INFO] [stderr]     |                 ^^^^ help: if this is intentional, prefix it with an underscore: `_skip`
[INFO] [stderr]     |
[INFO] [stderr]     = note: `#[warn(unused_variables)]` on by default
[INFO] [stderr] 
[INFO] [stderr] warning: unused variable: `pref`
[INFO] [stderr]    --> src/schemes/threshold.rs:214:15
[INFO] [stderr]     |
[INFO] [stderr] 214 |         let ((pref, _, _), mut p, _) = lmer
[INFO] [stderr]     |               ^^^^ help: if this is intentional, prefix it with an underscore: `_pref`
[INFO] [stderr] 
[INFO] [stderr] warning: variable does not need to be mutable
[INFO] [stderr]    --> src/schemes/threshold.rs:211:13
[INFO] [stderr]     |
[INFO] [stderr] 211 |         let mut skip = 0;
[INFO] [stderr]     |             ----^^^^
[INFO] [stderr]     |             |
[INFO] [stderr]     |             help: remove this `mut`
[INFO] [stderr]     |
[INFO] [stderr]     = note: `#[warn(unused_mut)]` on by default
[INFO] [stderr] 
[INFO] [stderr] warning: variable does not need to be mutable
[INFO] [stderr]    --> src/schemes/threshold.rs:214:28
[INFO] [stderr]     |
[INFO] [stderr] 214 |         let ((pref, _, _), mut p, _) = lmer
[INFO] [stderr]     |                            ----^
[INFO] [stderr]     |                            |
[INFO] [stderr]     |                            help: remove this `mut`
[INFO] [stderr] 
[INFO] [stderr] warning: fields `t`, `rand_mini`, and `threshold2` are never read
[INFO] [stderr]   --> src/schemes/threshold.rs:28:5
[INFO] [stderr]    |
[INFO] [stderr] 24 | pub struct ThresholdMinimizer {
[INFO] [stderr]    |            ------------------ fields in this struct
[INFO] [stderr] ...
[INFO] [stderr] 28 |     t: usize,
[INFO] [stderr]    |     ^
[INFO] [stderr] ...
[INFO] [stderr] 33 |     rand_mini: RandomMinimizer,
[INFO] [stderr]    |     ^^^^^^^^^
[INFO] [stderr] 34 |     threshold: usize,
[INFO] [stderr] 35 |     threshold2: usize,
[INFO] [stderr]    |     ^^^^^^^^^^
[INFO] [stderr]    |
[INFO] [stderr]    = note: `#[warn(dead_code)]` on by default
[INFO] [stderr] 
[INFO] [stderr] warning: `minimizers` (lib) generated 7 warnings (run `cargo fix --lib -p minimizers` to apply 3 suggestions)
[INFO] [stderr] warning: use of deprecated constant `simd::intrinsics::table_lookup::tests::test_table_lookup`: This implementation uses SIMD, make sure you are compiling using `-C target-cpu=native` to get the expected performance. You can hide this warning by enabling the `hide-simd-warning` feature.
[INFO] [stderr]   --> src/simd/intrinsics/table_lookup.rs:72:5
[INFO] [stderr]    |
[INFO] [stderr] 72 | /     fn test_table_lookup() {
[INFO] [stderr] 73 | |         let t = S::new([1000, 1001, 1002, 1003, 1000, 1001, 1002, 1003]);
[INFO] [stderr] 74 | |         let idx = S::new([2, 0, 3, 1, 0, 2, 1, 0]);
[INFO] [stderr] 75 | |         let res = table_lookup(t, idx);
[INFO] [stderr] ...  |
[INFO] [stderr] 80 | |         );
[INFO] [stderr] 81 | |     }
[INFO] [stderr]    | |_____^
[INFO] [stderr]    |
[INFO] [stderr]    = note: `#[warn(deprecated)]` on by default
[INFO] [stderr] 
[INFO] [stderr] warning: use of deprecated constant `simd::minimizer::test::linearized`: This implementation uses SIMD, make sure you are compiling using `-C target-cpu=native` to get the expected performance. You can hide this warning by enabling the `hide-simd-warning` feature.
[INFO] [stderr]    --> src/simd/minimizer.rs:299:5
[INFO] [stderr]     |
[INFO] [stderr] 299 | /     fn linearized() {
[INFO] [stderr] 300 | |         let seq = &*PACKED_SEQ;
[INFO] [stderr] 301 | |         for k in [1, 2, 3, 4, 5, 31, 32, 33, 63, 64, 65] {
[INFO] [stderr] 302 | |             for w in [1, 2, 3, 4, 5, 31, 32, 33, 63, 64, 65] {
[INFO] [stderr] ...   |
[INFO] [stderr] 318 | |         }
[INFO] [stderr] 319 | |     }
[INFO] [stderr]     | |_____^
[INFO] [stderr] 
[INFO] [stderr] warning: use of deprecated constant `simd::minimizer::test::parallel_iter_byte`: This implementation uses SIMD, make sure you are compiling using `-C target-cpu=native` to get the expected performance. You can hide this warning by enabling the `hide-simd-warning` feature.
[INFO] [stderr]    --> src/simd/minimizer.rs:258:5
[INFO] [stderr]     |
[INFO] [stderr] 258 | /     fn parallel_iter_byte() {
[INFO] [stderr] 259 | |         let seq = &*ASCII_SEQ;
[INFO] [stderr] 260 | |         for k in [1, 2, 3, 4, 5, 31, 32, 33, 63, 64, 65] {
[INFO] [stderr] 261 | |             for w in [1, 2, 3, 4, 5, 31, 32, 33, 63, 64, 65] {
[INFO] [stderr] ...   |
[INFO] [stderr] 275 | |         }
[INFO] [stderr] 276 | |     }
[INFO] [stderr]     | |_____^
[INFO] [stderr] 
[INFO] [stderr] warning: use of deprecated constant `simd::minimizer::test::parallel_iter_packed`: This implementation uses SIMD, make sure you are compiling using `-C target-cpu=native` to get the expected performance. You can hide this warning by enabling the `hide-simd-warning` feature.
[INFO] [stderr]    --> src/simd/minimizer.rs:279:5
[INFO] [stderr]     |
[INFO] [stderr] 279 | /     fn parallel_iter_packed() {
[INFO] [stderr] 280 | |         let seq = &*PACKED_SEQ;
[INFO] [stderr] 281 | |         for k in [1, 2, 3, 4, 5, 31, 32, 33, 63, 64, 65] {
[INFO] [stderr] 282 | |             for w in [1, 2, 3, 4, 5, 31, 32, 33, 63, 64, 65] {
[INFO] [stderr] ...   |
[INFO] [stderr] 295 | |         }
[INFO] [stderr] 296 | |     }
[INFO] [stderr]     | |_____^
[INFO] [stderr] 
[INFO] [stderr] warning: use of deprecated constant `simd::minimizer::test::scalar_byte`: This implementation uses SIMD, make sure you are compiling using `-C target-cpu=native` to get the expected performance. You can hide this warning by enabling the `hide-simd-warning` feature.
[INFO] [stderr]    --> src/simd/minimizer.rs:237:5
[INFO] [stderr]     |
[INFO] [stderr] 237 | /     fn scalar_byte() {
[INFO] [stderr] 238 | |         let seq = &*ASCII_SEQ;
[INFO] [stderr] 239 | |         for k in [1, 2, 3, 4, 5, 31, 32, 33, 63, 64, 65] {
[INFO] [stderr] 240 | |             for w in [1, 2, 3, 4, 5, 31, 32, 33, 63, 64, 65] {
[INFO] [stderr] ...   |
[INFO] [stderr] 254 | |         }
[INFO] [stderr] 255 | |     }
[INFO] [stderr]     | |_____^
[INFO] [stderr] 
[INFO] [stderr] warning: use of deprecated constant `simd::nthash::test::canonical_is_revcomp`: This implementation uses SIMD, make sure you are compiling using `-C target-cpu=native` to get the expected performance. You can hide this warning by enabling the `hide-simd-warning` feature.
[INFO] [stderr]    --> src/simd/nthash.rs:259:5
[INFO] [stderr]     |
[INFO] [stderr] 259 | /     fn canonical_is_revcomp() {
[INFO] [stderr] 260 | |         let seq = &*ASCII_SEQ;
[INFO] [stderr] 261 | |         let seq_rc = AsciiSeqVec::from_vec(
[INFO] [stderr] 262 | |             seq.seq
[INFO] [stderr] ...   |
[INFO] [stderr] 287 | |         }
[INFO] [stderr] 288 | |     }
[INFO] [stderr]     | |_____^
[INFO] [stderr] 
[INFO] [stderr] warning: use of deprecated constant `simd::nthash::test::linearized`: This implementation uses SIMD, make sure you are compiling using `-C target-cpu=native` to get the expected performance. You can hide this warning by enabling the `hide-simd-warning` feature.
[INFO] [stderr]    --> src/simd/nthash.rs:330:5
[INFO] [stderr]     |
[INFO] [stderr] 330 | /     fn linearized() {
[INFO] [stderr] 331 | |         let seq = &*PACKED_SEQ;
[INFO] [stderr] 332 | |         for k in [
[INFO] [stderr] 333 | |             1, 2, 3, 4, 5, 6, 7, 8, 9, 15, 16, 17, 31, 32, 33, 63, 64, 65,
[INFO] [stderr] ...   |
[INFO] [stderr] 341 | |         }
[INFO] [stderr] 342 | |     }
[INFO] [stderr]     | |_____^
[INFO] [stderr] 
[INFO] [stderr] warning: use of deprecated constant `simd::nthash::test::parallel_byte`: This implementation uses SIMD, make sure you are compiling using `-C target-cpu=native` to get the expected performance. You can hide this warning by enabling the `hide-simd-warning` feature.
[INFO] [stderr]    --> src/simd/nthash.rs:188:5
[INFO] [stderr]     |
[INFO] [stderr] 188 | /     fn parallel_byte() {
[INFO] [stderr] 189 | |         let seq = &*ASCII_SEQ;
[INFO] [stderr] 190 | |         for k in [
[INFO] [stderr] 191 | |             1, 2, 3, 4, 5, 6, 7, 8, 9, 15, 16, 17, 31, 32, 33, 63, 64, 65,
[INFO] [stderr] ...   |
[INFO] [stderr] 199 | |         }
[INFO] [stderr] 200 | |     }
[INFO] [stderr]     | |_____^
[INFO] [stderr] 
[INFO] [stderr] warning: use of deprecated constant `simd::nthash::test::parallel_iter_byte`: This implementation uses SIMD, make sure you are compiling using `-C target-cpu=native` to get the expected performance. You can hide this warning by enabling the `hide-simd-warning` feature.
[INFO] [stderr]    --> src/simd/nthash.rs:218:5
[INFO] [stderr]     |
[INFO] [stderr] 218 | /     fn parallel_iter_byte() {
[INFO] [stderr] 219 | |         let seq = &*ASCII_SEQ;
[INFO] [stderr] 220 | |         for k in [
[INFO] [stderr] 221 | |             1, 2, 3, 4, 5, 6, 7, 8, 9, 15, 16, 17, 31, 32, 33, 63, 64, 65,
[INFO] [stderr] ...   |
[INFO] [stderr] 235 | |         }
[INFO] [stderr] 236 | |     }
[INFO] [stderr]     | |_____^
[INFO] [stderr] 
[INFO] [stderr] warning: use of deprecated constant `simd::nthash::test::parallel_iter_packed`: This implementation uses SIMD, make sure you are compiling using `-C target-cpu=native` to get the expected performance. You can hide this warning by enabling the `hide-simd-warning` feature.
[INFO] [stderr]    --> src/simd/nthash.rs:239:5
[INFO] [stderr]     |
[INFO] [stderr] 239 | /     fn parallel_iter_packed() {
[INFO] [stderr] 240 | |         let seq = &*PACKED_SEQ;
[INFO] [stderr] 241 | |         for k in [
[INFO] [stderr] 242 | |             1, 2, 3, 4, 5, 6, 7, 8, 9, 15, 16, 17, 31, 32, 33, 63, 64, 65,
[INFO] [stderr] ...   |
[INFO] [stderr] 255 | |         }
[INFO] [stderr] 256 | |     }
[INFO] [stderr]     | |_____^
[INFO] [stderr] 
[INFO] [stderr] warning: use of deprecated constant `simd::nthash::test::parallel_iter_packed_canonical`: This implementation uses SIMD, make sure you are compiling using `-C target-cpu=native` to get the expected performance. You can hide this warning by enabling the `hide-simd-warning` feature.
[INFO] [stderr]    --> src/simd/nthash.rs:310:5
[INFO] [stderr]     |
[INFO] [stderr] 310 | /     fn parallel_iter_packed_canonical() {
[INFO] [stderr] 311 | |         let seq = &*PACKED_SEQ;
[INFO] [stderr] 312 | |         for k in [
[INFO] [stderr] 313 | |             1, 2, 3, 4, 5, 6, 7, 8, 9, 15, 16, 17, 31, 32, 33, 63, 64, 65,
[INFO] [stderr] ...   |
[INFO] [stderr] 326 | |         }
[INFO] [stderr] 327 | |     }
[INFO] [stderr]     | |_____^
[INFO] [stderr] 
[INFO] [stderr] warning: use of deprecated constant `simd::nthash::test::parallel_packed`: This implementation uses SIMD, make sure you are compiling using `-C target-cpu=native` to get the expected performance. You can hide this warning by enabling the `hide-simd-warning` feature.
[INFO] [stderr]    --> src/simd/nthash.rs:203:5
[INFO] [stderr]     |
[INFO] [stderr] 203 | /     fn parallel_packed() {
[INFO] [stderr] 204 | |         let seq = &*PACKED_SEQ;
[INFO] [stderr] 205 | |         for k in [
[INFO] [stderr] 206 | |             1, 2, 3, 4, 5, 6, 7, 8, 9, 15, 16, 17, 31, 32, 33, 63, 64, 65,
[INFO] [stderr] ...   |
[INFO] [stderr] 214 | |         }
[INFO] [stderr] 215 | |     }
[INFO] [stderr]     | |_____^
[INFO] [stderr] 
[INFO] [stderr] warning: use of deprecated constant `simd::nthash::test::scalar_byte`: This implementation uses SIMD, make sure you are compiling using `-C target-cpu=native` to get the expected performance. You can hide this warning by enabling the `hide-simd-warning` feature.
[INFO] [stderr]    --> src/simd/nthash.rs:169:5
[INFO] [stderr]     |
[INFO] [stderr] 169 | /     fn scalar_byte() {
[INFO] [stderr] 170 | |         let seq = &*ASCII_SEQ;
[INFO] [stderr] 171 | |         for k in [
[INFO] [stderr] 172 | |             1, 2, 3, 4, 5, 6, 7, 8, 9, 15, 16, 17, 31, 32, 33, 63, 64, 65,
[INFO] [stderr] ...   |
[INFO] [stderr] 184 | |         }
[INFO] [stderr] 185 | |     }
[INFO] [stderr]     | |_____^
[INFO] [stderr] 
[INFO] [stderr] warning: use of deprecated constant `simd::nthash::test::scalar_byte_canonical`: This implementation uses SIMD, make sure you are compiling using `-C target-cpu=native` to get the expected performance. You can hide this warning by enabling the `hide-simd-warning` feature.
[INFO] [stderr]    --> src/simd/nthash.rs:291:5
[INFO] [stderr]     |
[INFO] [stderr] 291 | /     fn scalar_byte_canonical() {
[INFO] [stderr] 292 | |         let seq = &*ASCII_SEQ;
[INFO] [stderr] 293 | |         for k in [
[INFO] [stderr] 294 | |             1, 2, 3, 4, 5, 6, 7, 8, 9, 15, 16, 17, 31, 32, 33, 63, 64, 65,
[INFO] [stderr] ...   |
[INFO] [stderr] 306 | |         }
[INFO] [stderr] 307 | |     }
[INFO] [stderr]     | |_____^
[INFO] [stderr] 
[INFO] [stderr] warning: `minimizers` (lib test) generated 21 warnings (7 duplicates)
[INFO] [stderr]     Finished `test` profile [unoptimized + debuginfo] target(s) in 0.11s
[INFO] [stderr]      Running unittests src/lib.rs (/opt/rustwide/target/debug/deps/minimizers-392d32429600a607)
[INFO] [stdout] 
[INFO] [stdout] running 15 tests
[INFO] [stdout] test de_bruijn_seq::test::test_de_bruin_sequence ... ok
[INFO] [stdout] test simd::intrinsics::table_lookup::tests::test_table_lookup ... ok
[INFO] [stdout] test simd::nthash::test::canonical_is_revcomp ... FAILED
[INFO] [stdout] test simd::nthash::test::parallel_iter_packed ... ok
[INFO] [stdout] test simd::nthash::test::parallel_iter_byte ... ok
[INFO] [stdout] test simd::nthash::test::parallel_byte ... ok
[INFO] [stdout] test simd::nthash::test::parallel_iter_packed_canonical ... ok
[INFO] [stdout] test simd::nthash::test::linearized ... ok
[INFO] [stdout] test simd::nthash::test::scalar_byte ... ok
[INFO] [stdout] test simd::nthash::test::scalar_byte_canonical ... ok
[INFO] [stdout] test simd::nthash::test::parallel_packed ... ok
[INFO] [stdout] test simd::minimizer::test::scalar_byte ... FAILED
[INFO] [stdout] test simd::minimizer::test::parallel_iter_packed ... ok
[INFO] [stdout] test simd::minimizer::test::parallel_iter_byte ... ok
[INFO] [stderr] error: test failed, to rerun pass `--lib`
[INFO] [stdout] test simd::minimizer::test::linearized ... ok
[INFO] [stdout] 
[INFO] [stdout] failures:
[INFO] [stdout] 
[INFO] [stdout] ---- simd::nthash::test::canonical_is_revcomp stdout ----
[INFO] [stdout] thread 'simd::nthash::test::canonical_is_revcomp' panicked at /opt/rustwide/cargo-home/git/checkouts/packed-seq-f1caf82a38cea778/dce9593/src/lib.rs:276:18:
[INFO] [stdout] explicit panic
[INFO] [stdout] stack backtrace:
[INFO] [stdout]    0:     0x585bc2f3781a - std::backtrace_rs::backtrace::libunwind::trace::h207520d6e9873551
[INFO] [stdout]                                at /rustc/df4ca44d3fbc9301ee17f30f4d474e6ae4b05252/library/std/src/../../backtrace/src/backtrace/libunwind.rs:116:5
[INFO] [stdout]    1:     0x585bc2f3781a - std::backtrace_rs::backtrace::trace_unsynchronized::h2ed7433f370e3eca
[INFO] [stdout]                                at /rustc/df4ca44d3fbc9301ee17f30f4d474e6ae4b05252/library/std/src/../../backtrace/src/backtrace/mod.rs:66:5
[INFO] [stdout]    2:     0x585bc2f3781a - std::sys::backtrace::_print_fmt::h916fac51166b18d7
[INFO] [stdout]                                at /rustc/df4ca44d3fbc9301ee17f30f4d474e6ae4b05252/library/std/src/sys/backtrace.rs:66:9
[INFO] [stdout]    3:     0x585bc2f3781a - <std::sys::backtrace::BacktraceLock::print::DisplayBacktrace as core::fmt::Display>::fmt::ha0a4c9b8ce3802e6
[INFO] [stdout]                                at /rustc/df4ca44d3fbc9301ee17f30f4d474e6ae4b05252/library/std/src/sys/backtrace.rs:39:26
[INFO] [stdout]    4:     0x585bc2f5e3f3 - core::fmt::rt::Argument::fmt::h4cfc8587d52b3eb5
[INFO] [stdout]                                at /rustc/df4ca44d3fbc9301ee17f30f4d474e6ae4b05252/library/core/src/fmt/rt.rs:177:76
[INFO] [stdout]    5:     0x585bc2f5e3f3 - core::fmt::write::h522cc39e5b36ae9f
[INFO] [stdout]                                at /rustc/df4ca44d3fbc9301ee17f30f4d474e6ae4b05252/library/core/src/fmt/mod.rs:1190:21
[INFO] [stdout]    6:     0x585bc2f34483 - std::io::Write::write_fmt::h7d3c26752da97734
[INFO] [stdout]                                at /rustc/df4ca44d3fbc9301ee17f30f4d474e6ae4b05252/library/std/src/io/mod.rs:1839:15
[INFO] [stdout]    7:     0x585bc2f37662 - std::sys::backtrace::BacktraceLock::print::h4b9e00b29e9c0942
[INFO] [stdout]                                at /rustc/df4ca44d3fbc9301ee17f30f4d474e6ae4b05252/library/std/src/sys/backtrace.rs:42:9
[INFO] [stdout]    8:     0x585bc2f38caa - std::panicking::default_hook::{{closure}}::hb59b88280d0324d9
[INFO] [stdout]                                at /rustc/df4ca44d3fbc9301ee17f30f4d474e6ae4b05252/library/std/src/panicking.rs:268:22
[INFO] [stdout]    9:     0x585bc2f38ab4 - std::panicking::default_hook::he1dd496665be4a29
[INFO] [stdout]                                at /rustc/df4ca44d3fbc9301ee17f30f4d474e6ae4b05252/library/std/src/panicking.rs:292:9
[INFO] [stdout]   10:     0x585bc2ec1d79 - <alloc::boxed::Box<F,A> as core::ops::function::Fn<Args>>::call::h4ff71de18744e1dc
[INFO] [stdout]                                at /rustc/df4ca44d3fbc9301ee17f30f4d474e6ae4b05252/library/alloc/src/boxed.rs:2468:9
[INFO] [stdout]   11:     0x585bc2ec1d79 - test::test_main::{{closure}}::hcf7c055ce117aa81
[INFO] [stdout]                                at /rustc/df4ca44d3fbc9301ee17f30f4d474e6ae4b05252/library/test/src/lib.rs:133:21
[INFO] [stdout]   12:     0x585bc2f393a8 - <alloc::boxed::Box<F,A> as core::ops::function::Fn<Args>>::call::h1d66c6bbd60c9692
[INFO] [stdout]                                at /rustc/df4ca44d3fbc9301ee17f30f4d474e6ae4b05252/library/alloc/src/boxed.rs:2468:9
[INFO] [stdout]   13:     0x585bc2f393a8 - std::panicking::rust_panic_with_hook::h2ff17fe8f26dfcf8
[INFO] [stdout]                                at /rustc/df4ca44d3fbc9301ee17f30f4d474e6ae4b05252/library/std/src/panicking.rs:809:13
[INFO] [stdout]   14:     0x585bc2f3916a - std::panicking::begin_panic_handler::{{closure}}::h4fad77951c07e101
[INFO] [stdout]                                at /rustc/df4ca44d3fbc9301ee17f30f4d474e6ae4b05252/library/std/src/panicking.rs:674:13
[INFO] [stdout]   15:     0x585bc2f37cf9 - std::sys::backtrace::__rust_end_short_backtrace::hb1a25b3da5d0ea08
[INFO] [stdout]                                at /rustc/df4ca44d3fbc9301ee17f30f4d474e6ae4b05252/library/std/src/sys/backtrace.rs:170:18
[INFO] [stdout]   16:     0x585bc2f38dfc - rust_begin_unwind
[INFO] [stdout]                                at /rustc/df4ca44d3fbc9301ee17f30f4d474e6ae4b05252/library/std/src/panicking.rs:665:5
[INFO] [stdout]   17:     0x585bc2f5cd90 - core::panicking::panic_fmt::ha9db07b529f9b256
[INFO] [stdout]                                at /rustc/df4ca44d3fbc9301ee17f30f4d474e6ae4b05252/library/core/src/panicking.rs:75:14
[INFO] [stdout]   18:     0x585bc2f5cf16 - core::panicking::panic_display::h974ff3dec7c08c85
[INFO] [stdout]                                at /rustc/df4ca44d3fbc9301ee17f30f4d474e6ae4b05252/library/core/src/panicking.rs:273:5
[INFO] [stdout]   19:     0x585bc2f5cf16 - core::panicking::panic_explicit::h6aa16c11b02f76d9
[INFO] [stdout]                                at /rustc/df4ca44d3fbc9301ee17f30f4d474e6ae4b05252/library/core/src/panicking.rs:244:5
[INFO] [stdout]   20:     0x585bc2ece55a - <packed_seq::AsciiSeq as packed_seq::Seq>::iter_bp::{{closure}}::panic_cold_explicit::h2f0b178417daaf39
[INFO] [stdout]                                at /rustc/df4ca44d3fbc9301ee17f30f4d474e6ae4b05252/library/core/src/panic.rs:88:13
[INFO] [stdout]   21:     0x585bc2e686a3 - <packed_seq::AsciiSeq as packed_seq::Seq>::iter_bp::{{closure}}::h0a495a08b34613b6
[INFO] [stdout]                                at /opt/rustwide/cargo-home/git/checkouts/packed-seq-f1caf82a38cea778/dce9593/src/lib.rs:276:18
[INFO] [stdout]   22:     0x585bc2e4bae1 - <core::iter::adapters::map::Map<I,F> as core::iter::traits::iterator::Iterator>::__iterator_get_unchecked::h712ee666358c3066
[INFO] [stdout]                                at /rustc/df4ca44d3fbc9301ee17f30f4d474e6ae4b05252/library/core/src/iter/adapters/map.rs:138:18
[INFO] [stdout]   23:     0x585bc2e7e2dc - <core::iter::adapters::zip::Zip<A,B> as core::iter::adapters::zip::ZipImpl<A,B>>::get_unchecked::h71740437bce424b7
[INFO] [stdout]                                at /rustc/df4ca44d3fbc9301ee17f30f4d474e6ae4b05252/library/core/src/iter/adapters/zip.rs:273:19
[INFO] [stdout]   24:     0x585bc2e7f22a - <core::iter::adapters::zip::Zip<A,B> as core::iter::adapters::zip::ZipImpl<A,B>>::fold::h33db0d5bcc805e4b
[INFO] [stdout]                                at /rustc/df4ca44d3fbc9301ee17f30f4d474e6ae4b05252/library/core/src/iter/adapters/zip.rs:288:34
[INFO] [stdout]   25:     0x585bc2e7e086 - <core::iter::adapters::zip::Zip<A,B> as core::iter::traits::iterator::Iterator>::fold::h0c6df5c1bed1772f
[INFO] [stdout]                                at /rustc/df4ca44d3fbc9301ee17f30f4d474e6ae4b05252/library/core/src/iter/adapters/zip.rs:104:9
[INFO] [stdout]   26:     0x585bc2e4c1ed - <core::iter::adapters::map::Map<I,F> as core::iter::traits::iterator::Iterator>::fold::h7a71f2b6cae6ae69
[INFO] [stdout]                                at /rustc/df4ca44d3fbc9301ee17f30f4d474e6ae4b05252/library/core/src/iter/adapters/map.rs:128:9
[INFO] [stdout]   27:     0x585bc2e4ec55 - core::iter::traits::iterator::Iterator::for_each::h99e1128a4d0a1265
[INFO] [stdout]                                at /rustc/df4ca44d3fbc9301ee17f30f4d474e6ae4b05252/library/core/src/iter/traits/iterator.rs:813:9
[INFO] [stdout]   28:     0x585bc2e43e3b - alloc::vec::Vec<T,A>::extend_trusted::hc2939bc7b7eec15c
[INFO] [stdout]                                at /rustc/df4ca44d3fbc9301ee17f30f4d474e6ae4b05252/library/alloc/src/vec/mod.rs:3551:17
[INFO] [stdout]   29:     0x585bc2e4b5fa - <alloc::vec::Vec<T,A> as alloc::vec::spec_extend::SpecExtend<T,I>>::spec_extend::h513c5f207ceb98d6
[INFO] [stdout]                                at /rustc/df4ca44d3fbc9301ee17f30f4d474e6ae4b05252/library/alloc/src/vec/spec_extend.rs:29:9
[INFO] [stdout]   30:     0x585bc2e40d15 - <alloc::vec::Vec<T> as alloc::vec::spec_from_iter_nested::SpecFromIterNested<T,I>>::from_iter::hacd496ff79810f05
[INFO] [stdout]                                at /rustc/df4ca44d3fbc9301ee17f30f4d474e6ae4b05252/library/alloc/src/vec/spec_from_iter_nested.rs:62:9
[INFO] [stdout]   31:     0x585bc2e4b88d - <alloc::vec::Vec<T> as alloc::vec::spec_from_iter::SpecFromIter<T,I>>::from_iter::h512f2b499591691a
[INFO] [stdout]                                at /rustc/df4ca44d3fbc9301ee17f30f4d474e6ae4b05252/library/alloc/src/vec/spec_from_iter.rs:34:9
[INFO] [stdout]   32:     0x585bc2e4b221 - <alloc::vec::Vec<T> as core::iter::traits::collect::FromIterator<T>>::from_iter::h8b903f323f23604e
[INFO] [stdout]                                at /rustc/df4ca44d3fbc9301ee17f30f4d474e6ae4b05252/library/alloc/src/vec/mod.rs:3410:9
[INFO] [stdout]   33:     0x585bc2e4e984 - core::iter::traits::iterator::Iterator::collect::h868927525826aba6
[INFO] [stdout]                                at /rustc/df4ca44d3fbc9301ee17f30f4d474e6ae4b05252/library/core/src/iter/traits/iterator.rs:2001:9
[INFO] [stdout]   34:     0x585bc2e63c44 - minimizers::simd::nthash::test::canonical_is_revcomp::hd1f7676c6f26de72
[INFO] [stdout]                                at /opt/rustwide/workdir/src/simd/nthash.rs:275:33
[INFO] [stdout]   35:     0x585bc2e63647 - minimizers::simd::nthash::test::canonical_is_revcomp::{{closure}}::h7bad33813c924530
[INFO] [stdout]                                at /opt/rustwide/workdir/src/simd/nthash.rs:259:30
[INFO] [stdout]   36:     0x585bc2e668b6 - core::ops::function::FnOnce::call_once::hdff113eb26587c91
[INFO] [stdout]                                at /rustc/df4ca44d3fbc9301ee17f30f4d474e6ae4b05252/library/core/src/ops/function.rs:250:5
[INFO] [stdout]   37:     0x585bc2ec664b - core::ops::function::FnOnce::call_once::h22c3ba5715e93f05
[INFO] [stdout]                                at /rustc/df4ca44d3fbc9301ee17f30f4d474e6ae4b05252/library/core/src/ops/function.rs:250:5
[INFO] [stdout]   38:     0x585bc2ec664b - test::__rust_begin_short_backtrace::h8e82d8113d0da17f
[INFO] [stdout]                                at /rustc/df4ca44d3fbc9301ee17f30f4d474e6ae4b05252/library/test/src/lib.rs:621:18
[INFO] [stdout]   39:     0x585bc2ec5fc7 - test::run_test_in_process::{{closure}}::h33235f4f20b7b7c7
[INFO] [stdout]                                at /rustc/df4ca44d3fbc9301ee17f30f4d474e6ae4b05252/library/test/src/lib.rs:644:60
[INFO] [stdout]   40:     0x585bc2ec5fc7 - <core::panic::unwind_safe::AssertUnwindSafe<F> as core::ops::function::FnOnce<()>>::call_once::hb5043206310c586f
[INFO] [stdout]                                at /rustc/df4ca44d3fbc9301ee17f30f4d474e6ae4b05252/library/core/src/panic/unwind_safe.rs:272:9
[INFO] [stdout]   41:     0x585bc2ec5fc7 - std::panicking::try::do_call::h9ad4731a60ab23e2
[INFO] [stdout]                                at /rustc/df4ca44d3fbc9301ee17f30f4d474e6ae4b05252/library/std/src/panicking.rs:557:40
[INFO] [stdout]   42:     0x585bc2ec5fc7 - std::panicking::try::h3824d23db772a716
[INFO] [stdout]                                at /rustc/df4ca44d3fbc9301ee17f30f4d474e6ae4b05252/library/std/src/panicking.rs:520:19
[INFO] [stdout]   43:     0x585bc2ec5fc7 - std::panic::catch_unwind::h5afd514605fde46b
[INFO] [stdout]                                at /rustc/df4ca44d3fbc9301ee17f30f4d474e6ae4b05252/library/std/src/panic.rs:358:14
[INFO] [stdout]   44:     0x585bc2ec5fc7 - test::run_test_in_process::h0d5cbfa7067d1720
[INFO] [stdout]                                at /rustc/df4ca44d3fbc9301ee17f30f4d474e6ae4b05252/library/test/src/lib.rs:644:27
[INFO] [stdout]   45:     0x585bc2ec5fc7 - test::run_test::{{closure}}::h708eb8872708115d
[INFO] [stdout]                                at /rustc/df4ca44d3fbc9301ee17f30f4d474e6ae4b05252/library/test/src/lib.rs:565:43
[INFO] [stdout]   46:     0x585bc2e896e4 - test::run_test::{{closure}}::h392c51cee94713ab
[INFO] [stdout]                                at /rustc/df4ca44d3fbc9301ee17f30f4d474e6ae4b05252/library/test/src/lib.rs:595:41
[INFO] [stdout]   47:     0x585bc2e896e4 - std::sys::backtrace::__rust_begin_short_backtrace::h2f40290710935a8b
[INFO] [stdout]                                at /rustc/df4ca44d3fbc9301ee17f30f4d474e6ae4b05252/library/std/src/sys/backtrace.rs:154:18
[INFO] [stdout]   48:     0x585bc2e8ce8e - std::thread::Builder::spawn_unchecked_::{{closure}}::{{closure}}::h3fd968d89053a903
[INFO] [stdout]                                at /rustc/df4ca44d3fbc9301ee17f30f4d474e6ae4b05252/library/std/src/thread/mod.rs:541:17
[INFO] [stdout]   49:     0x585bc2e8ce8e - <core::panic::unwind_safe::AssertUnwindSafe<F> as core::ops::function::FnOnce<()>>::call_once::h743f637ba4229880
[INFO] [stdout]                                at /rustc/df4ca44d3fbc9301ee17f30f4d474e6ae4b05252/library/core/src/panic/unwind_safe.rs:272:9
[INFO] [stdout]   50:     0x585bc2e8ce8e - std::panicking::try::do_call::h07440897322525a6
[INFO] [stdout]                                at /rustc/df4ca44d3fbc9301ee17f30f4d474e6ae4b05252/library/std/src/panicking.rs:557:40
[INFO] [stdout]   51:     0x585bc2e8ce8e - std::panicking::try::he5a2e00188156637
[INFO] [stdout]                                at /rustc/df4ca44d3fbc9301ee17f30f4d474e6ae4b05252/library/std/src/panicking.rs:520:19
[INFO] [stdout]   52:     0x585bc2e8ce8e - std::panic::catch_unwind::hbaf3cae49b3c6433
[INFO] [stdout]                                at /rustc/df4ca44d3fbc9301ee17f30f4d474e6ae4b05252/library/std/src/panic.rs:358:14
[INFO] [stdout]   53:     0x585bc2e8ce8e - std::thread::Builder::spawn_unchecked_::{{closure}}::h8e141ea224820bce
[INFO] [stdout]                                at /rustc/df4ca44d3fbc9301ee17f30f4d474e6ae4b05252/library/std/src/thread/mod.rs:540:30
[INFO] [stdout]   54:     0x585bc2e8ce8e - core::ops::function::FnOnce::call_once{{vtable.shim}}::h90d312fedd7b8ea8
[INFO] [stdout]                                at /rustc/df4ca44d3fbc9301ee17f30f4d474e6ae4b05252/library/core/src/ops/function.rs:250:5
[INFO] [stdout]   55:     0x585bc2f3d19b - <alloc::boxed::Box<F,A> as core::ops::function::FnOnce<Args>>::call_once::h69aa08ddb6adb8b6
[INFO] [stdout]                                at /rustc/df4ca44d3fbc9301ee17f30f4d474e6ae4b05252/library/alloc/src/boxed.rs:2454:9
[INFO] [stdout]   56:     0x585bc2f3d19b - <alloc::boxed::Box<F,A> as core::ops::function::FnOnce<Args>>::call_once::h5aa36efdb79c806f
[INFO] [stdout]                                at /rustc/df4ca44d3fbc9301ee17f30f4d474e6ae4b05252/library/alloc/src/boxed.rs:2454:9
[INFO] [stdout]   57:     0x585bc2f3d19b - std::sys::pal::unix::thread::Thread::new::thread_start::h6cd80a1b4be5158d
[INFO] [stdout]                                at /rustc/df4ca44d3fbc9301ee17f30f4d474e6ae4b05252/library/std/src/sys/pal/unix/thread.rs:105:17
[INFO] [stdout]   58:     0x731370c26ac3 - <unknown>
[INFO] [stdout]   59:     0x731370cb7a04 - clone
[INFO] [stdout]   60:                0x0 - <unknown>
[INFO] [stdout] 
[INFO] [stdout] ---- simd::minimizer::test::scalar_byte stdout ----
[INFO] [stdout] thread 'simd::minimizer::test::scalar_byte' panicked at src/simd/minimizer.rs:251:21:
[INFO] [stdout] assertion `left == right` failed: k=1, w=2, len=2
[INFO] [stdout]   left: [0]
[INFO] [stdout]  right: [1]
[INFO] [stdout] stack backtrace:
[INFO] [stdout]    0:     0x585bc2f3781a - std::backtrace_rs::backtrace::libunwind::trace::h207520d6e9873551
[INFO] [stdout]                                at /rustc/df4ca44d3fbc9301ee17f30f4d474e6ae4b05252/library/std/src/../../backtrace/src/backtrace/libunwind.rs:116:5
[INFO] [stdout]    1:     0x585bc2f3781a - std::backtrace_rs::backtrace::trace_unsynchronized::h2ed7433f370e3eca
[INFO] [stdout]                                at /rustc/df4ca44d3fbc9301ee17f30f4d474e6ae4b05252/library/std/src/../../backtrace/src/backtrace/mod.rs:66:5
[INFO] [stdout]    2:     0x585bc2f3781a - std::sys::backtrace::_print_fmt::h916fac51166b18d7
[INFO] [stdout]                                at /rustc/df4ca44d3fbc9301ee17f30f4d474e6ae4b05252/library/std/src/sys/backtrace.rs:66:9
[INFO] [stdout]    3:     0x585bc2f3781a - <std::sys::backtrace::BacktraceLock::print::DisplayBacktrace as core::fmt::Display>::fmt::ha0a4c9b8ce3802e6
[INFO] [stdout]                                at /rustc/df4ca44d3fbc9301ee17f30f4d474e6ae4b05252/library/std/src/sys/backtrace.rs:39:26
[INFO] [stdout]    4:     0x585bc2f5e3f3 - core::fmt::rt::Argument::fmt::h4cfc8587d52b3eb5
[INFO] [stdout]                                at /rustc/df4ca44d3fbc9301ee17f30f4d474e6ae4b05252/library/core/src/fmt/rt.rs:177:76
[INFO] [stdout]    5:     0x585bc2f5e3f3 - core::fmt::write::h522cc39e5b36ae9f
[INFO] [stdout]                                at /rustc/df4ca44d3fbc9301ee17f30f4d474e6ae4b05252/library/core/src/fmt/mod.rs:1190:21
[INFO] [stdout]    6:     0x585bc2f34483 - std::io::Write::write_fmt::h7d3c26752da97734
[INFO] [stdout]                                at /rustc/df4ca44d3fbc9301ee17f30f4d474e6ae4b05252/library/std/src/io/mod.rs:1839:15
[INFO] [stdout]    7:     0x585bc2f37662 - std::sys::backtrace::BacktraceLock::print::h4b9e00b29e9c0942
[INFO] [stdout]                                at /rustc/df4ca44d3fbc9301ee17f30f4d474e6ae4b05252/library/std/src/sys/backtrace.rs:42:9
[INFO] [stdout]    8:     0x585bc2f38caa - std::panicking::default_hook::{{closure}}::hb59b88280d0324d9
[INFO] [stdout]                                at /rustc/df4ca44d3fbc9301ee17f30f4d474e6ae4b05252/library/std/src/panicking.rs:268:22
[INFO] [stdout]    9:     0x585bc2f38ab4 - std::panicking::default_hook::he1dd496665be4a29
[INFO] [stdout]                                at /rustc/df4ca44d3fbc9301ee17f30f4d474e6ae4b05252/library/std/src/panicking.rs:292:9
[INFO] [stdout]   10:     0x585bc2ec1d79 - <alloc::boxed::Box<F,A> as core::ops::function::Fn<Args>>::call::h4ff71de18744e1dc
[INFO] [stdout]                                at /rustc/df4ca44d3fbc9301ee17f30f4d474e6ae4b05252/library/alloc/src/boxed.rs:2468:9
[INFO] [stdout]   11:     0x585bc2ec1d79 - test::test_main::{{closure}}::hcf7c055ce117aa81
[INFO] [stdout]                                at /rustc/df4ca44d3fbc9301ee17f30f4d474e6ae4b05252/library/test/src/lib.rs:133:21
[INFO] [stdout]   12:     0x585bc2f393a8 - <alloc::boxed::Box<F,A> as core::ops::function::Fn<Args>>::call::h1d66c6bbd60c9692
[INFO] [stdout]                                at /rustc/df4ca44d3fbc9301ee17f30f4d474e6ae4b05252/library/alloc/src/boxed.rs:2468:9
[INFO] [stdout]   13:     0x585bc2f393a8 - std::panicking::rust_panic_with_hook::h2ff17fe8f26dfcf8
[INFO] [stdout]                                at /rustc/df4ca44d3fbc9301ee17f30f4d474e6ae4b05252/library/std/src/panicking.rs:809:13
[INFO] [stdout]   14:     0x585bc2f3916a - std::panicking::begin_panic_handler::{{closure}}::h4fad77951c07e101
[INFO] [stdout]                                at /rustc/df4ca44d3fbc9301ee17f30f4d474e6ae4b05252/library/std/src/panicking.rs:674:13
[INFO] [stdout]   15:     0x585bc2f37cf9 - std::sys::backtrace::__rust_end_short_backtrace::hb1a25b3da5d0ea08
[INFO] [stdout]                                at /rustc/df4ca44d3fbc9301ee17f30f4d474e6ae4b05252/library/std/src/sys/backtrace.rs:170:18
[INFO] [stdout]   16:     0x585bc2f38dfc - rust_begin_unwind
[INFO] [stdout]                                at /rustc/df4ca44d3fbc9301ee17f30f4d474e6ae4b05252/library/std/src/panicking.rs:665:5
[INFO] [stdout]   17:     0x585bc2f5cd90 - core::panicking::panic_fmt::ha9db07b529f9b256
[INFO] [stdout]                                at /rustc/df4ca44d3fbc9301ee17f30f4d474e6ae4b05252/library/core/src/panicking.rs:75:14
[INFO] [stdout]   18:     0x585bc2f5d1bc - core::panicking::assert_failed_inner::h04f38944d74a80a8
[INFO] [stdout]   19:     0x585bc2e60ae6 - core::panicking::assert_failed::hed8ac351ebd434fe
[INFO] [stdout]                                at /rustc/df4ca44d3fbc9301ee17f30f4d474e6ae4b05252/library/core/src/panicking.rs:377:5
[INFO] [stdout]   20:     0x585bc2e5c427 - minimizers::simd::minimizer::test::scalar_byte::h8f9a28508f966f79
[INFO] [stdout]                                at /opt/rustwide/workdir/src/simd/minimizer.rs:251:21
[INFO] [stdout]   21:     0x585bc2e5bb17 - minimizers::simd::minimizer::test::scalar_byte::{{closure}}::h0e8b530487dd737f
[INFO] [stdout]                                at /opt/rustwide/workdir/src/simd/minimizer.rs:237:21
[INFO] [stdout]   22:     0x585bc2e66946 - core::ops::function::FnOnce::call_once::hf04d81077707573f
[INFO] [stdout]                                at /rustc/df4ca44d3fbc9301ee17f30f4d474e6ae4b05252/library/core/src/ops/function.rs:250:5
[INFO] [stdout]   23:     0x585bc2ec664b - core::ops::function::FnOnce::call_once::h22c3ba5715e93f05
[INFO] [stdout]                                at /rustc/df4ca44d3fbc9301ee17f30f4d474e6ae4b05252/library/core/src/ops/function.rs:250:5
[INFO] [stdout]   24:     0x585bc2ec664b - test::__rust_begin_short_backtrace::h8e82d8113d0da17f
[INFO] [stdout]                                at /rustc/df4ca44d3fbc9301ee17f30f4d474e6ae4b05252/library/test/src/lib.rs:621:18
[INFO] [stdout]   25:     0x585bc2ec5fc7 - test::run_test_in_process::{{closure}}::h33235f4f20b7b7c7
[INFO] [stdout]                                at /rustc/df4ca44d3fbc9301ee17f30f4d474e6ae4b05252/library/test/src/lib.rs:644:60
[INFO] [stdout]   26:     0x585bc2ec5fc7 - <core::panic::unwind_safe::AssertUnwindSafe<F> as core::ops::function::FnOnce<()>>::call_once::hb5043206310c586f
[INFO] [stdout]                                at /rustc/df4ca44d3fbc9301ee17f30f4d474e6ae4b05252/library/core/src/panic/unwind_safe.rs:272:9
[INFO] [stdout]   27:     0x585bc2ec5fc7 - std::panicking::try::do_call::h9ad4731a60ab23e2
[INFO] [stdout]                                at /rustc/df4ca44d3fbc9301ee17f30f4d474e6ae4b05252/library/std/src/panicking.rs:557:40
[INFO] [stdout]   28:     0x585bc2ec5fc7 - std::panicking::try::h3824d23db772a716
[INFO] [stdout]                                at /rustc/df4ca44d3fbc9301ee17f30f4d474e6ae4b05252/library/std/src/panicking.rs:520:19
[INFO] [stdout]   29:     0x585bc2ec5fc7 - std::panic::catch_unwind::h5afd514605fde46b
[INFO] [stdout]                                at /rustc/df4ca44d3fbc9301ee17f30f4d474e6ae4b05252/library/std/src/panic.rs:358:14
[INFO] [stdout]   30:     0x585bc2ec5fc7 - test::run_test_in_process::h0d5cbfa7067d1720
[INFO] [stdout]                                at /rustc/df4ca44d3fbc9301ee17f30f4d474e6ae4b05252/library/test/src/lib.rs:644:27
[INFO] [stdout]   31:     0x585bc2ec5fc7 - test::run_test::{{closure}}::h708eb8872708115d
[INFO] [stdout]                                at /rustc/df4ca44d3fbc9301ee17f30f4d474e6ae4b05252/library/test/src/lib.rs:565:43
[INFO] [stdout]   32:     0x585bc2e896e4 - test::run_test::{{closure}}::h392c51cee94713ab
[INFO] [stdout]                                at /rustc/df4ca44d3fbc9301ee17f30f4d474e6ae4b05252/library/test/src/lib.rs:595:41
[INFO] [stdout]   33:     0x585bc2e896e4 - std::sys::backtrace::__rust_begin_short_backtrace::h2f40290710935a8b
[INFO] [stdout]                                at /rustc/df4ca44d3fbc9301ee17f30f4d474e6ae4b05252/library/std/src/sys/backtrace.rs:154:18
[INFO] [stdout]   34:     0x585bc2e8ce8e - std::thread::Builder::spawn_unchecked_::{{closure}}::{{closure}}::h3fd968d89053a903
[INFO] [stdout]                                at /rustc/df4ca44d3fbc9301ee17f30f4d474e6ae4b05252/library/std/src/thread/mod.rs:541:17
[INFO] [stdout]   35:     0x585bc2e8ce8e - <core::panic::unwind_safe::AssertUnwindSafe<F> as core::ops::function::FnOnce<()>>::call_once::h743f637ba4229880
[INFO] [stdout]                                at /rustc/df4ca44d3fbc9301ee17f30f4d474e6ae4b05252/library/core/src/panic/unwind_safe.rs:272:9
[INFO] [stdout]   36:     0x585bc2e8ce8e - std::panicking::try::do_call::h07440897322525a6
[INFO] [stdout]                                at /rustc/df4ca44d3fbc9301ee17f30f4d474e6ae4b05252/library/std/src/panicking.rs:557:40
[INFO] [stdout]   37:     0x585bc2e8ce8e - std::panicking::try::he5a2e00188156637
[INFO] [stdout]                                at /rustc/df4ca44d3fbc9301ee17f30f4d474e6ae4b05252/library/std/src/panicking.rs:520:19
[INFO] [stdout]   38:     0x585bc2e8ce8e - std::panic::catch_unwind::hbaf3cae49b3c6433
[INFO] [stdout]                                at /rustc/df4ca44d3fbc9301ee17f30f4d474e6ae4b05252/library/std/src/panic.rs:358:14
[INFO] [stdout]   39:     0x585bc2e8ce8e - std::thread::Builder::spawn_unchecked_::{{closure}}::h8e141ea224820bce
[INFO] [stdout]                                at /rustc/df4ca44d3fbc9301ee17f30f4d474e6ae4b05252/library/std/src/thread/mod.rs:540:30
[INFO] [stdout]   40:     0x585bc2e8ce8e - core::ops::function::FnOnce::call_once{{vtable.shim}}::h90d312fedd7b8ea8
[INFO] [stdout]                                at /rustc/df4ca44d3fbc9301ee17f30f4d474e6ae4b05252/library/core/src/ops/function.rs:250:5
[INFO] [stdout]   41:     0x585bc2f3d19b - <alloc::boxed::Box<F,A> as core::ops::function::FnOnce<Args>>::call_once::h69aa08ddb6adb8b6
[INFO] [stdout]                                at /rustc/df4ca44d3fbc9301ee17f30f4d474e6ae4b05252/library/alloc/src/boxed.rs:2454:9
[INFO] [stdout]   42:     0x585bc2f3d19b - <alloc::boxed::Box<F,A> as core::ops::function::FnOnce<Args>>::call_once::h5aa36efdb79c806f
[INFO] [stdout]                                at /rustc/df4ca44d3fbc9301ee17f30f4d474e6ae4b05252/library/alloc/src/boxed.rs:2454:9
[INFO] [stdout]   43:     0x585bc2f3d19b - std::sys::pal::unix::thread::Thread::new::thread_start::h6cd80a1b4be5158d
[INFO] [stdout]                                at /rustc/df4ca44d3fbc9301ee17f30f4d474e6ae4b05252/library/std/src/sys/pal/unix/thread.rs:105:17
[INFO] [stdout]   44:     0x731370c26ac3 - <unknown>
[INFO] [stdout]   45:     0x731370cb7a04 - clone
[INFO] [stdout]   46:                0x0 - <unknown>
[INFO] [stdout] 
[INFO] [stdout] 
[INFO] [stdout] failures:
[INFO] [stdout]     simd::minimizer::test::scalar_byte
[INFO] [stdout]     simd::nthash::test::canonical_is_revcomp
[INFO] [stdout] 
[INFO] [stdout] test result: FAILED. 13 passed; 2 failed; 0 ignored; 0 measured; 0 filtered out; finished in 13.29s
[INFO] [stdout] 
[INFO] running `Command { std: "docker" "inspect" "abc0de8f829b376c28487ca1c95d8e578bd7074af5d0960b7ad0f630c7a68398", kill_on_drop: false }`
[INFO] running `Command { std: "docker" "rm" "-f" "abc0de8f829b376c28487ca1c95d8e578bd7074af5d0960b7ad0f630c7a68398", kill_on_drop: false }`
[INFO] [stdout] abc0de8f829b376c28487ca1c95d8e578bd7074af5d0960b7ad0f630c7a68398
