[INFO] cloning repository https://github.com/RRRadicalEdward/Drive-tests
[INFO] running `Command { std: "git" "-c" "credential.helper=" "-c" "credential.helper=/workspace/cargo-home/bin/git-credential-null" "clone" "--bare" "https://github.com/RRRadicalEdward/Drive-tests" "/workspace/cache/git-repos/https%3A%2F%2Fgithub.com%2FRRRadicalEdward%2FDrive-tests", kill_on_drop: false }`
[INFO] [stderr] Cloning into bare repository '/workspace/cache/git-repos/https%3A%2F%2Fgithub.com%2FRRRadicalEdward%2FDrive-tests'...
[INFO] running `Command { std: "git" "rev-parse" "HEAD", kill_on_drop: false }`
[INFO] [stdout] f25cfddac8718b893cbac70ce1d3d4cb4242a030
[INFO] testing RRRadicalEdward/Drive-tests/f25cfddac8718b893cbac70ce1d3d4cb4242a030 against nightly-2024-10-28+rustflags=-Zrandomize-layout for randomize-layout
[INFO] running `Command { std: "git" "clone" "/workspace/cache/git-repos/https%3A%2F%2Fgithub.com%2FRRRadicalEdward%2FDrive-tests" "/workspace/builds/worker-5-tc2/source", kill_on_drop: false }`
[INFO] [stderr] Cloning into '/workspace/builds/worker-5-tc2/source'...
[INFO] [stderr] done.
[INFO] validating manifest of git repo https://github.com/RRRadicalEdward/Drive-tests on toolchain nightly-2024-10-28
[INFO] running `Command { std: CARGO_HOME="/workspace/cargo-home" RUSTUP_HOME="/workspace/rustup-home" "/workspace/cargo-home/bin/cargo" "+nightly-2024-10-28" "metadata" "--manifest-path" "Cargo.toml" "--no-deps", kill_on_drop: false }`
[INFO] started tweaking git repo https://github.com/RRRadicalEdward/Drive-tests
[INFO] finished tweaking git repo https://github.com/RRRadicalEdward/Drive-tests
[INFO] tweaked toml for git repo https://github.com/RRRadicalEdward/Drive-tests written to /workspace/builds/worker-5-tc2/source/Cargo.toml
[INFO] running `Command { std: CARGO_HOME="/workspace/cargo-home" RUSTUP_HOME="/workspace/rustup-home" "/workspace/cargo-home/bin/cargo" "+nightly-2024-10-28" "generate-lockfile" "--manifest-path" "Cargo.toml", kill_on_drop: false }`
[INFO] [stderr]     Updating crates.io index
[INFO] [stderr]      Locking 267 packages to latest compatible versions
[INFO] [stderr]       Adding actix-cors v0.5.4 (available: v0.7.0)
[INFO] [stderr]       Adding actix-rt v1.1.1 (available: v2.10.0)
[INFO] [stderr]       Adding actix-web v3.3.3 (available: v4.9.0)
[INFO] [stderr]       Adding diesel v1.4.8 (available: v2.2.4)
[INFO] [stderr]       Adding env_logger v0.8.4 (available: v0.11.5)
[INFO] [stderr]       Adding image v0.23.14 (available: v0.25.4)
[INFO] [stderr]       Adding libsqlite3-sys v0.9.4 (available: v0.30.1)
[INFO] [stderr]       Adding rand v0.7.3 (available: v0.8.5)
[INFO] [stderr]       Adding rsa v0.3.0 (available: v0.9.6)
[INFO] [stderr]       Adding uuid v0.8.2 (available: v1.11.0)
[INFO] running `Command { std: CARGO_HOME="/workspace/cargo-home" RUSTUP_HOME="/workspace/rustup-home" "/workspace/cargo-home/bin/cargo" "+nightly-2024-10-28" "fetch" "--manifest-path" "Cargo.toml", kill_on_drop: false }`
[INFO] running `Command { std: "docker" "create" "-v" "/var/lib/crater-agent-workspace/builds/worker-5-tc2/target:/opt/rustwide/target:rw,Z" "-v" "/var/lib/crater-agent-workspace/builds/worker-5-tc2/source:/opt/rustwide/workdir:ro,Z" "-v" "/var/lib/crater-agent-workspace/cargo-home:/opt/rustwide/cargo-home:ro,Z" "-v" "/var/lib/crater-agent-workspace/rustup-home:/opt/rustwide/rustup-home:ro,Z" "-e" "SOURCE_DIR=/opt/rustwide/workdir" "-e" "CARGO_TARGET_DIR=/opt/rustwide/target" "-e" "CARGO_HOME=/opt/rustwide/cargo-home" "-e" "RUSTUP_HOME=/opt/rustwide/rustup-home" "-w" "/opt/rustwide/workdir" "-m" "1610612736" "--user" "0:0" "--network" "none" "ghcr.io/rust-lang/crates-build-env/linux@sha256:4a844ea9eb2546a2d2c7022eacef16ef2e8229c7fbb2c7d4d55a9ceca922f72d" "/opt/rustwide/cargo-home/bin/cargo" "+nightly-2024-10-28" "metadata" "--no-deps" "--format-version=1", kill_on_drop: false }`
[INFO] [stdout] 44fdf270b49a526ebf0ff7ede0fce8aa9d80acd53ed02e5d8f0ff45fea8e9bb5
[INFO] running `Command { std: "docker" "start" "-a" "44fdf270b49a526ebf0ff7ede0fce8aa9d80acd53ed02e5d8f0ff45fea8e9bb5", kill_on_drop: false }`
[INFO] running `Command { std: "docker" "inspect" "44fdf270b49a526ebf0ff7ede0fce8aa9d80acd53ed02e5d8f0ff45fea8e9bb5", kill_on_drop: false }`
[INFO] running `Command { std: "docker" "rm" "-f" "44fdf270b49a526ebf0ff7ede0fce8aa9d80acd53ed02e5d8f0ff45fea8e9bb5", kill_on_drop: false }`
[INFO] [stdout] 44fdf270b49a526ebf0ff7ede0fce8aa9d80acd53ed02e5d8f0ff45fea8e9bb5
[INFO] running `Command { std: "docker" "create" "-v" "/var/lib/crater-agent-workspace/builds/worker-5-tc2/target:/opt/rustwide/target:rw,Z" "-v" "/var/lib/crater-agent-workspace/builds/worker-5-tc2/source:/opt/rustwide/workdir:ro,Z" "-v" "/var/lib/crater-agent-workspace/cargo-home:/opt/rustwide/cargo-home:ro,Z" "-v" "/var/lib/crater-agent-workspace/rustup-home:/opt/rustwide/rustup-home:ro,Z" "-e" "SOURCE_DIR=/opt/rustwide/workdir" "-e" "CARGO_TARGET_DIR=/opt/rustwide/target" "-e" "CARGO_INCREMENTAL=0" "-e" "RUST_BACKTRACE=full" "-e" "RUSTFLAGS=--cap-lints=forbid -Zrandomize-layout" "-e" "RUSTDOCFLAGS=--cap-lints=forbid" "-e" "CARGO_HOME=/opt/rustwide/cargo-home" "-e" "RUSTUP_HOME=/opt/rustwide/rustup-home" "-w" "/opt/rustwide/workdir" "-m" "1610612736" "--user" "0:0" "--network" "none" "ghcr.io/rust-lang/crates-build-env/linux@sha256:4a844ea9eb2546a2d2c7022eacef16ef2e8229c7fbb2c7d4d55a9ceca922f72d" "/opt/rustwide/cargo-home/bin/cargo" "+nightly-2024-10-28" "build" "--frozen" "--message-format=json", kill_on_drop: false }`
[INFO] [stdout] 3bd5aa21c3214b0e78e09bad147642abf99e0da462d11bff96c37da9fd0424c0
[INFO] running `Command { std: "docker" "start" "-a" "3bd5aa21c3214b0e78e09bad147642abf99e0da462d11bff96c37da9fd0424c0", kill_on_drop: false }`
[INFO] [stderr]    Compiling autocfg v1.4.0
[INFO] [stderr]    Compiling proc-macro2 v1.0.89
[INFO] [stderr]    Compiling unicode-ident v1.0.13
[INFO] [stderr]    Compiling libc v0.2.161
[INFO] [stderr]    Compiling cfg-if v1.0.0
[INFO] [stderr]    Compiling memchr v2.7.4
[INFO] [stderr]    Compiling syn v1.0.109
[INFO] [stderr]    Compiling log v0.4.22
[INFO] [stderr]    Compiling version_check v0.9.5
[INFO] [stderr]    Compiling futures-core v0.3.31
[INFO] [stderr]    Compiling smallvec v1.13.2
[INFO] [stderr]    Compiling spin v0.9.8
[INFO] [stderr]    Compiling futures-sink v0.3.31
[INFO] [stderr]    Compiling cfg-if v0.1.10
[INFO] [stderr]    Compiling byteorder v1.5.0
[INFO] [stderr]    Compiling lazy_static v1.5.0
[INFO] [stderr]    Compiling pin-project-lite v0.2.15
[INFO] [stderr]    Compiling futures-channel v0.3.31
[INFO] [stderr]    Compiling bytes v0.5.6
[INFO] [stderr]    Compiling shlex v1.3.0
[INFO] [stderr]    Compiling slab v0.4.9
[INFO] [stderr]    Compiling lock_api v0.4.12
[INFO] [stderr]    Compiling scopeguard v1.2.0
[INFO] [stderr]    Compiling pin-project-lite v0.1.12
[INFO] [stderr]    Compiling cc v1.1.34
[INFO] [stderr]    Compiling futures-task v0.3.31
[INFO] [stderr]    Compiling futures-io v0.3.31
[INFO] [stderr]    Compiling pkg-config v0.3.31
[INFO] [stderr]    Compiling quote v1.0.37
[INFO] [stderr]    Compiling pin-utils v0.1.0
[INFO] [stderr]    Compiling pin-project-internal v0.4.30
[INFO] [stderr]    Compiling getrandom v0.1.16
[INFO] [stderr]    Compiling syn v2.0.86
[INFO] [stderr]    Compiling iovec v0.1.4
[INFO] [stderr]    Compiling net2 v0.2.39
[INFO] [stderr]    Compiling signal-hook-registry v1.4.2
[INFO] [stderr]    Compiling parking_lot_core v0.8.6
[INFO] [stderr]    Compiling once_cell v1.20.2
[INFO] [stderr]    Compiling instant v0.1.13
[INFO] [stderr]    Compiling either v1.13.0
[INFO] [stderr]    Compiling mio v0.6.23
[INFO] [stderr]    Compiling num_cpus v1.16.0
[INFO] [stderr]    Compiling vcpkg v0.2.15
[INFO] [stderr]    Compiling bitflags v1.3.2
[INFO] [stderr]    Compiling typenum v1.17.0
[INFO] [stderr]    Compiling mio-uds v0.6.8
[INFO] [stderr]    Compiling tokio v0.2.25
[INFO] [stderr]    Compiling convert_case v0.4.0
[INFO] [stderr]    Compiling tinyvec_macros v0.1.1
[INFO] [stderr]    Compiling tinyvec v1.8.0
[INFO] [stderr]    Compiling threadpool v1.8.1
[INFO] [stderr]    Compiling rand_core v0.5.1
[INFO] [stderr]    Compiling parking_lot v0.11.2
[INFO] [stderr]    Compiling openssl-sys v0.9.104
[INFO] [stderr]    Compiling num-traits v0.2.19
[INFO] [stderr]    Compiling generic-array v0.14.7
[INFO] [stderr]    Compiling serde v1.0.214
[INFO] [stderr]    Compiling percent-encoding v2.3.1
[INFO] [stderr]    Compiling unicode-normalization v0.1.24
[INFO] [stderr]    Compiling aho-corasick v1.1.3
[INFO] [stderr]    Compiling standback v0.2.17
[INFO] [stderr]    Compiling unicode-bidi v0.3.17
[INFO] [stderr]    Compiling thiserror v1.0.66
[INFO] [stderr]    Compiling copyless v0.1.5
[INFO] [stderr]    Compiling itoa v1.0.11
[INFO] [stderr]    Compiling proc-macro-hack v0.5.20+deprecated
[INFO] [stderr]    Compiling regex-syntax v0.8.5
[INFO] [stderr]    Compiling form_urlencoded v1.2.1
[INFO] [stderr]    Compiling bytes v1.8.0
[INFO] [stderr]    Compiling foreign-types-shared v0.1.1
[INFO] [stderr]    Compiling crossbeam-utils v0.8.20
[INFO] [stderr]    Compiling tokio-util v0.3.1
[INFO] [stderr]    Compiling openssl v0.10.68
[INFO] [stderr]    Compiling foreign-types v0.3.2
[INFO] [stderr]    Compiling idna v0.5.0
[INFO] [stderr]    Compiling regex-automata v0.4.8
[INFO] [stderr]    Compiling bitflags v2.6.0
[INFO] [stderr]    Compiling actix-macros v0.1.3
[INFO] [stderr]    Compiling match_cfg v0.1.0
[INFO] [stderr]    Compiling matches v0.1.10
[INFO] [stderr]    Compiling fnv v1.0.7
[INFO] [stderr]    Compiling const_fn v0.4.10
[INFO] [stderr]    Compiling heck v0.4.1
[INFO] [stderr]    Compiling http v0.2.12
[INFO] [stderr]    Compiling idna v0.2.3
[INFO] [stderr]    Compiling enum-as-inner v0.3.4
[INFO] [stderr]    Compiling hostname v0.3.1
[INFO] [stderr]    Compiling time-macros-impl v0.1.2
[INFO] [stderr]    Compiling url v2.5.2
[INFO] [stderr]    Compiling futures-macro v0.3.31
[INFO] [stderr]    Compiling zerocopy-derive v0.7.35
[INFO] [stderr]    Compiling pin-project v0.4.30
[INFO] [stderr]    Compiling derive_more v0.99.18
[INFO] [stderr]    Compiling serde_derive v1.0.214
[INFO] [stderr]    Compiling actix-codec v0.3.0
[INFO] [stderr]    Compiling thiserror-impl v1.0.66
[INFO] [stderr]    Compiling openssl-macros v0.1.1
[INFO] [stderr]    Compiling regex v1.11.1
[INFO] [stderr]    Compiling zerocopy v0.7.35
[INFO] [stderr]    Compiling futures-util v0.3.31
[INFO] [stderr]    Compiling ppv-lite86 v0.2.20
[INFO] [stderr]    Compiling async-trait v0.1.83
[INFO] [stderr]    Compiling pin-project-internal v1.1.7
[INFO] [stderr]    Compiling rand_chacha v0.2.2
[INFO] [stderr]    Compiling rand v0.7.3
[INFO] [stderr]    Compiling num-integer v0.1.46
[INFO] [stderr]    Compiling block-buffer v0.9.0
[INFO] [stderr]    Compiling digest v0.9.0
[INFO] [stderr]    Compiling tracing-core v0.1.32
[INFO] [stderr]    Compiling indexmap v1.9.3
[INFO] [stderr]    Compiling time v0.2.27
[INFO] [stderr]    Compiling crc32fast v1.4.2
[INFO] [stderr]    Compiling actix-threadpool v0.3.3
[INFO] [stderr]    Compiling linked-hash-map v0.5.6
[INFO] [stderr]    Compiling quick-error v1.2.3
[INFO] [stderr]    Compiling opaque-debug v0.3.1
[INFO] [stderr]    Compiling alloc-no-stdlib v2.0.4
[INFO] [stderr]    Compiling cpufeatures v0.2.14
[INFO] [stderr]    Compiling resolv-conf v0.7.0
[INFO] [stderr]    Compiling lru-cache v0.1.2
[INFO] [stderr]    Compiling alloc-stdlib v0.2.2
[INFO] [stderr]    Compiling tracing v0.1.40
[INFO] [stderr]    Compiling pin-project v1.1.7
[INFO] [stderr]    Compiling crossbeam-epoch v0.9.18
[INFO] [stderr]    Compiling time-macros v0.1.1
[INFO] [stderr]    Compiling actix-rt v1.1.1
[INFO] [stderr]    Compiling actix-service v1.0.6
[INFO] [stderr]    Compiling futures v0.3.31
[INFO] [stderr]    Compiling tokio-openssl v0.4.0
[INFO] [stderr]    Compiling trust-dns-proto v0.19.7
[INFO] [stderr]    Compiling cookie v0.14.4
[INFO] [stderr]    Compiling base64 v0.13.1
[INFO] [stderr]    Compiling rayon-core v1.12.1
[INFO] [stderr]    Compiling parking_lot_core v0.9.10
[INFO] [stderr]    Compiling serde_json v1.0.132
[INFO] [stderr]    Compiling actix-utils v2.0.0
[INFO] [stderr]    Compiling adler2 v2.0.0
[INFO] [stderr]    Compiling httparse v1.9.5
[INFO] [stderr]    Compiling ryu v1.0.18
[INFO] [stderr]    Compiling hashbrown v0.12.3
[INFO] [stderr]    Compiling miniz_oxide v0.8.0
[INFO] [stderr]    Compiling crossbeam-deque v0.8.5
[INFO] [stderr]    Compiling tracing-futures v0.2.5
[INFO] [stderr]    Compiling brotli-decompressor v2.5.1
[INFO] [stderr]    Compiling h2 v0.2.7
[INFO] [stderr]    Compiling trust-dns-resolver v0.19.7
[INFO] [stderr]    Compiling flate2 v1.0.34
[INFO] [stderr]    Compiling brotli v3.5.0
[INFO] [stderr]    Compiling actix-connect v2.0.0
[INFO] [stderr]    Compiling actix-tls v2.0.0
[INFO] [stderr]    Compiling sha-1 v0.9.8
[INFO] [stderr]    Compiling socket2 v0.3.19
[INFO] [stderr]    Compiling fxhash v0.2.1
[INFO] [stderr]    Compiling miniz_oxide v0.4.4
[INFO] [stderr]    Compiling num-bigint v0.2.6
[INFO] [stderr]    Compiling autocfg v0.1.8
[INFO] [stderr]    Compiling encoding_rs v0.8.35
[INFO] [stderr]    Compiling language-tags v0.2.2
[INFO] [stderr]    Compiling mime v0.3.17
[INFO] [stderr]    Compiling itoa v0.4.8
[INFO] [stderr]    Compiling libm v0.2.11
[INFO] [stderr]    Compiling adler32 v1.2.0
[INFO] [stderr]    Compiling num-bigint-dig v0.6.1
[INFO] [stderr]    Compiling actix-server v1.0.4
[INFO] [stderr]    Compiling parking_lot v0.12.3
[INFO] [stderr]    Compiling serde_urlencoded v0.7.1
[INFO] [stderr]    Compiling rayon v1.10.0
[INFO] [stderr]    Compiling num-iter v0.1.45
[INFO] [stderr]    Compiling zeroize_derive v1.4.2
[INFO] [stderr]    Compiling bytestring v1.3.1
[INFO] [stderr]    Compiling libsqlite3-sys v0.9.4
[INFO] [stderr]    Compiling num-rational v0.3.2
[INFO] [stderr]    Compiling weezl v0.1.8
[INFO] [stderr]    Compiling actix-http v2.2.2
[INFO] [stderr]    Compiling iana-time-zone v0.1.61
[INFO] [stderr]    Compiling adler v1.0.2
[INFO] [stderr]    Compiling chrono v0.4.38
[INFO] [stderr]    Compiling jpeg-decoder v0.1.22
[INFO] [stderr]    Compiling actix-router v0.2.7
[INFO] [stderr]    Compiling zeroize v1.8.1
[INFO] [stderr]    Compiling actix-testing v1.0.1
[INFO] [stderr]    Compiling scheduled-thread-pool v0.2.7
[INFO] [stderr]    Compiling miniz_oxide v0.3.7
[INFO] [stderr]    Compiling deflate v0.8.6
[INFO] [stderr]    Compiling actix-web-codegen v0.4.0
[INFO] [stderr]    Compiling anyhow v1.0.92
[INFO] [stderr]    Compiling awc v2.0.3
[INFO] [stderr]    Compiling color_quant v1.1.0
[INFO] [stderr]    Compiling png v0.16.8
[INFO] [stderr]    Compiling gif v0.11.4
[INFO] [stderr]    Compiling simple_asn1 v0.4.1
[INFO] [stderr]    Compiling r2d2 v0.8.10
[INFO] [stderr]    Compiling tiff v0.6.1
[INFO] [stderr]    Compiling actix-web v3.3.3
[INFO] [stderr]    Compiling pem v0.8.3
[INFO] [stderr]    Compiling sha2 v0.9.9
[INFO] [stderr]    Compiling diesel_derives v1.4.1
[INFO] [stderr]    Compiling atty v0.2.14
[INFO] [stderr]    Compiling termcolor v1.4.1
[INFO] [stderr]    Compiling humantime v2.1.0
[INFO] [stderr]    Compiling scoped_threadpool v0.1.9
[INFO] [stderr]    Compiling bytemuck v1.19.0
[INFO] [stderr]    Compiling subtle v2.6.1
[INFO] [stderr]    Compiling image v0.23.14
[INFO] [stderr]    Compiling rsa v0.3.0
[INFO] [stderr]    Compiling env_logger v0.8.4
[INFO] [stderr]    Compiling actix-cors v0.5.4
[INFO] [stderr]    Compiling hex v0.4.3
[INFO] [stderr]    Compiling diesel v1.4.8
[INFO] [stderr]    Compiling driving-tests-site v0.1.0 (/opt/rustwide/workdir)
[INFO] [stdout] warning: non-local `impl` definition, `impl` blocks should be written at the same level as their item
[INFO] [stdout]  --> src/db/model.rs:5:10
[INFO] [stdout]   |
[INFO] [stdout] 5 | #[derive(Queryable, Deserialize, Insertable)]
[INFO] [stdout]   |          ^--------
[INFO] [stdout]   |          |
[INFO] [stdout]   |          `Queryable` is not local
[INFO] [stdout]   |          move the `impl` block outside of this function `_impl_queryable_for_user`
[INFO] [stdout] 6 | #[table_name = "users"]
[INFO] [stdout] 7 | pub struct User {
[INFO] [stdout]   |            ---- `User` is not local
[INFO] [stdout]   |
[INFO] [stdout]   = note: the derive macro `Queryable` defines the non-local `impl`, and may need to be changed
[INFO] [stdout]   = note: the derive macro `Queryable` may come from an old version of the `diesel_derives` crate, try updating your dependency with `cargo update -p diesel_derives`
[INFO] [stdout]   = note: an `impl` is never scoped, even when it is nested inside an item, as it may impact type checking outside of that item, which can be the case if neither the trait or the self type are at the same nesting level as the `impl`
[INFO] [stdout]   = note: `#[warn(non_local_definitions)]` on by default
[INFO] [stdout]   = note: this warning originates in the derive macro `Queryable` (in Nightly builds, run with -Z macro-backtrace for more info)
[INFO] [stdout] 
[INFO] [stdout] 
[INFO] [stdout] warning: non-local `impl` definition, `impl` blocks should be written at the same level as their item
[INFO] [stdout]  --> src/db/model.rs:5:34
[INFO] [stdout]   |
[INFO] [stdout] 5 | #[derive(Queryable, Deserialize, Insertable)]
[INFO] [stdout]   |                                  ^---------
[INFO] [stdout]   |                                  |
[INFO] [stdout]   |                                  `Insertable` is not local
[INFO] [stdout]   |                                  `table` is not local
[INFO] [stdout]   |                                  move the `impl` block outside of this function `_impl_insertable_for_user`
[INFO] [stdout] 6 | #[table_name = "users"]
[INFO] [stdout] 7 | pub struct User {
[INFO] [stdout]   |            ---- `User` is not local
[INFO] [stdout]   |
[INFO] [stdout]   = note: the derive macro `Insertable` defines the non-local `impl`, and may need to be changed
[INFO] [stdout]   = note: the derive macro `Insertable` may come from an old version of the `diesel_derives` crate, try updating your dependency with `cargo update -p diesel_derives`
[INFO] [stdout]   = note: an `impl` is never scoped, even when it is nested inside an item, as it may impact type checking outside of that item, which can be the case if neither the trait or the self type are at the same nesting level as the `impl`
[INFO] [stdout]   = note: this warning originates in the derive macro `Insertable` (in Nightly builds, run with -Z macro-backtrace for more info)
[INFO] [stdout] 
[INFO] [stdout] 
[INFO] [stdout] warning: non-local `impl` definition, `impl` blocks should be written at the same level as their item
[INFO] [stdout]  --> src/db/model.rs:5:34
[INFO] [stdout]   |
[INFO] [stdout] 5 | #[derive(Queryable, Deserialize, Insertable)]
[INFO] [stdout]   |                                  -^^^^^^^^^
[INFO] [stdout]   |                                  |
[INFO] [stdout]   |                                  `Insertable` is not local
[INFO] [stdout]   |                                  `table` is not local
[INFO] [stdout]   |                                  move the `impl` block outside of this function `_impl_insertable_for_user`
[INFO] [stdout] 6 | #[table_name = "users"]
[INFO] [stdout] 7 | pub struct User {
[INFO] [stdout]   |            ---- `User` is not local
[INFO] [stdout]   |
[INFO] [stdout]   = note: the derive macro `Insertable` defines the non-local `impl`, and may need to be changed
[INFO] [stdout]   = note: the derive macro `Insertable` may come from an old version of the `diesel_derives` crate, try updating your dependency with `cargo update -p diesel_derives`
[INFO] [stdout]   = note: an `impl` is never scoped, even when it is nested inside an item, as it may impact type checking outside of that item, which can be the case if neither the trait or the self type are at the same nesting level as the `impl`
[INFO] [stdout]   = note: this warning originates in the derive macro `Insertable` (in Nightly builds, run with -Z macro-backtrace for more info)
[INFO] [stdout] 
[INFO] [stdout] 
[INFO] [stdout] warning: non-local `impl` definition, `impl` blocks should be written at the same level as their item
[INFO] [stdout]  --> src/db/model.rs:5:34
[INFO] [stdout]   |
[INFO] [stdout] 5 | #[derive(Queryable, Deserialize, Insertable)]
[INFO] [stdout]   |                                  ^---------
[INFO] [stdout]   |                                  |
[INFO] [stdout]   |                                  `UndecoratedInsertRecord` is not local
[INFO] [stdout]   |                                  `table` is not local
[INFO] [stdout]   |                                  move the `impl` block outside of this function `_impl_insertable_for_user`
[INFO] [stdout] 6 | #[table_name = "users"]
[INFO] [stdout] 7 | pub struct User {
[INFO] [stdout]   |            ---- `User` is not local
[INFO] [stdout]   |
[INFO] [stdout]   = note: the derive macro `Insertable` defines the non-local `impl`, and may need to be changed
[INFO] [stdout]   = note: the derive macro `Insertable` may come from an old version of the `diesel_derives` crate, try updating your dependency with `cargo update -p diesel_derives`
[INFO] [stdout]   = note: an `impl` is never scoped, even when it is nested inside an item, as it may impact type checking outside of that item, which can be the case if neither the trait or the self type are at the same nesting level as the `impl`
[INFO] [stdout]   = note: this warning originates in the derive macro `Insertable` (in Nightly builds, run with -Z macro-backtrace for more info)
[INFO] [stdout] 
[INFO] [stdout] 
[INFO] [stdout] warning: non-local `impl` definition, `impl` blocks should be written at the same level as their item
[INFO] [stdout]   --> src/db/model.rs:15:10
[INFO] [stdout]    |
[INFO] [stdout] 15 | #[derive(Queryable, Deserialize, Insertable)]
[INFO] [stdout]    |          ^--------
[INFO] [stdout]    |          |
[INFO] [stdout]    |          `Queryable` is not local
[INFO] [stdout]    |          move the `impl` block outside of this function `_impl_queryable_for_test`
[INFO] [stdout] 16 | #[table_name = "tests"]
[INFO] [stdout] 17 | pub struct Test {
[INFO] [stdout]    |            ---- `Test` is not local
[INFO] [stdout]    |
[INFO] [stdout]    = note: the derive macro `Queryable` defines the non-local `impl`, and may need to be changed
[INFO] [stdout]    = note: the derive macro `Queryable` may come from an old version of the `diesel_derives` crate, try updating your dependency with `cargo update -p diesel_derives`
[INFO] [stdout]    = note: an `impl` is never scoped, even when it is nested inside an item, as it may impact type checking outside of that item, which can be the case if neither the trait or the self type are at the same nesting level as the `impl`
[INFO] [stdout]    = note: this warning originates in the derive macro `Queryable` (in Nightly builds, run with -Z macro-backtrace for more info)
[INFO] [stdout] 
[INFO] [stdout] 
[INFO] [stdout] warning: non-local `impl` definition, `impl` blocks should be written at the same level as their item
[INFO] [stdout]   --> src/db/model.rs:15:34
[INFO] [stdout]    |
[INFO] [stdout] 15 | #[derive(Queryable, Deserialize, Insertable)]
[INFO] [stdout]    |                                  ^---------
[INFO] [stdout]    |                                  |
[INFO] [stdout]    |                                  `Insertable` is not local
[INFO] [stdout]    |                                  `table` is not local
[INFO] [stdout]    |                                  move the `impl` block outside of this function `_impl_insertable_for_test`
[INFO] [stdout] 16 | #[table_name = "tests"]
[INFO] [stdout] 17 | pub struct Test {
[INFO] [stdout]    |            ---- `Test` is not local
[INFO] [stdout]    |
[INFO] [stdout]    = note: the derive macro `Insertable` defines the non-local `impl`, and may need to be changed
[INFO] [stdout]    = note: the derive macro `Insertable` may come from an old version of the `diesel_derives` crate, try updating your dependency with `cargo update -p diesel_derives`
[INFO] [stdout]    = note: an `impl` is never scoped, even when it is nested inside an item, as it may impact type checking outside of that item, which can be the case if neither the trait or the self type are at the same nesting level as the `impl`
[INFO] [stdout]    = note: this warning originates in the derive macro `Insertable` (in Nightly builds, run with -Z macro-backtrace for more info)
[INFO] [stdout] 
[INFO] [stdout] 
[INFO] [stdout] warning: non-local `impl` definition, `impl` blocks should be written at the same level as their item
[INFO] [stdout]   --> src/db/model.rs:15:34
[INFO] [stdout]    |
[INFO] [stdout] 15 | #[derive(Queryable, Deserialize, Insertable)]
[INFO] [stdout]    |                                  -^^^^^^^^^
[INFO] [stdout]    |                                  |
[INFO] [stdout]    |                                  `Insertable` is not local
[INFO] [stdout]    |                                  `table` is not local
[INFO] [stdout]    |                                  move the `impl` block outside of this function `_impl_insertable_for_test`
[INFO] [stdout] 16 | #[table_name = "tests"]
[INFO] [stdout] 17 | pub struct Test {
[INFO] [stdout]    |            ---- `Test` is not local
[INFO] [stdout]    |
[INFO] [stdout]    = note: the derive macro `Insertable` defines the non-local `impl`, and may need to be changed
[INFO] [stdout]    = note: the derive macro `Insertable` may come from an old version of the `diesel_derives` crate, try updating your dependency with `cargo update -p diesel_derives`
[INFO] [stdout]    = note: an `impl` is never scoped, even when it is nested inside an item, as it may impact type checking outside of that item, which can be the case if neither the trait or the self type are at the same nesting level as the `impl`
[INFO] [stdout]    = note: this warning originates in the derive macro `Insertable` (in Nightly builds, run with -Z macro-backtrace for more info)
[INFO] [stdout] 
[INFO] [stdout] 
[INFO] [stdout] warning: non-local `impl` definition, `impl` blocks should be written at the same level as their item
[INFO] [stdout]   --> src/db/model.rs:15:34
[INFO] [stdout]    |
[INFO] [stdout] 15 | #[derive(Queryable, Deserialize, Insertable)]
[INFO] [stdout]    |                                  ^---------
[INFO] [stdout]    |                                  |
[INFO] [stdout]    |                                  `UndecoratedInsertRecord` is not local
[INFO] [stdout]    |                                  `table` is not local
[INFO] [stdout]    |                                  move the `impl` block outside of this function `_impl_insertable_for_test`
[INFO] [stdout] 16 | #[table_name = "tests"]
[INFO] [stdout] 17 | pub struct Test {
[INFO] [stdout]    |            ---- `Test` is not local
[INFO] [stdout]    |
[INFO] [stdout]    = note: the derive macro `Insertable` defines the non-local `impl`, and may need to be changed
[INFO] [stdout]    = note: the derive macro `Insertable` may come from an old version of the `diesel_derives` crate, try updating your dependency with `cargo update -p diesel_derives`
[INFO] [stdout]    = note: an `impl` is never scoped, even when it is nested inside an item, as it may impact type checking outside of that item, which can be the case if neither the trait or the self type are at the same nesting level as the `impl`
[INFO] [stdout]    = note: this warning originates in the derive macro `Insertable` (in Nightly builds, run with -Z macro-backtrace for more info)
[INFO] [stdout] 
[INFO] [stdout] 
[INFO] [stdout] warning: non-local `impl` definition, `impl` blocks should be written at the same level as their item
[INFO] [stdout]  --> src/db/schema.rs:1:1
[INFO] [stdout]   |
[INFO] [stdout] 1 | / table! {
[INFO] [stdout] 2 | |     tests (id) {
[INFO] [stdout] 3 | |         id -> Integer,
[INFO] [stdout] 4 | |         description -> Text,
[INFO] [stdout] ... |
[INFO] [stdout] 8 | |     }
[INFO] [stdout] 9 | | }
[INFO] [stdout]   | | ^
[INFO] [stdout]   | | |
[INFO] [stdout]   | | `table` is not local
[INFO] [stdout]   | |_`QueryId` is not local
[INFO] [stdout]   |   move the `impl` block outside of this function `_impl_query_id_for_table`
[INFO] [stdout]   |
[INFO] [stdout]   = note: the derive macro `QueryId` defines the non-local `impl`, and may need to be changed
[INFO] [stdout]   = note: the derive macro `QueryId` may come from an old version of the `diesel_derives` crate, try updating your dependency with `cargo update -p diesel_derives`
[INFO] [stdout]   = note: an `impl` is never scoped, even when it is nested inside an item, as it may impact type checking outside of that item, which can be the case if neither the trait or the self type are at the same nesting level as the `impl`
[INFO] [stdout]   = note: this warning originates in the derive macro `QueryId` which comes from the expansion of the macro `table` (in Nightly builds, run with -Z macro-backtrace for more info)
[INFO] [stdout] 
[INFO] [stdout] 
[INFO] [stdout] warning: non-local `impl` definition, `impl` blocks should be written at the same level as their item
[INFO] [stdout]  --> src/db/schema.rs:1:1
[INFO] [stdout]   |
[INFO] [stdout] 1 | / table! {
[INFO] [stdout] 2 | |     tests (id) {
[INFO] [stdout] 3 | |         id -> Integer,
[INFO] [stdout]   | |         -- `id` is not local
[INFO] [stdout] 4 | |         description -> Text,
[INFO] [stdout] ... |
[INFO] [stdout] 8 | |     }
[INFO] [stdout] 9 | | }
[INFO] [stdout]   | | ^
[INFO] [stdout]   | | |
[INFO] [stdout]   | |_`QueryId` is not local
[INFO] [stdout]   |   move the `impl` block outside of this function `_impl_query_id_for_id`
[INFO] [stdout]   |
[INFO] [stdout]   = note: the derive macro `QueryId` defines the non-local `impl`, and may need to be changed
[INFO] [stdout]   = note: the derive macro `QueryId` may come from an old version of the `diesel_derives` crate, try updating your dependency with `cargo update -p diesel_derives`
[INFO] [stdout]   = note: an `impl` is never scoped, even when it is nested inside an item, as it may impact type checking outside of that item, which can be the case if neither the trait or the self type are at the same nesting level as the `impl`
[INFO] [stdout]   = note: this warning originates in the derive macro `QueryId` which comes from the expansion of the macro `table` (in Nightly builds, run with -Z macro-backtrace for more info)
[INFO] [stdout] 
[INFO] [stdout] 
[INFO] [stdout] warning: non-local `impl` definition, `impl` blocks should be written at the same level as their item
[INFO] [stdout]  --> src/db/schema.rs:1:1
[INFO] [stdout]   |
[INFO] [stdout] 1 | / table! {
[INFO] [stdout] 2 | |     tests (id) {
[INFO] [stdout] 3 | |         id -> Integer,
[INFO] [stdout] 4 | |         description -> Text,
[INFO] [stdout]   | |         ----------- `description` is not local
[INFO] [stdout] ... |
[INFO] [stdout] 8 | |     }
[INFO] [stdout] 9 | | }
[INFO] [stdout]   | | ^
[INFO] [stdout]   | | |
[INFO] [stdout]   | |_`QueryId` is not local
[INFO] [stdout]   |   move the `impl` block outside of this function `_impl_query_id_for_description`
[INFO] [stdout]   |
[INFO] [stdout]   = note: the derive macro `QueryId` defines the non-local `impl`, and may need to be changed
[INFO] [stdout]   = note: the derive macro `QueryId` may come from an old version of the `diesel_derives` crate, try updating your dependency with `cargo update -p diesel_derives`
[INFO] [stdout]   = note: an `impl` is never scoped, even when it is nested inside an item, as it may impact type checking outside of that item, which can be the case if neither the trait or the self type are at the same nesting level as the `impl`
[INFO] [stdout]   = note: this warning originates in the derive macro `QueryId` which comes from the expansion of the macro `table` (in Nightly builds, run with -Z macro-backtrace for more info)
[INFO] [stdout] 
[INFO] [stdout] 
[INFO] [stdout] warning: non-local `impl` definition, `impl` blocks should be written at the same level as their item
[INFO] [stdout]  --> src/db/schema.rs:1:1
[INFO] [stdout]   |
[INFO] [stdout] 1 | / table! {
[INFO] [stdout] 2 | |     tests (id) {
[INFO] [stdout] 3 | |         id -> Integer,
[INFO] [stdout] 4 | |         description -> Text,
[INFO] [stdout] 5 | |         answers -> Text,
[INFO] [stdout]   | |         ------- `answers` is not local
[INFO] [stdout] ... |
[INFO] [stdout] 8 | |     }
[INFO] [stdout] 9 | | }
[INFO] [stdout]   | | ^
[INFO] [stdout]   | | |
[INFO] [stdout]   | |_`QueryId` is not local
[INFO] [stdout]   |   move the `impl` block outside of this function `_impl_query_id_for_answers`
[INFO] [stdout]   |
[INFO] [stdout]   = note: the derive macro `QueryId` defines the non-local `impl`, and may need to be changed
[INFO] [stdout]   = note: the derive macro `QueryId` may come from an old version of the `diesel_derives` crate, try updating your dependency with `cargo update -p diesel_derives`
[INFO] [stdout]   = note: an `impl` is never scoped, even when it is nested inside an item, as it may impact type checking outside of that item, which can be the case if neither the trait or the self type are at the same nesting level as the `impl`
[INFO] [stdout]   = note: this warning originates in the derive macro `QueryId` which comes from the expansion of the macro `table` (in Nightly builds, run with -Z macro-backtrace for more info)
[INFO] [stdout] 
[INFO] [stdout] 
[INFO] [stdout] warning: non-local `impl` definition, `impl` blocks should be written at the same level as their item
[INFO] [stdout]  --> src/db/schema.rs:1:1
[INFO] [stdout]   |
[INFO] [stdout] 1 | / table! {
[INFO] [stdout] 2 | |     tests (id) {
[INFO] [stdout] 3 | |         id -> Integer,
[INFO] [stdout] 4 | |         description -> Text,
[INFO] [stdout] 5 | |         answers -> Text,
[INFO] [stdout] 6 | |         right_answer_id -> Integer,
[INFO] [stdout]   | |         --------------- `right_answer_id` is not local
[INFO] [stdout] 7 | |         image -> Nullable<Binary>,
[INFO] [stdout] 8 | |     }
[INFO] [stdout] 9 | | }
[INFO] [stdout]   | | ^
[INFO] [stdout]   | | |
[INFO] [stdout]   | |_`QueryId` is not local
[INFO] [stdout]   |   move the `impl` block outside of this function `_impl_query_id_for_right_answer_id`
[INFO] [stdout]   |
[INFO] [stdout]   = note: the derive macro `QueryId` defines the non-local `impl`, and may need to be changed
[INFO] [stdout]   = note: the derive macro `QueryId` may come from an old version of the `diesel_derives` crate, try updating your dependency with `cargo update -p diesel_derives`
[INFO] [stdout]   = note: an `impl` is never scoped, even when it is nested inside an item, as it may impact type checking outside of that item, which can be the case if neither the trait or the self type are at the same nesting level as the `impl`
[INFO] [stdout]   = note: this warning originates in the derive macro `QueryId` which comes from the expansion of the macro `table` (in Nightly builds, run with -Z macro-backtrace for more info)
[INFO] [stdout] 
[INFO] [stdout] 
[INFO] [stdout] warning: non-local `impl` definition, `impl` blocks should be written at the same level as their item
[INFO] [stdout]  --> src/db/schema.rs:1:1
[INFO] [stdout]   |
[INFO] [stdout] 1 | / table! {
[INFO] [stdout] 2 | |     tests (id) {
[INFO] [stdout] 3 | |         id -> Integer,
[INFO] [stdout] 4 | |         description -> Text,
[INFO] [stdout] ... |
[INFO] [stdout] 7 | |         image -> Nullable<Binary>,
[INFO] [stdout]   | |         ----- `image` is not local
[INFO] [stdout] 8 | |     }
[INFO] [stdout] 9 | | }
[INFO] [stdout]   | | ^
[INFO] [stdout]   | | |
[INFO] [stdout]   | |_`QueryId` is not local
[INFO] [stdout]   |   move the `impl` block outside of this function `_impl_query_id_for_image`
[INFO] [stdout]   |
[INFO] [stdout]   = note: the derive macro `QueryId` defines the non-local `impl`, and may need to be changed
[INFO] [stdout]   = note: the derive macro `QueryId` may come from an old version of the `diesel_derives` crate, try updating your dependency with `cargo update -p diesel_derives`
[INFO] [stdout]   = note: an `impl` is never scoped, even when it is nested inside an item, as it may impact type checking outside of that item, which can be the case if neither the trait or the self type are at the same nesting level as the `impl`
[INFO] [stdout]   = note: this warning originates in the derive macro `QueryId` which comes from the expansion of the macro `table` (in Nightly builds, run with -Z macro-backtrace for more info)
[INFO] [stdout] 
[INFO] [stdout] 
[INFO] [stdout] warning: non-local `impl` definition, `impl` blocks should be written at the same level as their item
[INFO] [stdout]   --> src/db/schema.rs:11:1
[INFO] [stdout]    |
[INFO] [stdout] 11 | / table! {
[INFO] [stdout] 12 | |     users (id) {
[INFO] [stdout] 13 | |         id -> Integer,
[INFO] [stdout] 14 | |         name -> Text,
[INFO] [stdout] ...  |
[INFO] [stdout] 18 | |     }
[INFO] [stdout] 19 | | }
[INFO] [stdout]    | | ^
[INFO] [stdout]    | | |
[INFO] [stdout]    | | `table` is not local
[INFO] [stdout]    | |_`QueryId` is not local
[INFO] [stdout]    |   move the `impl` block outside of this function `_impl_query_id_for_table`
[INFO] [stdout]    |
[INFO] [stdout]    = note: the derive macro `QueryId` defines the non-local `impl`, and may need to be changed
[INFO] [stdout]    = note: the derive macro `QueryId` may come from an old version of the `diesel_derives` crate, try updating your dependency with `cargo update -p diesel_derives`
[INFO] [stdout]    = note: an `impl` is never scoped, even when it is nested inside an item, as it may impact type checking outside of that item, which can be the case if neither the trait or the self type are at the same nesting level as the `impl`
[INFO] [stdout]    = note: this warning originates in the derive macro `QueryId` which comes from the expansion of the macro `table` (in Nightly builds, run with -Z macro-backtrace for more info)
[INFO] [stdout] 
[INFO] [stdout] 
[INFO] [stdout] warning: non-local `impl` definition, `impl` blocks should be written at the same level as their item
[INFO] [stdout]   --> src/db/schema.rs:11:1
[INFO] [stdout]    |
[INFO] [stdout] 11 | / table! {
[INFO] [stdout] 12 | |     users (id) {
[INFO] [stdout] 13 | |         id -> Integer,
[INFO] [stdout]    | |         -- `id` is not local
[INFO] [stdout] 14 | |         name -> Text,
[INFO] [stdout] ...  |
[INFO] [stdout] 18 | |     }
[INFO] [stdout] 19 | | }
[INFO] [stdout]    | | ^
[INFO] [stdout]    | | |
[INFO] [stdout]    | |_`QueryId` is not local
[INFO] [stdout]    |   move the `impl` block outside of this function `_impl_query_id_for_id`
[INFO] [stdout]    |
[INFO] [stdout]    = note: the derive macro `QueryId` defines the non-local `impl`, and may need to be changed
[INFO] [stdout]    = note: the derive macro `QueryId` may come from an old version of the `diesel_derives` crate, try updating your dependency with `cargo update -p diesel_derives`
[INFO] [stdout]    = note: an `impl` is never scoped, even when it is nested inside an item, as it may impact type checking outside of that item, which can be the case if neither the trait or the self type are at the same nesting level as the `impl`
[INFO] [stdout]    = note: this warning originates in the derive macro `QueryId` which comes from the expansion of the macro `table` (in Nightly builds, run with -Z macro-backtrace for more info)
[INFO] [stdout] 
[INFO] [stdout] 
[INFO] [stdout] warning: non-local `impl` definition, `impl` blocks should be written at the same level as their item
[INFO] [stdout]   --> src/db/schema.rs:11:1
[INFO] [stdout]    |
[INFO] [stdout] 11 | / table! {
[INFO] [stdout] 12 | |     users (id) {
[INFO] [stdout] 13 | |         id -> Integer,
[INFO] [stdout] 14 | |         name -> Text,
[INFO] [stdout]    | |         ---- `name` is not local
[INFO] [stdout] ...  |
[INFO] [stdout] 18 | |     }
[INFO] [stdout] 19 | | }
[INFO] [stdout]    | | ^
[INFO] [stdout]    | | |
[INFO] [stdout]    | |_`QueryId` is not local
[INFO] [stdout]    |   move the `impl` block outside of this function `_impl_query_id_for_name`
[INFO] [stdout]    |
[INFO] [stdout]    = note: the derive macro `QueryId` defines the non-local `impl`, and may need to be changed
[INFO] [stdout]    = note: the derive macro `QueryId` may come from an old version of the `diesel_derives` crate, try updating your dependency with `cargo update -p diesel_derives`
[INFO] [stdout]    = note: an `impl` is never scoped, even when it is nested inside an item, as it may impact type checking outside of that item, which can be the case if neither the trait or the self type are at the same nesting level as the `impl`
[INFO] [stdout]    = note: this warning originates in the derive macro `QueryId` which comes from the expansion of the macro `table` (in Nightly builds, run with -Z macro-backtrace for more info)
[INFO] [stdout] 
[INFO] [stdout] 
[INFO] [stdout] warning: non-local `impl` definition, `impl` blocks should be written at the same level as their item
[INFO] [stdout]   --> src/db/schema.rs:11:1
[INFO] [stdout]    |
[INFO] [stdout] 11 | / table! {
[INFO] [stdout] 12 | |     users (id) {
[INFO] [stdout] 13 | |         id -> Integer,
[INFO] [stdout] 14 | |         name -> Text,
[INFO] [stdout] 15 | |         second_name -> Text,
[INFO] [stdout]    | |         ----------- `second_name` is not local
[INFO] [stdout] ...  |
[INFO] [stdout] 18 | |     }
[INFO] [stdout] 19 | | }
[INFO] [stdout]    | | ^
[INFO] [stdout]    | | |
[INFO] [stdout]    | |_`QueryId` is not local
[INFO] [stdout]    |   move the `impl` block outside of this function `_impl_query_id_for_second_name`
[INFO] [stdout]    |
[INFO] [stdout]    = note: the derive macro `QueryId` defines the non-local `impl`, and may need to be changed
[INFO] [stdout]    = note: the derive macro `QueryId` may come from an old version of the `diesel_derives` crate, try updating your dependency with `cargo update -p diesel_derives`
[INFO] [stdout]    = note: an `impl` is never scoped, even when it is nested inside an item, as it may impact type checking outside of that item, which can be the case if neither the trait or the self type are at the same nesting level as the `impl`
[INFO] [stdout]    = note: this warning originates in the derive macro `QueryId` which comes from the expansion of the macro `table` (in Nightly builds, run with -Z macro-backtrace for more info)
[INFO] [stdout] 
[INFO] [stdout] 
[INFO] [stdout] warning: non-local `impl` definition, `impl` blocks should be written at the same level as their item
[INFO] [stdout]   --> src/db/schema.rs:11:1
[INFO] [stdout]    |
[INFO] [stdout] 11 | / table! {
[INFO] [stdout] 12 | |     users (id) {
[INFO] [stdout] 13 | |         id -> Integer,
[INFO] [stdout] 14 | |         name -> Text,
[INFO] [stdout] 15 | |         second_name -> Text,
[INFO] [stdout] 16 | |         password -> Text,
[INFO] [stdout]    | |         -------- `password` is not local
[INFO] [stdout] 17 | |         scores -> Integer,
[INFO] [stdout] 18 | |     }
[INFO] [stdout] 19 | | }
[INFO] [stdout]    | | ^
[INFO] [stdout]    | | |
[INFO] [stdout]    | |_`QueryId` is not local
[INFO] [stdout]    |   move the `impl` block outside of this function `_impl_query_id_for_password`
[INFO] [stdout]    |
[INFO] [stdout]    = note: the derive macro `QueryId` defines the non-local `impl`, and may need to be changed
[INFO] [stdout]    = note: the derive macro `QueryId` may come from an old version of the `diesel_derives` crate, try updating your dependency with `cargo update -p diesel_derives`
[INFO] [stdout]    = note: an `impl` is never scoped, even when it is nested inside an item, as it may impact type checking outside of that item, which can be the case if neither the trait or the self type are at the same nesting level as the `impl`
[INFO] [stdout]    = note: this warning originates in the derive macro `QueryId` which comes from the expansion of the macro `table` (in Nightly builds, run with -Z macro-backtrace for more info)
[INFO] [stdout] 
[INFO] [stdout] 
[INFO] [stdout] warning: non-local `impl` definition, `impl` blocks should be written at the same level as their item
[INFO] [stdout]   --> src/db/schema.rs:11:1
[INFO] [stdout]    |
[INFO] [stdout] 11 | / table! {
[INFO] [stdout] 12 | |     users (id) {
[INFO] [stdout] 13 | |         id -> Integer,
[INFO] [stdout] 14 | |         name -> Text,
[INFO] [stdout] ...  |
[INFO] [stdout] 17 | |         scores -> Integer,
[INFO] [stdout]    | |         ------ `scores` is not local
[INFO] [stdout] 18 | |     }
[INFO] [stdout] 19 | | }
[INFO] [stdout]    | | ^
[INFO] [stdout]    | | |
[INFO] [stdout]    | |_`QueryId` is not local
[INFO] [stdout]    |   move the `impl` block outside of this function `_impl_query_id_for_scores`
[INFO] [stdout]    |
[INFO] [stdout]    = note: the derive macro `QueryId` defines the non-local `impl`, and may need to be changed
[INFO] [stdout]    = note: the derive macro `QueryId` may come from an old version of the `diesel_derives` crate, try updating your dependency with `cargo update -p diesel_derives`
[INFO] [stdout]    = note: an `impl` is never scoped, even when it is nested inside an item, as it may impact type checking outside of that item, which can be the case if neither the trait or the self type are at the same nesting level as the `impl`
[INFO] [stdout]    = note: this warning originates in the derive macro `QueryId` which comes from the expansion of the macro `table` (in Nightly builds, run with -Z macro-backtrace for more info)
[INFO] [stdout] 
[INFO] [stdout] 
[INFO] [stderr]     Finished `dev` profile [unoptimized + debuginfo] target(s) in 1m 33s
[INFO] running `Command { std: "docker" "inspect" "3bd5aa21c3214b0e78e09bad147642abf99e0da462d11bff96c37da9fd0424c0", kill_on_drop: false }`
[INFO] running `Command { std: "docker" "rm" "-f" "3bd5aa21c3214b0e78e09bad147642abf99e0da462d11bff96c37da9fd0424c0", kill_on_drop: false }`
[INFO] [stdout] 3bd5aa21c3214b0e78e09bad147642abf99e0da462d11bff96c37da9fd0424c0
[INFO] running `Command { std: "docker" "create" "-v" "/var/lib/crater-agent-workspace/builds/worker-5-tc2/target:/opt/rustwide/target:rw,Z" "-v" "/var/lib/crater-agent-workspace/builds/worker-5-tc2/source:/opt/rustwide/workdir:ro,Z" "-v" "/var/lib/crater-agent-workspace/cargo-home:/opt/rustwide/cargo-home:ro,Z" "-v" "/var/lib/crater-agent-workspace/rustup-home:/opt/rustwide/rustup-home:ro,Z" "-e" "SOURCE_DIR=/opt/rustwide/workdir" "-e" "CARGO_TARGET_DIR=/opt/rustwide/target" "-e" "CARGO_INCREMENTAL=0" "-e" "RUST_BACKTRACE=full" "-e" "RUSTFLAGS=--cap-lints=forbid -Zrandomize-layout" "-e" "RUSTDOCFLAGS=--cap-lints=forbid" "-e" "CARGO_HOME=/opt/rustwide/cargo-home" "-e" "RUSTUP_HOME=/opt/rustwide/rustup-home" "-w" "/opt/rustwide/workdir" "-m" "1610612736" "--user" "0:0" "--network" "none" "ghcr.io/rust-lang/crates-build-env/linux@sha256:4a844ea9eb2546a2d2c7022eacef16ef2e8229c7fbb2c7d4d55a9ceca922f72d" "/opt/rustwide/cargo-home/bin/cargo" "+nightly-2024-10-28" "test" "--frozen" "--no-run" "--message-format=json", kill_on_drop: false }`
[INFO] [stdout] 7daf00206c6aa7505075f34346719366a3e2100f33cf23b5330af8d2cf27f25b
[INFO] running `Command { std: "docker" "start" "-a" "7daf00206c6aa7505075f34346719366a3e2100f33cf23b5330af8d2cf27f25b", kill_on_drop: false }`
[INFO] [stderr]    Compiling getrandom v0.2.15
[INFO] [stdout] warning: non-local `impl` definition, `impl` blocks should be written at the same level as their item
[INFO] [stdout]  --> src/db/model.rs:5:10
[INFO] [stdout]   |
[INFO] [stdout] 5 | #[derive(Queryable, Deserialize, Insertable)]
[INFO] [stdout]   |          ^--------
[INFO] [stdout]   |          |
[INFO] [stdout]   |          `Queryable` is not local
[INFO] [stdout]   |          move the `impl` block outside of this function `_impl_queryable_for_user`
[INFO] [stdout] 6 | #[table_name = "users"]
[INFO] [stdout] 7 | pub struct User {
[INFO] [stdout]   |            ---- `User` is not local
[INFO] [stdout]   |
[INFO] [stdout]   = note: the derive macro `Queryable` defines the non-local `impl`, and may need to be changed
[INFO] [stdout]   = note: the derive macro `Queryable` may come from an old version of the `diesel_derives` crate, try updating your dependency with `cargo update -p diesel_derives`
[INFO] [stdout]   = note: an `impl` is never scoped, even when it is nested inside an item, as it may impact type checking outside of that item, which can be the case if neither the trait or the self type are at the same nesting level as the `impl`
[INFO] [stdout]   = note: `#[warn(non_local_definitions)]` on by default
[INFO] [stdout]   = note: this warning originates in the derive macro `Queryable` (in Nightly builds, run with -Z macro-backtrace for more info)
[INFO] [stdout] 
[INFO] [stdout] 
[INFO] [stdout] warning: non-local `impl` definition, `impl` blocks should be written at the same level as their item
[INFO] [stdout]  --> src/db/model.rs:5:34
[INFO] [stdout]   |
[INFO] [stdout] 5 | #[derive(Queryable, Deserialize, Insertable)]
[INFO] [stdout]   |                                  ^---------
[INFO] [stdout]   |                                  |
[INFO] [stdout]   |                                  `Insertable` is not local
[INFO] [stdout]   |                                  `table` is not local
[INFO] [stdout]   |                                  move the `impl` block outside of this function `_impl_insertable_for_user`
[INFO] [stdout] 6 | #[table_name = "users"]
[INFO] [stdout] 7 | pub struct User {
[INFO] [stdout]   |            ---- `User` is not local
[INFO] [stdout]   |
[INFO] [stdout]   = note: the derive macro `Insertable` defines the non-local `impl`, and may need to be changed
[INFO] [stdout]   = note: the derive macro `Insertable` may come from an old version of the `diesel_derives` crate, try updating your dependency with `cargo update -p diesel_derives`
[INFO] [stdout]   = note: an `impl` is never scoped, even when it is nested inside an item, as it may impact type checking outside of that item, which can be the case if neither the trait or the self type are at the same nesting level as the `impl`
[INFO] [stdout]   = note: this warning originates in the derive macro `Insertable` (in Nightly builds, run with -Z macro-backtrace for more info)
[INFO] [stdout] 
[INFO] [stdout] 
[INFO] [stdout] warning: non-local `impl` definition, `impl` blocks should be written at the same level as their item
[INFO] [stdout]  --> src/db/model.rs:5:34
[INFO] [stdout]   |
[INFO] [stdout] 5 | #[derive(Queryable, Deserialize, Insertable)]
[INFO] [stdout]   |                                  -^^^^^^^^^
[INFO] [stdout]   |                                  |
[INFO] [stdout]   |                                  `Insertable` is not local
[INFO] [stdout]   |                                  `table` is not local
[INFO] [stdout]   |                                  move the `impl` block outside of this function `_impl_insertable_for_user`
[INFO] [stdout] 6 | #[table_name = "users"]
[INFO] [stdout] 7 | pub struct User {
[INFO] [stdout]   |            ---- `User` is not local
[INFO] [stdout]   |
[INFO] [stdout]   = note: the derive macro `Insertable` defines the non-local `impl`, and may need to be changed
[INFO] [stdout]   = note: the derive macro `Insertable` may come from an old version of the `diesel_derives` crate, try updating your dependency with `cargo update -p diesel_derives`
[INFO] [stdout]   = note: an `impl` is never scoped, even when it is nested inside an item, as it may impact type checking outside of that item, which can be the case if neither the trait or the self type are at the same nesting level as the `impl`
[INFO] [stdout]   = note: this warning originates in the derive macro `Insertable` (in Nightly builds, run with -Z macro-backtrace for more info)
[INFO] [stdout] 
[INFO] [stdout] 
[INFO] [stdout] warning: non-local `impl` definition, `impl` blocks should be written at the same level as their item
[INFO] [stdout]  --> src/db/model.rs:5:34
[INFO] [stdout]   |
[INFO] [stdout] 5 | #[derive(Queryable, Deserialize, Insertable)]
[INFO] [stdout]   |                                  ^---------
[INFO] [stdout]   |                                  |
[INFO] [stdout]   |                                  `UndecoratedInsertRecord` is not local
[INFO] [stdout]   |                                  `table` is not local
[INFO] [stdout]   |                                  move the `impl` block outside of this function `_impl_insertable_for_user`
[INFO] [stdout] 6 | #[table_name = "users"]
[INFO] [stdout] 7 | pub struct User {
[INFO] [stdout]   |            ---- `User` is not local
[INFO] [stdout]   |
[INFO] [stdout]   = note: the derive macro `Insertable` defines the non-local `impl`, and may need to be changed
[INFO] [stdout]   = note: the derive macro `Insertable` may come from an old version of the `diesel_derives` crate, try updating your dependency with `cargo update -p diesel_derives`
[INFO] [stdout]   = note: an `impl` is never scoped, even when it is nested inside an item, as it may impact type checking outside of that item, which can be the case if neither the trait or the self type are at the same nesting level as the `impl`
[INFO] [stdout]   = note: this warning originates in the derive macro `Insertable` (in Nightly builds, run with -Z macro-backtrace for more info)
[INFO] [stdout] 
[INFO] [stdout] 
[INFO] [stdout] warning: non-local `impl` definition, `impl` blocks should be written at the same level as their item
[INFO] [stdout]   --> src/db/model.rs:15:10
[INFO] [stdout]    |
[INFO] [stdout] 15 | #[derive(Queryable, Deserialize, Insertable)]
[INFO] [stdout]    |          ^--------
[INFO] [stdout]    |          |
[INFO] [stdout]    |          `Queryable` is not local
[INFO] [stdout]    |          move the `impl` block outside of this function `_impl_queryable_for_test`
[INFO] [stdout] 16 | #[table_name = "tests"]
[INFO] [stdout] 17 | pub struct Test {
[INFO] [stdout]    |            ---- `Test` is not local
[INFO] [stdout]    |
[INFO] [stdout]    = note: the derive macro `Queryable` defines the non-local `impl`, and may need to be changed
[INFO] [stdout]    = note: the derive macro `Queryable` may come from an old version of the `diesel_derives` crate, try updating your dependency with `cargo update -p diesel_derives`
[INFO] [stdout]    = note: an `impl` is never scoped, even when it is nested inside an item, as it may impact type checking outside of that item, which can be the case if neither the trait or the self type are at the same nesting level as the `impl`
[INFO] [stdout]    = note: this warning originates in the derive macro `Queryable` (in Nightly builds, run with -Z macro-backtrace for more info)
[INFO] [stdout] 
[INFO] [stdout] 
[INFO] [stdout] warning: non-local `impl` definition, `impl` blocks should be written at the same level as their item
[INFO] [stdout]   --> src/db/model.rs:15:34
[INFO] [stdout]    |
[INFO] [stdout] 15 | #[derive(Queryable, Deserialize, Insertable)]
[INFO] [stdout]    |                                  ^---------
[INFO] [stdout]    |                                  |
[INFO] [stdout]    |                                  `Insertable` is not local
[INFO] [stdout]    |                                  `table` is not local
[INFO] [stdout]    |                                  move the `impl` block outside of this function `_impl_insertable_for_test`
[INFO] [stdout] 16 | #[table_name = "tests"]
[INFO] [stdout] 17 | pub struct Test {
[INFO] [stdout]    |            ---- `Test` is not local
[INFO] [stdout]    |
[INFO] [stdout]    = note: the derive macro `Insertable` defines the non-local `impl`, and may need to be changed
[INFO] [stdout]    = note: the derive macro `Insertable` may come from an old version of the `diesel_derives` crate, try updating your dependency with `cargo update -p diesel_derives`
[INFO] [stdout]    = note: an `impl` is never scoped, even when it is nested inside an item, as it may impact type checking outside of that item, which can be the case if neither the trait or the self type are at the same nesting level as the `impl`
[INFO] [stdout]    = note: this warning originates in the derive macro `Insertable` (in Nightly builds, run with -Z macro-backtrace for more info)
[INFO] [stdout] 
[INFO] [stdout] 
[INFO] [stdout] warning: non-local `impl` definition, `impl` blocks should be written at the same level as their item
[INFO] [stdout]   --> src/db/model.rs:15:34
[INFO] [stdout]    |
[INFO] [stdout] 15 | #[derive(Queryable, Deserialize, Insertable)]
[INFO] [stdout]    |                                  -^^^^^^^^^
[INFO] [stdout]    |                                  |
[INFO] [stdout]    |                                  `Insertable` is not local
[INFO] [stdout]    |                                  `table` is not local
[INFO] [stdout]    |                                  move the `impl` block outside of this function `_impl_insertable_for_test`
[INFO] [stdout] 16 | #[table_name = "tests"]
[INFO] [stdout] 17 | pub struct Test {
[INFO] [stdout]    |            ---- `Test` is not local
[INFO] [stdout]    |
[INFO] [stdout]    = note: the derive macro `Insertable` defines the non-local `impl`, and may need to be changed
[INFO] [stdout]    = note: the derive macro `Insertable` may come from an old version of the `diesel_derives` crate, try updating your dependency with `cargo update -p diesel_derives`
[INFO] [stdout]    = note: an `impl` is never scoped, even when it is nested inside an item, as it may impact type checking outside of that item, which can be the case if neither the trait or the self type are at the same nesting level as the `impl`
[INFO] [stdout]    = note: this warning originates in the derive macro `Insertable` (in Nightly builds, run with -Z macro-backtrace for more info)
[INFO] [stdout] 
[INFO] [stdout] 
[INFO] [stdout] warning: non-local `impl` definition, `impl` blocks should be written at the same level as their item
[INFO] [stdout]   --> src/db/model.rs:15:34
[INFO] [stdout]    |
[INFO] [stdout] 15 | #[derive(Queryable, Deserialize, Insertable)]
[INFO] [stdout]    |                                  ^---------
[INFO] [stdout]    |                                  |
[INFO] [stdout]    |                                  `UndecoratedInsertRecord` is not local
[INFO] [stdout]    |                                  `table` is not local
[INFO] [stdout]    |                                  move the `impl` block outside of this function `_impl_insertable_for_test`
[INFO] [stdout] 16 | #[table_name = "tests"]
[INFO] [stdout] 17 | pub struct Test {
[INFO] [stdout]    |            ---- `Test` is not local
[INFO] [stdout]    |
[INFO] [stdout]    = note: the derive macro `Insertable` defines the non-local `impl`, and may need to be changed
[INFO] [stdout]    = note: the derive macro `Insertable` may come from an old version of the `diesel_derives` crate, try updating your dependency with `cargo update -p diesel_derives`
[INFO] [stdout]    = note: an `impl` is never scoped, even when it is nested inside an item, as it may impact type checking outside of that item, which can be the case if neither the trait or the self type are at the same nesting level as the `impl`
[INFO] [stdout]    = note: this warning originates in the derive macro `Insertable` (in Nightly builds, run with -Z macro-backtrace for more info)
[INFO] [stdout] 
[INFO] [stdout] 
[INFO] [stdout] warning: non-local `impl` definition, `impl` blocks should be written at the same level as their item
[INFO] [stdout]  --> src/db/schema.rs:1:1
[INFO] [stdout]   |
[INFO] [stdout] 1 | / table! {
[INFO] [stdout] 2 | |     tests (id) {
[INFO] [stdout] 3 | |         id -> Integer,
[INFO] [stdout] 4 | |         description -> Text,
[INFO] [stdout] ... |
[INFO] [stdout] 8 | |     }
[INFO] [stdout] 9 | | }
[INFO] [stdout]   | | ^
[INFO] [stdout]   | | |
[INFO] [stdout]   | | `table` is not local
[INFO] [stdout]   | |_`QueryId` is not local
[INFO] [stdout]   |   move the `impl` block outside of this function `_impl_query_id_for_table`
[INFO] [stdout]   |
[INFO] [stdout]   = note: the derive macro `QueryId` defines the non-local `impl`, and may need to be changed
[INFO] [stdout]   = note: the derive macro `QueryId` may come from an old version of the `diesel_derives` crate, try updating your dependency with `cargo update -p diesel_derives`
[INFO] [stdout]   = note: an `impl` is never scoped, even when it is nested inside an item, as it may impact type checking outside of that item, which can be the case if neither the trait or the self type are at the same nesting level as the `impl`
[INFO] [stdout]   = note: this warning originates in the derive macro `QueryId` which comes from the expansion of the macro `table` (in Nightly builds, run with -Z macro-backtrace for more info)
[INFO] [stdout] 
[INFO] [stdout] 
[INFO] [stdout] warning: non-local `impl` definition, `impl` blocks should be written at the same level as their item
[INFO] [stdout]  --> src/db/schema.rs:1:1
[INFO] [stdout]   |
[INFO] [stdout] 1 | / table! {
[INFO] [stdout] 2 | |     tests (id) {
[INFO] [stdout] 3 | |         id -> Integer,
[INFO] [stdout]   | |         -- `id` is not local
[INFO] [stdout] 4 | |         description -> Text,
[INFO] [stdout] ... |
[INFO] [stdout] 8 | |     }
[INFO] [stdout] 9 | | }
[INFO] [stdout]   | | ^
[INFO] [stdout]   | | |
[INFO] [stdout]   | |_`QueryId` is not local
[INFO] [stdout]   |   move the `impl` block outside of this function `_impl_query_id_for_id`
[INFO] [stdout]   |
[INFO] [stdout]   = note: the derive macro `QueryId` defines the non-local `impl`, and may need to be changed
[INFO] [stdout]   = note: the derive macro `QueryId` may come from an old version of the `diesel_derives` crate, try updating your dependency with `cargo update -p diesel_derives`
[INFO] [stdout]   = note: an `impl` is never scoped, even when it is nested inside an item, as it may impact type checking outside of that item, which can be the case if neither the trait or the self type are at the same nesting level as the `impl`
[INFO] [stdout]   = note: this warning originates in the derive macro `QueryId` which comes from the expansion of the macro `table` (in Nightly builds, run with -Z macro-backtrace for more info)
[INFO] [stdout] 
[INFO] [stdout] 
[INFO] [stdout] warning: non-local `impl` definition, `impl` blocks should be written at the same level as their item
[INFO] [stdout]  --> src/db/schema.rs:1:1
[INFO] [stdout]   |
[INFO] [stdout] 1 | / table! {
[INFO] [stdout] 2 | |     tests (id) {
[INFO] [stdout] 3 | |         id -> Integer,
[INFO] [stdout] 4 | |         description -> Text,
[INFO] [stdout]   | |         ----------- `description` is not local
[INFO] [stdout] ... |
[INFO] [stdout] 8 | |     }
[INFO] [stdout] 9 | | }
[INFO] [stdout]   | | ^
[INFO] [stdout]   | | |
[INFO] [stdout]   | |_`QueryId` is not local
[INFO] [stdout]   |   move the `impl` block outside of this function `_impl_query_id_for_description`
[INFO] [stdout]   |
[INFO] [stdout]   = note: the derive macro `QueryId` defines the non-local `impl`, and may need to be changed
[INFO] [stdout]   = note: the derive macro `QueryId` may come from an old version of the `diesel_derives` crate, try updating your dependency with `cargo update -p diesel_derives`
[INFO] [stdout]   = note: an `impl` is never scoped, even when it is nested inside an item, as it may impact type checking outside of that item, which can be the case if neither the trait or the self type are at the same nesting level as the `impl`
[INFO] [stdout]   = note: this warning originates in the derive macro `QueryId` which comes from the expansion of the macro `table` (in Nightly builds, run with -Z macro-backtrace for more info)
[INFO] [stdout] 
[INFO] [stdout] 
[INFO] [stdout] warning: non-local `impl` definition, `impl` blocks should be written at the same level as their item
[INFO] [stdout]  --> src/db/schema.rs:1:1
[INFO] [stdout]   |
[INFO] [stdout] 1 | / table! {
[INFO] [stdout] 2 | |     tests (id) {
[INFO] [stdout] 3 | |         id -> Integer,
[INFO] [stdout] 4 | |         description -> Text,
[INFO] [stdout] 5 | |         answers -> Text,
[INFO] [stdout]   | |         ------- `answers` is not local
[INFO] [stdout] ... |
[INFO] [stdout] 8 | |     }
[INFO] [stdout] 9 | | }
[INFO] [stdout]   | | ^
[INFO] [stdout]   | | |
[INFO] [stdout]   | |_`QueryId` is not local
[INFO] [stdout]   |   move the `impl` block outside of this function `_impl_query_id_for_answers`
[INFO] [stdout]   |
[INFO] [stdout]   = note: the derive macro `QueryId` defines the non-local `impl`, and may need to be changed
[INFO] [stdout]   = note: the derive macro `QueryId` may come from an old version of the `diesel_derives` crate, try updating your dependency with `cargo update -p diesel_derives`
[INFO] [stdout]   = note: an `impl` is never scoped, even when it is nested inside an item, as it may impact type checking outside of that item, which can be the case if neither the trait or the self type are at the same nesting level as the `impl`
[INFO] [stdout]   = note: this warning originates in the derive macro `QueryId` which comes from the expansion of the macro `table` (in Nightly builds, run with -Z macro-backtrace for more info)
[INFO] [stdout] 
[INFO] [stdout] 
[INFO] [stdout] warning: non-local `impl` definition, `impl` blocks should be written at the same level as their item
[INFO] [stdout]  --> src/db/schema.rs:1:1
[INFO] [stdout]   |
[INFO] [stdout] 1 | / table! {
[INFO] [stdout] 2 | |     tests (id) {
[INFO] [stdout] 3 | |         id -> Integer,
[INFO] [stdout] 4 | |         description -> Text,
[INFO] [stdout] 5 | |         answers -> Text,
[INFO] [stdout] 6 | |         right_answer_id -> Integer,
[INFO] [stdout]   | |         --------------- `right_answer_id` is not local
[INFO] [stdout] 7 | |         image -> Nullable<Binary>,
[INFO] [stdout] 8 | |     }
[INFO] [stdout] 9 | | }
[INFO] [stdout]   | | ^
[INFO] [stdout]   | | |
[INFO] [stdout]   | |_`QueryId` is not local
[INFO] [stdout]   |   move the `impl` block outside of this function `_impl_query_id_for_right_answer_id`
[INFO] [stdout]   |
[INFO] [stdout]   = note: the derive macro `QueryId` defines the non-local `impl`, and may need to be changed
[INFO] [stdout]   = note: the derive macro `QueryId` may come from an old version of the `diesel_derives` crate, try updating your dependency with `cargo update -p diesel_derives`
[INFO] [stdout]   = note: an `impl` is never scoped, even when it is nested inside an item, as it may impact type checking outside of that item, which can be the case if neither the trait or the self type are at the same nesting level as the `impl`
[INFO] [stdout]   = note: this warning originates in the derive macro `QueryId` which comes from the expansion of the macro `table` (in Nightly builds, run with -Z macro-backtrace for more info)
[INFO] [stdout] 
[INFO] [stdout] 
[INFO] [stdout] warning: non-local `impl` definition, `impl` blocks should be written at the same level as their item
[INFO] [stdout]  --> src/db/schema.rs:1:1
[INFO] [stdout]   |
[INFO] [stdout] 1 | / table! {
[INFO] [stdout] 2 | |     tests (id) {
[INFO] [stdout] 3 | |         id -> Integer,
[INFO] [stdout] 4 | |         description -> Text,
[INFO] [stdout] ... |
[INFO] [stdout] 7 | |         image -> Nullable<Binary>,
[INFO] [stdout]   | |         ----- `image` is not local
[INFO] [stdout] 8 | |     }
[INFO] [stdout] 9 | | }
[INFO] [stdout]   | | ^
[INFO] [stdout]   | | |
[INFO] [stdout]   | |_`QueryId` is not local
[INFO] [stdout]   |   move the `impl` block outside of this function `_impl_query_id_for_image`
[INFO] [stdout]   |
[INFO] [stdout]   = note: the derive macro `QueryId` defines the non-local `impl`, and may need to be changed
[INFO] [stdout]   = note: the derive macro `QueryId` may come from an old version of the `diesel_derives` crate, try updating your dependency with `cargo update -p diesel_derives`
[INFO] [stdout]   = note: an `impl` is never scoped, even when it is nested inside an item, as it may impact type checking outside of that item, which can be the case if neither the trait or the self type are at the same nesting level as the `impl`
[INFO] [stdout]   = note: this warning originates in the derive macro `QueryId` which comes from the expansion of the macro `table` (in Nightly builds, run with -Z macro-backtrace for more info)
[INFO] [stdout] 
[INFO] [stdout] 
[INFO] [stdout] warning: non-local `impl` definition, `impl` blocks should be written at the same level as their item
[INFO] [stdout]   --> src/db/schema.rs:11:1
[INFO] [stdout]    |
[INFO] [stdout] 11 | / table! {
[INFO] [stdout] 12 | |     users (id) {
[INFO] [stdout] 13 | |         id -> Integer,
[INFO] [stdout] 14 | |         name -> Text,
[INFO] [stdout] ...  |
[INFO] [stdout] 18 | |     }
[INFO] [stdout] 19 | | }
[INFO] [stdout]    | | ^
[INFO] [stdout]    | | |
[INFO] [stdout]    | | `table` is not local
[INFO] [stdout]    | |_`QueryId` is not local
[INFO] [stdout]    |   move the `impl` block outside of this function `_impl_query_id_for_table`
[INFO] [stdout]    |
[INFO] [stdout]    = note: the derive macro `QueryId` defines the non-local `impl`, and may need to be changed
[INFO] [stdout]    = note: the derive macro `QueryId` may come from an old version of the `diesel_derives` crate, try updating your dependency with `cargo update -p diesel_derives`
[INFO] [stdout]    = note: an `impl` is never scoped, even when it is nested inside an item, as it may impact type checking outside of that item, which can be the case if neither the trait or the self type are at the same nesting level as the `impl`
[INFO] [stdout]    = note: this warning originates in the derive macro `QueryId` which comes from the expansion of the macro `table` (in Nightly builds, run with -Z macro-backtrace for more info)
[INFO] [stdout] 
[INFO] [stdout] 
[INFO] [stdout] warning: non-local `impl` definition, `impl` blocks should be written at the same level as their item
[INFO] [stdout]   --> src/db/schema.rs:11:1
[INFO] [stdout]    |
[INFO] [stdout] 11 | / table! {
[INFO] [stdout] 12 | |     users (id) {
[INFO] [stdout] 13 | |         id -> Integer,
[INFO] [stdout]    | |         -- `id` is not local
[INFO] [stdout] 14 | |         name -> Text,
[INFO] [stdout] ...  |
[INFO] [stdout] 18 | |     }
[INFO] [stdout] 19 | | }
[INFO] [stdout]    | | ^
[INFO] [stdout]    | | |
[INFO] [stdout]    | |_`QueryId` is not local
[INFO] [stdout]    |   move the `impl` block outside of this function `_impl_query_id_for_id`
[INFO] [stdout]    |
[INFO] [stdout]    = note: the derive macro `QueryId` defines the non-local `impl`, and may need to be changed
[INFO] [stdout]    = note: the derive macro `QueryId` may come from an old version of the `diesel_derives` crate, try updating your dependency with `cargo update -p diesel_derives`
[INFO] [stdout]    = note: an `impl` is never scoped, even when it is nested inside an item, as it may impact type checking outside of that item, which can be the case if neither the trait or the self type are at the same nesting level as the `impl`
[INFO] [stdout]    = note: this warning originates in the derive macro `QueryId` which comes from the expansion of the macro `table` (in Nightly builds, run with -Z macro-backtrace for more info)
[INFO] [stdout] 
[INFO] [stdout] 
[INFO] [stdout] warning: non-local `impl` definition, `impl` blocks should be written at the same level as their item
[INFO] [stdout]   --> src/db/schema.rs:11:1
[INFO] [stdout]    |
[INFO] [stdout] 11 | / table! {
[INFO] [stdout] 12 | |     users (id) {
[INFO] [stdout] 13 | |         id -> Integer,
[INFO] [stdout] 14 | |         name -> Text,
[INFO] [stdout]    | |         ---- `name` is not local
[INFO] [stdout] ...  |
[INFO] [stdout] 18 | |     }
[INFO] [stdout] 19 | | }
[INFO] [stdout]    | | ^
[INFO] [stdout]    | | |
[INFO] [stdout]    | |_`QueryId` is not local
[INFO] [stdout]    |   move the `impl` block outside of this function `_impl_query_id_for_name`
[INFO] [stdout]    |
[INFO] [stdout]    = note: the derive macro `QueryId` defines the non-local `impl`, and may need to be changed
[INFO] [stdout]    = note: the derive macro `QueryId` may come from an old version of the `diesel_derives` crate, try updating your dependency with `cargo update -p diesel_derives`
[INFO] [stdout]    = note: an `impl` is never scoped, even when it is nested inside an item, as it may impact type checking outside of that item, which can be the case if neither the trait or the self type are at the same nesting level as the `impl`
[INFO] [stdout]    = note: this warning originates in the derive macro `QueryId` which comes from the expansion of the macro `table` (in Nightly builds, run with -Z macro-backtrace for more info)
[INFO] [stdout] 
[INFO] [stdout] 
[INFO] [stdout] warning: non-local `impl` definition, `impl` blocks should be written at the same level as their item
[INFO] [stdout]   --> src/db/schema.rs:11:1
[INFO] [stdout]    |
[INFO] [stdout] 11 | / table! {
[INFO] [stdout] 12 | |     users (id) {
[INFO] [stdout] 13 | |         id -> Integer,
[INFO] [stdout] 14 | |         name -> Text,
[INFO] [stdout] 15 | |         second_name -> Text,
[INFO] [stdout]    | |         ----------- `second_name` is not local
[INFO] [stdout] ...  |
[INFO] [stdout] 18 | |     }
[INFO] [stdout] 19 | | }
[INFO] [stdout]    | | ^
[INFO] [stdout]    | | |
[INFO] [stdout]    | |_`QueryId` is not local
[INFO] [stdout]    |   move the `impl` block outside of this function `_impl_query_id_for_second_name`
[INFO] [stdout]    |
[INFO] [stdout]    = note: the derive macro `QueryId` defines the non-local `impl`, and may need to be changed
[INFO] [stdout]    = note: the derive macro `QueryId` may come from an old version of the `diesel_derives` crate, try updating your dependency with `cargo update -p diesel_derives`
[INFO] [stdout]    = note: an `impl` is never scoped, even when it is nested inside an item, as it may impact type checking outside of that item, which can be the case if neither the trait or the self type are at the same nesting level as the `impl`
[INFO] [stdout]    = note: this warning originates in the derive macro `QueryId` which comes from the expansion of the macro `table` (in Nightly builds, run with -Z macro-backtrace for more info)
[INFO] [stdout] 
[INFO] [stdout] 
[INFO] [stdout] warning: non-local `impl` definition, `impl` blocks should be written at the same level as their item
[INFO] [stdout]   --> src/db/schema.rs:11:1
[INFO] [stdout]    |
[INFO] [stdout] 11 | / table! {
[INFO] [stdout] 12 | |     users (id) {
[INFO] [stdout] 13 | |         id -> Integer,
[INFO] [stdout] 14 | |         name -> Text,
[INFO] [stdout] 15 | |         second_name -> Text,
[INFO] [stdout] 16 | |         password -> Text,
[INFO] [stdout]    | |         -------- `password` is not local
[INFO] [stdout] 17 | |         scores -> Integer,
[INFO] [stdout] 18 | |     }
[INFO] [stdout] 19 | | }
[INFO] [stdout]    | | ^
[INFO] [stdout]    | | |
[INFO] [stdout]    | |_`QueryId` is not local
[INFO] [stdout]    |   move the `impl` block outside of this function `_impl_query_id_for_password`
[INFO] [stdout]    |
[INFO] [stdout]    = note: the derive macro `QueryId` defines the non-local `impl`, and may need to be changed
[INFO] [stdout]    = note: the derive macro `QueryId` may come from an old version of the `diesel_derives` crate, try updating your dependency with `cargo update -p diesel_derives`
[INFO] [stdout]    = note: an `impl` is never scoped, even when it is nested inside an item, as it may impact type checking outside of that item, which can be the case if neither the trait or the self type are at the same nesting level as the `impl`
[INFO] [stdout]    = note: this warning originates in the derive macro `QueryId` which comes from the expansion of the macro `table` (in Nightly builds, run with -Z macro-backtrace for more info)
[INFO] [stdout] 
[INFO] [stdout] 
[INFO] [stdout] warning: non-local `impl` definition, `impl` blocks should be written at the same level as their item
[INFO] [stdout]   --> src/db/schema.rs:11:1
[INFO] [stdout]    |
[INFO] [stdout] 11 | / table! {
[INFO] [stdout] 12 | |     users (id) {
[INFO] [stdout] 13 | |         id -> Integer,
[INFO] [stdout] 14 | |         name -> Text,
[INFO] [stdout] ...  |
[INFO] [stdout] 17 | |         scores -> Integer,
[INFO] [stdout]    | |         ------ `scores` is not local
[INFO] [stdout] 18 | |     }
[INFO] [stdout] 19 | | }
[INFO] [stdout]    | | ^
[INFO] [stdout]    | | |
[INFO] [stdout]    | |_`QueryId` is not local
[INFO] [stdout]    |   move the `impl` block outside of this function `_impl_query_id_for_scores`
[INFO] [stdout]    |
[INFO] [stdout]    = note: the derive macro `QueryId` defines the non-local `impl`, and may need to be changed
[INFO] [stdout]    = note: the derive macro `QueryId` may come from an old version of the `diesel_derives` crate, try updating your dependency with `cargo update -p diesel_derives`
[INFO] [stdout]    = note: an `impl` is never scoped, even when it is nested inside an item, as it may impact type checking outside of that item, which can be the case if neither the trait or the self type are at the same nesting level as the `impl`
[INFO] [stdout]    = note: this warning originates in the derive macro `QueryId` which comes from the expansion of the macro `table` (in Nightly builds, run with -Z macro-backtrace for more info)
[INFO] [stdout] 
[INFO] [stdout] 
[INFO] [stderr]    Compiling uuid v0.8.2
[INFO] [stderr]    Compiling driving-tests-site v0.1.0 (/opt/rustwide/workdir)
[INFO] [stdout] warning: non-local `impl` definition, `impl` blocks should be written at the same level as their item
[INFO] [stdout]  --> src/db/model.rs:5:10
[INFO] [stdout]   |
[INFO] [stdout] 5 | #[derive(Queryable, Deserialize, Insertable)]
[INFO] [stdout]   |          ^--------
[INFO] [stdout]   |          |
[INFO] [stdout]   |          `Queryable` is not local
[INFO] [stdout]   |          move the `impl` block outside of this function `_impl_queryable_for_user`
[INFO] [stdout] 6 | #[table_name = "users"]
[INFO] [stdout] 7 | pub struct User {
[INFO] [stdout]   |            ---- `User` is not local
[INFO] [stdout]   |
[INFO] [stdout]   = note: the derive macro `Queryable` defines the non-local `impl`, and may need to be changed
[INFO] [stdout]   = note: the derive macro `Queryable` may come from an old version of the `diesel_derives` crate, try updating your dependency with `cargo update -p diesel_derives`
[INFO] [stdout]   = note: an `impl` is never scoped, even when it is nested inside an item, as it may impact type checking outside of that item, which can be the case if neither the trait or the self type are at the same nesting level as the `impl`
[INFO] [stdout]   = note: `#[warn(non_local_definitions)]` on by default
[INFO] [stdout]   = note: this warning originates in the derive macro `Queryable` (in Nightly builds, run with -Z macro-backtrace for more info)
[INFO] [stdout] 
[INFO] [stdout] 
[INFO] [stdout] warning: non-local `impl` definition, `impl` blocks should be written at the same level as their item
[INFO] [stdout]  --> src/db/model.rs:5:34
[INFO] [stdout]   |
[INFO] [stdout] 5 | #[derive(Queryable, Deserialize, Insertable)]
[INFO] [stdout]   |                                  ^---------
[INFO] [stdout]   |                                  |
[INFO] [stdout]   |                                  `Insertable` is not local
[INFO] [stdout]   |                                  `table` is not local
[INFO] [stdout]   |                                  move the `impl` block outside of this function `_impl_insertable_for_user`
[INFO] [stdout] 6 | #[table_name = "users"]
[INFO] [stdout] 7 | pub struct User {
[INFO] [stdout]   |            ---- `User` is not local
[INFO] [stdout]   |
[INFO] [stdout]   = note: the derive macro `Insertable` defines the non-local `impl`, and may need to be changed
[INFO] [stdout]   = note: the derive macro `Insertable` may come from an old version of the `diesel_derives` crate, try updating your dependency with `cargo update -p diesel_derives`
[INFO] [stdout]   = note: an `impl` is never scoped, even when it is nested inside an item, as it may impact type checking outside of that item, which can be the case if neither the trait or the self type are at the same nesting level as the `impl`
[INFO] [stdout]   = note: this warning originates in the derive macro `Insertable` (in Nightly builds, run with -Z macro-backtrace for more info)
[INFO] [stdout] 
[INFO] [stdout] 
[INFO] [stdout] warning: non-local `impl` definition, `impl` blocks should be written at the same level as their item
[INFO] [stdout]  --> src/db/model.rs:5:34
[INFO] [stdout]   |
[INFO] [stdout] 5 | #[derive(Queryable, Deserialize, Insertable)]
[INFO] [stdout]   |                                  -^^^^^^^^^
[INFO] [stdout]   |                                  |
[INFO] [stdout]   |                                  `Insertable` is not local
[INFO] [stdout]   |                                  `table` is not local
[INFO] [stdout]   |                                  move the `impl` block outside of this function `_impl_insertable_for_user`
[INFO] [stdout] 6 | #[table_name = "users"]
[INFO] [stdout] 7 | pub struct User {
[INFO] [stdout]   |            ---- `User` is not local
[INFO] [stdout]   |
[INFO] [stdout]   = note: the derive macro `Insertable` defines the non-local `impl`, and may need to be changed
[INFO] [stdout]   = note: the derive macro `Insertable` may come from an old version of the `diesel_derives` crate, try updating your dependency with `cargo update -p diesel_derives`
[INFO] [stdout]   = note: an `impl` is never scoped, even when it is nested inside an item, as it may impact type checking outside of that item, which can be the case if neither the trait or the self type are at the same nesting level as the `impl`
[INFO] [stdout]   = note: this warning originates in the derive macro `Insertable` (in Nightly builds, run with -Z macro-backtrace for more info)
[INFO] [stdout] 
[INFO] [stdout] 
[INFO] [stdout] warning: non-local `impl` definition, `impl` blocks should be written at the same level as their item
[INFO] [stdout]  --> src/db/model.rs:5:34
[INFO] [stdout]   |
[INFO] [stdout] 5 | #[derive(Queryable, Deserialize, Insertable)]
[INFO] [stdout]   |                                  ^---------
[INFO] [stdout]   |                                  |
[INFO] [stdout]   |                                  `UndecoratedInsertRecord` is not local
[INFO] [stdout]   |                                  `table` is not local
[INFO] [stdout]   |                                  move the `impl` block outside of this function `_impl_insertable_for_user`
[INFO] [stdout] 6 | #[table_name = "users"]
[INFO] [stdout] 7 | pub struct User {
[INFO] [stdout]   |            ---- `User` is not local
[INFO] [stdout]   |
[INFO] [stdout]   = note: the derive macro `Insertable` defines the non-local `impl`, and may need to be changed
[INFO] [stdout]   = note: the derive macro `Insertable` may come from an old version of the `diesel_derives` crate, try updating your dependency with `cargo update -p diesel_derives`
[INFO] [stdout]   = note: an `impl` is never scoped, even when it is nested inside an item, as it may impact type checking outside of that item, which can be the case if neither the trait or the self type are at the same nesting level as the `impl`
[INFO] [stdout]   = note: this warning originates in the derive macro `Insertable` (in Nightly builds, run with -Z macro-backtrace for more info)
[INFO] [stdout] 
[INFO] [stdout] 
[INFO] [stdout] warning: non-local `impl` definition, `impl` blocks should be written at the same level as their item
[INFO] [stdout]   --> src/db/model.rs:15:10
[INFO] [stdout]    |
[INFO] [stdout] 15 | #[derive(Queryable, Deserialize, Insertable)]
[INFO] [stdout]    |          ^--------
[INFO] [stdout]    |          |
[INFO] [stdout]    |          `Queryable` is not local
[INFO] [stdout]    |          move the `impl` block outside of this function `_impl_queryable_for_test`
[INFO] [stdout] 16 | #[table_name = "tests"]
[INFO] [stdout] 17 | pub struct Test {
[INFO] [stdout]    |            ---- `Test` is not local
[INFO] [stdout]    |
[INFO] [stdout]    = note: the derive macro `Queryable` defines the non-local `impl`, and may need to be changed
[INFO] [stdout]    = note: the derive macro `Queryable` may come from an old version of the `diesel_derives` crate, try updating your dependency with `cargo update -p diesel_derives`
[INFO] [stdout]    = note: an `impl` is never scoped, even when it is nested inside an item, as it may impact type checking outside of that item, which can be the case if neither the trait or the self type are at the same nesting level as the `impl`
[INFO] [stdout]    = note: this warning originates in the derive macro `Queryable` (in Nightly builds, run with -Z macro-backtrace for more info)
[INFO] [stdout] 
[INFO] [stdout] 
[INFO] [stdout] warning: non-local `impl` definition, `impl` blocks should be written at the same level as their item
[INFO] [stdout]   --> src/db/model.rs:15:34
[INFO] [stdout]    |
[INFO] [stdout] 15 | #[derive(Queryable, Deserialize, Insertable)]
[INFO] [stdout]    |                                  ^---------
[INFO] [stdout]    |                                  |
[INFO] [stdout]    |                                  `Insertable` is not local
[INFO] [stdout]    |                                  `table` is not local
[INFO] [stdout]    |                                  move the `impl` block outside of this function `_impl_insertable_for_test`
[INFO] [stdout] 16 | #[table_name = "tests"]
[INFO] [stdout] 17 | pub struct Test {
[INFO] [stdout]    |            ---- `Test` is not local
[INFO] [stdout]    |
[INFO] [stdout]    = note: the derive macro `Insertable` defines the non-local `impl`, and may need to be changed
[INFO] [stdout]    = note: the derive macro `Insertable` may come from an old version of the `diesel_derives` crate, try updating your dependency with `cargo update -p diesel_derives`
[INFO] [stdout]    = note: an `impl` is never scoped, even when it is nested inside an item, as it may impact type checking outside of that item, which can be the case if neither the trait or the self type are at the same nesting level as the `impl`
[INFO] [stdout]    = note: this warning originates in the derive macro `Insertable` (in Nightly builds, run with -Z macro-backtrace for more info)
[INFO] [stdout] 
[INFO] [stdout] 
[INFO] [stdout] warning: non-local `impl` definition, `impl` blocks should be written at the same level as their item
[INFO] [stdout]   --> src/db/model.rs:15:34
[INFO] [stdout]    |
[INFO] [stdout] 15 | #[derive(Queryable, Deserialize, Insertable)]
[INFO] [stdout]    |                                  -^^^^^^^^^
[INFO] [stdout]    |                                  |
[INFO] [stdout]    |                                  `Insertable` is not local
[INFO] [stdout]    |                                  `table` is not local
[INFO] [stdout]    |                                  move the `impl` block outside of this function `_impl_insertable_for_test`
[INFO] [stdout] 16 | #[table_name = "tests"]
[INFO] [stdout] 17 | pub struct Test {
[INFO] [stdout]    |            ---- `Test` is not local
[INFO] [stdout]    |
[INFO] [stdout]    = note: the derive macro `Insertable` defines the non-local `impl`, and may need to be changed
[INFO] [stdout]    = note: the derive macro `Insertable` may come from an old version of the `diesel_derives` crate, try updating your dependency with `cargo update -p diesel_derives`
[INFO] [stdout]    = note: an `impl` is never scoped, even when it is nested inside an item, as it may impact type checking outside of that item, which can be the case if neither the trait or the self type are at the same nesting level as the `impl`
[INFO] [stdout]    = note: this warning originates in the derive macro `Insertable` (in Nightly builds, run with -Z macro-backtrace for more info)
[INFO] [stdout] 
[INFO] [stdout] 
[INFO] [stdout] warning: non-local `impl` definition, `impl` blocks should be written at the same level as their item
[INFO] [stdout]   --> src/db/model.rs:15:34
[INFO] [stdout]    |
[INFO] [stdout] 15 | #[derive(Queryable, Deserialize, Insertable)]
[INFO] [stdout]    |                                  ^---------
[INFO] [stdout]    |                                  |
[INFO] [stdout]    |                                  `UndecoratedInsertRecord` is not local
[INFO] [stdout]    |                                  `table` is not local
[INFO] [stdout]    |                                  move the `impl` block outside of this function `_impl_insertable_for_test`
[INFO] [stdout] 16 | #[table_name = "tests"]
[INFO] [stdout] 17 | pub struct Test {
[INFO] [stdout]    |            ---- `Test` is not local
[INFO] [stdout]    |
[INFO] [stdout]    = note: the derive macro `Insertable` defines the non-local `impl`, and may need to be changed
[INFO] [stdout]    = note: the derive macro `Insertable` may come from an old version of the `diesel_derives` crate, try updating your dependency with `cargo update -p diesel_derives`
[INFO] [stdout]    = note: an `impl` is never scoped, even when it is nested inside an item, as it may impact type checking outside of that item, which can be the case if neither the trait or the self type are at the same nesting level as the `impl`
[INFO] [stdout]    = note: this warning originates in the derive macro `Insertable` (in Nightly builds, run with -Z macro-backtrace for more info)
[INFO] [stdout] 
[INFO] [stdout] 
[INFO] [stdout] warning: non-local `impl` definition, `impl` blocks should be written at the same level as their item
[INFO] [stdout]  --> src/db/schema.rs:1:1
[INFO] [stdout]   |
[INFO] [stdout] 1 | / table! {
[INFO] [stdout] 2 | |     tests (id) {
[INFO] [stdout] 3 | |         id -> Integer,
[INFO] [stdout] 4 | |         description -> Text,
[INFO] [stdout] ... |
[INFO] [stdout] 8 | |     }
[INFO] [stdout] 9 | | }
[INFO] [stdout]   | | ^
[INFO] [stdout]   | | |
[INFO] [stdout]   | | `table` is not local
[INFO] [stdout]   | |_`QueryId` is not local
[INFO] [stdout]   |   move the `impl` block outside of this function `_impl_query_id_for_table`
[INFO] [stdout]   |
[INFO] [stdout]   = note: the derive macro `QueryId` defines the non-local `impl`, and may need to be changed
[INFO] [stdout]   = note: the derive macro `QueryId` may come from an old version of the `diesel_derives` crate, try updating your dependency with `cargo update -p diesel_derives`
[INFO] [stdout]   = note: an `impl` is never scoped, even when it is nested inside an item, as it may impact type checking outside of that item, which can be the case if neither the trait or the self type are at the same nesting level as the `impl`
[INFO] [stdout]   = note: this warning originates in the derive macro `QueryId` which comes from the expansion of the macro `table` (in Nightly builds, run with -Z macro-backtrace for more info)
[INFO] [stdout] 
[INFO] [stdout] 
[INFO] [stdout] warning: non-local `impl` definition, `impl` blocks should be written at the same level as their item
[INFO] [stdout]  --> src/db/schema.rs:1:1
[INFO] [stdout]   |
[INFO] [stdout] 1 | / table! {
[INFO] [stdout] 2 | |     tests (id) {
[INFO] [stdout] 3 | |         id -> Integer,
[INFO] [stdout]   | |         -- `id` is not local
[INFO] [stdout] 4 | |         description -> Text,
[INFO] [stdout] ... |
[INFO] [stdout] 8 | |     }
[INFO] [stdout] 9 | | }
[INFO] [stdout]   | | ^
[INFO] [stdout]   | | |
[INFO] [stdout]   | |_`QueryId` is not local
[INFO] [stdout]   |   move the `impl` block outside of this function `_impl_query_id_for_id`
[INFO] [stdout]   |
[INFO] [stdout]   = note: the derive macro `QueryId` defines the non-local `impl`, and may need to be changed
[INFO] [stdout]   = note: the derive macro `QueryId` may come from an old version of the `diesel_derives` crate, try updating your dependency with `cargo update -p diesel_derives`
[INFO] [stdout]   = note: an `impl` is never scoped, even when it is nested inside an item, as it may impact type checking outside of that item, which can be the case if neither the trait or the self type are at the same nesting level as the `impl`
[INFO] [stdout]   = note: this warning originates in the derive macro `QueryId` which comes from the expansion of the macro `table` (in Nightly builds, run with -Z macro-backtrace for more info)
[INFO] [stdout] 
[INFO] [stdout] 
[INFO] [stdout] warning: non-local `impl` definition, `impl` blocks should be written at the same level as their item
[INFO] [stdout]  --> src/db/schema.rs:1:1
[INFO] [stdout]   |
[INFO] [stdout] 1 | / table! {
[INFO] [stdout] 2 | |     tests (id) {
[INFO] [stdout] 3 | |         id -> Integer,
[INFO] [stdout] 4 | |         description -> Text,
[INFO] [stdout]   | |         ----------- `description` is not local
[INFO] [stdout] ... |
[INFO] [stdout] 8 | |     }
[INFO] [stdout] 9 | | }
[INFO] [stdout]   | | ^
[INFO] [stdout]   | | |
[INFO] [stdout]   | |_`QueryId` is not local
[INFO] [stdout]   |   move the `impl` block outside of this function `_impl_query_id_for_description`
[INFO] [stdout]   |
[INFO] [stdout]   = note: the derive macro `QueryId` defines the non-local `impl`, and may need to be changed
[INFO] [stdout]   = note: the derive macro `QueryId` may come from an old version of the `diesel_derives` crate, try updating your dependency with `cargo update -p diesel_derives`
[INFO] [stdout]   = note: an `impl` is never scoped, even when it is nested inside an item, as it may impact type checking outside of that item, which can be the case if neither the trait or the self type are at the same nesting level as the `impl`
[INFO] [stdout]   = note: this warning originates in the derive macro `QueryId` which comes from the expansion of the macro `table` (in Nightly builds, run with -Z macro-backtrace for more info)
[INFO] [stdout] 
[INFO] [stdout] 
[INFO] [stdout] warning: non-local `impl` definition, `impl` blocks should be written at the same level as their item
[INFO] [stdout]  --> src/db/schema.rs:1:1
[INFO] [stdout]   |
[INFO] [stdout] 1 | / table! {
[INFO] [stdout] 2 | |     tests (id) {
[INFO] [stdout] 3 | |         id -> Integer,
[INFO] [stdout] 4 | |         description -> Text,
[INFO] [stdout] 5 | |         answers -> Text,
[INFO] [stdout]   | |         ------- `answers` is not local
[INFO] [stdout] ... |
[INFO] [stdout] 8 | |     }
[INFO] [stdout] 9 | | }
[INFO] [stdout]   | | ^
[INFO] [stdout]   | | |
[INFO] [stdout]   | |_`QueryId` is not local
[INFO] [stdout]   |   move the `impl` block outside of this function `_impl_query_id_for_answers`
[INFO] [stdout]   |
[INFO] [stdout]   = note: the derive macro `QueryId` defines the non-local `impl`, and may need to be changed
[INFO] [stdout]   = note: the derive macro `QueryId` may come from an old version of the `diesel_derives` crate, try updating your dependency with `cargo update -p diesel_derives`
[INFO] [stdout]   = note: an `impl` is never scoped, even when it is nested inside an item, as it may impact type checking outside of that item, which can be the case if neither the trait or the self type are at the same nesting level as the `impl`
[INFO] [stdout]   = note: this warning originates in the derive macro `QueryId` which comes from the expansion of the macro `table` (in Nightly builds, run with -Z macro-backtrace for more info)
[INFO] [stdout] 
[INFO] [stdout] 
[INFO] [stdout] warning: non-local `impl` definition, `impl` blocks should be written at the same level as their item
[INFO] [stdout]  --> src/db/schema.rs:1:1
[INFO] [stdout]   |
[INFO] [stdout] 1 | / table! {
[INFO] [stdout] 2 | |     tests (id) {
[INFO] [stdout] 3 | |         id -> Integer,
[INFO] [stdout] 4 | |         description -> Text,
[INFO] [stdout] 5 | |         answers -> Text,
[INFO] [stdout] 6 | |         right_answer_id -> Integer,
[INFO] [stdout]   | |         --------------- `right_answer_id` is not local
[INFO] [stdout] 7 | |         image -> Nullable<Binary>,
[INFO] [stdout] 8 | |     }
[INFO] [stdout] 9 | | }
[INFO] [stdout]   | | ^
[INFO] [stdout]   | | |
[INFO] [stdout]   | |_`QueryId` is not local
[INFO] [stdout]   |   move the `impl` block outside of this function `_impl_query_id_for_right_answer_id`
[INFO] [stdout]   |
[INFO] [stdout]   = note: the derive macro `QueryId` defines the non-local `impl`, and may need to be changed
[INFO] [stdout]   = note: the derive macro `QueryId` may come from an old version of the `diesel_derives` crate, try updating your dependency with `cargo update -p diesel_derives`
[INFO] [stdout]   = note: an `impl` is never scoped, even when it is nested inside an item, as it may impact type checking outside of that item, which can be the case if neither the trait or the self type are at the same nesting level as the `impl`
[INFO] [stdout]   = note: this warning originates in the derive macro `QueryId` which comes from the expansion of the macro `table` (in Nightly builds, run with -Z macro-backtrace for more info)
[INFO] [stdout] 
[INFO] [stdout] 
[INFO] [stdout] warning: non-local `impl` definition, `impl` blocks should be written at the same level as their item
[INFO] [stdout]  --> src/db/schema.rs:1:1
[INFO] [stdout]   |
[INFO] [stdout] 1 | / table! {
[INFO] [stdout] 2 | |     tests (id) {
[INFO] [stdout] 3 | |         id -> Integer,
[INFO] [stdout] 4 | |         description -> Text,
[INFO] [stdout] ... |
[INFO] [stdout] 7 | |         image -> Nullable<Binary>,
[INFO] [stdout]   | |         ----- `image` is not local
[INFO] [stdout] 8 | |     }
[INFO] [stdout] 9 | | }
[INFO] [stdout]   | | ^
[INFO] [stdout]   | | |
[INFO] [stdout]   | |_`QueryId` is not local
[INFO] [stdout]   |   move the `impl` block outside of this function `_impl_query_id_for_image`
[INFO] [stdout]   |
[INFO] [stdout]   = note: the derive macro `QueryId` defines the non-local `impl`, and may need to be changed
[INFO] [stdout]   = note: the derive macro `QueryId` may come from an old version of the `diesel_derives` crate, try updating your dependency with `cargo update -p diesel_derives`
[INFO] [stdout]   = note: an `impl` is never scoped, even when it is nested inside an item, as it may impact type checking outside of that item, which can be the case if neither the trait or the self type are at the same nesting level as the `impl`
[INFO] [stdout]   = note: this warning originates in the derive macro `QueryId` which comes from the expansion of the macro `table` (in Nightly builds, run with -Z macro-backtrace for more info)
[INFO] [stdout] 
[INFO] [stdout] 
[INFO] [stdout] warning: non-local `impl` definition, `impl` blocks should be written at the same level as their item
[INFO] [stdout]   --> src/db/schema.rs:11:1
[INFO] [stdout]    |
[INFO] [stdout] 11 | / table! {
[INFO] [stdout] 12 | |     users (id) {
[INFO] [stdout] 13 | |         id -> Integer,
[INFO] [stdout] 14 | |         name -> Text,
[INFO] [stdout] ...  |
[INFO] [stdout] 18 | |     }
[INFO] [stdout] 19 | | }
[INFO] [stdout]    | | ^
[INFO] [stdout]    | | |
[INFO] [stdout]    | | `table` is not local
[INFO] [stdout]    | |_`QueryId` is not local
[INFO] [stdout]    |   move the `impl` block outside of this function `_impl_query_id_for_table`
[INFO] [stdout]    |
[INFO] [stdout]    = note: the derive macro `QueryId` defines the non-local `impl`, and may need to be changed
[INFO] [stdout]    = note: the derive macro `QueryId` may come from an old version of the `diesel_derives` crate, try updating your dependency with `cargo update -p diesel_derives`
[INFO] [stdout]    = note: an `impl` is never scoped, even when it is nested inside an item, as it may impact type checking outside of that item, which can be the case if neither the trait or the self type are at the same nesting level as the `impl`
[INFO] [stdout]    = note: this warning originates in the derive macro `QueryId` which comes from the expansion of the macro `table` (in Nightly builds, run with -Z macro-backtrace for more info)
[INFO] [stdout] 
[INFO] [stdout] 
[INFO] [stdout] warning: non-local `impl` definition, `impl` blocks should be written at the same level as their item
[INFO] [stdout]   --> src/db/schema.rs:11:1
[INFO] [stdout]    |
[INFO] [stdout] 11 | / table! {
[INFO] [stdout] 12 | |     users (id) {
[INFO] [stdout] 13 | |         id -> Integer,
[INFO] [stdout]    | |         -- `id` is not local
[INFO] [stdout] 14 | |         name -> Text,
[INFO] [stdout] ...  |
[INFO] [stdout] 18 | |     }
[INFO] [stdout] 19 | | }
[INFO] [stdout]    | | ^
[INFO] [stdout]    | | |
[INFO] [stdout]    | |_`QueryId` is not local
[INFO] [stdout]    |   move the `impl` block outside of this function `_impl_query_id_for_id`
[INFO] [stdout]    |
[INFO] [stdout]    = note: the derive macro `QueryId` defines the non-local `impl`, and may need to be changed
[INFO] [stdout]    = note: the derive macro `QueryId` may come from an old version of the `diesel_derives` crate, try updating your dependency with `cargo update -p diesel_derives`
[INFO] [stdout]    = note: an `impl` is never scoped, even when it is nested inside an item, as it may impact type checking outside of that item, which can be the case if neither the trait or the self type are at the same nesting level as the `impl`
[INFO] [stdout]    = note: this warning originates in the derive macro `QueryId` which comes from the expansion of the macro `table` (in Nightly builds, run with -Z macro-backtrace for more info)
[INFO] [stdout] 
[INFO] [stdout] 
[INFO] [stdout] warning: non-local `impl` definition, `impl` blocks should be written at the same level as their item
[INFO] [stdout]   --> src/db/schema.rs:11:1
[INFO] [stdout]    |
[INFO] [stdout] 11 | / table! {
[INFO] [stdout] 12 | |     users (id) {
[INFO] [stdout] 13 | |         id -> Integer,
[INFO] [stdout] 14 | |         name -> Text,
[INFO] [stdout]    | |         ---- `name` is not local
[INFO] [stdout] ...  |
[INFO] [stdout] 18 | |     }
[INFO] [stdout] 19 | | }
[INFO] [stdout]    | | ^
[INFO] [stdout]    | | |
[INFO] [stdout]    | |_`QueryId` is not local
[INFO] [stdout]    |   move the `impl` block outside of this function `_impl_query_id_for_name`
[INFO] [stdout]    |
[INFO] [stdout]    = note: the derive macro `QueryId` defines the non-local `impl`, and may need to be changed
[INFO] [stdout]    = note: the derive macro `QueryId` may come from an old version of the `diesel_derives` crate, try updating your dependency with `cargo update -p diesel_derives`
[INFO] [stdout]    = note: an `impl` is never scoped, even when it is nested inside an item, as it may impact type checking outside of that item, which can be the case if neither the trait or the self type are at the same nesting level as the `impl`
[INFO] [stdout]    = note: this warning originates in the derive macro `QueryId` which comes from the expansion of the macro `table` (in Nightly builds, run with -Z macro-backtrace for more info)
[INFO] [stdout] 
[INFO] [stdout] 
[INFO] [stdout] warning: non-local `impl` definition, `impl` blocks should be written at the same level as their item
[INFO] [stdout]   --> src/db/schema.rs:11:1
[INFO] [stdout]    |
[INFO] [stdout] 11 | / table! {
[INFO] [stdout] 12 | |     users (id) {
[INFO] [stdout] 13 | |         id -> Integer,
[INFO] [stdout] 14 | |         name -> Text,
[INFO] [stdout] 15 | |         second_name -> Text,
[INFO] [stdout]    | |         ----------- `second_name` is not local
[INFO] [stdout] ...  |
[INFO] [stdout] 18 | |     }
[INFO] [stdout] 19 | | }
[INFO] [stdout]    | | ^
[INFO] [stdout]    | | |
[INFO] [stdout]    | |_`QueryId` is not local
[INFO] [stdout]    |   move the `impl` block outside of this function `_impl_query_id_for_second_name`
[INFO] [stdout]    |
[INFO] [stdout]    = note: the derive macro `QueryId` defines the non-local `impl`, and may need to be changed
[INFO] [stdout]    = note: the derive macro `QueryId` may come from an old version of the `diesel_derives` crate, try updating your dependency with `cargo update -p diesel_derives`
[INFO] [stdout]    = note: an `impl` is never scoped, even when it is nested inside an item, as it may impact type checking outside of that item, which can be the case if neither the trait or the self type are at the same nesting level as the `impl`
[INFO] [stdout]    = note: this warning originates in the derive macro `QueryId` which comes from the expansion of the macro `table` (in Nightly builds, run with -Z macro-backtrace for more info)
[INFO] [stdout] 
[INFO] [stdout] 
[INFO] [stdout] warning: non-local `impl` definition, `impl` blocks should be written at the same level as their item
[INFO] [stdout]   --> src/db/schema.rs:11:1
[INFO] [stdout]    |
[INFO] [stdout] 11 | / table! {
[INFO] [stdout] 12 | |     users (id) {
[INFO] [stdout] 13 | |         id -> Integer,
[INFO] [stdout] 14 | |         name -> Text,
[INFO] [stdout] 15 | |         second_name -> Text,
[INFO] [stdout] 16 | |         password -> Text,
[INFO] [stdout]    | |         -------- `password` is not local
[INFO] [stdout] 17 | |         scores -> Integer,
[INFO] [stdout] 18 | |     }
[INFO] [stdout] 19 | | }
[INFO] [stdout]    | | ^
[INFO] [stdout]    | | |
[INFO] [stdout]    | |_`QueryId` is not local
[INFO] [stdout]    |   move the `impl` block outside of this function `_impl_query_id_for_password`
[INFO] [stdout]    |
[INFO] [stdout]    = note: the derive macro `QueryId` defines the non-local `impl`, and may need to be changed
[INFO] [stdout]    = note: the derive macro `QueryId` may come from an old version of the `diesel_derives` crate, try updating your dependency with `cargo update -p diesel_derives`
[INFO] [stdout]    = note: an `impl` is never scoped, even when it is nested inside an item, as it may impact type checking outside of that item, which can be the case if neither the trait or the self type are at the same nesting level as the `impl`
[INFO] [stdout]    = note: this warning originates in the derive macro `QueryId` which comes from the expansion of the macro `table` (in Nightly builds, run with -Z macro-backtrace for more info)
[INFO] [stdout] 
[INFO] [stdout] 
[INFO] [stdout] warning: non-local `impl` definition, `impl` blocks should be written at the same level as their item
[INFO] [stdout]   --> src/db/schema.rs:11:1
[INFO] [stdout]    |
[INFO] [stdout] 11 | / table! {
[INFO] [stdout] 12 | |     users (id) {
[INFO] [stdout] 13 | |         id -> Integer,
[INFO] [stdout] 14 | |         name -> Text,
[INFO] [stdout] ...  |
[INFO] [stdout] 17 | |         scores -> Integer,
[INFO] [stdout]    | |         ------ `scores` is not local
[INFO] [stdout] 18 | |     }
[INFO] [stdout] 19 | | }
[INFO] [stdout]    | | ^
[INFO] [stdout]    | | |
[INFO] [stdout]    | |_`QueryId` is not local
[INFO] [stdout]    |   move the `impl` block outside of this function `_impl_query_id_for_scores`
[INFO] [stdout]    |
[INFO] [stdout]    = note: the derive macro `QueryId` defines the non-local `impl`, and may need to be changed
[INFO] [stdout]    = note: the derive macro `QueryId` may come from an old version of the `diesel_derives` crate, try updating your dependency with `cargo update -p diesel_derives`
[INFO] [stdout]    = note: an `impl` is never scoped, even when it is nested inside an item, as it may impact type checking outside of that item, which can be the case if neither the trait or the self type are at the same nesting level as the `impl`
[INFO] [stdout]    = note: this warning originates in the derive macro `QueryId` which comes from the expansion of the macro `table` (in Nightly builds, run with -Z macro-backtrace for more info)
[INFO] [stdout] 
[INFO] [stdout] 
[INFO] [stderr]     Finished `test` profile [unoptimized + debuginfo] target(s) in 3.02s
[INFO] running `Command { std: "docker" "inspect" "7daf00206c6aa7505075f34346719366a3e2100f33cf23b5330af8d2cf27f25b", kill_on_drop: false }`
[INFO] running `Command { std: "docker" "rm" "-f" "7daf00206c6aa7505075f34346719366a3e2100f33cf23b5330af8d2cf27f25b", kill_on_drop: false }`
[INFO] [stdout] 7daf00206c6aa7505075f34346719366a3e2100f33cf23b5330af8d2cf27f25b
[INFO] running `Command { std: "docker" "create" "-v" "/var/lib/crater-agent-workspace/builds/worker-5-tc2/target:/opt/rustwide/target:rw,Z" "-v" "/var/lib/crater-agent-workspace/builds/worker-5-tc2/source:/opt/rustwide/workdir:ro,Z" "-v" "/var/lib/crater-agent-workspace/cargo-home:/opt/rustwide/cargo-home:ro,Z" "-v" "/var/lib/crater-agent-workspace/rustup-home:/opt/rustwide/rustup-home:ro,Z" "-e" "SOURCE_DIR=/opt/rustwide/workdir" "-e" "CARGO_TARGET_DIR=/opt/rustwide/target" "-e" "CARGO_INCREMENTAL=0" "-e" "RUST_BACKTRACE=full" "-e" "RUSTFLAGS=--cap-lints=forbid -Zrandomize-layout" "-e" "RUSTDOCFLAGS=--cap-lints=forbid" "-e" "CARGO_HOME=/opt/rustwide/cargo-home" "-e" "RUSTUP_HOME=/opt/rustwide/rustup-home" "-w" "/opt/rustwide/workdir" "-m" "1610612736" "--user" "0:0" "--network" "none" "ghcr.io/rust-lang/crates-build-env/linux@sha256:4a844ea9eb2546a2d2c7022eacef16ef2e8229c7fbb2c7d4d55a9ceca922f72d" "/opt/rustwide/cargo-home/bin/cargo" "+nightly-2024-10-28" "test" "--frozen", kill_on_drop: false }`
[INFO] [stdout] acb4e60a1466a372b799e5768b0543d8ea604a15497fb765d1ddc0bd68b1c1a0
[INFO] running `Command { std: "docker" "start" "-a" "acb4e60a1466a372b799e5768b0543d8ea604a15497fb765d1ddc0bd68b1c1a0", kill_on_drop: false }`
[INFO] [stderr] warning: non-local `impl` definition, `impl` blocks should be written at the same level as their item
[INFO] [stderr]  --> src/db/model.rs:5:10
[INFO] [stderr]   |
[INFO] [stderr] 5 | #[derive(Queryable, Deserialize, Insertable)]
[INFO] [stderr]   |          ^--------
[INFO] [stderr]   |          |
[INFO] [stderr]   |          `Queryable` is not local
[INFO] [stderr]   |          move the `impl` block outside of this function `_impl_queryable_for_user`
[INFO] [stderr] 6 | #[table_name = "users"]
[INFO] [stderr] 7 | pub struct User {
[INFO] [stderr]   |            ---- `User` is not local
[INFO] [stderr]   |
[INFO] [stderr]   = note: the derive macro `Queryable` defines the non-local `impl`, and may need to be changed
[INFO] [stderr]   = note: the derive macro `Queryable` may come from an old version of the `diesel_derives` crate, try updating your dependency with `cargo update -p diesel_derives`
[INFO] [stderr]   = note: an `impl` is never scoped, even when it is nested inside an item, as it may impact type checking outside of that item, which can be the case if neither the trait or the self type are at the same nesting level as the `impl`
[INFO] [stderr]   = note: `#[warn(non_local_definitions)]` on by default
[INFO] [stderr]   = note: this warning originates in the derive macro `Queryable` (in Nightly builds, run with -Z macro-backtrace for more info)
[INFO] [stderr] 
[INFO] [stderr] warning: non-local `impl` definition, `impl` blocks should be written at the same level as their item
[INFO] [stderr]  --> src/db/model.rs:5:34
[INFO] [stderr]   |
[INFO] [stderr] 5 | #[derive(Queryable, Deserialize, Insertable)]
[INFO] [stderr]   |                                  ^---------
[INFO] [stderr]   |                                  |
[INFO] [stderr]   |                                  `Insertable` is not local
[INFO] [stderr]   |                                  `table` is not local
[INFO] [stderr]   |                                  move the `impl` block outside of this function `_impl_insertable_for_user`
[INFO] [stderr] 6 | #[table_name = "users"]
[INFO] [stderr] 7 | pub struct User {
[INFO] [stderr]   |            ---- `User` is not local
[INFO] [stderr]   |
[INFO] [stderr]   = note: the derive macro `Insertable` defines the non-local `impl`, and may need to be changed
[INFO] [stderr]   = note: the derive macro `Insertable` may come from an old version of the `diesel_derives` crate, try updating your dependency with `cargo update -p diesel_derives`
[INFO] [stderr]   = note: an `impl` is never scoped, even when it is nested inside an item, as it may impact type checking outside of that item, which can be the case if neither the trait or the self type are at the same nesting level as the `impl`
[INFO] [stderr]   = note: this warning originates in the derive macro `Insertable` (in Nightly builds, run with -Z macro-backtrace for more info)
[INFO] [stderr] 
[INFO] [stderr] warning: non-local `impl` definition, `impl` blocks should be written at the same level as their item
[INFO] [stderr]  --> src/db/model.rs:5:34
[INFO] [stderr]   |
[INFO] [stderr] 5 | #[derive(Queryable, Deserialize, Insertable)]
[INFO] [stderr]   |                                  -^^^^^^^^^
[INFO] [stderr]   |                                  |
[INFO] [stderr]   |                                  `Insertable` is not local
[INFO] [stderr]   |                                  `table` is not local
[INFO] [stderr]   |                                  move the `impl` block outside of this function `_impl_insertable_for_user`
[INFO] [stderr] 6 | #[table_name = "users"]
[INFO] [stderr] 7 | pub struct User {
[INFO] [stderr]   |            ---- `User` is not local
[INFO] [stderr]   |
[INFO] [stderr]   = note: the derive macro `Insertable` defines the non-local `impl`, and may need to be changed
[INFO] [stderr]   = note: the derive macro `Insertable` may come from an old version of the `diesel_derives` crate, try updating your dependency with `cargo update -p diesel_derives`
[INFO] [stderr]   = note: an `impl` is never scoped, even when it is nested inside an item, as it may impact type checking outside of that item, which can be the case if neither the trait or the self type are at the same nesting level as the `impl`
[INFO] [stderr]   = note: this warning originates in the derive macro `Insertable` (in Nightly builds, run with -Z macro-backtrace for more info)
[INFO] [stderr] 
[INFO] [stderr] warning: non-local `impl` definition, `impl` blocks should be written at the same level as their item
[INFO] [stderr]  --> src/db/model.rs:5:34
[INFO] [stderr]   |
[INFO] [stderr] 5 | #[derive(Queryable, Deserialize, Insertable)]
[INFO] [stderr]   |                                  ^---------
[INFO] [stderr]   |                                  |
[INFO] [stderr]   |                                  `UndecoratedInsertRecord` is not local
[INFO] [stderr]   |                                  `table` is not local
[INFO] [stderr]   |                                  move the `impl` block outside of this function `_impl_insertable_for_user`
[INFO] [stderr] 6 | #[table_name = "users"]
[INFO] [stderr] 7 | pub struct User {
[INFO] [stderr]   |            ---- `User` is not local
[INFO] [stderr]   |
[INFO] [stderr]   = note: the derive macro `Insertable` defines the non-local `impl`, and may need to be changed
[INFO] [stderr]   = note: the derive macro `Insertable` may come from an old version of the `diesel_derives` crate, try updating your dependency with `cargo update -p diesel_derives`
[INFO] [stderr]   = note: an `impl` is never scoped, even when it is nested inside an item, as it may impact type checking outside of that item, which can be the case if neither the trait or the self type are at the same nesting level as the `impl`
[INFO] [stderr]   = note: this warning originates in the derive macro `Insertable` (in Nightly builds, run with -Z macro-backtrace for more info)
[INFO] [stderr] 
[INFO] [stderr] warning: non-local `impl` definition, `impl` blocks should be written at the same level as their item
[INFO] [stderr]   --> src/db/model.rs:15:10
[INFO] [stderr]    |
[INFO] [stderr] 15 | #[derive(Queryable, Deserialize, Insertable)]
[INFO] [stderr]    |          ^--------
[INFO] [stderr]    |          |
[INFO] [stderr]    |          `Queryable` is not local
[INFO] [stderr]    |          move the `impl` block outside of this function `_impl_queryable_for_test`
[INFO] [stderr] 16 | #[table_name = "tests"]
[INFO] [stderr] 17 | pub struct Test {
[INFO] [stderr]    |            ---- `Test` is not local
[INFO] [stderr]    |
[INFO] [stderr]    = note: the derive macro `Queryable` defines the non-local `impl`, and may need to be changed
[INFO] [stderr]    = note: the derive macro `Queryable` may come from an old version of the `diesel_derives` crate, try updating your dependency with `cargo update -p diesel_derives`
[INFO] [stderr]    = note: an `impl` is never scoped, even when it is nested inside an item, as it may impact type checking outside of that item, which can be the case if neither the trait or the self type are at the same nesting level as the `impl`
[INFO] [stderr]    = note: this warning originates in the derive macro `Queryable` (in Nightly builds, run with -Z macro-backtrace for more info)
[INFO] [stderr] 
[INFO] [stderr] warning: non-local `impl` definition, `impl` blocks should be written at the same level as their item
[INFO] [stderr]   --> src/db/model.rs:15:34
[INFO] [stderr]    |
[INFO] [stderr] 15 | #[derive(Queryable, Deserialize, Insertable)]
[INFO] [stderr]    |                                  ^---------
[INFO] [stderr]    |                                  |
[INFO] [stderr]    |                                  `Insertable` is not local
[INFO] [stderr]    |                                  `table` is not local
[INFO] [stderr]    |                                  move the `impl` block outside of this function `_impl_insertable_for_test`
[INFO] [stderr] 16 | #[table_name = "tests"]
[INFO] [stderr] 17 | pub struct Test {
[INFO] [stderr]    |            ---- `Test` is not local
[INFO] [stderr]    |
[INFO] [stderr]    = note: the derive macro `Insertable` defines the non-local `impl`, and may need to be changed
[INFO] [stderr]    = note: the derive macro `Insertable` may come from an old version of the `diesel_derives` crate, try updating your dependency with `cargo update -p diesel_derives`
[INFO] [stderr]    = note: an `impl` is never scoped, even when it is nested inside an item, as it may impact type checking outside of that item, which can be the case if neither the trait or the self type are at the same nesting level as the `impl`
[INFO] [stderr]    = note: this warning originates in the derive macro `Insertable` (in Nightly builds, run with -Z macro-backtrace for more info)
[INFO] [stderr] 
[INFO] [stderr] warning: non-local `impl` definition, `impl` blocks should be written at the same level as their item
[INFO] [stderr]   --> src/db/model.rs:15:34
[INFO] [stderr]    |
[INFO] [stderr] 15 | #[derive(Queryable, Deserialize, Insertable)]
[INFO] [stderr]    |                                  -^^^^^^^^^
[INFO] [stderr]    |                                  |
[INFO] [stderr]    |                                  `Insertable` is not local
[INFO] [stderr]    |                                  `table` is not local
[INFO] [stderr]    |                                  move the `impl` block outside of this function `_impl_insertable_for_test`
[INFO] [stderr] 16 | #[table_name = "tests"]
[INFO] [stderr] 17 | pub struct Test {
[INFO] [stderr]    |            ---- `Test` is not local
[INFO] [stderr]    |
[INFO] [stderr]    = note: the derive macro `Insertable` defines the non-local `impl`, and may need to be changed
[INFO] [stderr]    = note: the derive macro `Insertable` may come from an old version of the `diesel_derives` crate, try updating your dependency with `cargo update -p diesel_derives`
[INFO] [stderr]    = note: an `impl` is never scoped, even when it is nested inside an item, as it may impact type checking outside of that item, which can be the case if neither the trait or the self type are at the same nesting level as the `impl`
[INFO] [stderr]    = note: this warning originates in the derive macro `Insertable` (in Nightly builds, run with -Z macro-backtrace for more info)
[INFO] [stderr] 
[INFO] [stderr] warning: non-local `impl` definition, `impl` blocks should be written at the same level as their item
[INFO] [stderr]   --> src/db/model.rs:15:34
[INFO] [stderr]    |
[INFO] [stderr] 15 | #[derive(Queryable, Deserialize, Insertable)]
[INFO] [stderr]    |                                  ^---------
[INFO] [stderr]    |                                  |
[INFO] [stderr]    |                                  `UndecoratedInsertRecord` is not local
[INFO] [stderr]    |                                  `table` is not local
[INFO] [stderr]    |                                  move the `impl` block outside of this function `_impl_insertable_for_test`
[INFO] [stderr] 16 | #[table_name = "tests"]
[INFO] [stderr] 17 | pub struct Test {
[INFO] [stderr]    |            ---- `Test` is not local
[INFO] [stderr]    |
[INFO] [stderr]    = note: the derive macro `Insertable` defines the non-local `impl`, and may need to be changed
[INFO] [stderr]    = note: the derive macro `Insertable` may come from an old version of the `diesel_derives` crate, try updating your dependency with `cargo update -p diesel_derives`
[INFO] [stderr]    = note: an `impl` is never scoped, even when it is nested inside an item, as it may impact type checking outside of that item, which can be the case if neither the trait or the self type are at the same nesting level as the `impl`
[INFO] [stderr]    = note: this warning originates in the derive macro `Insertable` (in Nightly builds, run with -Z macro-backtrace for more info)
[INFO] [stderr] 
[INFO] [stderr] warning: non-local `impl` definition, `impl` blocks should be written at the same level as their item
[INFO] [stderr]  --> src/db/schema.rs:1:1
[INFO] [stderr]   |
[INFO] [stderr] 1 | / table! {
[INFO] [stderr] 2 | |     tests (id) {
[INFO] [stderr] 3 | |         id -> Integer,
[INFO] [stderr] 4 | |         description -> Text,
[INFO] [stderr] ... |
[INFO] [stderr] 8 | |     }
[INFO] [stderr] 9 | | }
[INFO] [stderr]   | | ^
[INFO] [stderr]   | | |
[INFO] [stderr]   | | `table` is not local
[INFO] [stderr]   | |_`QueryId` is not local
[INFO] [stderr]   |   move the `impl` block outside of this function `_impl_query_id_for_table`
[INFO] [stderr]   |
[INFO] [stderr]   = note: the derive macro `QueryId` defines the non-local `impl`, and may need to be changed
[INFO] [stderr]   = note: the derive macro `QueryId` may come from an old version of the `diesel_derives` crate, try updating your dependency with `cargo update -p diesel_derives`
[INFO] [stderr]   = note: an `impl` is never scoped, even when it is nested inside an item, as it may impact type checking outside of that item, which can be the case if neither the trait or the self type are at the same nesting level as the `impl`
[INFO] [stderr]   = note: this warning originates in the derive macro `QueryId` which comes from the expansion of the macro `table` (in Nightly builds, run with -Z macro-backtrace for more info)
[INFO] [stderr] 
[INFO] [stderr] warning: non-local `impl` definition, `impl` blocks should be written at the same level as their item
[INFO] [stderr]  --> src/db/schema.rs:1:1
[INFO] [stderr]   |
[INFO] [stderr] 1 | / table! {
[INFO] [stderr] 2 | |     tests (id) {
[INFO] [stderr] 3 | |         id -> Integer,
[INFO] [stderr]   | |         -- `id` is not local
[INFO] [stderr] 4 | |         description -> Text,
[INFO] [stderr] ... |
[INFO] [stderr] 8 | |     }
[INFO] [stderr] 9 | | }
[INFO] [stderr]   | | ^
[INFO] [stderr]   | | |
[INFO] [stderr]   | |_`QueryId` is not local
[INFO] [stderr]   |   move the `impl` block outside of this function `_impl_query_id_for_id`
[INFO] [stderr]   |
[INFO] [stderr]   = note: the derive macro `QueryId` defines the non-local `impl`, and may need to be changed
[INFO] [stderr]   = note: the derive macro `QueryId` may come from an old version of the `diesel_derives` crate, try updating your dependency with `cargo update -p diesel_derives`
[INFO] [stderr]   = note: an `impl` is never scoped, even when it is nested inside an item, as it may impact type checking outside of that item, which can be the case if neither the trait or the self type are at the same nesting level as the `impl`
[INFO] [stderr]   = note: this warning originates in the derive macro `QueryId` which comes from the expansion of the macro `table` (in Nightly builds, run with -Z macro-backtrace for more info)
[INFO] [stderr] 
[INFO] [stderr] warning: non-local `impl` definition, `impl` blocks should be written at the same level as their item
[INFO] [stderr]  --> src/db/schema.rs:1:1
[INFO] [stderr]   |
[INFO] [stderr] 1 | / table! {
[INFO] [stderr] 2 | |     tests (id) {
[INFO] [stderr] 3 | |         id -> Integer,
[INFO] [stderr] 4 | |         description -> Text,
[INFO] [stderr]   | |         ----------- `description` is not local
[INFO] [stderr] ... |
[INFO] [stderr] 8 | |     }
[INFO] [stderr] 9 | | }
[INFO] [stderr]   | | ^
[INFO] [stderr]   | | |
[INFO] [stderr]   | |_`QueryId` is not local
[INFO] [stderr]   |   move the `impl` block outside of this function `_impl_query_id_for_description`
[INFO] [stderr]   |
[INFO] [stderr]   = note: the derive macro `QueryId` defines the non-local `impl`, and may need to be changed
[INFO] [stderr]   = note: the derive macro `QueryId` may come from an old version of the `diesel_derives` crate, try updating your dependency with `cargo update -p diesel_derives`
[INFO] [stderr]   = note: an `impl` is never scoped, even when it is nested inside an item, as it may impact type checking outside of that item, which can be the case if neither the trait or the self type are at the same nesting level as the `impl`
[INFO] [stderr]   = note: this warning originates in the derive macro `QueryId` which comes from the expansion of the macro `table` (in Nightly builds, run with -Z macro-backtrace for more info)
[INFO] [stderr] 
[INFO] [stderr] warning: non-local `impl` definition, `impl` blocks should be written at the same level as their item
[INFO] [stderr]  --> src/db/schema.rs:1:1
[INFO] [stderr]   |
[INFO] [stderr] 1 | / table! {
[INFO] [stderr] 2 | |     tests (id) {
[INFO] [stderr] 3 | |         id -> Integer,
[INFO] [stderr] 4 | |         description -> Text,
[INFO] [stderr] 5 | |         answers -> Text,
[INFO] [stderr]   | |         ------- `answers` is not local
[INFO] [stderr] ... |
[INFO] [stderr] 8 | |     }
[INFO] [stderr] 9 | | }
[INFO] [stderr]   | | ^
[INFO] [stderr]   | | |
[INFO] [stderr]   | |_`QueryId` is not local
[INFO] [stderr]   |   move the `impl` block outside of this function `_impl_query_id_for_answers`
[INFO] [stderr]   |
[INFO] [stderr]   = note: the derive macro `QueryId` defines the non-local `impl`, and may need to be changed
[INFO] [stderr]   = note: the derive macro `QueryId` may come from an old version of the `diesel_derives` crate, try updating your dependency with `cargo update -p diesel_derives`
[INFO] [stderr]   = note: an `impl` is never scoped, even when it is nested inside an item, as it may impact type checking outside of that item, which can be the case if neither the trait or the self type are at the same nesting level as the `impl`
[INFO] [stderr]   = note: this warning originates in the derive macro `QueryId` which comes from the expansion of the macro `table` (in Nightly builds, run with -Z macro-backtrace for more info)
[INFO] [stderr] 
[INFO] [stderr] warning: non-local `impl` definition, `impl` blocks should be written at the same level as their item
[INFO] [stderr]  --> src/db/schema.rs:1:1
[INFO] [stderr]   |
[INFO] [stderr] 1 | / table! {
[INFO] [stderr] 2 | |     tests (id) {
[INFO] [stderr] 3 | |         id -> Integer,
[INFO] [stderr] 4 | |         description -> Text,
[INFO] [stderr] 5 | |         answers -> Text,
[INFO] [stderr] 6 | |         right_answer_id -> Integer,
[INFO] [stderr]   | |         --------------- `right_answer_id` is not local
[INFO] [stderr] 7 | |         image -> Nullable<Binary>,
[INFO] [stderr] 8 | |     }
[INFO] [stderr] 9 | | }
[INFO] [stderr]   | | ^
[INFO] [stderr]   | | |
[INFO] [stderr]   | |_`QueryId` is not local
[INFO] [stderr]   |   move the `impl` block outside of this function `_impl_query_id_for_right_answer_id`
[INFO] [stderr]   |
[INFO] [stderr]   = note: the derive macro `QueryId` defines the non-local `impl`, and may need to be changed
[INFO] [stderr]   = note: the derive macro `QueryId` may come from an old version of the `diesel_derives` crate, try updating your dependency with `cargo update -p diesel_derives`
[INFO] [stderr]   = note: an `impl` is never scoped, even when it is nested inside an item, as it may impact type checking outside of that item, which can be the case if neither the trait or the self type are at the same nesting level as the `impl`
[INFO] [stderr]   = note: this warning originates in the derive macro `QueryId` which comes from the expansion of the macro `table` (in Nightly builds, run with -Z macro-backtrace for more info)
[INFO] [stderr] 
[INFO] [stderr] warning: non-local `impl` definition, `impl` blocks should be written at the same level as their item
[INFO] [stderr]  --> src/db/schema.rs:1:1
[INFO] [stderr]   |
[INFO] [stderr] 1 | / table! {
[INFO] [stderr] 2 | |     tests (id) {
[INFO] [stderr] 3 | |         id -> Integer,
[INFO] [stderr] 4 | |         description -> Text,
[INFO] [stderr] ... |
[INFO] [stderr] 7 | |         image -> Nullable<Binary>,
[INFO] [stderr]   | |         ----- `image` is not local
[INFO] [stderr] 8 | |     }
[INFO] [stderr] 9 | | }
[INFO] [stderr]   | | ^
[INFO] [stderr]   | | |
[INFO] [stderr]   | |_`QueryId` is not local
[INFO] [stderr]   |   move the `impl` block outside of this function `_impl_query_id_for_image`
[INFO] [stderr]   |
[INFO] [stderr]   = note: the derive macro `QueryId` defines the non-local `impl`, and may need to be changed
[INFO] [stderr]   = note: the derive macro `QueryId` may come from an old version of the `diesel_derives` crate, try updating your dependency with `cargo update -p diesel_derives`
[INFO] [stderr]   = note: an `impl` is never scoped, even when it is nested inside an item, as it may impact type checking outside of that item, which can be the case if neither the trait or the self type are at the same nesting level as the `impl`
[INFO] [stderr]   = note: this warning originates in the derive macro `QueryId` which comes from the expansion of the macro `table` (in Nightly builds, run with -Z macro-backtrace for more info)
[INFO] [stderr] 
[INFO] [stderr] warning: non-local `impl` definition, `impl` blocks should be written at the same level as their item
[INFO] [stderr]   --> src/db/schema.rs:11:1
[INFO] [stderr]    |
[INFO] [stderr] 11 | / table! {
[INFO] [stderr] 12 | |     users (id) {
[INFO] [stderr] 13 | |         id -> Integer,
[INFO] [stderr] 14 | |         name -> Text,
[INFO] [stderr] ...  |
[INFO] [stderr] 18 | |     }
[INFO] [stderr] 19 | | }
[INFO] [stderr]    | | ^
[INFO] [stderr]    | | |
[INFO] [stderr]    | | `table` is not local
[INFO] [stderr]    | |_`QueryId` is not local
[INFO] [stderr]    |   move the `impl` block outside of this function `_impl_query_id_for_table`
[INFO] [stderr]    |
[INFO] [stderr]    = note: the derive macro `QueryId` defines the non-local `impl`, and may need to be changed
[INFO] [stderr]    = note: the derive macro `QueryId` may come from an old version of the `diesel_derives` crate, try updating your dependency with `cargo update -p diesel_derives`
[INFO] [stderr]    = note: an `impl` is never scoped, even when it is nested inside an item, as it may impact type checking outside of that item, which can be the case if neither the trait or the self type are at the same nesting level as the `impl`
[INFO] [stderr]    = note: this warning originates in the derive macro `QueryId` which comes from the expansion of the macro `table` (in Nightly builds, run with -Z macro-backtrace for more info)
[INFO] [stderr] 
[INFO] [stderr] warning: non-local `impl` definition, `impl` blocks should be written at the same level as their item
[INFO] [stderr]   --> src/db/schema.rs:11:1
[INFO] [stderr]    |
[INFO] [stderr] 11 | / table! {
[INFO] [stderr] 12 | |     users (id) {
[INFO] [stderr] 13 | |         id -> Integer,
[INFO] [stderr]    | |         -- `id` is not local
[INFO] [stderr] 14 | |         name -> Text,
[INFO] [stderr] ...  |
[INFO] [stderr] 18 | |     }
[INFO] [stderr] 19 | | }
[INFO] [stderr]    | | ^
[INFO] [stderr]    | | |
[INFO] [stderr]    | |_`QueryId` is not local
[INFO] [stderr]    |   move the `impl` block outside of this function `_impl_query_id_for_id`
[INFO] [stderr]    |
[INFO] [stderr]    = note: the derive macro `QueryId` defines the non-local `impl`, and may need to be changed
[INFO] [stderr]    = note: the derive macro `QueryId` may come from an old version of the `diesel_derives` crate, try updating your dependency with `cargo update -p diesel_derives`
[INFO] [stderr]    = note: an `impl` is never scoped, even when it is nested inside an item, as it may impact type checking outside of that item, which can be the case if neither the trait or the self type are at the same nesting level as the `impl`
[INFO] [stderr]    = note: this warning originates in the derive macro `QueryId` which comes from the expansion of the macro `table` (in Nightly builds, run with -Z macro-backtrace for more info)
[INFO] [stderr] 
[INFO] [stderr] warning: non-local `impl` definition, `impl` blocks should be written at the same level as their item
[INFO] [stderr]   --> src/db/schema.rs:11:1
[INFO] [stderr]    |
[INFO] [stderr] 11 | / table! {
[INFO] [stderr] 12 | |     users (id) {
[INFO] [stderr] 13 | |         id -> Integer,
[INFO] [stderr] 14 | |         name -> Text,
[INFO] [stderr]    | |         ---- `name` is not local
[INFO] [stderr] ...  |
[INFO] [stderr] 18 | |     }
[INFO] [stderr] 19 | | }
[INFO] [stderr]    | | ^
[INFO] [stderr]    | | |
[INFO] [stderr]    | |_`QueryId` is not local
[INFO] [stderr]    |   move the `impl` block outside of this function `_impl_query_id_for_name`
[INFO] [stderr]    |
[INFO] [stderr]    = note: the derive macro `QueryId` defines the non-local `impl`, and may need to be changed
[INFO] [stderr]    = note: the derive macro `QueryId` may come from an old version of the `diesel_derives` crate, try updating your dependency with `cargo update -p diesel_derives`
[INFO] [stderr]    = note: an `impl` is never scoped, even when it is nested inside an item, as it may impact type checking outside of that item, which can be the case if neither the trait or the self type are at the same nesting level as the `impl`
[INFO] [stderr]    = note: this warning originates in the derive macro `QueryId` which comes from the expansion of the macro `table` (in Nightly builds, run with -Z macro-backtrace for more info)
[INFO] [stderr] 
[INFO] [stderr] warning: non-local `impl` definition, `impl` blocks should be written at the same level as their item
[INFO] [stderr]   --> src/db/schema.rs:11:1
[INFO] [stderr]    |
[INFO] [stderr] 11 | / table! {
[INFO] [stderr] 12 | |     users (id) {
[INFO] [stderr] 13 | |         id -> Integer,
[INFO] [stderr] 14 | |         name -> Text,
[INFO] [stderr] 15 | |         second_name -> Text,
[INFO] [stderr]    | |         ----------- `second_name` is not local
[INFO] [stderr] ...  |
[INFO] [stderr] 18 | |     }
[INFO] [stderr] 19 | | }
[INFO] [stderr]    | | ^
[INFO] [stderr]    | | |
[INFO] [stderr]    | |_`QueryId` is not local
[INFO] [stderr]    |   move the `impl` block outside of this function `_impl_query_id_for_second_name`
[INFO] [stderr]    |
[INFO] [stderr]    = note: the derive macro `QueryId` defines the non-local `impl`, and may need to be changed
[INFO] [stderr]    = note: the derive macro `QueryId` may come from an old version of the `diesel_derives` crate, try updating your dependency with `cargo update -p diesel_derives`
[INFO] [stderr]    = note: an `impl` is never scoped, even when it is nested inside an item, as it may impact type checking outside of that item, which can be the case if neither the trait or the self type are at the same nesting level as the `impl`
[INFO] [stderr]    = note: this warning originates in the derive macro `QueryId` which comes from the expansion of the macro `table` (in Nightly builds, run with -Z macro-backtrace for more info)
[INFO] [stderr] 
[INFO] [stderr] warning: non-local `impl` definition, `impl` blocks should be written at the same level as their item
[INFO] [stderr]   --> src/db/schema.rs:11:1
[INFO] [stderr]    |
[INFO] [stderr] 11 | / table! {
[INFO] [stderr] 12 | |     users (id) {
[INFO] [stderr] 13 | |         id -> Integer,
[INFO] [stderr] 14 | |         name -> Text,
[INFO] [stderr] 15 | |         second_name -> Text,
[INFO] [stderr] 16 | |         password -> Text,
[INFO] [stderr]    | |         -------- `password` is not local
[INFO] [stderr] 17 | |         scores -> Integer,
[INFO] [stderr] 18 | |     }
[INFO] [stderr] 19 | | }
[INFO] [stderr]    | | ^
[INFO] [stderr]    | | |
[INFO] [stderr]    | |_`QueryId` is not local
[INFO] [stderr]    |   move the `impl` block outside of this function `_impl_query_id_for_password`
[INFO] [stderr]    |
[INFO] [stderr]    = note: the derive macro `QueryId` defines the non-local `impl`, and may need to be changed
[INFO] [stderr]    = note: the derive macro `QueryId` may come from an old version of the `diesel_derives` crate, try updating your dependency with `cargo update -p diesel_derives`
[INFO] [stderr]    = note: an `impl` is never scoped, even when it is nested inside an item, as it may impact type checking outside of that item, which can be the case if neither the trait or the self type are at the same nesting level as the `impl`
[INFO] [stderr]    = note: this warning originates in the derive macro `QueryId` which comes from the expansion of the macro `table` (in Nightly builds, run with -Z macro-backtrace for more info)
[INFO] [stderr] 
[INFO] [stderr] warning: non-local `impl` definition, `impl` blocks should be written at the same level as their item
[INFO] [stderr]   --> src/db/schema.rs:11:1
[INFO] [stderr]    |
[INFO] [stderr] 11 | / table! {
[INFO] [stderr] 12 | |     users (id) {
[INFO] [stderr] 13 | |         id -> Integer,
[INFO] [stderr] 14 | |         name -> Text,
[INFO] [stderr] ...  |
[INFO] [stderr] 17 | |         scores -> Integer,
[INFO] [stderr]    | |         ------ `scores` is not local
[INFO] [stderr] 18 | |     }
[INFO] [stderr] 19 | | }
[INFO] [stderr]    | | ^
[INFO] [stderr]    | | |
[INFO] [stderr]    | |_`QueryId` is not local
[INFO] [stderr]    |   move the `impl` block outside of this function `_impl_query_id_for_scores`
[INFO] [stderr]    |
[INFO] [stderr]    = note: the derive macro `QueryId` defines the non-local `impl`, and may need to be changed
[INFO] [stderr]    = note: the derive macro `QueryId` may come from an old version of the `diesel_derives` crate, try updating your dependency with `cargo update -p diesel_derives`
[INFO] [stderr]    = note: an `impl` is never scoped, even when it is nested inside an item, as it may impact type checking outside of that item, which can be the case if neither the trait or the self type are at the same nesting level as the `impl`
[INFO] [stderr]    = note: this warning originates in the derive macro `QueryId` which comes from the expansion of the macro `table` (in Nightly builds, run with -Z macro-backtrace for more info)
[INFO] [stderr] 
[INFO] [stderr] warning: `driving-tests-site` (lib) generated 20 warnings
[INFO] [stderr] warning: `driving-tests-site` (lib test) generated 20 warnings (20 duplicates)
[INFO] [stderr]     Finished `test` profile [unoptimized + debuginfo] target(s) in 0.19s
[INFO] [stderr]      Running unittests src/lib.rs (/opt/rustwide/target/debug/deps/lib-9410be73fbca6a13)
[INFO] [stdout] 
[INFO] [stdout] running 9 tests
[INFO] [stdout] test db::_tests::encrypted_decrypt_password ... ok
[INFO] [stdout] test db::_tests::check_if_user_exist_for_existing_user ... FAILED
[INFO] [stdout] test db::_tests::verify_password_for_correct_password ... FAILED
[INFO] [stdout] test db::_tests::verify_password_for_incorrect_password ... FAILED
[INFO] [stdout] test db::_tests::connection_to_db ... FAILED
[INFO] [stdout] test db::_tests::check_if_user_exist_for_not_existing_user ... FAILED
[INFO] [stdout] test db::_tests::get_scores_for_just_registered_user ... FAILED
[INFO] [stdout] test db::_tests::registry_new_user_test ... FAILED
[INFO] [stdout] test db::_tests::get_scores_for_after_add_scores_returns_right_scores_value ... FAILED
[INFO] [stdout] 
[INFO] [stdout] failures:
[INFO] [stdout] 
[INFO] [stdout] ---- db::_tests::check_if_user_exist_for_existing_user stdout ----
[INFO] [stdout] thread 'db::_tests::check_if_user_exist_for_existing_user' panicked at src/db/mod.rs:78:10:
[INFO] [stdout] Failed to crate DB pool: Error(Some("unable to open database file"))
[INFO] [stdout] stack backtrace:
[INFO] [stdout]    0:     0x5c09ab55752a - std::backtrace_rs::backtrace::libunwind::trace::h207520d6e9873551
[INFO] [stdout]                                at /rustc/df4ca44d3fbc9301ee17f30f4d474e6ae4b05252/library/std/src/../../backtrace/src/backtrace/libunwind.rs:116:5
[INFO] [stdout]    1:     0x5c09ab55752a - std::backtrace_rs::backtrace::trace_unsynchronized::h2ed7433f370e3eca
[INFO] [stdout]                                at /rustc/df4ca44d3fbc9301ee17f30f4d474e6ae4b05252/library/std/src/../../backtrace/src/backtrace/mod.rs:66:5
[INFO] [stdout]    2:     0x5c09ab55752a - std::sys::backtrace::_print_fmt::h916fac51166b18d7
[INFO] [stdout]                                at /rustc/df4ca44d3fbc9301ee17f30f4d474e6ae4b05252/library/std/src/sys/backtrace.rs:66:9
[INFO] [stdout]    3:     0x5c09ab55752a - <std::sys::backtrace::BacktraceLock::print::DisplayBacktrace as core::fmt::Display>::fmt::ha0a4c9b8ce3802e6
[INFO] [stdout]                                at /rustc/df4ca44d3fbc9301ee17f30f4d474e6ae4b05252/library/std/src/sys/backtrace.rs:39:26
[INFO] [stdout]    4:     0x5c09ab57f113 - core::fmt::rt::Argument::fmt::h4cfc8587d52b3eb5
[INFO] [stdout]                                at /rustc/df4ca44d3fbc9301ee17f30f4d474e6ae4b05252/library/core/src/fmt/rt.rs:177:76
[INFO] [stdout]    5:     0x5c09ab57f113 - core::fmt::write::h522cc39e5b36ae9f
[INFO] [stdout]                                at /rustc/df4ca44d3fbc9301ee17f30f4d474e6ae4b05252/library/core/src/fmt/mod.rs:1190:21
[INFO] [stdout]    6:     0x5c09ab553d73 - std::io::Write::write_fmt::h7d3c26752da97734
[INFO] [stdout]                                at /rustc/df4ca44d3fbc9301ee17f30f4d474e6ae4b05252/library/std/src/io/mod.rs:1839:15
[INFO] [stdout]    7:     0x5c09ab557372 - std::sys::backtrace::BacktraceLock::print::h4b9e00b29e9c0942
[INFO] [stdout]                                at /rustc/df4ca44d3fbc9301ee17f30f4d474e6ae4b05252/library/std/src/sys/backtrace.rs:42:9
[INFO] [stdout]    8:     0x5c09ab5589ba - std::panicking::default_hook::{{closure}}::hb59b88280d0324d9
[INFO] [stdout]                                at /rustc/df4ca44d3fbc9301ee17f30f4d474e6ae4b05252/library/std/src/panicking.rs:268:22
[INFO] [stdout]    9:     0x5c09ab5587c4 - std::panicking::default_hook::he1dd496665be4a29
[INFO] [stdout]                                at /rustc/df4ca44d3fbc9301ee17f30f4d474e6ae4b05252/library/std/src/panicking.rs:292:9
[INFO] [stdout]   10:     0x5c09ab09a199 - <alloc::boxed::Box<F,A> as core::ops::function::Fn<Args>>::call::h4ff71de18744e1dc
[INFO] [stdout]                                at /rustc/df4ca44d3fbc9301ee17f30f4d474e6ae4b05252/library/alloc/src/boxed.rs:2468:9
[INFO] [stdout]   11:     0x5c09ab09a199 - test::test_main::{{closure}}::hcf7c055ce117aa81
[INFO] [stdout]                                at /rustc/df4ca44d3fbc9301ee17f30f4d474e6ae4b05252/library/test/src/lib.rs:133:21
[INFO] [stdout]   12:     0x5c09ab5590b8 - <alloc::boxed::Box<F,A> as core::ops::function::Fn<Args>>::call::h1d66c6bbd60c9692
[INFO] [stdout]                                at /rustc/df4ca44d3fbc9301ee17f30f4d474e6ae4b05252/library/alloc/src/boxed.rs:2468:9
[INFO] [stdout]   13:     0x5c09ab5590b8 - std::panicking::rust_panic_with_hook::h2ff17fe8f26dfcf8
[INFO] [stdout]                                at /rustc/df4ca44d3fbc9301ee17f30f4d474e6ae4b05252/library/std/src/panicking.rs:809:13
[INFO] [stdout]   14:     0x5c09ab558e7a - std::panicking::begin_panic_handler::{{closure}}::h4fad77951c07e101
[INFO] [stdout]                                at /rustc/df4ca44d3fbc9301ee17f30f4d474e6ae4b05252/library/std/src/panicking.rs:674:13
[INFO] [stdout]   15:     0x5c09ab557a09 - std::sys::backtrace::__rust_end_short_backtrace::hb1a25b3da5d0ea08
[INFO] [stdout]                                at /rustc/df4ca44d3fbc9301ee17f30f4d474e6ae4b05252/library/std/src/sys/backtrace.rs:170:18
[INFO] [stdout]   16:     0x5c09ab558b0c - rust_begin_unwind
[INFO] [stdout]                                at /rustc/df4ca44d3fbc9301ee17f30f4d474e6ae4b05252/library/std/src/panicking.rs:665:5
[INFO] [stdout]   17:     0x5c09ab57d200 - core::panicking::panic_fmt::ha9db07b529f9b256
[INFO] [stdout]                                at /rustc/df4ca44d3fbc9301ee17f30f4d474e6ae4b05252/library/core/src/panicking.rs:75:14
[INFO] [stdout]   18:     0x5c09ab57d686 - core::result::unwrap_failed::h5e8218e4d4338b8a
[INFO] [stdout]                                at /rustc/df4ca44d3fbc9301ee17f30f4d474e6ae4b05252/library/core/src/result.rs:1698:5
[INFO] [stdout]   19:     0x5c09ab02819a - core::result::Result<T,E>::expect::ha7378d564117366f
[INFO] [stdout]                                at /rustc/df4ca44d3fbc9301ee17f30f4d474e6ae4b05252/library/core/src/result.rs:1060:23
[INFO] [stdout]   20:     0x5c09ab05b5eb - lib::db::establish_connection::h41de4a5e8b4b3de8
[INFO] [stdout]                                at /opt/rustwide/workdir/src/db/mod.rs:70:5
[INFO] [stdout]   21:     0x5c09ab033b16 - <lib::db::_tests::DB as core::ops::deref::Deref>::deref::__static_ref_initialize::h98e7b3a7e8ef0783
[INFO] [stdout]                                at /opt/rustwide/workdir/src/db/mod.rs:329:33
[INFO] [stdout]   22:     0x5c09ab033b16 - core::ops::function::FnOnce::call_once::hcb60ce5428e56740
[INFO] [stdout]                                at /rustc/df4ca44d3fbc9301ee17f30f4d474e6ae4b05252/library/core/src/ops/function.rs:250:5
[INFO] [stdout]   23:     0x5c09ab036cd9 - spin::once::Once<T,R>::call_once::{{closure}}::h614afd445d5ba731
[INFO] [stdout]                                at /opt/rustwide/cargo-home/registry/src/index.crates.io-6f17d22bba15001f/spin-0.9.8/src/once.rs:169:72
[INFO] [stdout]   24:     0x5c09ab03693e - spin::once::Once<T,R>::try_call_once_slow::h9f149c4a97b486bb
[INFO] [stdout]                                at /opt/rustwide/cargo-home/registry/src/index.crates.io-6f17d22bba15001f/spin-0.9.8/src/once.rs:255:29
[INFO] [stdout]   25:     0x5c09ab036745 - spin::once::Once<T,R>::try_call_once::h6628d1d5599edf9b
[INFO] [stdout]                                at /opt/rustwide/cargo-home/registry/src/index.crates.io-6f17d22bba15001f/spin-0.9.8/src/once.rs:212:13
[INFO] [stdout]   26:     0x5c09ab036cae - spin::once::Once<T,R>::call_once::h1fbdc477156850fa
[INFO] [stdout]                                at /opt/rustwide/cargo-home/registry/src/index.crates.io-6f17d22bba15001f/spin-0.9.8/src/once.rs:169:15
[INFO] [stdout]   27:     0x5c09ab053f61 - lazy_static::lazy::Lazy<T>::get::h534e7954d3f1e67f
[INFO] [stdout]                                at /opt/rustwide/cargo-home/registry/src/index.crates.io-6f17d22bba15001f/lazy_static-1.5.0/src/core_lazy.rs:22:9
[INFO] [stdout]   28:     0x5c09ab053f61 - <lib::db::_tests::DB as core::ops::deref::Deref>::deref::__stability::hd866532c2cc92a43
[INFO] [stdout]                                at /opt/rustwide/cargo-home/registry/src/index.crates.io-6f17d22bba15001f/lazy_static-1.5.0/src/lib.rs:135:21
[INFO] [stdout]   29:     0x5c09ab053f61 - <lib::db::_tests::DB as core::ops::deref::Deref>::deref::h3e3c3fcc0a21e143
[INFO] [stdout]                                at /opt/rustwide/cargo-home/registry/src/index.crates.io-6f17d22bba15001f/lazy_static-1.5.0/src/lib.rs:137:17
[INFO] [stdout]   30:     0x5c09ab05466b - lib::db::_tests::check_if_user_exist_for_existing_user::h34a1f68e29b77514
[INFO] [stdout]                                at /opt/rustwide/workdir/src/db/mod.rs:371:33
[INFO] [stdout]   31:     0x5c09ab054627 - lib::db::_tests::check_if_user_exist_for_existing_user::{{closure}}::hd6a68e370f6bab9f
[INFO] [stdout]                                at /opt/rustwide/workdir/src/db/mod.rs:370:47
[INFO] [stdout]   32:     0x5c09ab033896 - core::ops::function::FnOnce::call_once::h53bc7c87d2085247
[INFO] [stdout]                                at /rustc/df4ca44d3fbc9301ee17f30f4d474e6ae4b05252/library/core/src/ops/function.rs:250:5
[INFO] [stdout]   33:     0x5c09ab09ea6b - core::ops::function::FnOnce::call_once::h22c3ba5715e93f05
[INFO] [stdout]                                at /rustc/df4ca44d3fbc9301ee17f30f4d474e6ae4b05252/library/core/src/ops/function.rs:250:5
[INFO] [stdout]   34:     0x5c09ab09ea6b - test::__rust_begin_short_backtrace::h8e82d8113d0da17f
[INFO] [stdout]                                at /rustc/df4ca44d3fbc9301ee17f30f4d474e6ae4b05252/library/test/src/lib.rs:621:18
[INFO] [stdout]   35:     0x5c09ab09e3e7 - test::run_test_in_process::{{closure}}::h33235f4f20b7b7c7
[INFO] [stdout]                                at /rustc/df4ca44d3fbc9301ee17f30f4d474e6ae4b05252/library/test/src/lib.rs:644:60
[INFO] [stdout]   36:     0x5c09ab09e3e7 - <core::panic::unwind_safe::AssertUnwindSafe<F> as core::ops::function::FnOnce<()>>::call_once::hb5043206310c586f
[INFO] [stdout]                                at /rustc/df4ca44d3fbc9301ee17f30f4d474e6ae4b05252/library/core/src/panic/unwind_safe.rs:272:9
[INFO] [stdout]   37:     0x5c09ab09e3e7 - std::panicking::try::do_call::h9ad4731a60ab23e2
[INFO] [stdout]                                at /rustc/df4ca44d3fbc9301ee17f30f4d474e6ae4b05252/library/std/src/panicking.rs:557:40
[INFO] [stdout]   38:     0x5c09ab09e3e7 - std::panicking::try::h3824d23db772a716
[INFO] [stdout]                                at /rustc/df4ca44d3fbc9301ee17f30f4d474e6ae4b05252/library/std/src/panicking.rs:520:19
[INFO] [stdout]   39:     0x5c09ab09e3e7 - std::panic::catch_unwind::h5afd514605fde46b
[INFO] [stdout]                                at /rustc/df4ca44d3fbc9301ee17f30f4d474e6ae4b05252/library/std/src/panic.rs:358:14
[INFO] [stdout]   40:     0x5c09ab09e3e7 - test::run_test_in_process::h0d5cbfa7067d1720
[INFO] [stdout]                                at /rustc/df4ca44d3fbc9301ee17f30f4d474e6ae4b05252/library/test/src/lib.rs:644:27
[INFO] [stdout]   41:     0x5c09ab09e3e7 - test::run_test::{{closure}}::h708eb8872708115d
[INFO] [stdout]                                at /rustc/df4ca44d3fbc9301ee17f30f4d474e6ae4b05252/library/test/src/lib.rs:565:43
[INFO] [stdout]   42:     0x5c09ab061b04 - test::run_test::{{closure}}::h392c51cee94713ab
[INFO] [stdout]                                at /rustc/df4ca44d3fbc9301ee17f30f4d474e6ae4b05252/library/test/src/lib.rs:595:41
[INFO] [stdout]   43:     0x5c09ab061b04 - std::sys::backtrace::__rust_begin_short_backtrace::h2f40290710935a8b
[INFO] [stdout]                                at /rustc/df4ca44d3fbc9301ee17f30f4d474e6ae4b05252/library/std/src/sys/backtrace.rs:154:18
[INFO] [stdout]   44:     0x5c09ab0652ae - std::thread::Builder::spawn_unchecked_::{{closure}}::{{closure}}::h3fd968d89053a903
[INFO] [stdout]                                at /rustc/df4ca44d3fbc9301ee17f30f4d474e6ae4b05252/library/std/src/thread/mod.rs:541:17
[INFO] [stdout]   45:     0x5c09ab0652ae - <core::panic::unwind_safe::AssertUnwindSafe<F> as core::ops::function::FnOnce<()>>::call_once::h743f637ba4229880
[INFO] [stdout]                                at /rustc/df4ca44d3fbc9301ee17f30f4d474e6ae4b05252/library/core/src/panic/unwind_safe.rs:272:9
[INFO] [stdout]   46:     0x5c09ab0652ae - std::panicking::try::do_call::h07440897322525a6
[INFO] [stdout]                                at /rustc/df4ca44d3fbc9301ee17f30f4d474e6ae4b05252/library/std/src/panicking.rs:557:40
[INFO] [stdout]   47:     0x5c09ab0652ae - std::panicking::try::he5a2e00188156637
[INFO] [stdout]                                at /rustc/df4ca44d3fbc9301ee17f30f4d474e6ae4b05252/library/std/src/panicking.rs:520:19
[INFO] [stdout]   48:     0x5c09ab0652ae - std::panic::catch_unwind::hbaf3cae49b3c6433
[INFO] [stdout]                                at /rustc/df4ca44d3fbc9301ee17f30f4d474e6ae4b05252/library/std/src/panic.rs:358:14
[INFO] [stdout]   49:     0x5c09ab0652ae - std::thread::Builder::spawn_unchecked_::{{closure}}::h8e141ea224820bce
[INFO] [stdout]                                at /rustc/df4ca44d3fbc9301ee17f30f4d474e6ae4b05252/library/std/src/thread/mod.rs:540:30
[INFO] [stdout]   50:     0x5c09ab0652ae - core::ops::function::FnOnce::call_once{{vtable.shim}}::h90d312fedd7b8ea8
[INFO] [stdout]                                at /rustc/df4ca44d3fbc9301ee17f30f4d474e6ae4b05252/library/core/src/ops/function.rs:250:5
[INFO] [stdout]   51:     0x5c09ab55d19b - <alloc::boxed::Box<F,A> as core::ops::function::FnOnce<Args>>::call_once::h69aa08ddb6adb8b6
[INFO] [stdout]                                at /rustc/df4ca44d3fbc9301ee17f30f4d474e6ae4b05252/library/alloc/src/boxed.rs:2454:9
[INFO] [stdout]   52:     0x5c09ab55d19b - <alloc::boxed::Box<F,A> as core::ops::function::FnOnce<Args>>::call_once::h5aa36efdb79c806f
[INFO] [stdout]                                at /rustc/df4ca44d3fbc9301ee17f30f4d474e6ae4b05252/library/alloc/src/boxed.rs:2454:9
[INFO] [stdout]   53:     0x5c09ab55d19b - std::sys::pal::unix::thread::Thread::new::thread_start::h6cd80a1b4be5158d
[INFO] [stdout]                                at /rustc/df4ca44d3fbc9301ee17f30f4d474e6ae4b05252/library/std/src/sys/pal/unix/thread.rs:105:17
[INFO] [stdout]   54:     0x7b4b02f5cac3 - <unknown>
[INFO] [stdout]   55:     0x7b4b02feda04 - clone
[INFO] [stdout]   56:                0x0 - <unknown>
[INFO] [stdout] 
[INFO] [stdout] ---- db::_tests::verify_password_for_correct_password stdout ----
[INFO] [stdout] thread 'db::_tests::verify_password_for_correct_password' panicked at /opt/rustwide/cargo-home/registry/src/index.crates.io-6f17d22bba15001f/spin-0.9.8/src/once.rs:334:37:
[INFO] [stdout] Once previously poisoned by a panicked
[INFO] [stdout] stack backtrace:
[INFO] [stdout]    0:     0x5c09ab55752a - std::backtrace_rs::backtrace::libunwind::trace::h207520d6e9873551
[INFO] [stdout]                                at /rustc/df4ca44d3fbc9301ee17f30f4d474e6ae4b05252/library/std/src/../../backtrace/src/backtrace/libunwind.rs:116:5
[INFO] [stdout]    1:     0x5c09ab55752a - std::backtrace_rs::backtrace::trace_unsynchronized::h2ed7433f370e3eca
[INFO] [stdout]                                at /rustc/df4ca44d3fbc9301ee17f30f4d474e6ae4b05252/library/std/src/../../backtrace/src/backtrace/mod.rs:66:5
[INFO] [stdout]    2:     0x5c09ab55752a - std::sys::backtrace::_print_fmt::h916fac51166b18d7
[INFO] [stdout]                                at /rustc/df4ca44d3fbc9301ee17f30f4d474e6ae4b05252/library/std/src/sys/backtrace.rs:66:9
[INFO] [stdout]    3:     0x5c09ab55752a - <std::sys::backtrace::BacktraceLock::print::DisplayBacktrace as core::fmt::Display>::fmt::ha0a4c9b8ce3802e6
[INFO] [stdout]                                at /rustc/df4ca44d3fbc9301ee17f30f4d474e6ae4b05252/library/std/src/sys/backtrace.rs:39:26
[INFO] [stdout]    4:     0x5c09ab57f113 - core::fmt::rt::Argument::fmt::h4cfc8587d52b3eb5
[INFO] [stdout]                                at /rustc/df4ca44d3fbc9301ee17f30f4d474e6ae4b05252/library/core/src/fmt/rt.rs:177:76
[INFO] [stdout]    5:     0x5c09ab57f113 - core::fmt::write::h522cc39e5b36ae9f
[INFO] [stdout]                                at /rustc/df4ca44d3fbc9301ee17f30f4d474e6ae4b05252/library/core/src/fmt/mod.rs:1190:21
[INFO] [stdout]    6:     0x5c09ab553d73 - std::io::Write::write_fmt::h7d3c26752da97734
[INFO] [stdout]                                at /rustc/df4ca44d3fbc9301ee17f30f4d474e6ae4b05252/library/std/src/io/mod.rs:1839:15
[INFO] [stdout]    7:     0x5c09ab557372 - std::sys::backtrace::BacktraceLock::print::h4b9e00b29e9c0942
[INFO] [stdout]                                at /rustc/df4ca44d3fbc9301ee17f30f4d474e6ae4b05252/library/std/src/sys/backtrace.rs:42:9
[INFO] [stdout]    8:     0x5c09ab5589ba - std::panicking::default_hook::{{closure}}::hb59b88280d0324d9
[INFO] [stdout]                                at /rustc/df4ca44d3fbc9301ee17f30f4d474e6ae4b05252/library/std/src/panicking.rs:268:22
[INFO] [stdout]    9:     0x5c09ab5587c4 - std::panicking::default_hook::he1dd496665be4a29
[INFO] [stdout]                                at /rustc/df4ca44d3fbc9301ee17f30f4d474e6ae4b05252/library/std/src/panicking.rs:292:9
[INFO] [stdout]   10:     0x5c09ab09a199 - <alloc::boxed::Box<F,A> as core::ops::function::Fn<Args>>::call::h4ff71de18744e1dc
[INFO] [stdout]                                at /rustc/df4ca44d3fbc9301ee17f30f4d474e6ae4b05252/library/alloc/src/boxed.rs:2468:9
[INFO] [stdout]   11:     0x5c09ab09a199 - test::test_main::{{closure}}::hcf7c055ce117aa81
[INFO] [stdout]                                at /rustc/df4ca44d3fbc9301ee17f30f4d474e6ae4b05252/library/test/src/lib.rs:133:21
[INFO] [stdout]   12:     0x5c09ab5590b8 - <alloc::boxed::Box<F,A> as core::ops::function::Fn<Args>>::call::h1d66c6bbd60c9692
[INFO] [stdout]                                at /rustc/df4ca44d3fbc9301ee17f30f4d474e6ae4b05252/library/alloc/src/boxed.rs:2468:9
[INFO] [stdout]   13:     0x5c09ab5590b8 - std::panicking::rust_panic_with_hook::h2ff17fe8f26dfcf8
[INFO] [stdout]                                at /rustc/df4ca44d3fbc9301ee17f30f4d474e6ae4b05252/library/std/src/panicking.rs:809:13
[INFO] [stdout]   14:     0x5c09ab558e46 - std::panicking::begin_panic_handler::{{closure}}::h4fad77951c07e101
[INFO] [stdout]                                at /rustc/df4ca44d3fbc9301ee17f30f4d474e6ae4b05252/library/std/src/panicking.rs:667:13
[INFO] [stdout]   15:     0x5c09ab557a09 - std::sys::backtrace::__rust_end_short_backtrace::hb1a25b3da5d0ea08
[INFO] [stdout]                                at /rustc/df4ca44d3fbc9301ee17f30f4d474e6ae4b05252/library/std/src/sys/backtrace.rs:170:18
[INFO] [stdout]   16:     0x5c09ab558b0c - rust_begin_unwind
[INFO] [stdout]                                at /rustc/df4ca44d3fbc9301ee17f30f4d474e6ae4b05252/library/std/src/panicking.rs:665:5
[INFO] [stdout]   17:     0x5c09ab57d200 - core::panicking::panic_fmt::ha9db07b529f9b256
[INFO] [stdout]                                at /rustc/df4ca44d3fbc9301ee17f30f4d474e6ae4b05252/library/core/src/panicking.rs:75:14
[INFO] [stdout]   18:     0x5c09ab57d28c - core::panicking::panic::h993086813d94accc
[INFO] [stdout]                                at /rustc/df4ca44d3fbc9301ee17f30f4d474e6ae4b05252/library/core/src/panicking.rs:152:5
[INFO] [stdout]   19:     0x5c09ab036c90 - spin::once::Once<T,R>::poll::hba134f0863c7ac7a
[INFO] [stdout]                                at /opt/rustwide/cargo-home/registry/src/index.crates.io-6f17d22bba15001f/spin-0.9.8/src/once.rs:334:37
[INFO] [stdout]   20:     0x5c09ab036ad4 - spin::once::Once<T,R>::try_call_once_slow::h9f149c4a97b486bb
[INFO] [stdout]                                at /opt/rustwide/cargo-home/registry/src/index.crates.io-6f17d22bba15001f/spin-0.9.8/src/once.rs:231:47
[INFO] [stdout]   21:     0x5c09ab036745 - spin::once::Once<T,R>::try_call_once::h6628d1d5599edf9b
[INFO] [stdout]                                at /opt/rustwide/cargo-home/registry/src/index.crates.io-6f17d22bba15001f/spin-0.9.8/src/once.rs:212:13
[INFO] [stdout]   22:     0x5c09ab036cae - spin::once::Once<T,R>::call_once::h1fbdc477156850fa
[INFO] [stdout]                                at /opt/rustwide/cargo-home/registry/src/index.crates.io-6f17d22bba15001f/spin-0.9.8/src/once.rs:169:15
[INFO] [stdout]   23:     0x5c09ab053f61 - lazy_static::lazy::Lazy<T>::get::h534e7954d3f1e67f
[INFO] [stdout]                                at /opt/rustwide/cargo-home/registry/src/index.crates.io-6f17d22bba15001f/lazy_static-1.5.0/src/core_lazy.rs:22:9
[INFO] [stdout]   24:     0x5c09ab053f61 - <lib::db::_tests::DB as core::ops::deref::Deref>::deref::__stability::hd866532c2cc92a43
[INFO] [stdout]                                at /opt/rustwide/cargo-home/registry/src/index.crates.io-6f17d22bba15001f/lazy_static-1.5.0/src/lib.rs:135:21
[INFO] [stdout]   25:     0x5c09ab053f61 - <lib::db::_tests::DB as core::ops::deref::Deref>::deref::h3e3c3fcc0a21e143
[INFO] [stdout]                                at /opt/rustwide/cargo-home/registry/src/index.crates.io-6f17d22bba15001f/lazy_static-1.5.0/src/lib.rs:137:17
[INFO] [stdout]   26:     0x5c09ab054c8b - lib::db::_tests::verify_password_for_correct_password::h3242d2157430e7f5
[INFO] [stdout]                                at /opt/rustwide/workdir/src/db/mod.rs:394:33
[INFO] [stdout]   27:     0x5c09ab054c47 - lib::db::_tests::verify_password_for_correct_password::{{closure}}::he03f9c62d7002e3b
[INFO] [stdout]                                at /opt/rustwide/workdir/src/db/mod.rs:393:46
[INFO] [stdout]   28:     0x5c09ab033706 - core::ops::function::FnOnce::call_once::h316999d3af380a1c
[INFO] [stdout]                                at /rustc/df4ca44d3fbc9301ee17f30f4d474e6ae4b05252/library/core/src/ops/function.rs:250:5
[INFO] [stdout]   29:     0x5c09ab09ea6b - core::ops::function::FnOnce::call_once::h22c3ba5715e93f05
[INFO] [stdout]                                at /rustc/df4ca44d3fbc9301ee17f30f4d474e6ae4b05252/library/core/src/ops/function.rs:250:5
[INFO] [stdout]   30:     0x5c09ab09ea6b - test::__rust_begin_short_backtrace::h8e82d8113d0da17f
[INFO] [stdout]                                at /rustc/df4ca44d3fbc9301ee17f30f4d474e6ae4b05252/library/test/src/lib.rs:621:18
[INFO] [stdout]   31:     0x5c09ab09e3e7 - test::run_test_in_process::{{closure}}::h33235f4f20b7b7c7
[INFO] [stdout]                                at /rustc/df4ca44d3fbc9301ee17f30f4d474e6ae4b05252/library/test/src/lib.rs:644:60
[INFO] [stdout]   32:     0x5c09ab09e3e7 - <core::panic::unwind_safe::AssertUnwindSafe<F> as core::ops::function::FnOnce<()>>::call_once::hb5043206310c586f
[INFO] [stdout]                                at /rustc/df4ca44d3fbc9301ee17f30f4d474e6ae4b05252/library/core/src/panic/unwind_safe.rs:272:9
[INFO] [stdout]   33:     0x5c09ab09e3e7 - std::panicking::try::do_call::h9ad4731a60ab23e2
[INFO] [stdout]                                at /rustc/df4ca44d3fbc9301ee17f30f4d474e6ae4b05252/library/std/src/panicking.rs:557:40
[INFO] [stdout]   34:     0x5c09ab09e3e7 - std::panicking::try::h3824d23db772a716
[INFO] [stdout]                                at /rustc/df4ca44d3fbc9301ee17f30f4d474e6ae4b05252/library/std/src/panicking.rs:520:19
[INFO] [stdout]   35:     0x5c09ab09e3e7 - std::panic::catch_unwind::h5afd514605fde46b
[INFO] [stdout]                                at /rustc/df4ca44d3fbc9301ee17f30f4d474e6ae4b05252/library/std/src/panic.rs:358:14
[INFO] [stdout]   36:     0x5c09ab09e3e7 - test::run_test_in_process::h0d5cbfa7067d1720
[INFO] [stdout]                                at /rustc/df4ca44d3fbc9301ee17f30f4d474e6ae4b05252/library/test/src/lib.rs:644:27
[INFO] [stdout]   37:     0x5c09ab09e3e7 - test::run_test::{{closure}}::h708eb8872708115d
[INFO] [stdout]                                at /rustc/df4ca44d3fbc9301ee17f30f4d474e6ae4b05252/library/test/src/lib.rs:565:43
[INFO] [stdout]   38:     0x5c09ab061b04 - test::run_test::{{closure}}::h392c51cee94713ab
[INFO] [stdout]                                at /rustc/df4ca44d3fbc9301ee17f30f4d474e6ae4b05252/library/test/src/lib.rs:595:41
[INFO] [stdout]   39:     0x5c09ab061b04 - std::sys::backtrace::__rust_begin_short_backtrace::h2f40290710935a8b
[INFO] [stdout]                                at /rustc/df4ca44d3fbc9301ee17f30f4d474e6ae4b05252/library/std/src/sys/backtrace.rs:154:18
[INFO] [stdout]   40:     0x5c09ab0652ae - std::thread::Builder::spawn_unchecked_::{{closure}}::{{closure}}::h3fd968d89053a903
[INFO] [stdout]                                at /rustc/df4ca44d3fbc9301ee17f30f4d474e6ae4b05252/library/std/src/thread/mod.rs:541:17
[INFO] [stdout]   41:     0x5c09ab0652ae - <core::panic::unwind_safe::AssertUnwindSafe<F> as core::ops::function::FnOnce<()>>::call_once::h743f637ba4229880
[INFO] [stdout]                                at /rustc/df4ca44d3fbc9301ee17f30f4d474e6ae4b05252/library/core/src/panic/unwind_safe.rs:272:9
[INFO] [stdout]   42:     0x5c09ab0652ae - std::panicking::try::do_call::h07440897322525a6
[INFO] [stdout]                                at /rustc/df4ca44d3fbc9301ee17f30f4d474e6ae4b05252/library/std/src/panicking.rs:557:40
[INFO] [stdout]   43:     0x5c09ab0652ae - std::panicking::try::he5a2e00188156637
[INFO] [stdout]                                at /rustc/df4ca44d3fbc9301ee17f30f4d474e6ae4b05252/library/std/src/panicking.rs:520:19
[INFO] [stdout]   44:     0x5c09ab0652ae - std::panic::catch_unwind::hbaf3cae49b3c6433
[INFO] [stdout]                                at /rustc/df4ca44d3fbc9301ee17f30f4d474e6ae4b05252/library/std/src/panic.rs:358:14
[INFO] [stdout]   45:     0x5c09ab0652ae - std::thread::Builder::spawn_unchecked_::{{closure}}::h8e141ea224820bce
[INFO] [stdout]                                at /rustc/df4ca44d3fbc9301ee17f30f4d474e6ae4b05252/library/std/src/thread/mod.rs:540:30
[INFO] [stdout]   46:     0x5c09ab0652ae - core::ops::function::FnOnce::call_once{{vtable.shim}}::h90d312fedd7b8ea8
[INFO] [stdout]                                at /rustc/df4ca44d3fbc9301ee17f30f4d474e6ae4b05252/library/core/src/ops/function.rs:250:5
[INFO] [stdout]   47:     0x5c09ab55d19b - <alloc::boxed::Box<F,A> as core::ops::function::FnOnce<Args>>::call_once::h69aa08ddb6adb8b6
[INFO] [stdout]                                at /rustc/df4ca44d3fbc9301ee17f30f4d474e6ae4b05252/library/alloc/src/boxed.rs:2454:9
[INFO] [stdout]   48:     0x5c09ab55d19b - <alloc::boxed::Box<F,A> as core::ops::function::FnOnce<Args>>::call_once::h5aa36efdb79c806f
[INFO] [stdout]                                at /rustc/df4ca44d3fbc9301ee17f30f4d474e6ae4b05252/library/alloc/src/boxed.rs:2454:9
[INFO] [stdout]   49:     0x5c09ab55d19b - std::sys::pal::unix::thread::Thread::new::thread_start::h6cd80a1b4be5158d
[INFO] [stdout]                                at /rustc/df4ca44d3fbc9301ee17f30f4d474e6ae4b05252/library/std/src/sys/pal/unix/thread.rs:105:17
[INFO] [stdout]   50:     0x7b4b02f5cac3 - <unknown>
[INFO] [stdout]   51:     0x7b4b02feda04 - clone
[INFO] [stdout]   52:                0x0 - <unknown>
[INFO] [stdout] 
[INFO] [stdout] ---- db::_tests::verify_password_for_incorrect_password stdout ----
[INFO] [stdout] thread 'db::_tests::verify_password_for_incorrect_password' panicked at /opt/rustwide/cargo-home/registry/src/index.crates.io-6f17d22bba15001f/spin-0.9.8/src/once.rs:334:37:
[INFO] [stdout] Once previously poisoned by a panicked
[INFO] [stdout] stack backtrace:
[INFO] [stdout]    0:     0x5c09ab55752a - std::backtrace_rs::backtrace::libunwind::trace::h207520d6e9873551
[INFO] [stdout]                                at /rustc/df4ca44d3fbc9301ee17f30f4d474e6ae4b05252/library/std/src/../../backtrace/src/backtrace/libunwind.rs:116:5
[INFO] [stdout]    1:     0x5c09ab55752a - std::backtrace_rs::backtrace::trace_unsynchronized::h2ed7433f370e3eca
[INFO] [stdout]                                at /rustc/df4ca44d3fbc9301ee17f30f4d474e6ae4b05252/library/std/src/../../backtrace/src/backtrace/mod.rs:66:5
[INFO] [stdout]    2:     0x5c09ab55752a - std::sys::backtrace::_print_fmt::h916fac51166b18d7
[INFO] [stdout]                                at /rustc/df4ca44d3fbc9301ee17f30f4d474e6ae4b05252/library/std/src/sys/backtrace.rs:66:9
[INFO] [stdout]    3:     0x5c09ab55752a - <std::sys::backtrace::BacktraceLock::print::DisplayBacktrace as core::fmt::Display>::fmt::ha0a4c9b8ce3802e6
[INFO] [stdout]                                at /rustc/df4ca44d3fbc9301ee17f30f4d474e6ae4b05252/library/std/src/sys/backtrace.rs:39:26
[INFO] [stdout]    4:     0x5c09ab57f113 - core::fmt::rt::Argument::fmt::h4cfc8587d52b3eb5
[INFO] [stdout]                                at /rustc/df4ca44d3fbc9301ee17f30f4d474e6ae4b05252/library/core/src/fmt/rt.rs:177:76
[INFO] [stdout]    5:     0x5c09ab57f113 - core::fmt::write::h522cc39e5b36ae9f
[INFO] [stdout]                                at /rustc/df4ca44d3fbc9301ee17f30f4d474e6ae4b05252/library/core/src/fmt/mod.rs:1190:21
[INFO] [stdout]    6:     0x5c09ab553d73 - std::io::Write::write_fmt::h7d3c26752da97734
[INFO] [stdout]                                at /rustc/df4ca44d3fbc9301ee17f30f4d474e6ae4b05252/library/std/src/io/mod.rs:1839:15
[INFO] [stdout]    7:     0x5c09ab557372 - std::sys::backtrace::BacktraceLock::print::h4b9e00b29e9c0942
[INFO] [stdout]                                at /rustc/df4ca44d3fbc9301ee17f30f4d474e6ae4b05252/library/std/src/sys/backtrace.rs:42:9
[INFO] [stdout]    8:     0x5c09ab5589ba - std::panicking::default_hook::{{closure}}::hb59b88280d0324d9
[INFO] [stdout]                                at /rustc/df4ca44d3fbc9301ee17f30f4d474e6ae4b05252/library/std/src/panicking.rs:268:22
[INFO] [stdout]    9:     0x5c09ab5587c4 - std::panicking::default_hook::he1dd496665be4a29
[INFO] [stdout]                                at /rustc/df4ca44d3fbc9301ee17f30f4d474e6ae4b05252/library/std/src/panicking.rs:292:9
[INFO] [stdout]   10:     0x5c09ab09a199 - <alloc::boxed::Box<F,A> as core::ops::function::Fn<Args>>::call::h4ff71de18744e1dc
[INFO] [stdout]                                at /rustc/df4ca44d3fbc9301ee17f30f4d474e6ae4b05252/library/alloc/src/boxed.rs:2468:9
[INFO] [stdout]   11:     0x5c09ab09a199 - test::test_main::{{closure}}::hcf7c055ce117aa81
[INFO] [stdout]                                at /rustc/df4ca44d3fbc9301ee17f30f4d474e6ae4b05252/library/test/src/lib.rs:133:21
[INFO] [stdout]   12:     0x5c09ab5590b8 - <alloc::boxed::Box<F,A> as core::ops::function::Fn<Args>>::call::h1d66c6bbd60c9692
[INFO] [stdout]                                at /rustc/df4ca44d3fbc9301ee17f30f4d474e6ae4b05252/library/alloc/src/boxed.rs:2468:9
[INFO] [stdout]   13:     0x5c09ab5590b8 - std::panicking::rust_panic_with_hook::h2ff17fe8f26dfcf8
[INFO] [stdout]                                at /rustc/df4ca44d3fbc9301ee17f30f4d474e6ae4b05252/library/std/src/panicking.rs:809:13
[INFO] [stdout]   14:     0x5c09ab558e46 - std::panicking::begin_panic_handler::{{closure}}::h4fad77951c07e101
[INFO] [stdout]                                at /rustc/df4ca44d3fbc9301ee17f30f4d474e6ae4b05252/library/std/src/panicking.rs:667:13
[INFO] [stdout]   15:     0x5c09ab557a09 - std::sys::backtrace::__rust_end_short_backtrace::hb1a25b3da5d0ea08
[INFO] [stdout]                                at /rustc/df4ca44d3fbc9301ee17f30f4d474e6ae4b05252/library/std/src/sys/backtrace.rs:170:18
[INFO] [stdout]   16:     0x5c09ab558b0c - rust_begin_unwind
[INFO] [stdout]                                at /rustc/df4ca44d3fbc9301ee17f30f4d474e6ae4b05252/library/std/src/panicking.rs:665:5
[INFO] [stdout]   17:     0x5c09ab57d200 - core::panicking::panic_fmt::ha9db07b529f9b256
[INFO] [stdout]                                at /rustc/df4ca44d3fbc9301ee17f30f4d474e6ae4b05252/library/core/src/panicking.rs:75:14
[INFO] [stdout]   18:     0x5c09ab57d28c - core::panicking::panic::h993086813d94accc
[INFO] [stdout]                                at /rustc/df4ca44d3fbc9301ee17f30f4d474e6ae4b05252/library/core/src/panicking.rs:152:5
[INFO] [stdout]   19:     0x5c09ab036c90 - spin::once::Once<T,R>::poll::hba134f0863c7ac7a
[INFO] [stdout]                                at /opt/rustwide/cargo-home/registry/src/index.crates.io-6f17d22bba15001f/spin-0.9.8/src/once.rs:334:37
[INFO] [stdout]   20:     0x5c09ab036ad4 - spin::once::Once<T,R>::try_call_once_slow::h9f149c4a97b486bb
[INFO] [stdout]                                at /opt/rustwide/cargo-home/registry/src/index.crates.io-6f17d22bba15001f/spin-0.9.8/src/once.rs:231:47
[INFO] [stdout]   21:     0x5c09ab036745 - spin::once::Once<T,R>::try_call_once::h6628d1d5599edf9b
[INFO] [stdout]                                at /opt/rustwide/cargo-home/registry/src/index.crates.io-6f17d22bba15001f/spin-0.9.8/src/once.rs:212:13
[INFO] [stdout]   22:     0x5c09ab036cae - spin::once::Once<T,R>::call_once::h1fbdc477156850fa
[INFO] [stdout]                                at /opt/rustwide/cargo-home/registry/src/index.crates.io-6f17d22bba15001f/spin-0.9.8/src/once.rs:169:15
[INFO] [stdout]   23:     0x5c09ab053f61 - lazy_static::lazy::Lazy<T>::get::h534e7954d3f1e67f
[INFO] [stdout]                                at /opt/rustwide/cargo-home/registry/src/index.crates.io-6f17d22bba15001f/lazy_static-1.5.0/src/core_lazy.rs:22:9
[INFO] [stdout]   24:     0x5c09ab053f61 - <lib::db::_tests::DB as core::ops::deref::Deref>::deref::__stability::hd866532c2cc92a43
[INFO] [stdout]                                at /opt/rustwide/cargo-home/registry/src/index.crates.io-6f17d22bba15001f/lazy_static-1.5.0/src/lib.rs:135:21
[INFO] [stdout]   25:     0x5c09ab053f61 - <lib::db::_tests::DB as core::ops::deref::Deref>::deref::h3e3c3fcc0a21e143
[INFO] [stdout]                                at /opt/rustwide/cargo-home/registry/src/index.crates.io-6f17d22bba15001f/lazy_static-1.5.0/src/lib.rs:137:17
[INFO] [stdout]   26:     0x5c09ab0550e3 - lib::db::_tests::verify_password_for_incorrect_password::h6715c8d891db7df8
[INFO] [stdout]                                at /opt/rustwide/workdir/src/db/mod.rs:407:33
[INFO] [stdout]   27:     0x5c09ab055097 - lib::db::_tests::verify_password_for_incorrect_password::{{closure}}::h19f9b7b5b7cce98e
[INFO] [stdout]                                at /opt/rustwide/workdir/src/db/mod.rs:406:48
[INFO] [stdout]   28:     0x5c09ab033b36 - core::ops::function::FnOnce::call_once::hd9ddc82cf480d13f
[INFO] [stdout]                                at /rustc/df4ca44d3fbc9301ee17f30f4d474e6ae4b05252/library/core/src/ops/function.rs:250:5
[INFO] [stdout]   29:     0x5c09ab09ea6b - core::ops::function::FnOnce::call_once::h22c3ba5715e93f05
[INFO] [stdout]                                at /rustc/df4ca44d3fbc9301ee17f30f4d474e6ae4b05252/library/core/src/ops/function.rs:250:5
[INFO] [stdout]   30:     0x5c09ab09ea6b - test::__rust_begin_short_backtrace::h8e82d8113d0da17f
[INFO] [stdout]                                at /rustc/df4ca44d3fbc9301ee17f30f4d474e6ae4b05252/library/test/src/lib.rs:621:18
[INFO] [stdout]   31:     0x5c09ab09e3e7 - test::run_test_in_process::{{closure}}::h33235f4f20b7b7c7
[INFO] [stdout]                                at /rustc/df4ca44d3fbc9301ee17f30f4d474e6ae4b05252/library/test/src/lib.rs:644:60
[INFO] [stdout]   32:     0x5c09ab09e3e7 - <core::panic::unwind_safe::AssertUnwindSafe<F> as core::ops::function::FnOnce<()>>::call_once::hb5043206310c586f
[INFO] [stdout]                                at /rustc/df4ca44d3fbc9301ee17f30f4d474e6ae4b05252/library/core/src/panic/unwind_safe.rs:272:9
[INFO] [stdout]   33:     0x5c09ab09e3e7 - std::panicking::try::do_call::h9ad4731a60ab23e2
[INFO] [stdout]                                at /rustc/df4ca44d3fbc9301ee17f30f4d474e6ae4b05252/library/std/src/panicking.rs:557:40
[INFO] [stdout]   34:     0x5c09ab09e3e7 - std::panicking::try::h3824d23db772a716
[INFO] [stdout]                                at /rustc/df4ca44d3fbc9301ee17f30f4d474e6ae4b05252/library/std/src/panicking.rs:520:19
[INFO] [stdout]   35:     0x5c09ab09e3e7 - std::panic::catch_unwind::h5afd514605fde46b
[INFO] [stdout]                                at /rustc/df4ca44d3fbc9301ee17f30f4d474e6ae4b05252/library/std/src/panic.rs:358:14
[INFO] [stdout]   36:     0x5c09ab09e3e7 - test::run_test_in_process::h0d5cbfa7067d1720
[INFO] [stdout]                                at /rustc/df4ca44d3fbc9301ee17f30f4d474e6ae4b05252/library/test/src/lib.rs:644:27
[INFO] [stdout]   37:     0x5c09ab09e3e7 - test::run_test::{{closure}}::h708eb8872708115d
[INFO] [stdout]                                at /rustc/df4ca44d3fbc9301ee17f30f4d474e6ae4b05252/library/test/src/lib.rs:565:43
[INFO] [stdout]   38:     0x5c09ab061b04 - test::run_test::{{closure}}::h392c51cee94713ab
[INFO] [stdout]                                at /rustc/df4ca44d3fbc9301ee17f30f4d474e6ae4b05252/library/test/src/lib.rs:595:41
[INFO] [stdout]   39:     0x5c09ab061b04 - std::sys::backtrace::__rust_begin_short_backtrace::h2f40290710935a8b
[INFO] [stdout]                                at /rustc/df4ca44d3fbc9301ee17f30f4d474e6ae4b05252/library/std/src/sys/backtrace.rs:154:18
[INFO] [stdout]   40:     0x5c09ab0652ae - std::thread::Builder::spawn_unchecked_::{{closure}}::{{closure}}::h3fd968d89053a903
[INFO] [stdout]                                at /rustc/df4ca44d3fbc9301ee17f30f4d474e6ae4b05252/library/std/src/thread/mod.rs:541:17
[INFO] [stdout]   41:     0x5c09ab0652ae - <core::panic::unwind_safe::AssertUnwindSafe<F> as core::ops::function::FnOnce<()>>::call_once::h743f637ba4229880
[INFO] [stdout]                                at /rustc/df4ca44d3fbc9301ee17f30f4d474e6ae4b05252/library/core/src/panic/unwind_safe.rs:272:9
[INFO] [stdout]   42:     0x5c09ab0652ae - std::panicking::try::do_call::h07440897322525a6
[INFO] [stdout]                                at /rustc/df4ca44d3fbc9301ee17f30f4d474e6ae4b05252/library/std/src/panicking.rs:557:40
[INFO] [stdout]   43:     0x5c09ab0652ae - std::panicking::try::he5a2e00188156637
[INFO] [stdout]                                at /rustc/df4ca44d3fbc9301ee17f30f4d474e6ae4b05252/library/std/src/panicking.rs:520:19
[INFO] [stdout]   44:     0x5c09ab0652ae - std::panic::catch_unwind::hbaf3cae49b3c6433
[INFO] [stdout]                                at /rustc/df4ca44d3fbc9301ee17f30f4d474e6ae4b05252/library/std/src/panic.rs:358:14
[INFO] [stdout]   45:     0x5c09ab0652ae - std::thread::Builder::spawn_unchecked_::{{closure}}::h8e141ea224820bce
[INFO] [stdout]                                at /rustc/df4ca44d3fbc9301ee17f30f4d474e6ae4b05252/library/std/src/thread/mod.rs:540:30
[INFO] [stdout]   46:     0x5c09ab0652ae - core::ops::function::FnOnce::call_once{{vtable.shim}}::h90d312fedd7b8ea8
[INFO] [stdout]                                at /rustc/df4ca44d3fbc9301ee17f30f4d474e6ae4b05252/library/core/src/ops/function.rs:250:5
[INFO] [stdout]   47:     0x5c09ab55d19b - <alloc::boxed::Box<F,A> as core::ops::function::FnOnce<Args>>::call_once::h69aa08ddb6adb8b6
[INFO] [stdout]                                at /rustc/df4ca44d3fbc9301ee17f30f4d474e6ae4b05252/library/alloc/src/boxed.rs:2454:9
[INFO] [stdout]   48:     0x5c09ab55d19b - <alloc::boxed::Box<F,A> as core::ops::function::FnOnce<Args>>::call_once::h5aa36efdb79c806f
[INFO] [stdout]                                at /rustc/df4ca44d3fbc9301ee17f30f4d474e6ae4b05252/library/alloc/src/boxed.rs:2454:9
[INFO] [stdout]   49:     0x5c09ab55d19b - std::sys::pal::unix::thread::Thread::new::thread_start::h6cd80a1b4be5158d
[INFO] [stdout]                                at /rustc/df4ca44d3fbc9301ee17f30f4d474e6ae4b05252/library/std/src/sys/pal/unix/thread.rs:105:17
[INFO] [stdout]   50:     0x7b4b02f5cac3 - <unknown>
[INFO] [stdout]   51:     0x7b4b02feda04 - clone
[INFO] [stdout]   52:                0x0 - <unknown>
[INFO] [stdout] 
[INFO] [stdout] ---- db::_tests::connection_to_db stdout ----
[INFO] [stdout] thread 'db::_tests::connection_to_db' panicked at /opt/rustwide/cargo-home/registry/src/index.crates.io-6f17d22bba15001f/spin-0.9.8/src/once.rs:334:37:
[INFO] [stdout] Once previously poisoned by a panicked
[INFO] [stdout] stack backtrace:
[INFO] [stdout]    0:     0x5c09ab55752a - std::backtrace_rs::backtrace::libunwind::trace::h207520d6e9873551
[INFO] [stdout]                                at /rustc/df4ca44d3fbc9301ee17f30f4d474e6ae4b05252/library/std/src/../../backtrace/src/backtrace/libunwind.rs:116:5
[INFO] [stdout]    1:     0x5c09ab55752a - std::backtrace_rs::backtrace::trace_unsynchronized::h2ed7433f370e3eca
[INFO] [stdout]                                at /rustc/df4ca44d3fbc9301ee17f30f4d474e6ae4b05252/library/std/src/../../backtrace/src/backtrace/mod.rs:66:5
[INFO] [stdout]    2:     0x5c09ab55752a - std::sys::backtrace::_print_fmt::h916fac51166b18d7
[INFO] [stdout]                                at /rustc/df4ca44d3fbc9301ee17f30f4d474e6ae4b05252/library/std/src/sys/backtrace.rs:66:9
[INFO] [stdout]    3:     0x5c09ab55752a - <std::sys::backtrace::BacktraceLock::print::DisplayBacktrace as core::fmt::Display>::fmt::ha0a4c9b8ce3802e6
[INFO] [stdout]                                at /rustc/df4ca44d3fbc9301ee17f30f4d474e6ae4b05252/library/std/src/sys/backtrace.rs:39:26
[INFO] [stdout]    4:     0x5c09ab57f113 - core::fmt::rt::Argument::fmt::h4cfc8587d52b3eb5
[INFO] [stdout]                                at /rustc/df4ca44d3fbc9301ee17f30f4d474e6ae4b05252/library/core/src/fmt/rt.rs:177:76
[INFO] [stdout]    5:     0x5c09ab57f113 - core::fmt::write::h522cc39e5b36ae9f
[INFO] [stdout]                                at /rustc/df4ca44d3fbc9301ee17f30f4d474e6ae4b05252/library/core/src/fmt/mod.rs:1190:21
[INFO] [stdout]    6:     0x5c09ab553d73 - std::io::Write::write_fmt::h7d3c26752da97734
[INFO] [stdout]                                at /rustc/df4ca44d3fbc9301ee17f30f4d474e6ae4b05252/library/std/src/io/mod.rs:1839:15
[INFO] [stdout]    7:     0x5c09ab557372 - std::sys::backtrace::BacktraceLock::print::h4b9e00b29e9c0942
[INFO] [stdout]                                at /rustc/df4ca44d3fbc9301ee17f30f4d474e6ae4b05252/library/std/src/sys/backtrace.rs:42:9
[INFO] [stdout]    8:     0x5c09ab5589ba - std::panicking::default_hook::{{closure}}::hb59b88280d0324d9
[INFO] [stdout]                                at /rustc/df4ca44d3fbc9301ee17f30f4d474e6ae4b05252/library/std/src/panicking.rs:268:22
[INFO] [stdout]    9:     0x5c09ab5587c4 - std::panicking::default_hook::he1dd496665be4a29
[INFO] [stdout]                                at /rustc/df4ca44d3fbc9301ee17f30f4d474e6ae4b05252/library/std/src/panicking.rs:292:9
[INFO] [stdout]   10:     0x5c09ab09a199 - <alloc::boxed::Box<F,A> as core::ops::function::Fn<Args>>::call::h4ff71de18744e1dc
[INFO] [stdout]                                at /rustc/df4ca44d3fbc9301ee17f30f4d474e6ae4b05252/library/alloc/src/boxed.rs:2468:9
[INFO] [stdout]   11:     0x5c09ab09a199 - test::test_main::{{closure}}::hcf7c055ce117aa81
[INFO] [stdout]                                at /rustc/df4ca44d3fbc9301ee17f30f4d474e6ae4b05252/library/test/src/lib.rs:133:21
[INFO] [stdout]   12:     0x5c09ab5590b8 - <alloc::boxed::Box<F,A> as core::ops::function::Fn<Args>>::call::h1d66c6bbd60c9692
[INFO] [stdout]                                at /rustc/df4ca44d3fbc9301ee17f30f4d474e6ae4b05252/library/alloc/src/boxed.rs:2468:9
[INFO] [stdout]   13:     0x5c09ab5590b8 - std::panicking::rust_panic_with_hook::h2ff17fe8f26dfcf8
[INFO] [stdout]                                at /rustc/df4ca44d3fbc9301ee17f30f4d474e6ae4b05252/library/std/src/panicking.rs:809:13
[INFO] [stdout]   14:     0x5c09ab558e46 - std::panicking::begin_panic_handler::{{closure}}::h4fad77951c07e101
[INFO] [stdout]                                at /rustc/df4ca44d3fbc9301ee17f30f4d474e6ae4b05252/library/std/src/panicking.rs:667:13
[INFO] [stdout]   15:     0x5c09ab557a09 - std::sys::backtrace::__rust_end_short_backtrace::hb1a25b3da5d0ea08
[INFO] [stdout]                                at /rustc/df4ca44d3fbc9301ee17f30f4d474e6ae4b05252/library/std/src/sys/backtrace.rs:170:18
[INFO] [stdout]   16:     0x5c09ab558b0c - rust_begin_unwind
[INFO] [stdout]                                at /rustc/df4ca44d3fbc9301ee17f30f4d474e6ae4b05252/library/std/src/panicking.rs:665:5
[INFO] [stdout]   17:     0x5c09ab57d200 - core::panicking::panic_fmt::ha9db07b529f9b256
[INFO] [stdout]                                at /rustc/df4ca44d3fbc9301ee17f30f4d474e6ae4b05252/library/core/src/panicking.rs:75:14
[INFO] [stdout]   18:     0x5c09ab57d28c - core::panicking::panic::h993086813d94accc
[INFO] [stdout]                                at /rustc/df4ca44d3fbc9301ee17f30f4d474e6ae4b05252/library/core/src/panicking.rs:152:5
[INFO] [stdout]   19:     0x5c09ab036c90 - spin::once::Once<T,R>::poll::hba134f0863c7ac7a
[INFO] [stdout]                                at /opt/rustwide/cargo-home/registry/src/index.crates.io-6f17d22bba15001f/spin-0.9.8/src/once.rs:334:37
[INFO] [stdout]   20:     0x5c09ab036ad4 - spin::once::Once<T,R>::try_call_once_slow::h9f149c4a97b486bb
[INFO] [stdout]                                at /opt/rustwide/cargo-home/registry/src/index.crates.io-6f17d22bba15001f/spin-0.9.8/src/once.rs:231:47
[INFO] [stdout]   21:     0x5c09ab036745 - spin::once::Once<T,R>::try_call_once::h6628d1d5599edf9b
[INFO] [stdout]                                at /opt/rustwide/cargo-home/registry/src/index.crates.io-6f17d22bba15001f/spin-0.9.8/src/once.rs:212:13
[INFO] [stdout]   22:     0x5c09ab036cae - spin::once::Once<T,R>::call_once::h1fbdc477156850fa
[INFO] [stdout]                                at /opt/rustwide/cargo-home/registry/src/index.crates.io-6f17d22bba15001f/spin-0.9.8/src/once.rs:169:15
[INFO] [stdout]   23:     0x5c09ab053f61 - lazy_static::lazy::Lazy<T>::get::h534e7954d3f1e67f
[INFO] [stdout]                                at /opt/rustwide/cargo-home/registry/src/index.crates.io-6f17d22bba15001f/lazy_static-1.5.0/src/core_lazy.rs:22:9
[INFO] [stdout]   24:     0x5c09ab053f61 - <lib::db::_tests::DB as core::ops::deref::Deref>::deref::__stability::hd866532c2cc92a43
[INFO] [stdout]                                at /opt/rustwide/cargo-home/registry/src/index.crates.io-6f17d22bba15001f/lazy_static-1.5.0/src/lib.rs:135:21
[INFO] [stdout]   25:     0x5c09ab053f61 - <lib::db::_tests::DB as core::ops::deref::Deref>::deref::h3e3c3fcc0a21e143
[INFO] [stdout]                                at /opt/rustwide/cargo-home/registry/src/index.crates.io-6f17d22bba15001f/lazy_static-1.5.0/src/lib.rs:137:17
[INFO] [stdout]   26:     0x5c09ab053fb3 - lib::db::_tests::connection_to_db::hd1f3568ff56863c6
[INFO] [stdout]                                at /opt/rustwide/workdir/src/db/mod.rs:345:17
[INFO] [stdout]   27:     0x5c09ab053f87 - lib::db::_tests::connection_to_db::{{closure}}::he2090d615223ab37
[INFO] [stdout]                                at /opt/rustwide/workdir/src/db/mod.rs:344:26
[INFO] [stdout]   28:     0x5c09ab033686 - core::ops::function::FnOnce::call_once::h2e6893bd70aee2ee
[INFO] [stdout]                                at /rustc/df4ca44d3fbc9301ee17f30f4d474e6ae4b05252/library/core/src/ops/function.rs:250:5
[INFO] [stdout]   29:     0x5c09ab09ea6b - core::ops::function::FnOnce::call_once::h22c3ba5715e93f05
[INFO] [stdout]                                at /rustc/df4ca44d3fbc9301ee17f30f4d474e6ae4b05252/library/core/src/ops/function.rs:250:5
[INFO] [stdout]   30:     0x5c09ab09ea6b - test::__rust_begin_short_backtrace::h8e82d8113d0da17f
[INFO] [stdout]                                at /rustc/df4ca44d3fbc9301ee17f30f4d474e6ae4b05252/library/test/src/lib.rs:621:18
[INFO] [stdout]   31:     0x5c09ab09e3e7 - test::run_test_in_process::{{closure}}::h33235f4f20b7b7c7
[INFO] [stdout]                                at /rustc/df4ca44d3fbc9301ee17f30f4d474e6ae4b05252/library/test/src/lib.rs:644:60
[INFO] [stdout]   32:     0x5c09ab09e3e7 - <core::panic::unwind_safe::AssertUnwindSafe<F> as core::ops::function::FnOnce<()>>::call_once::hb5043206310c586f
[INFO] [stdout]                                at /rustc/df4ca44d3fbc9301ee17f30f4d474e6ae4b05252/library/core/src/panic/unwind_safe.rs:272:9
[INFO] [stdout]   33:     0x5c09ab09e3e7 - std::panicking::try::do_call::h9ad4731a60ab23e2
[INFO] [stdout]                                at /rustc/df4ca44d3fbc9301ee17f30f4d474e6ae4b05252/library/std/src/panicking.rs:557:40
[INFO] [stdout]   34:     0x5c09ab09e3e7 - std::panicking::try::h3824d23db772a716
[INFO] [stdout]                                at /rustc/df4ca44d3fbc9301ee17f30f4d474e6ae4b05252/library/std/src/panicking.rs:520:19
[INFO] [stdout]   35:     0x5c09ab09e3e7 - std::panic::catch_unwind::h5afd514605fde46b
[INFO] [stdout]                                at /rustc/df4ca44d3fbc9301ee17f30f4d474e6ae4b05252/library/std/src/panic.rs:358:14
[INFO] [stdout]   36:     0x5c09ab09e3e7 - test::run_test_in_process::h0d5cbfa7067d1720
[INFO] [stdout]                                at /rustc/df4ca44d3fbc9301ee17f30f4d474e6ae4b05252/library/test/src/lib.rs:644:27
[INFO] [stdout]   37:     0x5c09ab09e3e7 - test::run_test::{{closure}}::h708eb8872708115d
[INFO] [stdout]                                at /rustc/df4ca44d3fbc9301ee17f30f4d474e6ae4b05252/library/test/src/lib.rs:565:43
[INFO] [stdout]   38:     0x5c09ab061b04 - test::run_test::{{closure}}::h392c51cee94713ab
[INFO] [stdout]                                at /rustc/df4ca44d3fbc9301ee17f30f4d474e6ae4b05252/library/test/src/lib.rs:595:41
[INFO] [stdout]   39:     0x5c09ab061b04 - std::sys::backtrace::__rust_begin_short_backtrace::h2f40290710935a8b
[INFO] [stdout]                                at /rustc/df4ca44d3fbc9301ee17f30f4d474e6ae4b05252/library/std/src/sys/backtrace.rs:154:18
[INFO] [stdout]   40:     0x5c09ab0652ae - std::thread::Builder::spawn_unchecked_::{{closure}}::{{closure}}::h3fd968d89053a903
[INFO] [stdout]                                at /rustc/df4ca44d3fbc9301ee17f30f4d474e6ae4b05252/library/std/src/thread/mod.rs:541:17
[INFO] [stdout]   41:     0x5c09ab0652ae - <core::panic::unwind_safe::AssertUnwindSafe<F> as core::ops::function::FnOnce<()>>::call_once::h743f637ba4229880
[INFO] [stdout]                                at /rustc/df4ca44d3fbc9301ee17f30f4d474e6ae4b05252/library/core/src/panic/unwind_safe.rs:272:9
[INFO] [stdout]   42:     0x5c09ab0652ae - std::panicking::try::do_call::h07440897322525a6
[INFO] [stdout]                                at /rustc/df4ca44d3fbc9301ee17f30f4d474e6ae4b05252/library/std/src/panicking.rs:557:40
[INFO] [stdout]   43:     0x5c09ab0652ae - std::panicking::try::he5a2e00188156637
[INFO] [stdout]                                at /rustc/df4ca44d3fbc9301ee17f30f4d474e6ae4b05252/library/std/src/panicking.rs:520:19
[INFO] [stdout]   44:     0x5c09ab0652ae - std::panic::catch_unwind::hbaf3cae49b3c6433
[INFO] [stdout]                                at /rustc/df4ca44d3fbc9301ee17f30f4d474e6ae4b05252/library/std/src/panic.rs:358:14
[INFO] [stdout]   45:     0x5c09ab0652ae - std::thread::Builder::spawn_unchecked_::{{closure}}::h8e141ea224820bce
[INFO] [stdout]                                at /rustc/df4ca44d3fbc9301ee17f30f4d474e6ae4b05252/library/std/src/thread/mod.rs:540:30
[INFO] [stdout]   46:     0x5c09ab0652ae - core::ops::function::FnOnce::call_once{{vtable.shim}}::h90d312fedd7b8ea8
[INFO] [stdout]                                at /rustc/df4ca44d3fbc9301ee17f30f4d474e6ae4b05252/library/core/src/ops/function.rs:250:5
[INFO] [stdout]   47:     0x5c09ab55d19b - <alloc::boxed::Box<F,A> as core::ops::function::FnOnce<Args>>::call_once::h69aa08ddb6adb8b6
[INFO] [stdout]                                at /rustc/df4ca44d3fbc9301ee17f30f4d474e6ae4b05252/library/alloc/src/boxed.rs:2454:9
[INFO] [stdout]   48:     0x5c09ab55d19b - <alloc::boxed::Box<F,A> as core::ops::function::FnOnce<Args>>::call_once::h5aa36efdb79c806f
[INFO] [stdout]                                at /rustc/df4ca44d3fbc9301ee17f30f4d474e6ae4b05252/library/alloc/src/boxed.rs:2454:9
[INFO] [stdout]   49:     0x5c09ab55d19b - std::sys::pal::unix::thread::Thread::new::thread_start::h6cd80a1b4be5158d
[INFO] [stdout]                                at /rustc/df4ca44d3fbc9301ee17f30f4d474e6ae4b05252/library/std/src/sys/pal/unix/thread.rs:105:17
[INFO] [stdout]   50:     0x7b4b02f5cac3 - <unknown>
[INFO] [stdout]   51:     0x7b4b02feda04 - clone
[INFO] [stdout]   52:                0x0 - <unknown>
[INFO] [stdout] 
[INFO] [stdout] ---- db::_tests::check_if_user_exist_for_not_existing_user stdout ----
[INFO] [stdout] thread 'db::_tests::check_if_user_exist_for_not_existing_user' panicked at /opt/rustwide/cargo-home/registry/src/index.crates.io-6f17d22bba15001f/spin-0.9.8/src/once.rs:334:37:
[INFO] [stdout] Once previously poisoned by a panicked
[INFO] [stdout] stack backtrace:
[INFO] [stdout]    0:     0x5c09ab55752a - std::backtrace_rs::backtrace::libunwind::trace::h207520d6e9873551
[INFO] [stdout]                                at /rustc/df4ca44d3fbc9301ee17f30f4d474e6ae4b05252/library/std/src/../../backtrace/src/backtrace/libunwind.rs:116:5
[INFO] [stdout]    1:     0x5c09ab55752a - std::backtrace_rs::backtrace::trace_unsynchronized::h2ed7433f370e3eca
[INFO] [stdout]                                at /rustc/df4ca44d3fbc9301ee17f30f4d474e6ae4b05252/library/std/src/../../backtrace/src/backtrace/mod.rs:66:5
[INFO] [stdout]    2:     0x5c09ab55752a - std::sys::backtrace::_print_fmt::h916fac51166b18d7
[INFO] [stdout]                                at /rustc/df4ca44d3fbc9301ee17f30f4d474e6ae4b05252/library/std/src/sys/backtrace.rs:66:9
[INFO] [stdout]    3:     0x5c09ab55752a - <std::sys::backtrace::BacktraceLock::print::DisplayBacktrace as core::fmt::Display>::fmt::ha0a4c9b8ce3802e6
[INFO] [stdout]                                at /rustc/df4ca44d3fbc9301ee17f30f4d474e6ae4b05252/library/std/src/sys/backtrace.rs:39:26
[INFO] [stdout]    4:     0x5c09ab57f113 - core::fmt::rt::Argument::fmt::h4cfc8587d52b3eb5
[INFO] [stdout]                                at /rustc/df4ca44d3fbc9301ee17f30f4d474e6ae4b05252/library/core/src/fmt/rt.rs:177:76
[INFO] [stdout]    5:     0x5c09ab57f113 - core::fmt::write::h522cc39e5b36ae9f
[INFO] [stdout]                                at /rustc/df4ca44d3fbc9301ee17f30f4d474e6ae4b05252/library/core/src/fmt/mod.rs:1190:21
[INFO] [stdout]    6:     0x5c09ab553d73 - std::io::Write::write_fmt::h7d3c26752da97734
[INFO] [stdout]                                at /rustc/df4ca44d3fbc9301ee17f30f4d474e6ae4b05252/library/std/src/io/mod.rs:1839:15
[INFO] [stdout]    7:     0x5c09ab557372 - std::sys::backtrace::BacktraceLock::print::h4b9e00b29e9c0942
[INFO] [stdout]                                at /rustc/df4ca44d3fbc9301ee17f30f4d474e6ae4b05252/library/std/src/sys/backtrace.rs:42:9
[INFO] [stdout]    8:     0x5c09ab5589ba - std::panicking::default_hook::{{closure}}::hb59b88280d0324d9
[INFO] [stdout]                                at /rustc/df4ca44d3fbc9301ee17f30f4d474e6ae4b05252/library/std/src/panicking.rs:268:22
[INFO] [stdout]    9:     0x5c09ab5587c4 - std::panicking::default_hook::he1dd496665be4a29
[INFO] [stdout]                                at /rustc/df4ca44d3fbc9301ee17f30f4d474e6ae4b05252/library/std/src/panicking.rs:292:9
[INFO] [stdout]   10:     0x5c09ab09a199 - <alloc::boxed::Box<F,A> as core::ops::function::Fn<Args>>::call::h4ff71de18744e1dc
[INFO] [stdout]                                at /rustc/df4ca44d3fbc9301ee17f30f4d474e6ae4b05252/library/alloc/src/boxed.rs:2468:9
[INFO] [stdout]   11:     0x5c09ab09a199 - test::test_main::{{closure}}::hcf7c055ce117aa81
[INFO] [stdout]                                at /rustc/df4ca44d3fbc9301ee17f30f4d474e6ae4b05252/library/test/src/lib.rs:133:21
[INFO] [stdout]   12:     0x5c09ab5590b8 - <alloc::boxed::Box<F,A> as core::ops::function::Fn<Args>>::call::h1d66c6bbd60c9692
[INFO] [stdout]                                at /rustc/df4ca44d3fbc9301ee17f30f4d474e6ae4b05252/library/alloc/src/boxed.rs:2468:9
[INFO] [stdout]   13:     0x5c09ab5590b8 - std::panicking::rust_panic_with_hook::h2ff17fe8f26dfcf8
[INFO] [stdout]                                at /rustc/df4ca44d3fbc9301ee17f30f4d474e6ae4b05252/library/std/src/panicking.rs:809:13
[INFO] [stdout]   14:     0x5c09ab558e46 - std::panicking::begin_panic_handler::{{closure}}::h4fad77951c07e101
[INFO] [stdout]                                at /rustc/df4ca44d3fbc9301ee17f30f4d474e6ae4b05252/library/std/src/panicking.rs:667:13
[INFO] [stdout]   15:     0x5c09ab557a09 - std::sys::backtrace::__rust_end_short_backtrace::hb1a25b3da5d0ea08
[INFO] [stdout]                                at /rustc/df4ca44d3fbc9301ee17f30f4d474e6ae4b05252/library/std/src/sys/backtrace.rs:170:18
[INFO] [stdout]   16:     0x5c09ab558b0c - rust_begin_unwind
[INFO] [stdout]                                at /rustc/df4ca44d3fbc9301ee17f30f4d474e6ae4b05252/library/std/src/panicking.rs:665:5
[INFO] [stdout]   17:     0x5c09ab57d200 - core::panicking::panic_fmt::ha9db07b529f9b256
[INFO] [stdout]                                at /rustc/df4ca44d3fbc9301ee17f30f4d474e6ae4b05252/library/core/src/panicking.rs:75:14
[INFO] [stdout]   18:     0x5c09ab57d28c - core::panicking::panic::h993086813d94accc
[INFO] [stdout]                                at /rustc/df4ca44d3fbc9301ee17f30f4d474e6ae4b05252/library/core/src/panicking.rs:152:5
[INFO] [stdout]   19:     0x5c09ab036c90 - spin::once::Once<T,R>::poll::hba134f0863c7ac7a
[INFO] [stdout]                                at /opt/rustwide/cargo-home/registry/src/index.crates.io-6f17d22bba15001f/spin-0.9.8/src/once.rs:334:37
[INFO] [stdout]   20:     0x5c09ab036ad4 - spin::once::Once<T,R>::try_call_once_slow::h9f149c4a97b486bb
[INFO] [stdout]                                at /opt/rustwide/cargo-home/registry/src/index.crates.io-6f17d22bba15001f/spin-0.9.8/src/once.rs:231:47
[INFO] [stdout]   21:     0x5c09ab036745 - spin::once::Once<T,R>::try_call_once::h6628d1d5599edf9b
[INFO] [stdout]                                at /opt/rustwide/cargo-home/registry/src/index.crates.io-6f17d22bba15001f/spin-0.9.8/src/once.rs:212:13
[INFO] [stdout]   22:     0x5c09ab036cae - spin::once::Once<T,R>::call_once::h1fbdc477156850fa
[INFO] [stdout]                                at /opt/rustwide/cargo-home/registry/src/index.crates.io-6f17d22bba15001f/spin-0.9.8/src/once.rs:169:15
[INFO] [stdout]   23:     0x5c09ab053f61 - lazy_static::lazy::Lazy<T>::get::h534e7954d3f1e67f
[INFO] [stdout]                                at /opt/rustwide/cargo-home/registry/src/index.crates.io-6f17d22bba15001f/lazy_static-1.5.0/src/core_lazy.rs:22:9
[INFO] [stdout]   24:     0x5c09ab053f61 - <lib::db::_tests::DB as core::ops::deref::Deref>::deref::__stability::hd866532c2cc92a43
[INFO] [stdout]                                at /opt/rustwide/cargo-home/registry/src/index.crates.io-6f17d22bba15001f/lazy_static-1.5.0/src/lib.rs:135:21
[INFO] [stdout]   25:     0x5c09ab053f61 - <lib::db::_tests::DB as core::ops::deref::Deref>::deref::h3e3c3fcc0a21e143
[INFO] [stdout]                                at /opt/rustwide/cargo-home/registry/src/index.crates.io-6f17d22bba15001f/lazy_static-1.5.0/src/lib.rs:137:17
[INFO] [stdout]   26:     0x5c09ab054aa8 - lib::db::_tests::check_if_user_exist_for_not_existing_user::h09b3c012cb8cddcf
[INFO] [stdout]                                at /opt/rustwide/workdir/src/db/mod.rs:384:33
[INFO] [stdout]   27:     0x5c09ab054a77 - lib::db::_tests::check_if_user_exist_for_not_existing_user::{{closure}}::hb20a67584a24591d
[INFO] [stdout]                                at /opt/rustwide/workdir/src/db/mod.rs:383:51
[INFO] [stdout]   28:     0x5c09ab0338d6 - core::ops::function::FnOnce::call_once::h68509941c9d3a515
[INFO] [stdout]                                at /rustc/df4ca44d3fbc9301ee17f30f4d474e6ae4b05252/library/core/src/ops/function.rs:250:5
[INFO] [stdout]   29:     0x5c09ab09ea6b - core::ops::function::FnOnce::call_once::h22c3ba5715e93f05
[INFO] [stdout]                                at /rustc/df4ca44d3fbc9301ee17f30f4d474e6ae4b05252/library/core/src/ops/function.rs:250:5
[INFO] [stdout]   30:     0x5c09ab09ea6b - test::__rust_begin_short_backtrace::h8e82d8113d0da17f
[INFO] [stdout]                                at /rustc/df4ca44d3fbc9301ee17f30f4d474e6ae4b05252/library/test/src/lib.rs:621:18
[INFO] [stdout]   31:     0x5c09ab09e3e7 - test::run_test_in_process::{{closure}}::h33235f4f20b7b7c7
[INFO] [stdout]                                at /rustc/df4ca44d3fbc9301ee17f30f4d474e6ae4b05252/library/test/src/lib.rs:644:60
[INFO] [stdout]   32:     0x5c09ab09e3e7 - <core::panic::unwind_safe::AssertUnwindSafe<F> as core::ops::function::FnOnce<()>>::call_once::hb5043206310c586f
[INFO] [stdout]                                at /rustc/df4ca44d3fbc9301ee17f30f4d474e6ae4b05252/library/core/src/panic/unwind_safe.rs:272:9
[INFO] [stdout]   33:     0x5c09ab09e3e7 - std::panicking::try::do_call::h9ad4731a60ab23e2
[INFO] [stdout]                                at /rustc/df4ca44d3fbc9301ee17f30f4d474e6ae4b05252/library/std/src/panicking.rs:557:40
[INFO] [stdout]   34:     0x5c09ab09e3e7 - std::panicking::try::h3824d23db772a716
[INFO] [stdout]                                at /rustc/df4ca44d3fbc9301ee17f30f4d474e6ae4b05252/library/std/src/panicking.rs:520:19
[INFO] [stdout]   35:     0x5c09ab09e3e7 - std::panic::catch_unwind::h5afd514605fde46b
[INFO] [stdout]                                at /rustc/df4ca44d3fbc9301ee17f30f4d474e6ae4b05252/library/std/src/panic.rs:358:14
[INFO] [stdout]   36:     0x5c09ab09e3e7 - test::run_test_in_process::h0d5cbfa7067d1720
[INFO] [stdout]                                at /rustc/df4ca44d3fbc9301ee17f30f4d474e6ae4b05252/library/test/src/lib.rs:644:27
[INFO] [stdout]   37:     0x5c09ab09e3e7 - test::run_test::{{closure}}::h708eb8872708115d
[INFO] [stdout]                                at /rustc/df4ca44d3fbc9301ee17f30f4d474e6ae4b05252/library/test/src/lib.rs:565:43
[INFO] [stdout]   38:     0x5c09ab061b04 - test::run_test::{{closure}}::h392c51cee94713ab
[INFO] [stdout]                                at /rustc/df4ca44d3fbc9301ee17f30f4d474e6ae4b05252/library/test/src/lib.rs:595:41
[INFO] [stdout]   39:     0x5c09ab061b04 - std::sys::backtrace::__rust_begin_short_backtrace::h2f40290710935a8b
[INFO] [stdout]                                at /rustc/df4ca44d3fbc9301ee17f30f4d474e6ae4b05252/library/std/src/sys/backtrace.rs:154:18
[INFO] [stdout]   40:     0x5c09ab0652ae - std::thread::Builder::spawn_unchecked_::{{closure}}::{{closure}}::h3fd968d89053a903
[INFO] [stdout]                                at /rustc/df4ca44d3fbc9301ee17f30f4d474e6ae4b05252/library/std/src/thread/mod.rs:541:17
[INFO] [stdout]   41:     0x5c09ab0652ae - <core::panic::unwind_safe::AssertUnwindSafe<F> as core::ops::function::FnOnce<()>>::call_once::h743f637ba4229880
[INFO] [stdout]                                at /rustc/df4ca44d3fbc9301ee17f30f4d474e6ae4b05252/library/core/src/panic/unwind_safe.rs:272:9
[INFO] [stdout]   42:     0x5c09ab0652ae - std::panicking::try::do_call::h07440897322525a6
[INFO] [stdout]                                at /rustc/df4ca44d3fbc9301ee17f30f4d474e6ae4b05252/library/std/src/panicking.rs:557:40
[INFO] [stdout]   43:     0x5c09ab0652ae - std::panicking::try::he5a2e00188156637
[INFO] [stdout]                                at /rustc/df4ca44d3fbc9301ee17f30f4d474e6ae4b05252/library/std/src/panicking.rs:520:19
[INFO] [stdout]   44:     0x5c09ab0652ae - std::panic::catch_unwind::hbaf3cae49b3c6433
[INFO] [stdout]                                at /rustc/df4ca44d3fbc9301ee17f30f4d474e6ae4b05252/library/std/src/panic.rs:358:14
[INFO] [stdout]   45:     0x5c09ab0652ae - std::thread::Builder::spawn_unchecked_::{{closure}}::h8e141ea224820bce
[INFO] [stdout]                                at /rustc/df4ca44d3fbc9301ee17f30f4d474e6ae4b05252/library/std/src/thread/mod.rs:540:30
[INFO] [stdout]   46:     0x5c09ab0652ae - core::ops::function::FnOnce::call_once{{vtable.shim}}::h90d312fedd7b8ea8
[INFO] [stdout]                                at /rustc/df4ca44d3fbc9301ee17f30f4d474e6ae4b05252/library/core/src/ops/function.rs:250:5
[INFO] [stdout]   47:     0x5c09ab55d19b - <alloc::boxed::Box<F,A> as core::ops::function::FnOnce<Args>>::call_once::h69aa08ddb6adb8b6
[INFO] [stdout]                                at /rustc/df4ca44d3fbc9301ee17f30f4d474e6ae4b05252/library/alloc/src/boxed.rs:2454:9
[INFO] [stdout]   48:     0x5c09ab55d19b - <alloc::boxed::Box<F,A> as core::ops::function::FnOnce<Args>>::call_once::h5aa36efdb79c806f
[INFO] [stdout]                                at /rustc/df4ca44d3fbc9301ee17f30f4d474e6ae4b05252/library/alloc/src/boxed.rs:2454:9
[INFO] [stdout]   49:     0x5c09ab55d19b - std::sys::pal::unix::thread::Thread::new::thread_start::h6cd80a1b4be5158d
[INFO] [stdout]                                at /rustc/df4ca44d3fbc9301ee17f30f4d474e6ae4b05252/library/std/src/sys/pal/unix/thread.rs:105:17
[INFO] [stdout]   50:     0x7b4b02f5cac3 - <unknown>
[INFO] [stdout]   51:     0x7b4b02feda04 - clone
[INFO] [stdout]   52:                0x0 - <unknown>
[INFO] [stdout] 
[INFO] [stdout] ---- db::_tests::get_scores_for_just_registered_user stdout ----
[INFO] [stdout] thread 'db::_tests::get_scores_for_just_registered_user' panicked at /opt/rustwide/cargo-home/registry/src/index.crates.io-6f17d22bba15001f/spin-0.9.8/src/once.rs:334:37:
[INFO] [stdout] Once previously poisoned by a panicked
[INFO] [stdout] stack backtrace:
[INFO] [stdout]    0:     0x5c09ab55752a - std::backtrace_rs::backtrace::libunwind::trace::h207520d6e9873551
[INFO] [stdout]                                at /rustc/df4ca44d3fbc9301ee17f30f4d474e6ae4b05252/library/std/src/../../backtrace/src/backtrace/libunwind.rs:116:5
[INFO] [stdout]    1:     0x5c09ab55752a - std::backtrace_rs::backtrace::trace_unsynchronized::h2ed7433f370e3eca
[INFO] [stdout]                                at /rustc/df4ca44d3fbc9301ee17f30f4d474e6ae4b05252/library/std/src/../../backtrace/src/backtrace/mod.rs:66:5
[INFO] [stdout]    2:     0x5c09ab55752a - std::sys::backtrace::_print_fmt::h916fac51166b18d7
[INFO] [stdout]                                at /rustc/df4ca44d3fbc9301ee17f30f4d474e6ae4b05252/library/std/src/sys/backtrace.rs:66:9
[INFO] [stdout]    3:     0x5c09ab55752a - <std::sys::backtrace::BacktraceLock::print::DisplayBacktrace as core::fmt::Display>::fmt::ha0a4c9b8ce3802e6
[INFO] [stdout]                                at /rustc/df4ca44d3fbc9301ee17f30f4d474e6ae4b05252/library/std/src/sys/backtrace.rs:39:26
[INFO] [stdout]    4:     0x5c09ab57f113 - core::fmt::rt::Argument::fmt::h4cfc8587d52b3eb5
[INFO] [stdout]                                at /rustc/df4ca44d3fbc9301ee17f30f4d474e6ae4b05252/library/core/src/fmt/rt.rs:177:76
[INFO] [stdout]    5:     0x5c09ab57f113 - core::fmt::write::h522cc39e5b36ae9f
[INFO] [stdout]                                at /rustc/df4ca44d3fbc9301ee17f30f4d474e6ae4b05252/library/core/src/fmt/mod.rs:1190:21
[INFO] [stdout]    6:     0x5c09ab553d73 - std::io::Write::write_fmt::h7d3c26752da97734
[INFO] [stdout]                                at /rustc/df4ca44d3fbc9301ee17f30f4d474e6ae4b05252/library/std/src/io/mod.rs:1839:15
[INFO] [stdout]    7:     0x5c09ab557372 - std::sys::backtrace::BacktraceLock::print::h4b9e00b29e9c0942
[INFO] [stdout]                                at /rustc/df4ca44d3fbc9301ee17f30f4d474e6ae4b05252/library/std/src/sys/backtrace.rs:42:9
[INFO] [stdout]    8:     0x5c09ab5589ba - std::panicking::default_hook::{{closure}}::hb59b88280d0324d9
[INFO] [stdout]                                at /rustc/df4ca44d3fbc9301ee17f30f4d474e6ae4b05252/library/std/src/panicking.rs:268:22
[INFO] [stdout]    9:     0x5c09ab5587c4 - std::panicking::default_hook::he1dd496665be4a29
[INFO] [stdout]                                at /rustc/df4ca44d3fbc9301ee17f30f4d474e6ae4b05252/library/std/src/panicking.rs:292:9
[INFO] [stdout]   10:     0x5c09ab09a199 - <alloc::boxed::Box<F,A> as core::ops::function::Fn<Args>>::call::h4ff71de18744e1dc
[INFO] [stdout]                                at /rustc/df4ca44d3fbc9301ee17f30f4d474e6ae4b05252/library/alloc/src/boxed.rs:2468:9
[INFO] [stdout]   11:     0x5c09ab09a199 - test::test_main::{{closure}}::hcf7c055ce117aa81
[INFO] [stdout]                                at /rustc/df4ca44d3fbc9301ee17f30f4d474e6ae4b05252/library/test/src/lib.rs:133:21
[INFO] [stdout]   12:     0x5c09ab5590b8 - <alloc::boxed::Box<F,A> as core::ops::function::Fn<Args>>::call::h1d66c6bbd60c9692
[INFO] [stdout]                                at /rustc/df4ca44d3fbc9301ee17f30f4d474e6ae4b05252/library/alloc/src/boxed.rs:2468:9
[INFO] [stdout]   13:     0x5c09ab5590b8 - std::panicking::rust_panic_with_hook::h2ff17fe8f26dfcf8
[INFO] [stdout]                                at /rustc/df4ca44d3fbc9301ee17f30f4d474e6ae4b05252/library/std/src/panicking.rs:809:13
[INFO] [stdout]   14:     0x5c09ab558e46 - std::panicking::begin_panic_handler::{{closure}}::h4fad77951c07e101
[INFO] [stdout]                                at /rustc/df4ca44d3fbc9301ee17f30f4d474e6ae4b05252/library/std/src/panicking.rs:667:13
[INFO] [stdout]   15:     0x5c09ab557a09 - std::sys::backtrace::__rust_end_short_backtrace::hb1a25b3da5d0ea08
[INFO] [stdout]                                at /rustc/df4ca44d3fbc9301ee17f30f4d474e6ae4b05252/library/std/src/sys/backtrace.rs:170:18
[INFO] [stdout]   16:     0x5c09ab558b0c - rust_begin_unwind
[INFO] [stdout]                                at /rustc/df4ca44d3fbc9301ee17f30f4d474e6ae4b05252/library/std/src/panicking.rs:665:5
[INFO] [stdout]   17:     0x5c09ab57d200 - core::panicking::panic_fmt::ha9db07b529f9b256
[INFO] [stdout]                                at /rustc/df4ca44d3fbc9301ee17f30f4d474e6ae4b05252/library/core/src/panicking.rs:75:14
[INFO] [stdout]   18:     0x5c09ab57d28c - core::panicking::panic::h993086813d94accc
[INFO] [stdout]                                at /rustc/df4ca44d3fbc9301ee17f30f4d474e6ae4b05252/library/core/src/panicking.rs:152:5
[INFO] [stdout]   19:     0x5c09ab036c90 - spin::once::Once<T,R>::poll::hba134f0863c7ac7a
[INFO] [stdout]                                at /opt/rustwide/cargo-home/registry/src/index.crates.io-6f17d22bba15001f/spin-0.9.8/src/once.rs:334:37
[INFO] [stdout]   20:     0x5c09ab036ad4 - spin::once::Once<T,R>::try_call_once_slow::h9f149c4a97b486bb
[INFO] [stdout]                                at /opt/rustwide/cargo-home/registry/src/index.crates.io-6f17d22bba15001f/spin-0.9.8/src/once.rs:231:47
[INFO] [stdout]   21:     0x5c09ab036745 - spin::once::Once<T,R>::try_call_once::h6628d1d5599edf9b
[INFO] [stdout]                                at /opt/rustwide/cargo-home/registry/src/index.crates.io-6f17d22bba15001f/spin-0.9.8/src/once.rs:212:13
[INFO] [stdout]   22:     0x5c09ab036cae - spin::once::Once<T,R>::call_once::h1fbdc477156850fa
[INFO] [stdout]                                at /opt/rustwide/cargo-home/registry/src/index.crates.io-6f17d22bba15001f/spin-0.9.8/src/once.rs:169:15
[INFO] [stdout]   23:     0x5c09ab053f61 - lazy_static::lazy::Lazy<T>::get::h534e7954d3f1e67f
[INFO] [stdout]                                at /opt/rustwide/cargo-home/registry/src/index.crates.io-6f17d22bba15001f/lazy_static-1.5.0/src/core_lazy.rs:22:9
[INFO] [stdout]   24:     0x5c09ab053f61 - <lib::db::_tests::DB as core::ops::deref::Deref>::deref::__stability::hd866532c2cc92a43
[INFO] [stdout]                                at /opt/rustwide/cargo-home/registry/src/index.crates.io-6f17d22bba15001f/lazy_static-1.5.0/src/lib.rs:135:21
[INFO] [stdout]   25:     0x5c09ab053f61 - <lib::db::_tests::DB as core::ops::deref::Deref>::deref::h3e3c3fcc0a21e143
[INFO] [stdout]                                at /opt/rustwide/cargo-home/registry/src/index.crates.io-6f17d22bba15001f/lazy_static-1.5.0/src/lib.rs:137:17
[INFO] [stdout]   26:     0x5c09ab055633 - lib::db::_tests::get_scores_for_just_registered_user::hf5721fa4644dd153
[INFO] [stdout]                                at /opt/rustwide/workdir/src/db/mod.rs:421:33
[INFO] [stdout]   27:     0x5c09ab0555f7 - lib::db::_tests::get_scores_for_just_registered_user::{{closure}}::hb13af2a36c86bc18
[INFO] [stdout]                                at /opt/rustwide/workdir/src/db/mod.rs:420:45
[INFO] [stdout]   28:     0x5c09ab033ae6 - core::ops::function::FnOnce::call_once::hc2ceea44fc3dcd91
[INFO] [stdout]                                at /rustc/df4ca44d3fbc9301ee17f30f4d474e6ae4b05252/library/core/src/ops/function.rs:250:5
[INFO] [stdout]   29:     0x5c09ab09ea6b - core::ops::function::FnOnce::call_once::h22c3ba5715e93f05
[INFO] [stdout]                                at /rustc/df4ca44d3fbc9301ee17f30f4d474e6ae4b05252/library/core/src/ops/function.rs:250:5
[INFO] [stdout]   30:     0x5c09ab09ea6b - test::__rust_begin_short_backtrace::h8e82d8113d0da17f
[INFO] [stdout]                                at /rustc/df4ca44d3fbc9301ee17f30f4d474e6ae4b05252/library/test/src/lib.rs:621:18
[INFO] [stdout]   31:     0x5c09ab09e3e7 - test::run_test_in_process::{{closure}}::h33235f4f20b7b7c7
[INFO] [stdout]                                at /rustc/df4ca44d3fbc9301ee17f30f4d474e6ae4b05252/library/test/src/lib.rs:644:60
[INFO] [stdout]   32:     0x5c09ab09e3e7 - <core::panic::unwind_safe::AssertUnwindSafe<F> as core::ops::function::FnOnce<()>>::call_once::hb5043206310c586f
[INFO] [stdout]                                at /rustc/df4ca44d3fbc9301ee17f30f4d474e6ae4b05252/library/core/src/panic/unwind_safe.rs:272:9
[INFO] [stdout]   33:     0x5c09ab09e3e7 - std::panicking::try::do_call::h9ad4731a60ab23e2
[INFO] [stdout]                                at /rustc/df4ca44d3fbc9301ee17f30f4d474e6ae4b05252/library/std/src/panicking.rs:557:40
[INFO] [stdout]   34:     0x5c09ab09e3e7 - std::panicking::try::h3824d23db772a716
[INFO] [stdout]                                at /rustc/df4ca44d3fbc9301ee17f30f4d474e6ae4b05252/library/std/src/panicking.rs:520:19
[INFO] [stdout]   35:     0x5c09ab09e3e7 - std::panic::catch_unwind::h5afd514605fde46b
[INFO] [stdout]                                at /rustc/df4ca44d3fbc9301ee17f30f4d474e6ae4b05252/library/std/src/panic.rs:358:14
[INFO] [stdout]   36:     0x5c09ab09e3e7 - test::run_test_in_process::h0d5cbfa7067d1720
[INFO] [stdout]                                at /rustc/df4ca44d3fbc9301ee17f30f4d474e6ae4b05252/library/test/src/lib.rs:644:27
[INFO] [stdout]   37:     0x5c09ab09e3e7 - test::run_test::{{closure}}::h708eb8872708115d
[INFO] [stdout]                                at /rustc/df4ca44d3fbc9301ee17f30f4d474e6ae4b05252/library/test/src/lib.rs:565:43
[INFO] [stdout]   38:     0x5c09ab061b04 - test::run_test::{{closure}}::h392c51cee94713ab
[INFO] [stdout]                                at /rustc/df4ca44d3fbc9301ee17f30f4d474e6ae4b05252/library/test/src/lib.rs:595:41
[INFO] [stdout]   39:     0x5c09ab061b04 - std::sys::backtrace::__rust_begin_short_backtrace::h2f40290710935a8b
[INFO] [stdout]                                at /rustc/df4ca44d3fbc9301ee17f30f4d474e6ae4b05252/library/std/src/sys/backtrace.rs:154:18
[INFO] [stdout]   40:     0x5c09ab0652ae - std::thread::Builder::spawn_unchecked_::{{closure}}::{{closure}}::h3fd968d89053a903
[INFO] [stdout]                                at /rustc/df4ca44d3fbc9301ee17f30f4d474e6ae4b05252/library/std/src/thread/mod.rs:541:17
[INFO] [stdout]   41:     0x5c09ab0652ae - <core::panic::unwind_safe::AssertUnwindSafe<F> as core::ops::function::FnOnce<()>>::call_once::h743f637ba4229880
[INFO] [stdout]                                at /rustc/df4ca44d3fbc9301ee17f30f4d474e6ae4b05252/library/core/src/panic/unwind_safe.rs:272:9
[INFO] [stdout]   42:     0x5c09ab0652ae - std::panicking::try::do_call::h07440897322525a6
[INFO] [stdout]                                at /rustc/df4ca44d3fbc9301ee17f30f4d474e6ae4b05252/library/std/src/panicking.rs:557:40
[INFO] [stdout]   43:     0x5c09ab0652ae - std::panicking::try::he5a2e00188156637
[INFO] [stdout]                                at /rustc/df4ca44d3fbc9301ee17f30f4d474e6ae4b05252/library/std/src/panicking.rs:520:19
[INFO] [stdout]   44:     0x5c09ab0652ae - std::panic::catch_unwind::hbaf3cae49b3c6433
[INFO] [stdout]                                at /rustc/df4ca44d3fbc9301ee17f30f4d474e6ae4b05252/library/std/src/panic.rs:358:14
[INFO] [stdout]   45:     0x5c09ab0652ae - std::thread::Builder::spawn_unchecked_::{{closure}}::h8e141ea224820bce
[INFO] [stdout]                                at /rustc/df4ca44d3fbc9301ee17f30f4d474e6ae4b05252/library/std/src/thread/mod.rs:540:30
[INFO] [stdout]   46:     0x5c09ab0652ae - core::ops::function::FnOnce::call_once{{vtable.shim}}::h90d312fedd7b8ea8
[INFO] [stdout]                                at /rustc/df4ca44d3fbc9301ee17f30f4d474e6ae4b05252/library/core/src/ops/function.rs:250:5
[INFO] [stdout]   47:     0x5c09ab55d19b - <alloc::boxed::Box<F,A> as core::ops::function::FnOnce<Args>>::call_once::h69aa08ddb6adb8b6
[INFO] [stdout]                                at /rustc/df4ca44d3fbc9301ee17f30f4d474e6ae4b05252/library/alloc/src/boxed.rs:2454:9
[INFO] [stdout]   48:     0x5c09ab55d19b - <alloc::boxed::Box<F,A> as core::ops::function::FnOnce<Args>>::call_once::h5aa36efdb79c806f
[INFO] [stdout]                                at /rustc/df4ca44d3fbc9301ee17f30f4d474e6ae4b05252/library/alloc/src/boxed.rs:2454:9
[INFO] [stdout]   49:     0x5c09ab55d19b - std::sys::pal::unix::thread::Thread::new::thread_start::h6cd80a1b4be5158d
[INFO] [stdout]                                at /rustc/df4ca44d3fbc9301ee17f30f4d474e6ae4b05252/library/std/src/sys/pal/unix/thread.rs:105:17
[INFO] [stdout]   50:     0x7b4b02f5cac3 - <unknown>
[INFO] [stdout]   51:     0x7b4b02feda04 - clone
[INFO] [stdout]   52:                0x0 - <unknown>
[INFO] [stdout] 
[INFO] [stdout] ---- db::_tests::registry_new_user_test stdout ----
[INFO] [stdout] thread 'db::_tests::registry_new_user_test' panicked at /opt/rustwide/cargo-home/registry/src/index.crates.io-6f17d22bba15001f/spin-0.9.8/src/once.rs:334:37:
[INFO] [stdout] Once previously poisoned by a panicked
[INFO] [stdout] stack backtrace:
[INFO] [stdout]    0:     0x5c09ab55752a - std::backtrace_rs::backtrace::libunwind::trace::h207520d6e9873551
[INFO] [stdout]                                at /rustc/df4ca44d3fbc9301ee17f30f4d474e6ae4b05252/library/std/src/../../backtrace/src/backtrace/libunwind.rs:116:5
[INFO] [stdout]    1:     0x5c09ab55752a - std::backtrace_rs::backtrace::trace_unsynchronized::h2ed7433f370e3eca
[INFO] [stdout]                                at /rustc/df4ca44d3fbc9301ee17f30f4d474e6ae4b05252/library/std/src/../../backtrace/src/backtrace/mod.rs:66:5
[INFO] [stdout]    2:     0x5c09ab55752a - std::sys::backtrace::_print_fmt::h916fac51166b18d7
[INFO] [stdout]                                at /rustc/df4ca44d3fbc9301ee17f30f4d474e6ae4b05252/library/std/src/sys/backtrace.rs:66:9
[INFO] [stdout]    3:     0x5c09ab55752a - <std::sys::backtrace::BacktraceLock::print::DisplayBacktrace as core::fmt::Display>::fmt::ha0a4c9b8ce3802e6
[INFO] [stdout]                                at /rustc/df4ca44d3fbc9301ee17f30f4d474e6ae4b05252/library/std/src/sys/backtrace.rs:39:26
[INFO] [stdout]    4:     0x5c09ab57f113 - core::fmt::rt::Argument::fmt::h4cfc8587d52b3eb5
[INFO] [stdout]                                at /rustc/df4ca44d3fbc9301ee17f30f4d474e6ae4b05252/library/core/src/fmt/rt.rs:177:76
[INFO] [stdout]    5:     0x5c09ab57f113 - core::fmt::write::h522cc39e5b36ae9f
[INFO] [stdout]                                at /rustc/df4ca44d3fbc9301ee17f30f4d474e6ae4b05252/library/core/src/fmt/mod.rs:1190:21
[INFO] [stdout]    6:     0x5c09ab553d73 - std::io::Write::write_fmt::h7d3c26752da97734
[INFO] [stdout]                                at /rustc/df4ca44d3fbc9301ee17f30f4d474e6ae4b05252/library/std/src/io/mod.rs:1839:15
[INFO] [stdout]    7:     0x5c09ab557372 - std::sys::backtrace::BacktraceLock::print::h4b9e00b29e9c0942
[INFO] [stdout]                                at /rustc/df4ca44d3fbc9301ee17f30f4d474e6ae4b05252/library/std/src/sys/backtrace.rs:42:9
[INFO] [stdout]    8:     0x5c09ab5589ba - std::panicking::default_hook::{{closure}}::hb59b88280d0324d9
[INFO] [stdout]                                at /rustc/df4ca44d3fbc9301ee17f30f4d474e6ae4b05252/library/std/src/panicking.rs:268:22
[INFO] [stdout]    9:     0x5c09ab5587c4 - std::panicking::default_hook::he1dd496665be4a29
[INFO] [stdout]                                at /rustc/df4ca44d3fbc9301ee17f30f4d474e6ae4b05252/library/std/src/panicking.rs:292:9
[INFO] [stdout]   10:     0x5c09ab09a199 - <alloc::boxed::Box<F,A> as core::ops::function::Fn<Args>>::call::h4ff71de18744e1dc
[INFO] [stdout]                                at /rustc/df4ca44d3fbc9301ee17f30f4d474e6ae4b05252/library/alloc/src/boxed.rs:2468:9
[INFO] [stdout]   11:     0x5c09ab09a199 - test::test_main::{{closure}}::hcf7c055ce117aa81
[INFO] [stdout]                                at /rustc/df4ca44d3fbc9301ee17f30f4d474e6ae4b05252/library/test/src/lib.rs:133:21
[INFO] [stdout]   12:     0x5c09ab5590b8 - <alloc::boxed::Box<F,A> as core::ops::function::Fn<Args>>::call::h1d66c6bbd60c9692
[INFO] [stdout]                                at /rustc/df4ca44d3fbc9301ee17f30f4d474e6ae4b05252/library/alloc/src/boxed.rs:2468:9
[INFO] [stdout]   13:     0x5c09ab5590b8 - std::panicking::rust_panic_with_hook::h2ff17fe8f26dfcf8
[INFO] [stdout]                                at /rustc/df4ca44d3fbc9301ee17f30f4d474e6ae4b05252/library/std/src/panicking.rs:809:13
[INFO] [stdout]   14:     0x5c09ab558e46 - std::panicking::begin_panic_handler::{{closure}}::h4fad77951c07e101
[INFO] [stdout]                                at /rustc/df4ca44d3fbc9301ee17f30f4d474e6ae4b05252/library/std/src/panicking.rs:667:13
[INFO] [stdout]   15:     0x5c09ab557a09 - std::sys::backtrace::__rust_end_short_backtrace::hb1a25b3da5d0ea08
[INFO] [stdout]                                at /rustc/df4ca44d3fbc9301ee17f30f4d474e6ae4b05252/library/std/src/sys/backtrace.rs:170:18
[INFO] [stdout]   16:     0x5c09ab558b0c - rust_begin_unwind
[INFO] [stdout]                                at /rustc/df4ca44d3fbc9301ee17f30f4d474e6ae4b05252/library/std/src/panicking.rs:665:5
[INFO] [stdout]   17:     0x5c09ab57d200 - core::panicking::panic_fmt::ha9db07b529f9b256
[INFO] [stdout]                                at /rustc/df4ca44d3fbc9301ee17f30f4d474e6ae4b05252/library/core/src/panicking.rs:75:14
[INFO] [stdout]   18:     0x5c09ab57d28c - core::panicking::panic::h993086813d94accc
[INFO] [stdout]                                at /rustc/df4ca44d3fbc9301ee17f30f4d474e6ae4b05252/library/core/src/panicking.rs:152:5
[INFO] [stdout]   19:     0x5c09ab036c90 - spin::once::Once<T,R>::poll::hba134f0863c7ac7a
[INFO] [stdout]                                at /opt/rustwide/cargo-home/registry/src/index.crates.io-6f17d22bba15001f/spin-0.9.8/src/once.rs:334:37
[INFO] [stdout]   20:     0x5c09ab036ad4 - spin::once::Once<T,R>::try_call_once_slow::h9f149c4a97b486bb
[INFO] [stdout]                                at /opt/rustwide/cargo-home/registry/src/index.crates.io-6f17d22bba15001f/spin-0.9.8/src/once.rs:231:47
[INFO] [stdout]   21:     0x5c09ab036745 - spin::once::Once<T,R>::try_call_once::h6628d1d5599edf9b
[INFO] [stdout]                                at /opt/rustwide/cargo-home/registry/src/index.crates.io-6f17d22bba15001f/spin-0.9.8/src/once.rs:212:13
[INFO] [stdout]   22:     0x5c09ab036cae - spin::once::Once<T,R>::call_once::h1fbdc477156850fa
[INFO] [stdout]                                at /opt/rustwide/cargo-home/registry/src/index.crates.io-6f17d22bba15001f/spin-0.9.8/src/once.rs:169:15
[INFO] [stdout]   23:     0x5c09ab053f61 - lazy_static::lazy::Lazy<T>::get::h534e7954d3f1e67f
[INFO] [stdout]                                at /opt/rustwide/cargo-home/registry/src/index.crates.io-6f17d22bba15001f/lazy_static-1.5.0/src/core_lazy.rs:22:9
[INFO] [stdout]   24:     0x5c09ab053f61 - <lib::db::_tests::DB as core::ops::deref::Deref>::deref::__stability::hd866532c2cc92a43
[INFO] [stdout]                                at /opt/rustwide/cargo-home/registry/src/index.crates.io-6f17d22bba15001f/lazy_static-1.5.0/src/lib.rs:135:21
[INFO] [stdout]   25:     0x5c09ab053f61 - <lib::db::_tests::DB as core::ops::deref::Deref>::deref::h3e3c3fcc0a21e143
[INFO] [stdout]                                at /opt/rustwide/cargo-home/registry/src/index.crates.io-6f17d22bba15001f/lazy_static-1.5.0/src/lib.rs:137:17
[INFO] [stdout]   26:     0x5c09ab054403 - lib::db::_tests::registry_new_user_test::h3f78f486486c11b9
[INFO] [stdout]                                at /opt/rustwide/workdir/src/db/mod.rs:360:33
[INFO] [stdout]   27:     0x5c09ab0543c7 - lib::db::_tests::registry_new_user_test::{{closure}}::h014c91b1b285903e
[INFO] [stdout]                                at /opt/rustwide/workdir/src/db/mod.rs:359:32
[INFO] [stdout]   28:     0x5c09ab033916 - core::ops::function::FnOnce::call_once::h6cc4e9398160faf9
[INFO] [stdout]                                at /rustc/df4ca44d3fbc9301ee17f30f4d474e6ae4b05252/library/core/src/ops/function.rs:250:5
[INFO] [stdout]   29:     0x5c09ab09ea6b - core::ops::function::FnOnce::call_once::h22c3ba5715e93f05
[INFO] [stdout]                                at /rustc/df4ca44d3fbc9301ee17f30f4d474e6ae4b05252/library/core/src/ops/function.rs:250:5
[INFO] [stdout]   30:     0x5c09ab09ea6b - test::__rust_begin_short_backtrace::h8e82d8113d0da17f
[INFO] [stdout]                                at /rustc/df4ca44d3fbc9301ee17f30f4d474e6ae4b05252/library/test/src/lib.rs:621:18
[INFO] [stdout]   31:     0x5c09ab09e3e7 - test::run_test_in_process::{{closure}}::h33235f4f20b7b7c7
[INFO] [stdout]                                at /rustc/df4ca44d3fbc9301ee17f30f4d474e6ae4b05252/library/test/src/lib.rs:644:60
[INFO] [stdout]   32:     0x5c09ab09e3e7 - <core::panic::unwind_safe::AssertUnwindSafe<F> as core::ops::function::FnOnce<()>>::call_once::hb5043206310c586f
[INFO] [stdout]                                at /rustc/df4ca44d3fbc9301ee17f30f4d474e6ae4b05252/library/core/src/panic/unwind_safe.rs:272:9
[INFO] [stdout]   33:     0x5c09ab09e3e7 - std::panicking::try::do_call::h9ad4731a60ab23e2
[INFO] [stdout]                                at /rustc/df4ca44d3fbc9301ee17f30f4d474e6ae4b05252/library/std/src/panicking.rs:557:40
[INFO] [stdout]   34:     0x5c09ab09e3e7 - std::panicking::try::h3824d23db772a716
[INFO] [stdout]                                at /rustc/df4ca44d3fbc9301ee17f30f4d474e6ae4b05252/library/std/src/panicking.rs:520:19
[INFO] [stdout]   35:     0x5c09ab09e3e7 - std::panic::catch_unwind::h5afd514605fde46b
[INFO] [stdout]                                at /rustc/df4ca44d3fbc9301ee17f30f4d474e6ae4b05252/library/std/src/panic.rs:358:14
[INFO] [stdout]   36:     0x5c09ab09e3e7 - test::run_test_in_process::h0d5cbfa7067d1720
[INFO] [stdout]                                at /rustc/df4ca44d3fbc9301ee17f30f4d474e6ae4b05252/library/test/src/lib.rs:644:27
[INFO] [stdout]   37:     0x5c09ab09e3e7 - test::run_test::{{closure}}::h708eb8872708115d
[INFO] [stdout]                                at /rustc/df4ca44d3fbc9301ee17f30f4d474e6ae4b05252/library/test/src/lib.rs:565:43
[INFO] [stdout]   38:     0x5c09ab061b04 - test::run_test::{{closure}}::h392c51cee94713ab
[INFO] [stdout]                                at /rustc/df4ca44d3fbc9301ee17f30f4d474e6ae4b05252/library/test/src/lib.rs:595:41
[INFO] [stdout]   39:     0x5c09ab061b04 - std::sys::backtrace::__rust_begin_short_backtrace::h2f40290710935a8b
[INFO] [stdout]                                at /rustc/df4ca44d3fbc9301ee17f30f4d474e6ae4b05252/library/std/src/sys/backtrace.rs:154:18
[INFO] [stdout]   40:     0x5c09ab0652ae - std::thread::Builder::spawn_unchecked_::{{closure}}::{{closure}}::h3fd968d89053a903
[INFO] [stdout]                                at /rustc/df4ca44d3fbc9301ee17f30f4d474e6ae4b05252/library/std/src/thread/mod.rs:541:17
[INFO] [stdout]   41:     0x5c09ab0652ae - <core::panic::unwind_safe::AssertUnwindSafe<F> as core::ops::function::FnOnce<()>>::call_once::h743f637ba4229880
[INFO] [stdout]                                at /rustc/df4ca44d3fbc9301ee17f30f4d474e6ae4b05252/library/core/src/panic/unwind_safe.rs:272:9
[INFO] [stdout]   42:     0x5c09ab0652ae - std::panicking::try::do_call::h07440897322525a6
[INFO] [stdout]                                at /rustc/df4ca44d3fbc9301ee17f30f4d474e6ae4b05252/library/std/src/panicking.rs:557:40
[INFO] [stdout]   43:     0x5c09ab0652ae - std::panicking::try::he5a2e00188156637
[INFO] [stdout]                                at /rustc/df4ca44d3fbc9301ee17f30f4d474e6ae4b05252/library/std/src/panicking.rs:520:19
[INFO] [stdout]   44:     0x5c09ab0652ae - std::panic::catch_unwind::hbaf3cae49b3c6433
[INFO] [stdout]                                at /rustc/df4ca44d3fbc9301ee17f30f4d474e6ae4b05252/library/std/src/panic.rs:358:14
[INFO] [stdout]   45:     0x5c09ab0652ae - std::thread::Builder::spawn_unchecked_::{{closure}}::h8e141ea224820bce
[INFO] [stdout]                                at /rustc/df4ca44d3fbc9301ee17f30f4d474e6ae4b05252/library/std/src/thread/mod.rs:540:30
[INFO] [stdout]   46:     0x5c09ab0652ae - core::ops::function::FnOnce::call_once{{vtable.shim}}::h90d312fedd7b8ea8
[INFO] [stdout]                                at /rustc/df4ca44d3fbc9301ee17f30f4d474e6ae4b05252/library/core/src/ops/function.rs:250:5
[INFO] [stdout]   47:     0x5c09ab55d19b - <alloc::boxed::Box<F,A> as core::ops::function::FnOnce<Args>>::call_once::h69aa08ddb6adb8b6
[INFO] [stdout]                                at /rustc/df4ca44d3fbc9301ee17f30f4d474e6ae4b05252/library/alloc/src/boxed.rs:2454:9
[INFO] [stdout]   48:     0x5c09ab55d19b - <alloc::boxed::Box<F,A> as core::ops::function::FnOnce<Args>>::call_once::h5aa36efdb79c806f
[INFO] [stdout]                                at /rustc/df4ca44d3fbc9301ee17f30f4d474e6ae4b05252/library/alloc/src/boxed.rs:2454:9
[INFO] [stdout]   49:     0x5c09ab55d19b - std::sys::pal::unix::thread::Thread::new::thread_start::h6cd80a1b4be5158d
[INFO] [stdout]                                at /rustc/df4ca44d3fbc9301ee17f30f4d474e6ae4b05252/library/std/src/sys/pal/unix/thread.rs:105:17
[INFO] [stdout]   50:     0x7b4b02f5cac3 - <unknown>
[INFO] [stdout]   51:     0x7b4b02feda04 - clone
[INFO] [stdout]   52:                0x0 - <unknown>
[INFO] [stdout] 
[INFO] [stdout] ---- db::_tests::get_scores_for_after_add_scores_returns_right_scores_value stdout ----
[INFO] [stdout] thread 'db::_tests::get_scores_for_after_add_scores_returns_right_scores_value' panicked at /opt/rustwide/cargo-home/registry/src/index.crates.io-6f17d22bba15001f/spin-0.9.8/src/once.rs:334:37:
[INFO] [stdout] Once previously poisoned by a panicked
[INFO] [stdout] stack backtrace:
[INFO] [stdout]    0:     0x5c09ab55752a - std::backtrace_rs::backtrace::libunwind::trace::h207520d6e9873551
[INFO] [stdout]                                at /rustc/df4ca44d3fbc9301ee17f30f4d474e6ae4b05252/library/std/src/../../backtrace/src/backtrace/libunwind.rs:116:5
[INFO] [stdout]    1:     0x5c09ab55752a - std::backtrace_rs::backtrace::trace_unsynchronized::h2ed7433f370e3eca
[INFO] [stdout]                                at /rustc/df4ca44d3fbc9301ee17f30f4d474e6ae4b05252/library/std/src/../../backtrace/src/backtrace/mod.rs:66:5
[INFO] [stdout]    2:     0x5c09ab55752a - std::sys::backtrace::_print_fmt::h916fac51166b18d7
[INFO] [stdout]                                at /rustc/df4ca44d3fbc9301ee17f30f4d474e6ae4b05252/library/std/src/sys/backtrace.rs:66:9
[INFO] [stdout]    3:     0x5c09ab55752a - <std::sys::backtrace::BacktraceLock::print::DisplayBacktrace as core::fmt::Display>::fmt::ha0a4c9b8ce3802e6
[INFO] [stdout]                                at /rustc/df4ca44d3fbc9301ee17f30f4d474e6ae4b05252/library/std/src/sys/backtrace.rs:39:26
[INFO] [stdout]    4:     0x5c09ab57f113 - core::fmt::rt::Argument::fmt::h4cfc8587d52b3eb5
[INFO] [stdout]                                at /rustc/df4ca44d3fbc9301ee17f30f4d474e6ae4b05252/library/core/src/fmt/rt.rs:177:76
[INFO] [stdout]    5:     0x5c09ab57f113 - core::fmt::write::h522cc39e5b36ae9f
[INFO] [stdout]                                at /rustc/df4ca44d3fbc9301ee17f30f4d474e6ae4b05252/library/core/src/fmt/mod.rs:1190:21
[INFO] [stdout]    6:     0x5c09ab553d73 - std::io::Write::write_fmt::h7d3c26752da97734
[INFO] [stdout]                                at /rustc/df4ca44d3fbc9301ee17f30f4d474e6ae4b05252/library/std/src/io/mod.rs:1839:15
[INFO] [stdout]    7:     0x5c09ab557372 - std::sys::backtrace::BacktraceLock::print::h4b9e00b29e9c0942
[INFO] [stdout]                                at /rustc/df4ca44d3fbc9301ee17f30f4d474e6ae4b05252/library/std/src/sys/backtrace.rs:42:9
[INFO] [stdout]    8:     0x5c09ab5589ba - std::panicking::default_hook::{{closure}}::hb59b88280d0324d9
[INFO] [stdout]                                at /rustc/df4ca44d3fbc9301ee17f30f4d474e6ae4b05252/library/std/src/panicking.rs:268:22
[INFO] [stdout]    9:     0x5c09ab5587c4 - std::panicking::default_hook::he1dd496665be4a29
[INFO] [stdout]                                at /rustc/df4ca44d3fbc9301ee17f30f4d474e6ae4b05252/library/std/src/panicking.rs:292:9
[INFO] [stdout]   10:     0x5c09ab09a199 - <alloc::boxed::Box<F,A> as core::ops::function::Fn<Args>>::call::h4ff71de18744e1dc
[INFO] [stdout]                                at /rustc/df4ca44d3fbc9301ee17f30f4d474e6ae4b05252/library/alloc/src/boxed.rs:2468:9
[INFO] [stdout]   11:     0x5c09ab09a199 - test::test_main::{{closure}}::hcf7c055ce117aa81
[INFO] [stdout]                                at /rustc/df4ca44d3fbc9301ee17f30f4d474e6ae4b05252/library/test/src/lib.rs:133:21
[INFO] [stdout]   12:     0x5c09ab5590b8 - <alloc::boxed::Box<F,A> as core::ops::function::Fn<Args>>::call::h1d66c6bbd60c9692
[INFO] [stdout]                                at /rustc/df4ca44d3fbc9301ee17f30f4d474e6ae4b05252/library/alloc/src/boxed.rs:2468:9
[INFO] [stdout]   13:     0x5c09ab5590b8 - std::panicking::rust_panic_with_hook::h2ff17fe8f26dfcf8
[INFO] [stdout]                                at /rustc/df4ca44d3fbc9301ee17f30f4d474e6ae4b05252/library/std/src/panicking.rs:809:13
[INFO] [stdout]   14:     0x5c09ab558e46 - std::panicking::begin_panic_handler::{{closure}}::h4fad77951c07e101
[INFO] [stdout]                                at /rustc/df4ca44d3fbc9301ee17f30f4d474e6ae4b05252/library/std/src/panicking.rs:667:13
[INFO] [stdout]   15:     0x5c09ab557a09 - std::sys::backtrace::__rust_end_short_backtrace::hb1a25b3da5d0ea08
[INFO] [stdout]                                at /rustc/df4ca44d3fbc9301ee17f30f4d474e6ae4b05252/library/std/src/sys/backtrace.rs:170:18
[INFO] [stdout]   16:     0x5c09ab558b0c - rust_begin_unwind
[INFO] [stdout]                                at /rustc/df4ca44d3fbc9301ee17f30f4d474e6ae4b05252/library/std/src/panicking.rs:665:5
[INFO] [stdout]   17:     0x5c09ab57d200 - core::panicking::panic_fmt::ha9db07b529f9b256
[INFO] [stdout]                                at /rustc/df4ca44d3fbc9301ee17f30f4d474e6ae4b05252/library/core/src/panicking.rs:75:14
[INFO] [stdout]   18:     0x5c09ab57d28c - core::panicking::panic::h993086813d94accc
[INFO] [stdout]                                at /rustc/df4ca44d3fbc9301ee17f30f4d474e6ae4b05252/library/core/src/panicking.rs:152:5
[INFO] [stdout]   19:     0x5c09ab036c90 - spin::once::Once<T,R>::poll::hba134f0863c7ac7a
[INFO] [stdout]                                at /opt/rustwide/cargo-home/registry/src/index.crates.io-6f17d22bba15001f/spin-0.9.8/src/once.rs:334:37
[INFO] [stdout]   20:     0x5c09ab036ad4 - spin::once::Once<T,R>::try_call_once_slow::h9f149c4a97b486bb
[INFO] [stdout]                                at /opt/rustwide/cargo-home/registry/src/index.crates.io-6f17d22bba15001f/spin-0.9.8/src/once.rs:231:47
[INFO] [stdout]   21:     0x5c09ab036745 - spin::once::Once<T,R>::try_call_once::h6628d1d5599edf9b
[INFO] [stdout]                                at /opt/rustwide/cargo-home/registry/src/index.crates.io-6f17d22bba15001f/spin-0.9.8/src/once.rs:212:13
[INFO] [stdout]   22:     0x5c09ab036cae - spin::once::Once<T,R>::call_once::h1fbdc477156850fa
[INFO] [stdout]                                at /opt/rustwide/cargo-home/registry/src/index.crates.io-6f17d22bba15001f/spin-0.9.8/src/once.rs:169:15
[INFO] [stdout]   23:     0x5c09ab053f61 - lazy_static::lazy::Lazy<T>::get::h534e7954d3f1e67f
[INFO] [stdout]                                at /opt/rustwide/cargo-home/registry/src/index.crates.io-6f17d22bba15001f/lazy_static-1.5.0/src/core_lazy.rs:22:9
[INFO] [stdout]   24:     0x5c09ab053f61 - <lib::db::_tests::DB as core::ops::deref::Deref>::deref::__stability::hd866532c2cc92a43
[INFO] [stdout]                                at /opt/rustwide/cargo-home/registry/src/index.crates.io-6f17d22bba15001f/lazy_static-1.5.0/src/lib.rs:135:21
[INFO] [stdout]   25:     0x5c09ab053f61 - <lib::db::_tests::DB as core::ops::deref::Deref>::deref::h3e3c3fcc0a21e143
[INFO] [stdout]                                at /opt/rustwide/cargo-home/registry/src/index.crates.io-6f17d22bba15001f/lazy_static-1.5.0/src/lib.rs:137:17
[INFO] [stdout]   26:     0x5c09ab055a43 - lib::db::_tests::get_scores_for_after_add_scores_returns_right_scores_value::hf45e7bbc59a2d32b
[INFO] [stdout]                                at /opt/rustwide/workdir/src/db/mod.rs:434:33
[INFO] [stdout]   27:     0x5c09ab055a07 - lib::db::_tests::get_scores_for_after_add_scores_returns_right_scores_value::{{closure}}::hb1086020257afc28
[INFO] [stdout]                                at /opt/rustwide/workdir/src/db/mod.rs:433:68
[INFO] [stdout]   28:     0x5c09ab033746 - core::ops::function::FnOnce::call_once::h39ced672244cadf4
[INFO] [stdout]                                at /rustc/df4ca44d3fbc9301ee17f30f4d474e6ae4b05252/library/core/src/ops/function.rs:250:5
[INFO] [stdout]   29:     0x5c09ab09ea6b - core::ops::function::FnOnce::call_once::h22c3ba5715e93f05
[INFO] [stdout]                                at /rustc/df4ca44d3fbc9301ee17f30f4d474e6ae4b05252/library/core/src/ops/function.rs:250:5
[INFO] [stdout]   30:     0x5c09ab09ea6b - test::__rust_begin_short_backtrace::h8e82d8113d0da17f
[INFO] [stdout]                                at /rustc/df4ca44d3fbc9301ee17f30f4d474e6ae4b05252/library/test/src/lib.rs:621:18
[INFO] [stdout]   31:     0x5c09ab09e3e7 - test::run_test_in_process::{{closure}}::h33235f4f20b7b7c7
[INFO] [stdout]                                at /rustc/df4ca44d3fbc9301ee17f30f4d474e6ae4b05252/library/test/src/lib.rs:644:60
[INFO] [stdout]   32:     0x5c09ab09e3e7 - <core::panic::unwind_safe::AssertUnwindSafe<F> as core::ops::function::FnOnce<()>>::call_once::hb5043206310c586f
[INFO] [stdout]                                at /rustc/df4ca44d3fbc9301ee17f30f4d474e6ae4b05252/library/core/src/panic/unwind_safe.rs:272:9
[INFO] [stdout]   33:     0x5c09ab09e3e7 - std::panicking::try::do_call::h9ad4731a60ab23e2
[INFO] [stdout]                                at /rustc/df4ca44d3fbc9301ee17f30f4d474e6ae4b05252/library/std/src/panicking.rs:557:40
[INFO] [stdout]   34:     0x5c09ab09e3e7 - std::panicking::try::h3824d23db772a716
[INFO] [stdout]                                at /rustc/df4ca44d3fbc9301ee17f30f4d474e6ae4b05252/library/std/src/panicking.rs:520:19
[INFO] [stdout]   35:     0x5c09ab09e3e7 - std::panic::catch_unwind::h5afd514605fde46b
[INFO] [stdout]                                at /rustc/df4ca44d3fbc9301ee17f30f4d474e6ae4b05252/library/std/src/panic.rs:358:14
[INFO] [stdout]   36:     0x5c09ab09e3e7 - test::run_test_in_process::h0d5cbfa7067d1720
[INFO] [stdout]                                at /rustc/df4ca44d3fbc9301ee17f30f4d474e6ae4b05252/library/test/src/lib.rs:644:27
[INFO] [stdout]   37:     0x5c09ab09e3e7 - test::run_test::{{closure}}::h708eb8872708115d
[INFO] [stdout]                                at /rustc/df4ca44d3fbc9301ee17f30f4d474e6ae4b05252/library/test/src/lib.rs:565:43
[INFO] [stdout]   38:     0x5c09ab061b04 - test::run_test::{{closure}}::h392c51cee94713ab
[INFO] [stdout]                                at /rustc/df4ca44d3fbc9301ee17f30f4d474e6ae4b05252/library/test/src/lib.rs:595:41
[INFO] [stdout]   39:     0x5c09ab061b04 - std::sys::backtrace::__rust_begin_short_backtrace::h2f40290710935a8b
[INFO] [stdout]                                at /rustc/df4ca44d3fbc9301ee17f30f4d474e6ae4b05252/library/std/src/sys/backtrace.rs:154:18
[INFO] [stdout]   40:     0x5c09ab0652ae - std::thread::Builder::spawn_unchecked_::{{closure}}::{{closure}}::h3fd968d89053a903
[INFO] [stdout]                                at /rustc/df4ca44d3fbc9301ee17f30f4d474e6ae4b05252/library/std/src/thread/mod.rs:541:17
[INFO] [stdout]   41:     0x5c09ab0652ae - <core::panic::unwind_safe::AssertUnwindSafe<F> as core::ops::function::FnOnce<()>>::call_once::h743f637ba4229880
[INFO] [stdout]                                at /rustc/df4ca44d3fbc9301ee17f30f4d474e6ae4b05252/library/core/src/panic/unwind_safe.rs:272:9
[INFO] [stdout]   42:     0x5c09ab0652ae - std::panicking::try::do_call::h07440897322525a6
[INFO] [stdout]                                at /rustc/df4ca44d3fbc9301ee17f30f4d474e6ae4b05252/library/std/src/panicking.rs:557:40
[INFO] [stdout]   43:     0x5c09ab0652ae - std::panicking::try::he5a2e00188156637
[INFO] [stdout]                                at /rustc/df4ca44d3fbc9301ee17f30f4d474e6ae4b05252/library/std/src/panicking.rs:520:19
[INFO] [stdout]   44:     0x5c09ab0652ae - std::panic::catch_unwind::hbaf3cae49b3c6433
[INFO] [stdout]                                at /rustc/df4ca44d3fbc9301ee17f30f4d474e6ae4b05252/library/std/src/panic.rs:358:14
[INFO] [stdout]   45:     0x5c09ab0652ae - std::thread::Builder::spawn_unchecked_::{{closure}}::h8e141ea224820bce
[INFO] [stdout]                                at /rustc/df4ca44d3fbc9301ee17f30f4d474e6ae4b05252/library/std/src/thread/mod.rs:540:30
[INFO] [stdout]   46:     0x5c09ab0652ae - core::ops::function::FnOnce::call_once{{vtable.shim}}::h90d312fedd7b8ea8
[INFO] [stdout]                                at /rustc/df4ca44d3fbc9301ee17f30f4d474e6ae4b05252/library/core/src/ops/function.rs:250:5
[INFO] [stdout]   47:     0x5c09ab55d19b - <alloc::boxed::Box<F,A> as core::ops::function::FnOnce<Args>>::call_once::h69aa08ddb6adb8b6
[INFO] [stdout]                                at /rustc/df4ca44d3fbc9301ee17f30f4d474e6ae4b05252/library/alloc/src/boxed.rs:2454:9
[INFO] [stdout]   48:     0x5c09ab55d19b - <alloc::boxed::Box<F,A> as core::ops::function::FnOnce<Args>>::call_once::h5aa36efdb79c806f
[INFO] [stdout]                                at /rustc/df4ca44d3fbc9301ee17f30f4d474e6ae4b05252/library/alloc/src/boxed.rs:2454:9
[INFO] [stdout]   49:     0x5c09ab55d19b - std::sys::pal::unix::thread::Thread::new::thread_start::h6cd80a1b4be5158d
[INFO] [stdout]                                at /rustc/df4ca44d3fbc9301ee17f30f4d474e6ae4b05252/library/std/src/sys/pal/unix/thread.rs:105:17
[INFO] [stdout]   50:     0x7b4b02f5cac3 - <unknown>
[INFO] [stdout]   51:     0x7b4b02feda04 - clone
[INFO] [stdout]   52:                0x0 - <unknown>
[INFO] [stdout] 
[INFO] [stdout] 
[INFO] [stdout] failures:
[INFO] [stdout]     db::_tests::check_if_user_exist_for_existing_user
[INFO] [stdout]     db::_tests::check_if_user_exist_for_not_existing_user
[INFO] [stdout]     db::_tests::connection_to_db
[INFO] [stdout]     db::_tests::get_scores_for_after_add_scores_returns_right_scores_value
[INFO] [stdout]     db::_tests::get_scores_for_just_registered_user
[INFO] [stdout]     db::_tests::registry_new_user_test
[INFO] [stdout]     db::_tests::verify_password_for_correct_password
[INFO] [stdout]     db::_tests::verify_password_for_incorrect_password
[INFO] [stdout] 
[INFO] [stdout] test result: FAILED. 1 passed; 8 failed; 0 ignored; 0 measured; 0 filtered out; finished in 30.35s
[INFO] [stdout] 
[INFO] [stderr] error: test failed, to rerun pass `--lib`
[INFO] running `Command { std: "docker" "inspect" "acb4e60a1466a372b799e5768b0543d8ea604a15497fb765d1ddc0bd68b1c1a0", kill_on_drop: false }`
[INFO] running `Command { std: "docker" "rm" "-f" "acb4e60a1466a372b799e5768b0543d8ea604a15497fb765d1ddc0bd68b1c1a0", kill_on_drop: false }`
[INFO] [stdout] acb4e60a1466a372b799e5768b0543d8ea604a15497fb765d1ddc0bd68b1c1a0
