[INFO] cloning repository https://github.com/Quelfth/plyers
[INFO] running `Command { std: "git" "-c" "credential.helper=" "-c" "credential.helper=/workspace/cargo-home/bin/git-credential-null" "clone" "--bare" "https://github.com/Quelfth/plyers" "/workspace/cache/git-repos/https%3A%2F%2Fgithub.com%2FQuelfth%2Fplyers", kill_on_drop: false }`
[INFO] [stderr] Cloning into bare repository '/workspace/cache/git-repos/https%3A%2F%2Fgithub.com%2FQuelfth%2Fplyers'...
[INFO] running `Command { std: "git" "rev-parse" "HEAD", kill_on_drop: false }`
[INFO] [stdout] 994d9671cb8352d465422120e47a0a0c3250e9e2
[INFO] testing Quelfth/plyers/994d9671cb8352d465422120e47a0a0c3250e9e2 against nightly-2024-10-28+rustflags=-Zrandomize-layout for randomize-layout
[INFO] running `Command { std: "git" "clone" "/workspace/cache/git-repos/https%3A%2F%2Fgithub.com%2FQuelfth%2Fplyers" "/workspace/builds/worker-1-tc2/source", kill_on_drop: false }`
[INFO] [stderr] Cloning into '/workspace/builds/worker-1-tc2/source'...
[INFO] [stderr] done.
[INFO] validating manifest of git repo https://github.com/Quelfth/plyers on toolchain nightly-2024-10-28
[INFO] running `Command { std: CARGO_HOME="/workspace/cargo-home" RUSTUP_HOME="/workspace/rustup-home" "/workspace/cargo-home/bin/cargo" "+nightly-2024-10-28" "metadata" "--manifest-path" "Cargo.toml" "--no-deps", kill_on_drop: false }`
[INFO] started tweaking git repo https://github.com/Quelfth/plyers
[INFO] finished tweaking git repo https://github.com/Quelfth/plyers
[INFO] tweaked toml for git repo https://github.com/Quelfth/plyers written to /workspace/builds/worker-1-tc2/source/Cargo.toml
[INFO] crate git repo https://github.com/Quelfth/plyers already has a lockfile, it will not be regenerated
[INFO] running `Command { std: CARGO_HOME="/workspace/cargo-home" RUSTUP_HOME="/workspace/rustup-home" "/workspace/cargo-home/bin/cargo" "+nightly-2024-10-28" "fetch" "--manifest-path" "Cargo.toml", kill_on_drop: false }`
[INFO] running `Command { std: "docker" "create" "-v" "/var/lib/crater-agent-workspace/builds/worker-1-tc2/target:/opt/rustwide/target:rw,Z" "-v" "/var/lib/crater-agent-workspace/builds/worker-1-tc2/source:/opt/rustwide/workdir:ro,Z" "-v" "/var/lib/crater-agent-workspace/cargo-home:/opt/rustwide/cargo-home:ro,Z" "-v" "/var/lib/crater-agent-workspace/rustup-home:/opt/rustwide/rustup-home:ro,Z" "-e" "SOURCE_DIR=/opt/rustwide/workdir" "-e" "CARGO_TARGET_DIR=/opt/rustwide/target" "-e" "CARGO_HOME=/opt/rustwide/cargo-home" "-e" "RUSTUP_HOME=/opt/rustwide/rustup-home" "-w" "/opt/rustwide/workdir" "-m" "1610612736" "--user" "0:0" "--network" "none" "ghcr.io/rust-lang/crates-build-env/linux@sha256:4a844ea9eb2546a2d2c7022eacef16ef2e8229c7fbb2c7d4d55a9ceca922f72d" "/opt/rustwide/cargo-home/bin/cargo" "+nightly-2024-10-28" "metadata" "--no-deps" "--format-version=1", kill_on_drop: false }`
[INFO] [stdout] bb5148dc88ba2bff1876ea7fccf633bc55b598d99e1be32b7901003efc6edc22
[INFO] running `Command { std: "docker" "start" "-a" "bb5148dc88ba2bff1876ea7fccf633bc55b598d99e1be32b7901003efc6edc22", kill_on_drop: false }`
[INFO] running `Command { std: "docker" "inspect" "bb5148dc88ba2bff1876ea7fccf633bc55b598d99e1be32b7901003efc6edc22", kill_on_drop: false }`
[INFO] running `Command { std: "docker" "rm" "-f" "bb5148dc88ba2bff1876ea7fccf633bc55b598d99e1be32b7901003efc6edc22", kill_on_drop: false }`
[INFO] [stdout] bb5148dc88ba2bff1876ea7fccf633bc55b598d99e1be32b7901003efc6edc22
[INFO] running `Command { std: "docker" "create" "-v" "/var/lib/crater-agent-workspace/builds/worker-1-tc2/target:/opt/rustwide/target:rw,Z" "-v" "/var/lib/crater-agent-workspace/builds/worker-1-tc2/source:/opt/rustwide/workdir:ro,Z" "-v" "/var/lib/crater-agent-workspace/cargo-home:/opt/rustwide/cargo-home:ro,Z" "-v" "/var/lib/crater-agent-workspace/rustup-home:/opt/rustwide/rustup-home:ro,Z" "-e" "SOURCE_DIR=/opt/rustwide/workdir" "-e" "CARGO_TARGET_DIR=/opt/rustwide/target" "-e" "CARGO_INCREMENTAL=0" "-e" "RUST_BACKTRACE=full" "-e" "RUSTFLAGS=--cap-lints=forbid -Zrandomize-layout" "-e" "RUSTDOCFLAGS=--cap-lints=forbid" "-e" "CARGO_HOME=/opt/rustwide/cargo-home" "-e" "RUSTUP_HOME=/opt/rustwide/rustup-home" "-w" "/opt/rustwide/workdir" "-m" "1610612736" "--user" "0:0" "--network" "none" "ghcr.io/rust-lang/crates-build-env/linux@sha256:4a844ea9eb2546a2d2c7022eacef16ef2e8229c7fbb2c7d4d55a9ceca922f72d" "/opt/rustwide/cargo-home/bin/cargo" "+nightly-2024-10-28" "build" "--frozen" "--message-format=json", kill_on_drop: false }`
[INFO] [stdout] f111e13e168d545cb8e4c39ae1fd6beb5520278a8944063044b93d68c2739e5f
[INFO] running `Command { std: "docker" "start" "-a" "f111e13e168d545cb8e4c39ae1fd6beb5520278a8944063044b93d68c2739e5f", kill_on_drop: false }`
[INFO] [stderr]    Compiling proc-macro2 v1.0.86
[INFO] [stderr]    Compiling unicode-ident v1.0.13
[INFO] [stderr]    Compiling peg-runtime v0.6.3
[INFO] [stderr]    Compiling linked-hash-map v0.5.6
[INFO] [stderr]    Compiling byteorder v1.5.0
[INFO] [stderr]    Compiling quote v1.0.37
[INFO] [stderr]    Compiling peg-macros v0.6.3
[INFO] [stderr]    Compiling peg v0.6.3
[INFO] [stderr]    Compiling plyers v0.1.0 (/opt/rustwide/workdir)
[INFO] [stderr]     Finished `dev` profile [unoptimized + debuginfo] target(s) in 1.41s
[INFO] running `Command { std: "docker" "inspect" "f111e13e168d545cb8e4c39ae1fd6beb5520278a8944063044b93d68c2739e5f", kill_on_drop: false }`
[INFO] running `Command { std: "docker" "rm" "-f" "f111e13e168d545cb8e4c39ae1fd6beb5520278a8944063044b93d68c2739e5f", kill_on_drop: false }`
[INFO] [stdout] f111e13e168d545cb8e4c39ae1fd6beb5520278a8944063044b93d68c2739e5f
[INFO] running `Command { std: "docker" "create" "-v" "/var/lib/crater-agent-workspace/builds/worker-1-tc2/target:/opt/rustwide/target:rw,Z" "-v" "/var/lib/crater-agent-workspace/builds/worker-1-tc2/source:/opt/rustwide/workdir:ro,Z" "-v" "/var/lib/crater-agent-workspace/cargo-home:/opt/rustwide/cargo-home:ro,Z" "-v" "/var/lib/crater-agent-workspace/rustup-home:/opt/rustwide/rustup-home:ro,Z" "-e" "SOURCE_DIR=/opt/rustwide/workdir" "-e" "CARGO_TARGET_DIR=/opt/rustwide/target" "-e" "CARGO_INCREMENTAL=0" "-e" "RUST_BACKTRACE=full" "-e" "RUSTFLAGS=--cap-lints=forbid -Zrandomize-layout" "-e" "RUSTDOCFLAGS=--cap-lints=forbid" "-e" "CARGO_HOME=/opt/rustwide/cargo-home" "-e" "RUSTUP_HOME=/opt/rustwide/rustup-home" "-w" "/opt/rustwide/workdir" "-m" "1610612736" "--user" "0:0" "--network" "none" "ghcr.io/rust-lang/crates-build-env/linux@sha256:4a844ea9eb2546a2d2c7022eacef16ef2e8229c7fbb2c7d4d55a9ceca922f72d" "/opt/rustwide/cargo-home/bin/cargo" "+nightly-2024-10-28" "test" "--frozen" "--no-run" "--message-format=json", kill_on_drop: false }`
[INFO] [stdout] b26b6271c5b7208ef8da3465b883b168fec06aa6ce8cc3c078a2f7fbb2e347d1
[INFO] running `Command { std: "docker" "start" "-a" "b26b6271c5b7208ef8da3465b883b168fec06aa6ce8cc3c078a2f7fbb2e347d1", kill_on_drop: false }`
[INFO] [stderr]    Compiling plyers v0.1.0 (/opt/rustwide/workdir)
[INFO] [stderr]     Finished `test` profile [unoptimized + debuginfo] target(s) in 0.53s
[INFO] running `Command { std: "docker" "inspect" "b26b6271c5b7208ef8da3465b883b168fec06aa6ce8cc3c078a2f7fbb2e347d1", kill_on_drop: false }`
[INFO] running `Command { std: "docker" "rm" "-f" "b26b6271c5b7208ef8da3465b883b168fec06aa6ce8cc3c078a2f7fbb2e347d1", kill_on_drop: false }`
[INFO] [stdout] b26b6271c5b7208ef8da3465b883b168fec06aa6ce8cc3c078a2f7fbb2e347d1
[INFO] running `Command { std: "docker" "create" "-v" "/var/lib/crater-agent-workspace/builds/worker-1-tc2/target:/opt/rustwide/target:rw,Z" "-v" "/var/lib/crater-agent-workspace/builds/worker-1-tc2/source:/opt/rustwide/workdir:ro,Z" "-v" "/var/lib/crater-agent-workspace/cargo-home:/opt/rustwide/cargo-home:ro,Z" "-v" "/var/lib/crater-agent-workspace/rustup-home:/opt/rustwide/rustup-home:ro,Z" "-e" "SOURCE_DIR=/opt/rustwide/workdir" "-e" "CARGO_TARGET_DIR=/opt/rustwide/target" "-e" "CARGO_INCREMENTAL=0" "-e" "RUST_BACKTRACE=full" "-e" "RUSTFLAGS=--cap-lints=forbid -Zrandomize-layout" "-e" "RUSTDOCFLAGS=--cap-lints=forbid" "-e" "CARGO_HOME=/opt/rustwide/cargo-home" "-e" "RUSTUP_HOME=/opt/rustwide/rustup-home" "-w" "/opt/rustwide/workdir" "-m" "1610612736" "--user" "0:0" "--network" "none" "ghcr.io/rust-lang/crates-build-env/linux@sha256:4a844ea9eb2546a2d2c7022eacef16ef2e8229c7fbb2c7d4d55a9ceca922f72d" "/opt/rustwide/cargo-home/bin/cargo" "+nightly-2024-10-28" "test" "--frozen", kill_on_drop: false }`
[INFO] [stdout] 91b0763798da82f52870c2c5a0d6f7ab92ef2e6c0c88eebdf86f8c1fb94dead0
[INFO] running `Command { std: "docker" "start" "-a" "91b0763798da82f52870c2c5a0d6f7ab92ef2e6c0c88eebdf86f8c1fb94dead0", kill_on_drop: false }`
[INFO] [stderr]     Finished `test` profile [unoptimized + debuginfo] target(s) in 0.01s
[INFO] [stderr]      Running unittests src/lib.rs (/opt/rustwide/target/debug/deps/plyers-793f5c062c904698)
[INFO] [stdout] 
[INFO] [stdout] running 26 tests
[INFO] [stdout] test parser::tests::comment_err ... ok
[INFO] [stdout] test parser::tests::comment_ok ... ok
[INFO] [stdout] test parser::tests::data_line_ok ... ok
[INFO] [stdout] test parser::tests::data_line_err ... ok
[INFO] [stdout] test parser::tests::element_err ... ok
[INFO] [stdout] test parser::tests::element_ok ... ok
[INFO] [stdout] test parser::tests::format_err ... ok
[INFO] [stdout] test parser::tests::format_ok ... ok
[INFO] [stdout] test parser::tests::line_breaks_ok ... ok
[INFO] [stdout] test parser::tests::line_ok ... ok
[INFO] [stdout] test parser::tests::magic_number_err ... ok
[INFO] [stdout] test parser::tests::obj_info_err ... ok
[INFO] [stdout] test parser::tests::obj_info_ok ... ok
[INFO] [stdout] test parser::tests::magic_number_ok ... ok
[INFO] [stdout] test parser::tests::parser_demo_ok ... ok
[INFO] [stdout] test parser::tests::property_ok ... ok
[INFO] [stdout] test parser::tests::parser_single_elements_ok ... ok
[INFO] [stdout] test parser::tests::parser_header_ok ... ok
[INFO] [stdout] test parser::tests::property_list_ok ... ok
[INFO] [stdout] test parser::tests::read_property_ok ... ok
[INFO] [stdout] test ply::consistency::tests::consistent_new_line_fail_comment ... ok
[INFO] [stdout] test ply::consistency::tests::consistent_new_line_fail_obj_infos ... ok
[INFO] [stdout] test ply::consistency::tests::consistent_new_line_fail_element ... ok
[INFO] [stdout] test ply::consistency::tests::consistent_new_line_fail_property ... ok
[INFO] [stdout] test ply::consistency::tests::consistent_white_space_fail_element ... ok
[INFO] [stdout] test ply::consistency::tests::consistent_white_space_fail_property ... ok
[INFO] [stdout] 
[INFO] [stdout] test result: ok. 26 passed; 0 failed; 0 ignored; 0 measured; 0 filtered out; finished in 0.00s
[INFO] [stdout] 
[INFO] [stderr]    Doc-tests plyers
[INFO] [stdout] 
[INFO] [stdout] running 4 tests
[INFO] [stdout] test src/writer/mod.rs - writer::Writer (line 22) ... FAILED
[INFO] [stdout] test src/ply/ply_data_structure.rs - ply::ply_data_structure::Ply::payload (line 22) - compile ... FAILED
[INFO] [stdout] test src/parser/mod.rs - parser::Parser (line 41) ... FAILED
[INFO] [stdout] test src/parser/mod.rs - parser::Parser (line 62) ... FAILED
[INFO] [stdout] 
[INFO] [stdout] failures:
[INFO] [stdout] 
[INFO] [stdout] ---- src/writer/mod.rs - writer::Writer (line 22) stdout ----
[INFO] [stdout] error[E0433]: failed to resolve: use of undeclared crate or module `ply_rs`
[INFO] [stdout]  --> src/writer/mod.rs:23:5
[INFO] [stdout]   |
[INFO] [stdout] 3 | use ply_rs::ply::{Ply, DefaultElement};
[INFO] [stdout]   |     ^^^^^^ use of undeclared crate or module `ply_rs`
[INFO] [stdout]   |
[INFO] [stdout] help: there is a crate or module with a similar name
[INFO] [stdout]   |
[INFO] [stdout] 3 | use plyers::ply::{Ply, DefaultElement};
[INFO] [stdout]   |     ~~~~~~
[INFO] [stdout] 
[INFO] [stdout] error[E0433]: failed to resolve: use of undeclared crate or module `ply_rs`
[INFO] [stdout]  --> src/writer/mod.rs:24:5
[INFO] [stdout]   |
[INFO] [stdout] 4 | use ply_rs::writer::Writer;
[INFO] [stdout]   |     ^^^^^^ use of undeclared crate or module `ply_rs`
[INFO] [stdout]   |
[INFO] [stdout] help: there is a crate or module with a similar name
[INFO] [stdout]   |
[INFO] [stdout] 4 | use plyers::writer::Writer;
[INFO] [stdout]   |     ~~~~~~
[INFO] [stdout] 
[INFO] [stdout] error: aborting due to 2 previous errors
[INFO] [stdout] 
[INFO] [stdout] For more information about this error, try `rustc --explain E0433`.
[INFO] [stdout] Couldn't compile the test.
[INFO] [stdout] ---- src/ply/ply_data_structure.rs - ply::ply_data_structure::Ply::payload (line 22) stdout ----
[INFO] [stdout] error[E0433]: failed to resolve: use of undeclared crate or module `ply_rs`
[INFO] [stdout]  --> src/ply/ply_data_structure.rs:23:5
[INFO] [stdout]   |
[INFO] [stdout] 3 | use ply_rs::ply::{Ply, DefaultElement};
[INFO] [stdout]   |     ^^^^^^ use of undeclared crate or module `ply_rs`
[INFO] [stdout]   |
[INFO] [stdout] help: there is a crate or module with a similar name
[INFO] [stdout]   |
[INFO] [stdout] 3 | use plyers::ply::{Ply, DefaultElement};
[INFO] [stdout]   |     ~~~~~~
[INFO] [stdout] 
[INFO] [stdout] error: aborting due to 1 previous error
[INFO] [stdout] 
[INFO] [stdout] For more information about this error, try `rustc --explain E0433`.
[INFO] [stdout] Couldn't compile the test.
[INFO] [stdout] ---- src/parser/mod.rs - parser::Parser (line 41) stdout ----
[INFO] [stdout] error[E0432]: unresolved import `ply_rs`
[INFO] [stdout]  --> src/parser/mod.rs:42:5
[INFO] [stdout]   |
[INFO] [stdout] 3 | use ply_rs::*;
[INFO] [stdout]   |     ^^^^^^ use of undeclared crate or module `ply_rs`
[INFO] [stdout]   |
[INFO] [stdout] help: there is a crate or module with a similar name
[INFO] [stdout]   |
[INFO] [stdout] 3 | use plyers::*;
[INFO] [stdout]   |     ~~~~~~
[INFO] [stdout] 
[INFO] [stdout] error: aborting due to 1 previous error
[INFO] [stdout] 
[INFO] [stdout] For more information about this error, try `rustc --explain E0432`.
[INFO] [stdout] Couldn't compile the test.
[INFO] [stdout] ---- src/parser/mod.rs - parser::Parser (line 62) stdout ----
[INFO] [stdout] error[E0432]: unresolved import `ply_rs`
[INFO] [stdout]  --> src/parser/mod.rs:63:5
[INFO] [stdout]   |
[INFO] [stdout] 3 | use ply_rs::*;
[INFO] [stdout]   |     ^^^^^^ use of undeclared crate or module `ply_rs`
[INFO] [stdout]   |
[INFO] [stdout] help: there is a crate or module with a similar name
[INFO] [stdout]   |
[INFO] [stdout] 3 | use plyers::*;
[INFO] [stdout]   |     ~~~~~~
[INFO] [stdout] 
[INFO] [stdout] error: aborting due to 1 previous error
[INFO] [stdout] 
[INFO] [stdout] For more information about this error, try `rustc --explain E0432`.
[INFO] [stdout] Couldn't compile the test.
[INFO] [stdout] 
[INFO] [stdout] failures:
[INFO] [stdout]     src/parser/mod.rs - parser::Parser (line 41)
[INFO] [stdout]     src/parser/mod.rs - parser::Parser (line 62)
[INFO] [stdout]     src/ply/ply_data_structure.rs - ply::ply_data_structure::Ply::payload (line 22)
[INFO] [stdout]     src/writer/mod.rs - writer::Writer (line 22)
[INFO] [stdout] 
[INFO] [stdout] test result: FAILED. 0 passed; 4 failed; 0 ignored; 0 measured; 0 filtered out; finished in 0.04s
[INFO] [stdout] 
[INFO] [stderr] error: doctest failed, to rerun pass `--doc`
[INFO] running `Command { std: "docker" "inspect" "91b0763798da82f52870c2c5a0d6f7ab92ef2e6c0c88eebdf86f8c1fb94dead0", kill_on_drop: false }`
[INFO] running `Command { std: "docker" "rm" "-f" "91b0763798da82f52870c2c5a0d6f7ab92ef2e6c0c88eebdf86f8c1fb94dead0", kill_on_drop: false }`
[INFO] [stdout] 91b0763798da82f52870c2c5a0d6f7ab92ef2e6c0c88eebdf86f8c1fb94dead0
