[INFO] cloning repository https://github.com/ProrokWielki/AvrEmulator
[INFO] running `Command { std: "git" "-c" "credential.helper=" "-c" "credential.helper=/workspace/cargo-home/bin/git-credential-null" "clone" "--bare" "https://github.com/ProrokWielki/AvrEmulator" "/workspace/cache/git-repos/https%3A%2F%2Fgithub.com%2FProrokWielki%2FAvrEmulator", kill_on_drop: false }`
[INFO] [stderr] Cloning into bare repository '/workspace/cache/git-repos/https%3A%2F%2Fgithub.com%2FProrokWielki%2FAvrEmulator'...
[INFO] running `Command { std: "git" "rev-parse" "HEAD", kill_on_drop: false }`
[INFO] [stdout] 28ac609296f0a028dacde1a679f16bac900dcf47
[INFO] testing ProrokWielki/AvrEmulator/28ac609296f0a028dacde1a679f16bac900dcf47 against nightly-2024-10-28 for randomize-layout
[INFO] running `Command { std: "git" "clone" "/workspace/cache/git-repos/https%3A%2F%2Fgithub.com%2FProrokWielki%2FAvrEmulator" "/workspace/builds/worker-3-tc1/source", kill_on_drop: false }`
[INFO] [stderr] Cloning into '/workspace/builds/worker-3-tc1/source'...
[INFO] [stderr] done.
[INFO] validating manifest of git repo https://github.com/ProrokWielki/AvrEmulator on toolchain nightly-2024-10-28
[INFO] running `Command { std: CARGO_HOME="/workspace/cargo-home" RUSTUP_HOME="/workspace/rustup-home" "/workspace/cargo-home/bin/cargo" "+nightly-2024-10-28" "metadata" "--manifest-path" "Cargo.toml" "--no-deps", kill_on_drop: false }`
[INFO] started tweaking git repo https://github.com/ProrokWielki/AvrEmulator
[INFO] finished tweaking git repo https://github.com/ProrokWielki/AvrEmulator
[INFO] tweaked toml for git repo https://github.com/ProrokWielki/AvrEmulator written to /workspace/builds/worker-3-tc1/source/Cargo.toml
[INFO] crate git repo https://github.com/ProrokWielki/AvrEmulator already has a lockfile, it will not be regenerated
[INFO] running `Command { std: CARGO_HOME="/workspace/cargo-home" RUSTUP_HOME="/workspace/rustup-home" "/workspace/cargo-home/bin/cargo" "+nightly-2024-10-28" "fetch" "--manifest-path" "Cargo.toml", kill_on_drop: false }`
[INFO] [stderr]     Updating crates.io index
[INFO] [stderr]  Downloading crates ...
[INFO] [stderr]   Downloaded bin_file v0.1.1
[INFO] running `Command { std: "docker" "create" "-v" "/var/lib/crater-agent-workspace/builds/worker-3-tc1/target:/opt/rustwide/target:rw,Z" "-v" "/var/lib/crater-agent-workspace/builds/worker-3-tc1/source:/opt/rustwide/workdir:ro,Z" "-v" "/var/lib/crater-agent-workspace/cargo-home:/opt/rustwide/cargo-home:ro,Z" "-v" "/var/lib/crater-agent-workspace/rustup-home:/opt/rustwide/rustup-home:ro,Z" "-e" "SOURCE_DIR=/opt/rustwide/workdir" "-e" "CARGO_TARGET_DIR=/opt/rustwide/target" "-e" "CARGO_HOME=/opt/rustwide/cargo-home" "-e" "RUSTUP_HOME=/opt/rustwide/rustup-home" "-w" "/opt/rustwide/workdir" "-m" "1610612736" "--user" "0:0" "--network" "none" "ghcr.io/rust-lang/crates-build-env/linux@sha256:4a844ea9eb2546a2d2c7022eacef16ef2e8229c7fbb2c7d4d55a9ceca922f72d" "/opt/rustwide/cargo-home/bin/cargo" "+nightly-2024-10-28" "metadata" "--no-deps" "--format-version=1", kill_on_drop: false }`
[INFO] [stdout] 83184de886cb57b135de1048c4c589994abc7e4a8abb33686f0d2965139f37f8
[INFO] running `Command { std: "docker" "start" "-a" "83184de886cb57b135de1048c4c589994abc7e4a8abb33686f0d2965139f37f8", kill_on_drop: false }`
[INFO] running `Command { std: "docker" "inspect" "83184de886cb57b135de1048c4c589994abc7e4a8abb33686f0d2965139f37f8", kill_on_drop: false }`
[INFO] running `Command { std: "docker" "rm" "-f" "83184de886cb57b135de1048c4c589994abc7e4a8abb33686f0d2965139f37f8", kill_on_drop: false }`
[INFO] [stdout] 83184de886cb57b135de1048c4c589994abc7e4a8abb33686f0d2965139f37f8
[INFO] running `Command { std: "docker" "create" "-v" "/var/lib/crater-agent-workspace/builds/worker-3-tc1/target:/opt/rustwide/target:rw,Z" "-v" "/var/lib/crater-agent-workspace/builds/worker-3-tc1/source:/opt/rustwide/workdir:ro,Z" "-v" "/var/lib/crater-agent-workspace/cargo-home:/opt/rustwide/cargo-home:ro,Z" "-v" "/var/lib/crater-agent-workspace/rustup-home:/opt/rustwide/rustup-home:ro,Z" "-e" "SOURCE_DIR=/opt/rustwide/workdir" "-e" "CARGO_TARGET_DIR=/opt/rustwide/target" "-e" "CARGO_INCREMENTAL=0" "-e" "RUST_BACKTRACE=full" "-e" "RUSTFLAGS=--cap-lints=forbid" "-e" "RUSTDOCFLAGS=--cap-lints=forbid" "-e" "CARGO_HOME=/opt/rustwide/cargo-home" "-e" "RUSTUP_HOME=/opt/rustwide/rustup-home" "-w" "/opt/rustwide/workdir" "-m" "1610612736" "--user" "0:0" "--network" "none" "ghcr.io/rust-lang/crates-build-env/linux@sha256:4a844ea9eb2546a2d2c7022eacef16ef2e8229c7fbb2c7d4d55a9ceca922f72d" "/opt/rustwide/cargo-home/bin/cargo" "+nightly-2024-10-28" "build" "--frozen" "--message-format=json", kill_on_drop: false }`
[INFO] [stdout] 21c09e479aaf35c179bbd4d72f7ca617c6ba32d05a9000f5964c4e6cd63fe85b
[INFO] running `Command { std: "docker" "start" "-a" "21c09e479aaf35c179bbd4d72f7ca617c6ba32d05a9000f5964c4e6cd63fe85b", kill_on_drop: false }`
[INFO] [stderr]    Compiling proc-macro2 v1.0.86
[INFO] [stderr]    Compiling unicode-ident v1.0.12
[INFO] [stderr]    Compiling libc v0.2.159
[INFO] [stderr]    Compiling version_check v0.9.5
[INFO] [stderr]    Compiling syn v1.0.109
[INFO] [stderr]    Compiling memchr v2.7.4
[INFO] [stderr]    Compiling regex-syntax v0.8.5
[INFO] [stderr]    Compiling ansi_term v0.12.1
[INFO] [stderr]    Compiling unicode-width v0.1.14
[INFO] [stderr]    Compiling cfg-if v0.1.10
[INFO] [stderr]    Compiling scopeguard v1.2.0
[INFO] [stderr]    Compiling utf8parse v0.2.2
[INFO] [stderr]    Compiling unicode-segmentation v1.12.0
[INFO] [stderr]    Compiling serde v1.0.210
[INFO] [stderr]    Compiling smallvec v1.13.2
[INFO] [stderr]    Compiling proc-macro-error-attr v1.0.4
[INFO] [stderr]    Compiling aho-corasick v1.1.3
[INFO] [stderr]    Compiling proc-macro-error v1.0.4
[INFO] [stderr]    Compiling anstyle-parse v0.2.5
[INFO] [stderr]    Compiling quote v1.0.36
[INFO] [stderr]    Compiling textwrap v0.11.0
[INFO] [stderr]    Compiling syn v2.0.68
[INFO] [stderr]    Compiling atty v0.2.14
[INFO] [stderr]    Compiling parking_lot_core v0.7.3
[INFO] [stderr]    Compiling heck v0.3.3
[INFO] [stderr]    Compiling lock_api v0.3.4
[INFO] [stderr]    Compiling vec_map v0.8.2
[INFO] [stderr]    Compiling bitflags v1.3.2
[INFO] [stderr]    Compiling colorchoice v1.0.2
[INFO] [stderr]    Compiling is_terminal_polyfill v1.70.1
[INFO] [stderr]    Compiling strsim v0.8.0
[INFO] [stderr]    Compiling log v0.4.22
[INFO] [stderr]    Compiling anstyle-query v1.1.1
[INFO] [stderr]    Compiling lazy_static v1.5.0
[INFO] [stderr]    Compiling anstyle v1.0.8
[INFO] [stderr]    Compiling clap v2.34.0
[INFO] [stderr]    Compiling parking_lot v0.10.2
[INFO] [stderr]    Compiling humantime v2.1.0
[INFO] [stderr]    Compiling anstream v0.6.15
[INFO] [stderr]    Compiling bytesize v1.3.0
[INFO] [stderr]    Compiling regex-automata v0.4.8
[INFO] [stderr]    Compiling serde_derive v1.0.210
[INFO] [stderr]    Compiling serial_test_derive v0.4.0
[INFO] [stderr]    Compiling structopt-derive v0.4.18
[INFO] [stderr]    Compiling serial_test v0.4.0
[INFO] [stderr]    Compiling regex v1.11.0
[INFO] [stderr]    Compiling env_filter v0.1.2
[INFO] [stderr]    Compiling env_logger v0.11.5
[INFO] [stderr]    Compiling structopt v0.3.26
[INFO] [stderr]    Compiling bin_file v0.1.1
[INFO] [stderr]    Compiling AvrEmulator v0.1.0 (/opt/rustwide/workdir)
[INFO] [stdout] warning: unnecessary parentheses around assigned value
[INFO] [stdout]   --> src/instruction/andi.rs:15:28
[INFO] [stdout]    |
[INFO] [stdout] 15 |         registers.sreg_z = (registers.r[self.d as usize] == 0);
[INFO] [stdout]    |                            ^                                 ^
[INFO] [stdout]    |
[INFO] [stdout]    = note: `#[warn(unused_parens)]` on by default
[INFO] [stdout] help: remove these parentheses
[INFO] [stdout]    |
[INFO] [stdout] 15 -         registers.sreg_z = (registers.r[self.d as usize] == 0);
[INFO] [stdout] 15 +         registers.sreg_z = registers.r[self.d as usize] == 0;
[INFO] [stdout]    |
[INFO] [stdout] 
[INFO] [stdout] 
[INFO] [stderr]     Finished `dev` profile [unoptimized + debuginfo] target(s) in 15.33s
[INFO] running `Command { std: "docker" "inspect" "21c09e479aaf35c179bbd4d72f7ca617c6ba32d05a9000f5964c4e6cd63fe85b", kill_on_drop: false }`
[INFO] running `Command { std: "docker" "rm" "-f" "21c09e479aaf35c179bbd4d72f7ca617c6ba32d05a9000f5964c4e6cd63fe85b", kill_on_drop: false }`
[INFO] [stdout] 21c09e479aaf35c179bbd4d72f7ca617c6ba32d05a9000f5964c4e6cd63fe85b
[INFO] running `Command { std: "docker" "create" "-v" "/var/lib/crater-agent-workspace/builds/worker-3-tc1/target:/opt/rustwide/target:rw,Z" "-v" "/var/lib/crater-agent-workspace/builds/worker-3-tc1/source:/opt/rustwide/workdir:ro,Z" "-v" "/var/lib/crater-agent-workspace/cargo-home:/opt/rustwide/cargo-home:ro,Z" "-v" "/var/lib/crater-agent-workspace/rustup-home:/opt/rustwide/rustup-home:ro,Z" "-e" "SOURCE_DIR=/opt/rustwide/workdir" "-e" "CARGO_TARGET_DIR=/opt/rustwide/target" "-e" "CARGO_INCREMENTAL=0" "-e" "RUST_BACKTRACE=full" "-e" "RUSTFLAGS=--cap-lints=forbid" "-e" "RUSTDOCFLAGS=--cap-lints=forbid" "-e" "CARGO_HOME=/opt/rustwide/cargo-home" "-e" "RUSTUP_HOME=/opt/rustwide/rustup-home" "-w" "/opt/rustwide/workdir" "-m" "1610612736" "--user" "0:0" "--network" "none" "ghcr.io/rust-lang/crates-build-env/linux@sha256:4a844ea9eb2546a2d2c7022eacef16ef2e8229c7fbb2c7d4d55a9ceca922f72d" "/opt/rustwide/cargo-home/bin/cargo" "+nightly-2024-10-28" "test" "--frozen" "--no-run" "--message-format=json", kill_on_drop: false }`
[INFO] [stdout] e2c9dd4f0b28a844f1806ba2be336a9719769c7e0d8a127e79ebe3143837e88a
[INFO] running `Command { std: "docker" "start" "-a" "e2c9dd4f0b28a844f1806ba2be336a9719769c7e0d8a127e79ebe3143837e88a", kill_on_drop: false }`
[INFO] [stderr]    Compiling AvrEmulator v0.1.0 (/opt/rustwide/workdir)
[INFO] [stdout] warning: unnecessary parentheses around assigned value
[INFO] [stdout]   --> src/instruction/andi.rs:15:28
[INFO] [stdout]    |
[INFO] [stdout] 15 |         registers.sreg_z = (registers.r[self.d as usize] == 0);
[INFO] [stdout]    |                            ^                                 ^
[INFO] [stdout]    |
[INFO] [stdout]    = note: `#[warn(unused_parens)]` on by default
[INFO] [stdout] help: remove these parentheses
[INFO] [stdout]    |
[INFO] [stdout] 15 -         registers.sreg_z = (registers.r[self.d as usize] == 0);
[INFO] [stdout] 15 +         registers.sreg_z = registers.r[self.d as usize] == 0;
[INFO] [stdout]    |
[INFO] [stdout] 
[INFO] [stdout] 
[INFO] [stdout] warning: unnecessary parentheses around assigned value
[INFO] [stdout]   --> src/instruction/andi.rs:15:28
[INFO] [stdout]    |
[INFO] [stdout] 15 |         registers.sreg_z = (registers.r[self.d as usize] == 0);
[INFO] [stdout]    |                            ^                                 ^
[INFO] [stdout]    |
[INFO] [stdout]    = note: `#[warn(unused_parens)]` on by default
[INFO] [stdout] help: remove these parentheses
[INFO] [stdout]    |
[INFO] [stdout] 15 -         registers.sreg_z = (registers.r[self.d as usize] == 0);
[INFO] [stdout] 15 +         registers.sreg_z = registers.r[self.d as usize] == 0;
[INFO] [stdout]    |
[INFO] [stdout] 
[INFO] [stdout] 
[INFO] [stderr]     Finished `test` profile [unoptimized + debuginfo] target(s) in 1.16s
[INFO] running `Command { std: "docker" "inspect" "e2c9dd4f0b28a844f1806ba2be336a9719769c7e0d8a127e79ebe3143837e88a", kill_on_drop: false }`
[INFO] running `Command { std: "docker" "rm" "-f" "e2c9dd4f0b28a844f1806ba2be336a9719769c7e0d8a127e79ebe3143837e88a", kill_on_drop: false }`
[INFO] [stdout] e2c9dd4f0b28a844f1806ba2be336a9719769c7e0d8a127e79ebe3143837e88a
[INFO] running `Command { std: "docker" "create" "-v" "/var/lib/crater-agent-workspace/builds/worker-3-tc1/target:/opt/rustwide/target:rw,Z" "-v" "/var/lib/crater-agent-workspace/builds/worker-3-tc1/source:/opt/rustwide/workdir:ro,Z" "-v" "/var/lib/crater-agent-workspace/cargo-home:/opt/rustwide/cargo-home:ro,Z" "-v" "/var/lib/crater-agent-workspace/rustup-home:/opt/rustwide/rustup-home:ro,Z" "-e" "SOURCE_DIR=/opt/rustwide/workdir" "-e" "CARGO_TARGET_DIR=/opt/rustwide/target" "-e" "CARGO_INCREMENTAL=0" "-e" "RUST_BACKTRACE=full" "-e" "RUSTFLAGS=--cap-lints=forbid" "-e" "RUSTDOCFLAGS=--cap-lints=forbid" "-e" "CARGO_HOME=/opt/rustwide/cargo-home" "-e" "RUSTUP_HOME=/opt/rustwide/rustup-home" "-w" "/opt/rustwide/workdir" "-m" "1610612736" "--user" "0:0" "--network" "none" "ghcr.io/rust-lang/crates-build-env/linux@sha256:4a844ea9eb2546a2d2c7022eacef16ef2e8229c7fbb2c7d4d55a9ceca922f72d" "/opt/rustwide/cargo-home/bin/cargo" "+nightly-2024-10-28" "test" "--frozen", kill_on_drop: false }`
[INFO] [stdout] 5262c5940cb920530a1eaa24ede58bf9d23c5d47d6438024718b85dd1c88904e
[INFO] running `Command { std: "docker" "start" "-a" "5262c5940cb920530a1eaa24ede58bf9d23c5d47d6438024718b85dd1c88904e", kill_on_drop: false }`
[INFO] [stderr] warning: unnecessary parentheses around assigned value
[INFO] [stderr]   --> src/instruction/andi.rs:15:28
[INFO] [stderr]    |
[INFO] [stderr] 15 |         registers.sreg_z = (registers.r[self.d as usize] == 0);
[INFO] [stderr]    |                            ^                                 ^
[INFO] [stderr]    |
[INFO] [stderr]    = note: `#[warn(unused_parens)]` on by default
[INFO] [stderr] help: remove these parentheses
[INFO] [stderr]    |
[INFO] [stderr] 15 -         registers.sreg_z = (registers.r[self.d as usize] == 0);
[INFO] [stderr] 15 +         registers.sreg_z = registers.r[self.d as usize] == 0;
[INFO] [stderr]    |
[INFO] [stderr] 
[INFO] [stderr] warning: `AvrEmulator` (bin "AvrEmulator") generated 1 warning (run `cargo fix --bin "AvrEmulator"` to apply 1 suggestion)
[INFO] [stderr] warning: `AvrEmulator` (bin "AvrEmulator" test) generated 1 warning (1 duplicate)
[INFO] [stderr]     Finished `test` profile [unoptimized + debuginfo] target(s) in 0.05s
[INFO] [stderr]      Running unittests src/main.rs (/opt/rustwide/target/debug/deps/AvrEmulator-ba96a56eda57a62f)
[INFO] [stdout] 
[INFO] [stdout] running 232 tests
[INFO] [stdout] test instruction::andi::tests::test_process_result_0 ... ok
[INFO] [stdout] test instruction::andi::tests::test_process_result_not_0 ... ok
[INFO] [stdout] test instruction::andi::tests::tests_get_instruction_codes ... ok
[INFO] [stdout] test instruction::andi::tests::test_str ... ok
[INFO] [stdout] test instruction::brbs::tests::test_str ... ok
[INFO] [stdout] test instruction::brbs::tests::test_process ... ok
[INFO] [stdout] test instruction::brbs::tests::tests_get_instruction_codes ... ok
[INFO] [stdout] test instruction::brbs::tests::tests_get_instruction_mask ... ok
[INFO] [stdout] test instruction::breq::tests::test_process_false ... ok
[INFO] [stdout] test instruction::breq::tests::test_str ... ok
[INFO] [stdout] test instruction::breq::tests::tests_get_instraction_mask ... ok
[INFO] [stdout] test instruction::breq::tests::test_process_true ... ok
[INFO] [stdout] test instruction::brge::tests::test_str ... ok
[INFO] [stdout] test instruction::brge::tests::test_process_false ... ok
[INFO] [stdout] test instruction::andi::tests::tests_get_instruction_mask ... ok
[INFO] [stdout] test instruction::brge::tests::test_process_true ... ok
[INFO] [stdout] test instruction::breq::tests::tests_get_instraction_codes ... ok
[INFO] [stdout] test instruction::brge::tests::tests_get_instraction_codes ... ok
[INFO] [stdout] test instruction::brlt::tests::test_process_false ... ok
[INFO] [stdout] test instruction::brlt::tests::test_process_true ... ok
[INFO] [stdout] test instruction::brge::tests::tests_get_instraction_mask ... ok
[INFO] [stdout] test instruction::brlt::tests::test_str ... ok
[INFO] [stdout] test instruction::brne::tests::test_process_true ... ok
[INFO] [stdout] test instruction::brlt::tests::tests_get_instraction_codes ... ok
[INFO] [stdout] test instruction::brne::tests::tests_get_instraction_codes ... ok
[INFO] [stdout] test instruction::brne::tests::test_process_false ... ok
[INFO] [stdout] test instruction::brne::tests::test_str ... ok
[INFO] [stdout] test instruction::brne::tests::tests_get_instraction_mask ... ok
[INFO] [stdout] test instruction::bset::tests::test_process ... ok
[INFO] [stdout] test instruction::bset::tests::tests_get_instraction_codes ... ok
[INFO] [stdout] test instruction::bset::tests::test_str ... ok
[INFO] [stdout] test instruction::cp::tests::test_str ... ok
[INFO] [stdout] test instruction::cp::tests::test_process_result_positive ... ok
[INFO] [stdout] test instruction::brlt::tests::tests_get_instraction_mask ... ok
[INFO] [stdout] test instruction::bset::tests::tests_get_instraction_mask ... ok
[INFO] [stdout] test instruction::cp::tests::test_process_result_negative ... ok
[INFO] [stdout] test instruction::cp::tests::test_process_result_zero ... ok
[INFO] [stdout] test instruction::cp::tests::tests_get_instruction_codes ... ok
[INFO] [stdout] test instruction::cp::tests::tests_get_instruction_mask ... ok
[INFO] [stdout] test instruction::cpc::tests::test_process_result_negative_with_carry ... ok
[INFO] [stdout] test instruction::cpc::tests::test_process_result_positive_wo_carry ... ok
[INFO] [stdout] test instruction::cpc::tests::test_process_result_negative_wo_carry ... ok
[INFO] [stdout] test instruction::cpc::tests::test_process_result_positive_with_carry ... ok
[INFO] [stdout] test instruction::cpc::tests::test_process_result_zero_before_carry_with_carry ... ok
[INFO] [stdout] test instruction::cpc::tests::test_process_result_positive_zero_before ... ok
[INFO] [stdout] test instruction::cpc::tests::test_process_result_zero_with_carry ... ok
[INFO] [stdout] test instruction::cpc::tests::test_process_result_zero_wo_carry ... ok
[INFO] [stdout] test instruction::cpc::tests::test_process_result_zero_wo_carry_zero_before ... ok
[INFO] [stdout] test instruction::cpc::tests::test_process_result_zero_with_carry_zero_before ... ok
[INFO] [stdout] test instruction::cpc::tests::test_str ... ok
[INFO] [stdout] test instruction::cpc::tests::tests_get_instruction_codes ... ok
[INFO] [stdout] test instruction::cpc::tests::tests_get_instruction_mask ... ok
[INFO] [stdout] test instruction::cpi::tests::test_process_result_negative ... ok
[INFO] [stdout] test instruction::cpi::tests::test_process_result_positive ... ok
[INFO] [stdout] test instruction::cpi::tests::test_process_result_zero ... ok
[INFO] [stdout] test instruction::cpi::tests::test_str ... ok
[INFO] [stdout] test instruction::cpi::tests::tests_get_instruction_codes ... ok
[INFO] [stdout] test instruction::cpi::tests::tests_get_instruction_mask ... ok
[INFO] [stdout] test instruction::eor::tests::test_process_different_registers ... ok
[INFO] [stdout] test instruction::eor::tests::test_process_same_register ... ok
[INFO] [stdout] test instruction::eor::tests::test_process_same_register_over_15 ... ok
[INFO] [stdout] test instruction::eor::tests::test_str ... ok
[INFO] [stdout] test instruction::eor::tests::tests_get_instraction_codes ... ok
[INFO] [stdout] test instruction::i_in::tests::test_process ... ok
[INFO] [stdout] test instruction::eor::tests::tests_get_instraction_mask ... ok
[INFO] [stdout] test instruction::i_in::tests::test_str ... ok
[INFO] [stdout] test instruction::i_in::tests::tests_get_instraction_codes ... ok
[INFO] [stdout] test instruction::i_in::tests::tests_get_instraction_mask ... ok
[INFO] [stdout] test instruction::i_std_y::tests::test_process ... ok
[INFO] [stdout] test instruction::i_std_y::tests::test_str ... ok
[INFO] [stdout] test instruction::i_std_y::tests::tests_get_instraction_codes ... ok
[INFO] [stdout] test instruction::i_std_y::tests::tests_get_instraction_mask ... ok
[INFO] [stdout] test instruction::ld_z::tests::test_str ... ok
[INFO] [stdout] test instruction::ldd_y::tests::test_str ... ok
[INFO] [stdout] test instruction::ldd_y::tests::test_process ... ok
[INFO] [stdout] test instruction::ld_z::tests::tests_get_instraction_codes ... ok
[INFO] [stdout] test instruction::ld_z::tests::test_process_same_register ... ok
[INFO] [stdout] test instruction::ld_z::tests::tests_get_instraction_mask ... ok
[INFO] [stdout] test instruction::ldd_y::tests::tests_get_instraction_mask ... ok
[INFO] [stdout] test instruction::ldd_y::tests::tests_get_instraction_codes ... ok
[INFO] [stdout] test instruction::ldi::tests::tests_get_instraction_codes ... ok
[INFO] [stdout] test instruction::ldi::tests::test_str ... ok
[INFO] [stdout] test instruction::ldi::tests::test_process ... ok
[INFO] [stdout] test instruction::ldi::tests::tests_get_instraction_mask ... ok
[INFO] [stdout] test instruction::mov::tests::test_process ... ok
[INFO] [stdout] test instruction::mov::tests::test_str ... ok
[INFO] [stdout] test instruction::mov::tests::tests_get_instruction_codes ... ok
[INFO] [stdout] test instruction::mov::tests::tests_get_instruction_mask ... ok
[INFO] [stdout] test instruction::movw::tests::test_process ... ok
[INFO] [stdout] test instruction::movw::tests::test_str ... ok
[INFO] [stdout] test instruction::movw::tests::tests_get_instraction_codes ... ok
[INFO] [stdout] test instruction::movw::tests::tests_get_instraction_mask ... ok
[INFO] [stdout] test instruction::nop::tests::test_process ... ok
[INFO] [stdout] test instruction::nop::tests::test_str ... ok
[INFO] [stdout] test instruction::nop::tests::tests_get_instraction_codes ... ok
[INFO] [stdout] test instruction::nop::tests::tests_get_instraction_mask ... ok
[INFO] [stdout] test instruction::out::tests::test_process ... ok
[INFO] [stdout] test instruction::out::tests::test_str ... ok
[INFO] [stdout] test instruction::out::tests::tests_get_instraction_codes ... ok
[INFO] [stdout] test instruction::out::tests::tests_get_instraction_mask ... ok
[INFO] [stdout] test instruction::pop::tests::test_process ... ok
[INFO] [stdout] test instruction::pop::tests::test_str ... ok
[INFO] [stdout] test instruction::pop::tests::tests_get_instraction_codes ... ok
[INFO] [stdout] test instruction::pop::tests::tests_get_instraction_mask ... ok
[INFO] [stdout] test instruction::push::tests::test_process ... ok
[INFO] [stdout] test instruction::push::tests::test_str ... ok
[INFO] [stdout] test instruction::push::tests::tests_get_instraction_codes ... ok
[INFO] [stdout] test instruction::push::tests::tests_get_instraction_mask ... ok
[INFO] [stdout] test instruction::rcall::tests::test_process_postivie_k ... ok
[INFO] [stdout] test instruction::rcall::tests::test_process_negaitve_k ... ok
[INFO] [stdout] test instruction::rcall::tests::test_str ... ok
[INFO] [stdout] test instruction::rcall::tests::tests_get_instraction_codes ... ok
[INFO] [stdout] test instruction::rcall::tests::tests_get_instraction_mask ... ok
[INFO] [stdout] test instruction::ret::tests::test_process ... ok
[INFO] [stdout] test instruction::ret::tests::test_str ... ok
[INFO] [stdout] test instruction::ret::tests::tests_get_instraction_codes ... ok
[INFO] [stdout] test instruction::ret::tests::tests_get_instraction_mask ... ok
[INFO] [stdout] test instruction::rjmp::tests::test_process_negative_k ... ok
[INFO] [stdout] test instruction::rjmp::tests::test_process_positive_k ... ok
[INFO] [stdout] test instruction::rjmp::tests::test_str ... ok
[INFO] [stdout] test instruction::rjmp::tests::tests_get_instraction_codes ... ok
[INFO] [stdout] test instruction::sbc::tests::test_process_result_negative_with_carry ... ok
[INFO] [stdout] test instruction::sbc::tests::test_process_result_negative_wo_carry ... ok
[INFO] [stdout] test instruction::rjmp::tests::tests_get_instraction_mask ... ok
[INFO] [stdout] test instruction::sbc::tests::test_process_result_positive_wo_carry ... ok
[INFO] [stdout] test instruction::sbc::tests::test_process_result_positive_with_carry ... ok
[INFO] [stdout] test instruction::sbc::tests::test_process_result_positive_zero_before ... ok
[INFO] [stdout] test instruction::sbc::tests::test_process_result_zero_before_carry_with_carry ... ok
[INFO] [stdout] test instruction::sbc::tests::test_process_result_zero_with_carry ... ok
[INFO] [stdout] test instruction::sbc::tests::test_process_result_zero_with_carry_zero_before ... ok
[INFO] [stdout] test instruction::sbc::tests::test_process_result_zero_wo_carry ... ok
[INFO] [stdout] test instruction::sbc::tests::test_str ... ok
[INFO] [stdout] test instruction::sbc::tests::tests_get_instruction_codes ... ok
[INFO] [stdout] test instruction::sbc::tests::tests_get_instruction_mask ... ok
[INFO] [stdout] test instruction::sbci::tests::test_process_result_negative_wo_carry ... ok
[INFO] [stdout] test instruction::sbci::tests::test_process_result_positive_with_carry ... ok
[INFO] [stdout] test instruction::sbci::tests::test_process_result_positive_wo_carry ... ok
[INFO] [stdout] test instruction::sbc::tests::test_process_result_zero_wo_carry_zero_before ... ok
[INFO] [stdout] test instruction::sbci::tests::test_process_result_zero_with_carry ... ok
[INFO] [stdout] test instruction::sbci::tests::test_process_result_zero_with_carry_zero_before ... ok
[INFO] [stdout] test instruction::sbci::tests::test_process_result_zero_wo_carry ... ok
[INFO] [stdout] test instruction::sbci::tests::test_str ... ok
[INFO] [stdout] test instruction::sbci::tests::tests_get_instruction_codes ... ok
[INFO] [stdout] test instruction::sbci::tests::test_process_result_zero_before_carry_with_carry ... ok
[INFO] [stdout] test instruction::sbci::tests::test_process_result_negative_with_carry ... ok
[INFO] [stdout] test instruction::sbci::tests::test_process_result_zero_wo_carry_zero_before ... ok
[INFO] [stdout] test instruction::sbci::tests::tests_get_instruction_mask ... ok
[INFO] [stdout] test instruction::sbiw::tests::test_process_result_zero ... ok
[INFO] [stdout] test instruction::sbiw::tests::test_str ... ok
[INFO] [stdout] test instruction::sbiw::tests::test_process_result_positive ... ok
[INFO] [stdout] test instruction::sbiw::tests::test_process_result_negative ... ok
[INFO] [stdout] test instruction::sbr::tests::test_process_same_register ... ok
[INFO] [stdout] test instruction::sbr::tests::test_str ... ok
[INFO] [stdout] test instruction::sbiw::tests::tests_get_instruction_codes ... ok
[INFO] [stdout] test instruction::sbr::tests::tests_get_instraction_codes ... ok
[INFO] [stdout] test instruction::sbiw::tests::tests_get_instruction_mask ... ok
[INFO] [stdout] test instruction::sbr::tests::tests_get_instraction_mask ... ok
[INFO] [stdout] test instruction::st_z::tests::tests_get_instraction_codes ... ok
[INFO] [stdout] test instruction::st_z::tests::tests_get_instraction_mask ... ok
[INFO] [stdout] test instruction::st_z::tests::test_process_same_register ... ok
[INFO] [stdout] test instruction::subi::tests::test_process_result_negative ... ok
[INFO] [stdout] test instruction::subi::tests::test_process_result_zero ... ok
[INFO] [stdout] test instruction::st_z::tests::test_str ... ok
[INFO] [stdout] test instruction::subi::tests::tests_get_instruction_codes ... ok
[INFO] [stdout] test instruction::subi::tests::test_str ... ok
[INFO] [stdout] test instruction::subi::tests::test_process_result_positive ... ok
[INFO] [stdout] test instruction::subi::tests::tests_get_instruction_mask ... ok
[INFO] [stdout] test instruction::tests::test_eq_returns_false_for_invalid_instruction ... ok
[INFO] [stdout] test instruction::tests::test_extend_return_correct_value_for_negative_integers ... ok
[INFO] [stdout] test instruction::tests::test_extend_return_correct_value_for_positive_integers ... ok
[INFO] [stdout] test instruction::tests::test_get_instruction_returns_andi_for_andi_opcode ... ok
[INFO] [stdout] test instruction::tests::test_get_instruction_returns_brbs_for_brbs_opcode ... ok
[INFO] [stdout] test instruction::tests::test_get_instruction_returns_breq_for_breq_opcode ... ok
[INFO] [stdout] test instruction::tests::test_get_instruction_returns_brne_for_brne_opcode ... ok
[INFO] [stdout] test instruction::tests::test_get_instruction_returns_bset_for_bset_opcode ... ok
[INFO] [stdout] test instruction::tests::test_get_instruction_returns_cpc_for_cpc_opcode ... ok
[INFO] [stdout] test instruction::tests::test_get_instruction_returns_cpi_for_cpi_opcode ... ok
[INFO] [stdout] test instruction::tests::test_get_instruction_returns_in_for_in_opcode ... ok
[INFO] [stdout] test instruction::tests::test_get_instruction_returns_eor_for_eor_opcode ... ok
[INFO] [stdout] test instruction::tests::test_get_instruction_returns_ldi_for_ldi_opcode ... ok
[INFO] [stdout] test instruction::tests::test_get_instruction_returns_mov_for_mov_opcode ... ok
[INFO] [stdout] test instruction::tests::test_get_instruction_returns_movw_for_movw_opcode ... ok
[INFO] [stdout] test instruction::tests::test_get_instruction_returns_brlt_for_brlt_opcode ... ok
[INFO] [stdout] test instruction::tests::test_get_instruction_returns_nop_for_nop_opcode ... ok
[INFO] [stdout] test instruction::tests::test_get_instruction_returns_out_for_out_opcode ... ok
[INFO] [stdout] test instruction::tests::test_get_instruction_returns_ldd_for_ldd_opcode ... ok
[INFO] [stdout] test instruction::tests::test_get_instruction_returns_cp_for_cp_opcode ... ok
[INFO] [stdout] test instruction::tests::test_get_instruction_returns_ldz_for_ldz_opcode ... ok
[INFO] [stdout] test instruction::tests::test_eq_returns_true_for_valid_instruction ... ok
[INFO] [stdout] test instruction::tests::test_get_instruction_returns_brge_for_brge_opcode ... ok
[INFO] [stdout] test instruction::tests::test_get_instruction_returns_pop_for_pop_opcode ... ok
[INFO] [stdout] test instruction::tests::test_get_instruction_returns_push_for_push_opcode ... ok
[INFO] [stdout] test instruction::tests::test_get_instruction_returns_rcall_for_rcall_opcode ... ok
[INFO] [stdout] test instruction::tests::test_get_instruction_returns_none_for_invalid_opcode ... ok
[INFO] [stdout] test instruction::tests::test_get_instruction_returns_rjmp_for_rjmp_opcode ... ok
[INFO] [stdout] test instruction::tests::test_get_instruction_returns_sbc_for_sbc_opcode ... ok
[INFO] [stdout] test instruction::tests::test_get_instruction_returns_sbiw_for_sbiw_opcode ... ok
[INFO] [stdout] test instruction::tests::test_get_instruction_returns_sbr_for_sbr_opcode ... ok
[INFO] [stdout] test instruction::tests::test_get_instruction_returns_sbci_for_sbci_opcode ... ok
[INFO] [stdout] test instruction::tests::test_get_instruction_returns_std_for_std_opcode ... ok
[INFO] [stdout] test instruction::tests::test_get_instruction_returns_stz_for_stz_opcode ... ok
[INFO] [stdout] test instruction::tests::test_get_instruction_returns_subi_for_subi_opcode ... ok
[INFO] [stdout] test registers::tests::test_bit16 ... ok
[INFO] [stdout] test registers::tests::test_as_16bit ... ok
[INFO] [stdout] test instruction_executor::tests::find_instruction_from_opcode ... ok
[INFO] [stdout] test registers::tests::test_bit8 ... ok
[INFO] [stdout] test instruction_executor::tests::test_run_without_notify ... ok
[INFO] [stdout] test registers::tests::test_set_as_16bit ... ok
[INFO] [stdout] test instruction_executor::tests::test_run_with_rising_edge_notify ... ok
[INFO] [stdout] test instruction::tests::test_get_instruction_returns_ret_for_ret_opcode ... ok
[INFO] [stdout] test registers::tests::test_set_sp ... ok
[INFO] [stdout] test instruction_executor::tests::test_run_with_falling_edge_notify ... ok
[INFO] [stdout] test registers::tests::test_set_x ... ok
[INFO] [stdout] test registers::tests::test_set_y ... ok
[INFO] [stdout] test registers::tests::test_set_z ... ok
[INFO] [stdout] test registers::tests::test_sp ... ok
[INFO] [stdout] test registers::tests::test_sreg_update_16bit_n_bit ... ok
[INFO] [stdout] test registers::tests::test_sreg_update_16bit_s_bit ... ok
[INFO] [stdout] test registers::tests::test_sreg_update_16bit_c_bit ... ok
[INFO] [stdout] test registers::tests::test_sreg_update_16bit_v_bit ... ok
[INFO] [stdout] test registers::tests::test_sreg_update_16bit_z_bit ... ok
[INFO] [stdout] test registers::tests::test_sreg_update_borrow_from_bit_3 ... ok
[INFO] [stdout] test registers::tests::test_sreg_update_n_bit ... ok
[INFO] [stdout] test registers::tests::test_sreg_update_result_zero_keep ... ok
[INFO] [stdout] test registers::tests::test_sreg_update_result_zero_no_keep ... ok
[INFO] [stdout] test registers::tests::test_sreg_update_s_bit ... ok
[INFO] [stdout] test registers::tests::test_sreg_update_v_bit ... ok
[INFO] [stdout] test registers::tests::test_x ... ok
[INFO] [stdout] test registers::tests::test_y ... ok
[INFO] [stdout] test registers::tests::test_z ... ok
[INFO] [stdout] test registers::tests::test_sreg_update_carry_bit ... ok
[INFO] [stdout] test clock::tests::test_run ... ok
[INFO] [stdout] 
[INFO] [stderr]      Running tests/integration_test.rs (/opt/rustwide/target/debug/deps/integration_test-61d5a74979af1d82)
[INFO] [stdout] test result: ok. 232 passed; 0 failed; 0 ignored; 0 measured; 0 filtered out; finished in 1.00s
[INFO] [stdout] 
[INFO] [stdout] 
[INFO] [stdout] running 3 tests
[INFO] [stdout] test test_if_statements ... FAILED
[INFO] [stdout] test test_local_variables ... FAILED
[INFO] [stdout] test test_nop_in_while ... FAILED
[INFO] [stdout] 
[INFO] [stdout] failures:
[INFO] [stdout] 
[INFO] [stdout] ---- test_if_statements stdout ----
[INFO] [stdout] thread 'test_if_statements' panicked at tests/integration_test.rs:8:44:
[INFO] [stdout] called `Result::unwrap()` on an `Err` value: Os { code: 30, kind: ReadOnlyFilesystem, message: "Read-only file system" }
[INFO] [stdout] stack backtrace:
[INFO] [stdout]    0:     0x64bf799bd59a - std::backtrace_rs::backtrace::libunwind::trace::h207520d6e9873551
[INFO] [stdout]                                at /rustc/df4ca44d3fbc9301ee17f30f4d474e6ae4b05252/library/std/src/../../backtrace/src/backtrace/libunwind.rs:116:5
[INFO] [stdout]    1:     0x64bf799bd59a - std::backtrace_rs::backtrace::trace_unsynchronized::h2ed7433f370e3eca
[INFO] [stdout]                                at /rustc/df4ca44d3fbc9301ee17f30f4d474e6ae4b05252/library/std/src/../../backtrace/src/backtrace/mod.rs:66:5
[INFO] [stdout]    2:     0x64bf799bd59a - std::sys::backtrace::_print_fmt::h916fac51166b18d7
[INFO] [stdout]                                at /rustc/df4ca44d3fbc9301ee17f30f4d474e6ae4b05252/library/std/src/sys/backtrace.rs:66:9
[INFO] [stdout]    3:     0x64bf799bd59a - <std::sys::backtrace::BacktraceLock::print::DisplayBacktrace as core::fmt::Display>::fmt::ha0a4c9b8ce3802e6
[INFO] [stdout]                                at /rustc/df4ca44d3fbc9301ee17f30f4d474e6ae4b05252/library/std/src/sys/backtrace.rs:39:26
[INFO] [stdout]    4:     0x64bf799e3d03 - core::fmt::rt::Argument::fmt::h4cfc8587d52b3eb5
[INFO] [stdout]                                at /rustc/df4ca44d3fbc9301ee17f30f4d474e6ae4b05252/library/core/src/fmt/rt.rs:177:76
[INFO] [stdout]    5:     0x64bf799e3d03 - core::fmt::write::h522cc39e5b36ae9f
[INFO] [stdout]                                at /rustc/df4ca44d3fbc9301ee17f30f4d474e6ae4b05252/library/core/src/fmt/mod.rs:1190:21
[INFO] [stdout]    6:     0x64bf799b9fc3 - std::io::Write::write_fmt::h7d3c26752da97734
[INFO] [stdout]                                at /rustc/df4ca44d3fbc9301ee17f30f4d474e6ae4b05252/library/std/src/io/mod.rs:1839:15
[INFO] [stdout]    7:     0x64bf799bd3e2 - std::sys::backtrace::BacktraceLock::print::h4b9e00b29e9c0942
[INFO] [stdout]                                at /rustc/df4ca44d3fbc9301ee17f30f4d474e6ae4b05252/library/std/src/sys/backtrace.rs:42:9
[INFO] [stdout]    8:     0x64bf799bea2a - std::panicking::default_hook::{{closure}}::hb59b88280d0324d9
[INFO] [stdout]                                at /rustc/df4ca44d3fbc9301ee17f30f4d474e6ae4b05252/library/std/src/panicking.rs:268:22
[INFO] [stdout]    9:     0x64bf799be834 - std::panicking::default_hook::he1dd496665be4a29
[INFO] [stdout]                                at /rustc/df4ca44d3fbc9301ee17f30f4d474e6ae4b05252/library/std/src/panicking.rs:292:9
[INFO] [stdout]   10:     0x64bf79987e89 - <alloc::boxed::Box<F,A> as core::ops::function::Fn<Args>>::call::h4ff71de18744e1dc
[INFO] [stdout]                                at /rustc/df4ca44d3fbc9301ee17f30f4d474e6ae4b05252/library/alloc/src/boxed.rs:2468:9
[INFO] [stdout]   11:     0x64bf79987e89 - test::test_main::{{closure}}::hcf7c055ce117aa81
[INFO] [stdout]                                at /rustc/df4ca44d3fbc9301ee17f30f4d474e6ae4b05252/library/test/src/lib.rs:133:21
[INFO] [stdout]   12:     0x64bf799bf128 - <alloc::boxed::Box<F,A> as core::ops::function::Fn<Args>>::call::h1d66c6bbd60c9692
[INFO] [stdout]                                at /rustc/df4ca44d3fbc9301ee17f30f4d474e6ae4b05252/library/alloc/src/boxed.rs:2468:9
[INFO] [stdout]   13:     0x64bf799bf128 - std::panicking::rust_panic_with_hook::h2ff17fe8f26dfcf8
[INFO] [stdout]                                at /rustc/df4ca44d3fbc9301ee17f30f4d474e6ae4b05252/library/std/src/panicking.rs:809:13
[INFO] [stdout]   14:     0x64bf799beeea - std::panicking::begin_panic_handler::{{closure}}::h4fad77951c07e101
[INFO] [stdout]                                at /rustc/df4ca44d3fbc9301ee17f30f4d474e6ae4b05252/library/std/src/panicking.rs:674:13
[INFO] [stdout]   15:     0x64bf799bda79 - std::sys::backtrace::__rust_end_short_backtrace::hb1a25b3da5d0ea08
[INFO] [stdout]                                at /rustc/df4ca44d3fbc9301ee17f30f4d474e6ae4b05252/library/std/src/sys/backtrace.rs:170:18
[INFO] [stdout]   16:     0x64bf799beb7c - rust_begin_unwind
[INFO] [stdout]                                at /rustc/df4ca44d3fbc9301ee17f30f4d474e6ae4b05252/library/std/src/panicking.rs:665:5
[INFO] [stdout]   17:     0x64bf799e2700 - core::panicking::panic_fmt::ha9db07b529f9b256
[INFO] [stdout]                                at /rustc/df4ca44d3fbc9301ee17f30f4d474e6ae4b05252/library/core/src/panicking.rs:75:14
[INFO] [stdout]   18:     0x64bf799e2b46 - core::result::unwrap_failed::h5e8218e4d4338b8a
[INFO] [stdout]                                at /rustc/df4ca44d3fbc9301ee17f30f4d474e6ae4b05252/library/core/src/result.rs:1698:5
[INFO] [stdout]   19:     0x64bf79936e8d - core::result::Result<T,E>::unwrap::h446abfb7454f212e
[INFO] [stdout]                                at /rustc/df4ca44d3fbc9301ee17f30f4d474e6ae4b05252/library/core/src/result.rs:1103:23
[INFO] [stdout]   20:     0x64bf79936e8d - integration_test::TestFixture::set_up::h8f8a3101014ef6fd
[INFO] [stdout]                                at /opt/rustwide/workdir/tests/integration_test.rs:8:9
[INFO] [stdout]   21:     0x64bf799376a9 - integration_test::test_if_statements::{{closure}}::h072c259913e12e14
[INFO] [stdout]                                at /opt/rustwide/workdir/tests/integration_test.rs:61:5
[INFO] [stdout]   22:     0x64bf79933d9e - core::ops::function::FnOnce::call_once::h4b4855f62e3c95d5
[INFO] [stdout]                                at /rustc/df4ca44d3fbc9301ee17f30f4d474e6ae4b05252/library/core/src/ops/function.rs:250:5
[INFO] [stdout]   23:     0x64bf7993db37 - serial_test::serial_core::h8fefff36031edccb
[INFO] [stdout]                                at /opt/rustwide/cargo-home/registry/src/index.crates.io-6f17d22bba15001f/serial_test-0.4.0/src/lib.rs:64:5
[INFO] [stdout]   24:     0x64bf79937677 - integration_test::test_if_statements::hfb9a9c0f2ee09fb8
[INFO] [stdout]                                at /opt/rustwide/workdir/tests/integration_test.rs:59:1
[INFO] [stdout]   25:     0x64bf79937647 - integration_test::test_if_statements::{{closure}}::h1489b703de0cefea
[INFO] [stdout]                                at /opt/rustwide/workdir/tests/integration_test.rs:60:24
[INFO] [stdout]   26:     0x64bf79933e96 - core::ops::function::FnOnce::call_once::hc63bd984bbd31c2a
[INFO] [stdout]                                at /rustc/df4ca44d3fbc9301ee17f30f4d474e6ae4b05252/library/core/src/ops/function.rs:250:5
[INFO] [stdout]   27:     0x64bf7998c75b - core::ops::function::FnOnce::call_once::h22c3ba5715e93f05
[INFO] [stdout]                                at /rustc/df4ca44d3fbc9301ee17f30f4d474e6ae4b05252/library/core/src/ops/function.rs:250:5
[INFO] [stdout]   28:     0x64bf7998c75b - test::__rust_begin_short_backtrace::h8e82d8113d0da17f
[INFO] [stdout]                                at /rustc/df4ca44d3fbc9301ee17f30f4d474e6ae4b05252/library/test/src/lib.rs:621:18
[INFO] [stdout]   29:     0x64bf7998c0d7 - test::run_test_in_process::{{closure}}::h33235f4f20b7b7c7
[INFO] [stdout]                                at /rustc/df4ca44d3fbc9301ee17f30f4d474e6ae4b05252/library/test/src/lib.rs:644:60
[INFO] [stdout]   30:     0x64bf7998c0d7 - <core::panic::unwind_safe::AssertUnwindSafe<F> as core::ops::function::FnOnce<()>>::call_once::hb5043206310c586f
[INFO] [stdout]                                at /rustc/df4ca44d3fbc9301ee17f30f4d474e6ae4b05252/library/core/src/panic/unwind_safe.rs:272:9
[INFO] [stdout]   31:     0x64bf7998c0d7 - std::panicking::try::do_call::h9ad4731a60ab23e2
[INFO] [stdout]                                at /rustc/df4ca44d3fbc9301ee17f30f4d474e6ae4b05252/library/std/src/panicking.rs:557:40
[INFO] [stdout]   32:     0x64bf7998c0d7 - std::panicking::try::h3824d23db772a716
[INFO] [stdout]                                at /rustc/df4ca44d3fbc9301ee17f30f4d474e6ae4b05252/library/std/src/panicking.rs:520:19
[INFO] [stdout]   33:     0x64bf7998c0d7 - std::panic::catch_unwind::h5afd514605fde46b
[INFO] [stdout]                                at /rustc/df4ca44d3fbc9301ee17f30f4d474e6ae4b05252/library/std/src/panic.rs:358:14
[INFO] [stdout]   34:     0x64bf7998c0d7 - test::run_test_in_process::h0d5cbfa7067d1720
[INFO] [stdout]                                at /rustc/df4ca44d3fbc9301ee17f30f4d474e6ae4b05252/library/test/src/lib.rs:644:27
[INFO] [stdout]   35:     0x64bf7998c0d7 - test::run_test::{{closure}}::h708eb8872708115d
[INFO] [stdout]                                at /rustc/df4ca44d3fbc9301ee17f30f4d474e6ae4b05252/library/test/src/lib.rs:565:43
[INFO] [stdout]   36:     0x64bf7994f7f4 - test::run_test::{{closure}}::h392c51cee94713ab
[INFO] [stdout]                                at /rustc/df4ca44d3fbc9301ee17f30f4d474e6ae4b05252/library/test/src/lib.rs:595:41
[INFO] [stdout]   37:     0x64bf7994f7f4 - std::sys::backtrace::__rust_begin_short_backtrace::h2f40290710935a8b
[INFO] [stdout]                                at /rustc/df4ca44d3fbc9301ee17f30f4d474e6ae4b05252/library/std/src/sys/backtrace.rs:154:18
[INFO] [stdout]   38:     0x64bf79952f9e - std::thread::Builder::spawn_unchecked_::{{closure}}::{{closure}}::h3fd968d89053a903
[INFO] [stdout]                                at /rustc/df4ca44d3fbc9301ee17f30f4d474e6ae4b05252/library/std/src/thread/mod.rs:541:17
[INFO] [stdout]   39:     0x64bf79952f9e - <core::panic::unwind_safe::AssertUnwindSafe<F> as core::ops::function::FnOnce<()>>::call_once::h743f637ba4229880
[INFO] [stdout]                                at /rustc/df4ca44d3fbc9301ee17f30f4d474e6ae4b05252/library/core/src/panic/unwind_safe.rs:272:9
[INFO] [stdout]   40:     0x64bf79952f9e - std::panicking::try::do_call::h07440897322525a6
[INFO] [stdout]                                at /rustc/df4ca44d3fbc9301ee17f30f4d474e6ae4b05252/library/std/src/panicking.rs:557:40
[INFO] [stdout]   41:     0x64bf79952f9e - std::panicking::try::he5a2e00188156637
[INFO] [stdout]                                at /rustc/df4ca44d3fbc9301ee17f30f4d474e6ae4b05252/library/std/src/panicking.rs:520:19
[INFO] [stdout]   42:     0x64bf79952f9e - std::panic::catch_unwind::hbaf3cae49b3c6433
[INFO] [stdout]                                at /rustc/df4ca44d3fbc9301ee17f30f4d474e6ae4b05252/library/std/src/panic.rs:358:14
[INFO] [stdout]   43:     0x64bf79952f9e - std::thread::Builder::spawn_unchecked_::{{closure}}::h8e141ea224820bce
[INFO] [stdout]                                at /rustc/df4ca44d3fbc9301ee17f30f4d474e6ae4b05252/library/std/src/thread/mod.rs:540:30
[INFO] [stdout]   44:     0x64bf79952f9e - core::ops::function::FnOnce::call_once{{vtable.shim}}::h90d312fedd7b8ea8
[INFO] [stdout]                                at /rustc/df4ca44d3fbc9301ee17f30f4d474e6ae4b05252/library/core/src/ops/function.rs:250:5
[INFO] [stdout]   45:     0x64bf799c310b - <alloc::boxed::Box<F,A> as core::ops::function::FnOnce<Args>>::call_once::h69aa08ddb6adb8b6
[INFO] [stdout]                                at /rustc/df4ca44d3fbc9301ee17f30f4d474e6ae4b05252/library/alloc/src/boxed.rs:2454:9
[INFO] [stdout]   46:     0x64bf799c310b - <alloc::boxed::Box<F,A> as core::ops::function::FnOnce<Args>>::call_once::h5aa36efdb79c806f
[INFO] [stdout]                                at /rustc/df4ca44d3fbc9301ee17f30f4d474e6ae4b05252/library/alloc/src/boxed.rs:2454:9
[INFO] [stdout]   47:     0x64bf799c310b - std::sys::pal::unix::thread::Thread::new::thread_start::h6cd80a1b4be5158d
[INFO] [stdout]                                at /rustc/df4ca44d3fbc9301ee17f30f4d474e6ae4b05252/library/std/src/sys/pal/unix/thread.rs:105:17
[INFO] [stdout]   48:     0x72bae42a7ac3 - <unknown>
[INFO] [stdout]   49:     0x72bae4338a04 - clone
[INFO] [stdout]   50:                0x0 - <unknown>
[INFO] [stdout] 
[INFO] [stdout] ---- test_local_variables stdout ----
[INFO] [stdout] thread 'test_local_variables' panicked at tests/integration_test.rs:8:44:
[INFO] [stdout] called `Result::unwrap()` on an `Err` value: Os { code: 30, kind: ReadOnlyFilesystem, message: "Read-only file system" }
[INFO] [stdout] stack backtrace:
[INFO] [stdout]    0:     0x64bf799bd59a - std::backtrace_rs::backtrace::libunwind::trace::h207520d6e9873551
[INFO] [stdout]                                at /rustc/df4ca44d3fbc9301ee17f30f4d474e6ae4b05252/library/std/src/../../backtrace/src/backtrace/libunwind.rs:116:5
[INFO] [stdout]    1:     0x64bf799bd59a - std::backtrace_rs::backtrace::trace_unsynchronized::h2ed7433f370e3eca
[INFO] [stdout]                                at /rustc/df4ca44d3fbc9301ee17f30f4d474e6ae4b05252/library/std/src/../../backtrace/src/backtrace/mod.rs:66:5
[INFO] [stderr] error: test failed, to rerun pass `--test integration_test`
[INFO] [stdout]    2:     0x64bf799bd59a - std::sys::backtrace::_print_fmt::h916fac51166b18d7
[INFO] [stdout]                                at /rustc/df4ca44d3fbc9301ee17f30f4d474e6ae4b05252/library/std/src/sys/backtrace.rs:66:9
[INFO] [stdout]    3:     0x64bf799bd59a - <std::sys::backtrace::BacktraceLock::print::DisplayBacktrace as core::fmt::Display>::fmt::ha0a4c9b8ce3802e6
[INFO] [stdout]                                at /rustc/df4ca44d3fbc9301ee17f30f4d474e6ae4b05252/library/std/src/sys/backtrace.rs:39:26
[INFO] [stdout]    4:     0x64bf799e3d03 - core::fmt::rt::Argument::fmt::h4cfc8587d52b3eb5
[INFO] [stdout]                                at /rustc/df4ca44d3fbc9301ee17f30f4d474e6ae4b05252/library/core/src/fmt/rt.rs:177:76
[INFO] [stdout]    5:     0x64bf799e3d03 - core::fmt::write::h522cc39e5b36ae9f
[INFO] [stdout]                                at /rustc/df4ca44d3fbc9301ee17f30f4d474e6ae4b05252/library/core/src/fmt/mod.rs:1190:21
[INFO] [stdout]    6:     0x64bf799b9fc3 - std::io::Write::write_fmt::h7d3c26752da97734
[INFO] [stdout]                                at /rustc/df4ca44d3fbc9301ee17f30f4d474e6ae4b05252/library/std/src/io/mod.rs:1839:15
[INFO] [stdout]    7:     0x64bf799bd3e2 - std::sys::backtrace::BacktraceLock::print::h4b9e00b29e9c0942
[INFO] [stdout]                                at /rustc/df4ca44d3fbc9301ee17f30f4d474e6ae4b05252/library/std/src/sys/backtrace.rs:42:9
[INFO] [stdout]    8:     0x64bf799bea2a - std::panicking::default_hook::{{closure}}::hb59b88280d0324d9
[INFO] [stdout]                                at /rustc/df4ca44d3fbc9301ee17f30f4d474e6ae4b05252/library/std/src/panicking.rs:268:22
[INFO] [stdout]    9:     0x64bf799be834 - std::panicking::default_hook::he1dd496665be4a29
[INFO] [stdout]                                at /rustc/df4ca44d3fbc9301ee17f30f4d474e6ae4b05252/library/std/src/panicking.rs:292:9
[INFO] [stdout]   10:     0x64bf79987e89 - <alloc::boxed::Box<F,A> as core::ops::function::Fn<Args>>::call::h4ff71de18744e1dc
[INFO] [stdout]                                at /rustc/df4ca44d3fbc9301ee17f30f4d474e6ae4b05252/library/alloc/src/boxed.rs:2468:9
[INFO] [stdout]   11:     0x64bf79987e89 - test::test_main::{{closure}}::hcf7c055ce117aa81
[INFO] [stdout]                                at /rustc/df4ca44d3fbc9301ee17f30f4d474e6ae4b05252/library/test/src/lib.rs:133:21
[INFO] [stdout]   12:     0x64bf799bf128 - <alloc::boxed::Box<F,A> as core::ops::function::Fn<Args>>::call::h1d66c6bbd60c9692
[INFO] [stdout]                                at /rustc/df4ca44d3fbc9301ee17f30f4d474e6ae4b05252/library/alloc/src/boxed.rs:2468:9
[INFO] [stdout]   13:     0x64bf799bf128 - std::panicking::rust_panic_with_hook::h2ff17fe8f26dfcf8
[INFO] [stdout]                                at /rustc/df4ca44d3fbc9301ee17f30f4d474e6ae4b05252/library/std/src/panicking.rs:809:13
[INFO] [stdout]   14:     0x64bf799beeea - std::panicking::begin_panic_handler::{{closure}}::h4fad77951c07e101
[INFO] [stdout]                                at /rustc/df4ca44d3fbc9301ee17f30f4d474e6ae4b05252/library/std/src/panicking.rs:674:13
[INFO] [stdout]   15:     0x64bf799bda79 - std::sys::backtrace::__rust_end_short_backtrace::hb1a25b3da5d0ea08
[INFO] [stdout]                                at /rustc/df4ca44d3fbc9301ee17f30f4d474e6ae4b05252/library/std/src/sys/backtrace.rs:170:18
[INFO] [stdout]   16:     0x64bf799beb7c - rust_begin_unwind
[INFO] [stdout]                                at /rustc/df4ca44d3fbc9301ee17f30f4d474e6ae4b05252/library/std/src/panicking.rs:665:5
[INFO] [stdout]   17:     0x64bf799e2700 - core::panicking::panic_fmt::ha9db07b529f9b256
[INFO] [stdout]                                at /rustc/df4ca44d3fbc9301ee17f30f4d474e6ae4b05252/library/core/src/panicking.rs:75:14
[INFO] [stdout]   18:     0x64bf799e2b46 - core::result::unwrap_failed::h5e8218e4d4338b8a
[INFO] [stdout]                                at /rustc/df4ca44d3fbc9301ee17f30f4d474e6ae4b05252/library/core/src/result.rs:1698:5
[INFO] [stdout]   19:     0x64bf79936e8d - core::result::Result<T,E>::unwrap::h446abfb7454f212e
[INFO] [stdout]                                at /rustc/df4ca44d3fbc9301ee17f30f4d474e6ae4b05252/library/core/src/result.rs:1103:23
[INFO] [stdout]   20:     0x64bf79936e8d - integration_test::TestFixture::set_up::h8f8a3101014ef6fd
[INFO] [stdout]                                at /opt/rustwide/workdir/tests/integration_test.rs:8:9
[INFO] [stdout]   21:     0x64bf799375b9 - integration_test::test_local_variables::{{closure}}::h31376fcc37df089a
[INFO] [stdout]                                at /opt/rustwide/workdir/tests/integration_test.rs:51:5
[INFO] [stdout]   22:     0x64bf79933d2e - core::ops::function::FnOnce::call_once::h3ae471c2af14781f
[INFO] [stdout]                                at /rustc/df4ca44d3fbc9301ee17f30f4d474e6ae4b05252/library/core/src/ops/function.rs:250:5
[INFO] [stdout]   23:     0x64bf7993db37 - serial_test::serial_core::h8fefff36031edccb
[INFO] [stdout]                                at /opt/rustwide/cargo-home/registry/src/index.crates.io-6f17d22bba15001f/serial_test-0.4.0/src/lib.rs:64:5
[INFO] [stdout]   24:     0x64bf79937587 - integration_test::test_local_variables::h35566ad519953f3c
[INFO] [stdout]                                at /opt/rustwide/workdir/tests/integration_test.rs:49:1
[INFO] [stdout]   25:     0x64bf79937557 - integration_test::test_local_variables::{{closure}}::he0a91cb4acd192d2
[INFO] [stdout]                                at /opt/rustwide/workdir/tests/integration_test.rs:50:26
[INFO] [stdout]   26:     0x64bf79933d66 - core::ops::function::FnOnce::call_once::h3c80db66fb15dd0b
[INFO] [stdout]                                at /rustc/df4ca44d3fbc9301ee17f30f4d474e6ae4b05252/library/core/src/ops/function.rs:250:5
[INFO] [stdout]   27:     0x64bf7998c75b - core::ops::function::FnOnce::call_once::h22c3ba5715e93f05
[INFO] [stdout]                                at /rustc/df4ca44d3fbc9301ee17f30f4d474e6ae4b05252/library/core/src/ops/function.rs:250:5
[INFO] [stdout]   28:     0x64bf7998c75b - test::__rust_begin_short_backtrace::h8e82d8113d0da17f
[INFO] [stdout]                                at /rustc/df4ca44d3fbc9301ee17f30f4d474e6ae4b05252/library/test/src/lib.rs:621:18
[INFO] [stdout]   29:     0x64bf7998c0d7 - test::run_test_in_process::{{closure}}::h33235f4f20b7b7c7
[INFO] [stdout]                                at /rustc/df4ca44d3fbc9301ee17f30f4d474e6ae4b05252/library/test/src/lib.rs:644:60
[INFO] [stdout]   30:     0x64bf7998c0d7 - <core::panic::unwind_safe::AssertUnwindSafe<F> as core::ops::function::FnOnce<()>>::call_once::hb5043206310c586f
[INFO] [stdout]                                at /rustc/df4ca44d3fbc9301ee17f30f4d474e6ae4b05252/library/core/src/panic/unwind_safe.rs:272:9
[INFO] [stdout]   31:     0x64bf7998c0d7 - std::panicking::try::do_call::h9ad4731a60ab23e2
[INFO] [stdout]                                at /rustc/df4ca44d3fbc9301ee17f30f4d474e6ae4b05252/library/std/src/panicking.rs:557:40
[INFO] [stdout]   32:     0x64bf7998c0d7 - std::panicking::try::h3824d23db772a716
[INFO] [stdout]                                at /rustc/df4ca44d3fbc9301ee17f30f4d474e6ae4b05252/library/std/src/panicking.rs:520:19
[INFO] [stdout]   33:     0x64bf7998c0d7 - std::panic::catch_unwind::h5afd514605fde46b
[INFO] [stdout]                                at /rustc/df4ca44d3fbc9301ee17f30f4d474e6ae4b05252/library/std/src/panic.rs:358:14
[INFO] [stdout]   34:     0x64bf7998c0d7 - test::run_test_in_process::h0d5cbfa7067d1720
[INFO] [stdout]                                at /rustc/df4ca44d3fbc9301ee17f30f4d474e6ae4b05252/library/test/src/lib.rs:644:27
[INFO] [stdout]   35:     0x64bf7998c0d7 - test::run_test::{{closure}}::h708eb8872708115d
[INFO] [stdout]                                at /rustc/df4ca44d3fbc9301ee17f30f4d474e6ae4b05252/library/test/src/lib.rs:565:43
[INFO] [stdout]   36:     0x64bf7994f7f4 - test::run_test::{{closure}}::h392c51cee94713ab
[INFO] [stdout]                                at /rustc/df4ca44d3fbc9301ee17f30f4d474e6ae4b05252/library/test/src/lib.rs:595:41
[INFO] [stdout]   37:     0x64bf7994f7f4 - std::sys::backtrace::__rust_begin_short_backtrace::h2f40290710935a8b
[INFO] [stdout]                                at /rustc/df4ca44d3fbc9301ee17f30f4d474e6ae4b05252/library/std/src/sys/backtrace.rs:154:18
[INFO] [stdout]   38:     0x64bf79952f9e - std::thread::Builder::spawn_unchecked_::{{closure}}::{{closure}}::h3fd968d89053a903
[INFO] [stdout]                                at /rustc/df4ca44d3fbc9301ee17f30f4d474e6ae4b05252/library/std/src/thread/mod.rs:541:17
[INFO] [stdout]   39:     0x64bf79952f9e - <core::panic::unwind_safe::AssertUnwindSafe<F> as core::ops::function::FnOnce<()>>::call_once::h743f637ba4229880
[INFO] [stdout]                                at /rustc/df4ca44d3fbc9301ee17f30f4d474e6ae4b05252/library/core/src/panic/unwind_safe.rs:272:9
[INFO] [stdout]   40:     0x64bf79952f9e - std::panicking::try::do_call::h07440897322525a6
[INFO] [stdout]                                at /rustc/df4ca44d3fbc9301ee17f30f4d474e6ae4b05252/library/std/src/panicking.rs:557:40
[INFO] [stdout]   41:     0x64bf79952f9e - std::panicking::try::he5a2e00188156637
[INFO] [stdout]                                at /rustc/df4ca44d3fbc9301ee17f30f4d474e6ae4b05252/library/std/src/panicking.rs:520:19
[INFO] [stdout]   42:     0x64bf79952f9e - std::panic::catch_unwind::hbaf3cae49b3c6433
[INFO] [stdout]                                at /rustc/df4ca44d3fbc9301ee17f30f4d474e6ae4b05252/library/std/src/panic.rs:358:14
[INFO] [stdout]   43:     0x64bf79952f9e - std::thread::Builder::spawn_unchecked_::{{closure}}::h8e141ea224820bce
[INFO] [stdout]                                at /rustc/df4ca44d3fbc9301ee17f30f4d474e6ae4b05252/library/std/src/thread/mod.rs:540:30
[INFO] [stdout]   44:     0x64bf79952f9e - core::ops::function::FnOnce::call_once{{vtable.shim}}::h90d312fedd7b8ea8
[INFO] [stdout]                                at /rustc/df4ca44d3fbc9301ee17f30f4d474e6ae4b05252/library/core/src/ops/function.rs:250:5
[INFO] [stdout]   45:     0x64bf799c310b - <alloc::boxed::Box<F,A> as core::ops::function::FnOnce<Args>>::call_once::h69aa08ddb6adb8b6
[INFO] [stdout]                                at /rustc/df4ca44d3fbc9301ee17f30f4d474e6ae4b05252/library/alloc/src/boxed.rs:2454:9
[INFO] [stdout]   46:     0x64bf799c310b - <alloc::boxed::Box<F,A> as core::ops::function::FnOnce<Args>>::call_once::h5aa36efdb79c806f
[INFO] [stdout]                                at /rustc/df4ca44d3fbc9301ee17f30f4d474e6ae4b05252/library/alloc/src/boxed.rs:2454:9
[INFO] [stdout]   47:     0x64bf799c310b - std::sys::pal::unix::thread::Thread::new::thread_start::h6cd80a1b4be5158d
[INFO] [stdout]                                at /rustc/df4ca44d3fbc9301ee17f30f4d474e6ae4b05252/library/std/src/sys/pal/unix/thread.rs:105:17
[INFO] [stdout]   48:     0x72bae42a7ac3 - <unknown>
[INFO] [stdout]   49:     0x72bae4338a04 - clone
[INFO] [stdout]   50:                0x0 - <unknown>
[INFO] [stdout] 
[INFO] [stdout] ---- test_nop_in_while stdout ----
[INFO] [stdout] thread 'test_nop_in_while' panicked at tests/integration_test.rs:8:44:
[INFO] [stdout] called `Result::unwrap()` on an `Err` value: Os { code: 30, kind: ReadOnlyFilesystem, message: "Read-only file system" }
[INFO] [stdout] stack backtrace:
[INFO] [stdout]    0:     0x64bf799bd59a - std::backtrace_rs::backtrace::libunwind::trace::h207520d6e9873551
[INFO] [stdout]                                at /rustc/df4ca44d3fbc9301ee17f30f4d474e6ae4b05252/library/std/src/../../backtrace/src/backtrace/libunwind.rs:116:5
[INFO] [stdout]    1:     0x64bf799bd59a - std::backtrace_rs::backtrace::trace_unsynchronized::h2ed7433f370e3eca
[INFO] [stdout]                                at /rustc/df4ca44d3fbc9301ee17f30f4d474e6ae4b05252/library/std/src/../../backtrace/src/backtrace/mod.rs:66:5
[INFO] [stdout]    2:     0x64bf799bd59a - std::sys::backtrace::_print_fmt::h916fac51166b18d7
[INFO] [stdout]                                at /rustc/df4ca44d3fbc9301ee17f30f4d474e6ae4b05252/library/std/src/sys/backtrace.rs:66:9
[INFO] [stdout]    3:     0x64bf799bd59a - <std::sys::backtrace::BacktraceLock::print::DisplayBacktrace as core::fmt::Display>::fmt::ha0a4c9b8ce3802e6
[INFO] [stdout]                                at /rustc/df4ca44d3fbc9301ee17f30f4d474e6ae4b05252/library/std/src/sys/backtrace.rs:39:26
[INFO] [stdout]    4:     0x64bf799e3d03 - core::fmt::rt::Argument::fmt::h4cfc8587d52b3eb5
[INFO] [stdout]                                at /rustc/df4ca44d3fbc9301ee17f30f4d474e6ae4b05252/library/core/src/fmt/rt.rs:177:76
[INFO] [stdout]    5:     0x64bf799e3d03 - core::fmt::write::h522cc39e5b36ae9f
[INFO] [stdout]                                at /rustc/df4ca44d3fbc9301ee17f30f4d474e6ae4b05252/library/core/src/fmt/mod.rs:1190:21
[INFO] [stdout]    6:     0x64bf799b9fc3 - std::io::Write::write_fmt::h7d3c26752da97734
[INFO] [stdout]                                at /rustc/df4ca44d3fbc9301ee17f30f4d474e6ae4b05252/library/std/src/io/mod.rs:1839:15
[INFO] [stdout]    7:     0x64bf799bd3e2 - std::sys::backtrace::BacktraceLock::print::h4b9e00b29e9c0942
[INFO] [stdout]                                at /rustc/df4ca44d3fbc9301ee17f30f4d474e6ae4b05252/library/std/src/sys/backtrace.rs:42:9
[INFO] [stdout]    8:     0x64bf799bea2a - std::panicking::default_hook::{{closure}}::hb59b88280d0324d9
[INFO] [stdout]                                at /rustc/df4ca44d3fbc9301ee17f30f4d474e6ae4b05252/library/std/src/panicking.rs:268:22
[INFO] [stdout]    9:     0x64bf799be834 - std::panicking::default_hook::he1dd496665be4a29
[INFO] [stdout]                                at /rustc/df4ca44d3fbc9301ee17f30f4d474e6ae4b05252/library/std/src/panicking.rs:292:9
[INFO] [stdout]   10:     0x64bf79987e89 - <alloc::boxed::Box<F,A> as core::ops::function::Fn<Args>>::call::h4ff71de18744e1dc
[INFO] [stdout]                                at /rustc/df4ca44d3fbc9301ee17f30f4d474e6ae4b05252/library/alloc/src/boxed.rs:2468:9
[INFO] [stdout]   11:     0x64bf79987e89 - test::test_main::{{closure}}::hcf7c055ce117aa81
[INFO] [stdout]                                at /rustc/df4ca44d3fbc9301ee17f30f4d474e6ae4b05252/library/test/src/lib.rs:133:21
[INFO] [stdout]   12:     0x64bf799bf128 - <alloc::boxed::Box<F,A> as core::ops::function::Fn<Args>>::call::h1d66c6bbd60c9692
[INFO] [stdout]                                at /rustc/df4ca44d3fbc9301ee17f30f4d474e6ae4b05252/library/alloc/src/boxed.rs:2468:9
[INFO] [stdout]   13:     0x64bf799bf128 - std::panicking::rust_panic_with_hook::h2ff17fe8f26dfcf8
[INFO] [stdout]                                at /rustc/df4ca44d3fbc9301ee17f30f4d474e6ae4b05252/library/std/src/panicking.rs:809:13
[INFO] [stdout]   14:     0x64bf799beeea - std::panicking::begin_panic_handler::{{closure}}::h4fad77951c07e101
[INFO] [stdout]                                at /rustc/df4ca44d3fbc9301ee17f30f4d474e6ae4b05252/library/std/src/panicking.rs:674:13
[INFO] [stdout]   15:     0x64bf799bda79 - std::sys::backtrace::__rust_end_short_backtrace::hb1a25b3da5d0ea08
[INFO] [stdout]                                at /rustc/df4ca44d3fbc9301ee17f30f4d474e6ae4b05252/library/std/src/sys/backtrace.rs:170:18
[INFO] [stdout]   16:     0x64bf799beb7c - rust_begin_unwind
[INFO] [stdout]                                at /rustc/df4ca44d3fbc9301ee17f30f4d474e6ae4b05252/library/std/src/panicking.rs:665:5
[INFO] [stdout]   17:     0x64bf799e2700 - core::panicking::panic_fmt::ha9db07b529f9b256
[INFO] [stdout]                                at /rustc/df4ca44d3fbc9301ee17f30f4d474e6ae4b05252/library/core/src/panicking.rs:75:14
[INFO] [stdout]   18:     0x64bf799e2b46 - core::result::unwrap_failed::h5e8218e4d4338b8a
[INFO] [stdout]                                at /rustc/df4ca44d3fbc9301ee17f30f4d474e6ae4b05252/library/core/src/result.rs:1698:5
[INFO] [stdout]   19:     0x64bf79936e8d - core::result::Result<T,E>::unwrap::h446abfb7454f212e
[INFO] [stdout]                                at /rustc/df4ca44d3fbc9301ee17f30f4d474e6ae4b05252/library/core/src/result.rs:1103:23
[INFO] [stdout]   20:     0x64bf79936e8d - integration_test::TestFixture::set_up::h8f8a3101014ef6fd
[INFO] [stdout]                                at /opt/rustwide/workdir/tests/integration_test.rs:8:9
[INFO] [stdout]   21:     0x64bf799374c9 - integration_test::test_nop_in_while::{{closure}}::h8fb8c389c1f1bfe8
[INFO] [stdout]                                at /opt/rustwide/workdir/tests/integration_test.rs:41:5
[INFO] [stdout]   22:     0x64bf79933ece - core::ops::function::FnOnce::call_once::hcb64152086bcbcdc
[INFO] [stdout]                                at /rustc/df4ca44d3fbc9301ee17f30f4d474e6ae4b05252/library/core/src/ops/function.rs:250:5
[INFO] [stdout]   23:     0x64bf7993db37 - serial_test::serial_core::h8fefff36031edccb
[INFO] [stdout]                                at /opt/rustwide/cargo-home/registry/src/index.crates.io-6f17d22bba15001f/serial_test-0.4.0/src/lib.rs:64:5
[INFO] [stdout]   24:     0x64bf79937497 - integration_test::test_nop_in_while::hf33d7a0382f7667d
[INFO] [stdout]                                at /opt/rustwide/workdir/tests/integration_test.rs:39:1
[INFO] [stdout]   25:     0x64bf79937467 - integration_test::test_nop_in_while::{{closure}}::h78bd3ef9a73baee3
[INFO] [stdout]                                at /opt/rustwide/workdir/tests/integration_test.rs:40:23
[INFO] [stdout]   26:     0x64bf79933e46 - core::ops::function::FnOnce::call_once::h727343a6659f53d8
[INFO] [stdout]                                at /rustc/df4ca44d3fbc9301ee17f30f4d474e6ae4b05252/library/core/src/ops/function.rs:250:5
[INFO] [stdout]   27:     0x64bf7998c75b - core::ops::function::FnOnce::call_once::h22c3ba5715e93f05
[INFO] [stdout]                                at /rustc/df4ca44d3fbc9301ee17f30f4d474e6ae4b05252/library/core/src/ops/function.rs:250:5
[INFO] [stdout]   28:     0x64bf7998c75b - test::__rust_begin_short_backtrace::h8e82d8113d0da17f
[INFO] [stdout]                                at /rustc/df4ca44d3fbc9301ee17f30f4d474e6ae4b05252/library/test/src/lib.rs:621:18
[INFO] [stdout]   29:     0x64bf7998c0d7 - test::run_test_in_process::{{closure}}::h33235f4f20b7b7c7
[INFO] [stdout]                                at /rustc/df4ca44d3fbc9301ee17f30f4d474e6ae4b05252/library/test/src/lib.rs:644:60
[INFO] [stdout]   30:     0x64bf7998c0d7 - <core::panic::unwind_safe::AssertUnwindSafe<F> as core::ops::function::FnOnce<()>>::call_once::hb5043206310c586f
[INFO] [stdout]                                at /rustc/df4ca44d3fbc9301ee17f30f4d474e6ae4b05252/library/core/src/panic/unwind_safe.rs:272:9
[INFO] [stdout]   31:     0x64bf7998c0d7 - std::panicking::try::do_call::h9ad4731a60ab23e2
[INFO] [stdout]                                at /rustc/df4ca44d3fbc9301ee17f30f4d474e6ae4b05252/library/std/src/panicking.rs:557:40
[INFO] [stdout]   32:     0x64bf7998c0d7 - std::panicking::try::h3824d23db772a716
[INFO] [stdout]                                at /rustc/df4ca44d3fbc9301ee17f30f4d474e6ae4b05252/library/std/src/panicking.rs:520:19
[INFO] [stdout]   33:     0x64bf7998c0d7 - std::panic::catch_unwind::h5afd514605fde46b
[INFO] [stdout]                                at /rustc/df4ca44d3fbc9301ee17f30f4d474e6ae4b05252/library/std/src/panic.rs:358:14
[INFO] [stdout]   34:     0x64bf7998c0d7 - test::run_test_in_process::h0d5cbfa7067d1720
[INFO] [stdout]                                at /rustc/df4ca44d3fbc9301ee17f30f4d474e6ae4b05252/library/test/src/lib.rs:644:27
[INFO] [stdout]   35:     0x64bf7998c0d7 - test::run_test::{{closure}}::h708eb8872708115d
[INFO] [stdout]                                at /rustc/df4ca44d3fbc9301ee17f30f4d474e6ae4b05252/library/test/src/lib.rs:565:43
[INFO] [stdout]   36:     0x64bf7994f7f4 - test::run_test::{{closure}}::h392c51cee94713ab
[INFO] [stdout]                                at /rustc/df4ca44d3fbc9301ee17f30f4d474e6ae4b05252/library/test/src/lib.rs:595:41
[INFO] [stdout]   37:     0x64bf7994f7f4 - std::sys::backtrace::__rust_begin_short_backtrace::h2f40290710935a8b
[INFO] [stdout]                                at /rustc/df4ca44d3fbc9301ee17f30f4d474e6ae4b05252/library/std/src/sys/backtrace.rs:154:18
[INFO] [stdout]   38:     0x64bf79952f9e - std::thread::Builder::spawn_unchecked_::{{closure}}::{{closure}}::h3fd968d89053a903
[INFO] [stdout]                                at /rustc/df4ca44d3fbc9301ee17f30f4d474e6ae4b05252/library/std/src/thread/mod.rs:541:17
[INFO] [stdout]   39:     0x64bf79952f9e - <core::panic::unwind_safe::AssertUnwindSafe<F> as core::ops::function::FnOnce<()>>::call_once::h743f637ba4229880
[INFO] [stdout]                                at /rustc/df4ca44d3fbc9301ee17f30f4d474e6ae4b05252/library/core/src/panic/unwind_safe.rs:272:9
[INFO] [stdout]   40:     0x64bf79952f9e - std::panicking::try::do_call::h07440897322525a6
[INFO] [stdout]                                at /rustc/df4ca44d3fbc9301ee17f30f4d474e6ae4b05252/library/std/src/panicking.rs:557:40
[INFO] [stdout]   41:     0x64bf79952f9e - std::panicking::try::he5a2e00188156637
[INFO] [stdout]                                at /rustc/df4ca44d3fbc9301ee17f30f4d474e6ae4b05252/library/std/src/panicking.rs:520:19
[INFO] [stdout]   42:     0x64bf79952f9e - std::panic::catch_unwind::hbaf3cae49b3c6433
[INFO] [stdout]                                at /rustc/df4ca44d3fbc9301ee17f30f4d474e6ae4b05252/library/std/src/panic.rs:358:14
[INFO] [stdout]   43:     0x64bf79952f9e - std::thread::Builder::spawn_unchecked_::{{closure}}::h8e141ea224820bce
[INFO] [stdout]                                at /rustc/df4ca44d3fbc9301ee17f30f4d474e6ae4b05252/library/std/src/thread/mod.rs:540:30
[INFO] [stdout]   44:     0x64bf79952f9e - core::ops::function::FnOnce::call_once{{vtable.shim}}::h90d312fedd7b8ea8
[INFO] [stdout]                                at /rustc/df4ca44d3fbc9301ee17f30f4d474e6ae4b05252/library/core/src/ops/function.rs:250:5
[INFO] [stdout]   45:     0x64bf799c310b - <alloc::boxed::Box<F,A> as core::ops::function::FnOnce<Args>>::call_once::h69aa08ddb6adb8b6
[INFO] [stdout]                                at /rustc/df4ca44d3fbc9301ee17f30f4d474e6ae4b05252/library/alloc/src/boxed.rs:2454:9
[INFO] [stdout]   46:     0x64bf799c310b - <alloc::boxed::Box<F,A> as core::ops::function::FnOnce<Args>>::call_once::h5aa36efdb79c806f
[INFO] [stdout]                                at /rustc/df4ca44d3fbc9301ee17f30f4d474e6ae4b05252/library/alloc/src/boxed.rs:2454:9
[INFO] [stdout]   47:     0x64bf799c310b - std::sys::pal::unix::thread::Thread::new::thread_start::h6cd80a1b4be5158d
[INFO] [stdout]                                at /rustc/df4ca44d3fbc9301ee17f30f4d474e6ae4b05252/library/std/src/sys/pal/unix/thread.rs:105:17
[INFO] [stdout]   48:     0x72bae42a7ac3 - <unknown>
[INFO] [stdout]   49:     0x72bae4338a04 - clone
[INFO] [stdout]   50:                0x0 - <unknown>
[INFO] [stdout] 
[INFO] [stdout] 
[INFO] [stdout] failures:
[INFO] [stdout]     test_if_statements
[INFO] [stdout]     test_local_variables
[INFO] [stdout]     test_nop_in_while
[INFO] [stdout] 
[INFO] [stdout] test result: FAILED. 0 passed; 3 failed; 0 ignored; 0 measured; 0 filtered out; finished in 0.02s
[INFO] [stdout] 
[INFO] running `Command { std: "docker" "inspect" "5262c5940cb920530a1eaa24ede58bf9d23c5d47d6438024718b85dd1c88904e", kill_on_drop: false }`
[INFO] running `Command { std: "docker" "rm" "-f" "5262c5940cb920530a1eaa24ede58bf9d23c5d47d6438024718b85dd1c88904e", kill_on_drop: false }`
[INFO] [stdout] 5262c5940cb920530a1eaa24ede58bf9d23c5d47d6438024718b85dd1c88904e
