[INFO] cloning repository https://github.com/Pranjal-Patel/swimming-pool
[INFO] running `Command { std: "git" "-c" "credential.helper=" "-c" "credential.helper=/workspace/cargo-home/bin/git-credential-null" "clone" "--bare" "https://github.com/Pranjal-Patel/swimming-pool" "/workspace/cache/git-repos/https%3A%2F%2Fgithub.com%2FPranjal-Patel%2Fswimming-pool", kill_on_drop: false }`
[INFO] [stderr] Cloning into bare repository '/workspace/cache/git-repos/https%3A%2F%2Fgithub.com%2FPranjal-Patel%2Fswimming-pool'...
[INFO] running `Command { std: "git" "rev-parse" "HEAD", kill_on_drop: false }`
[INFO] [stdout] 9f54bea5f4d6e7aae2baa44919f9e29d32bf39c5
[INFO] testing Pranjal-Patel/swimming-pool/9f54bea5f4d6e7aae2baa44919f9e29d32bf39c5 against nightly-2024-10-28 for randomize-layout
[INFO] running `Command { std: "git" "clone" "/workspace/cache/git-repos/https%3A%2F%2Fgithub.com%2FPranjal-Patel%2Fswimming-pool" "/workspace/builds/worker-1-tc1/source", kill_on_drop: false }`
[INFO] [stderr] Cloning into '/workspace/builds/worker-1-tc1/source'...
[INFO] [stderr] done.
[INFO] validating manifest of git repo https://github.com/Pranjal-Patel/swimming-pool on toolchain nightly-2024-10-28
[INFO] running `Command { std: CARGO_HOME="/workspace/cargo-home" RUSTUP_HOME="/workspace/rustup-home" "/workspace/cargo-home/bin/cargo" "+nightly-2024-10-28" "metadata" "--manifest-path" "Cargo.toml" "--no-deps", kill_on_drop: false }`
[INFO] started tweaking git repo https://github.com/Pranjal-Patel/swimming-pool
[INFO] finished tweaking git repo https://github.com/Pranjal-Patel/swimming-pool
[INFO] tweaked toml for git repo https://github.com/Pranjal-Patel/swimming-pool written to /workspace/builds/worker-1-tc1/source/Cargo.toml
[INFO] crate git repo https://github.com/Pranjal-Patel/swimming-pool already has a lockfile, it will not be regenerated
[INFO] running `Command { std: CARGO_HOME="/workspace/cargo-home" RUSTUP_HOME="/workspace/rustup-home" "/workspace/cargo-home/bin/cargo" "+nightly-2024-10-28" "fetch" "--manifest-path" "Cargo.toml", kill_on_drop: false }`
[INFO] running `Command { std: "docker" "create" "-v" "/var/lib/crater-agent-workspace/builds/worker-1-tc1/target:/opt/rustwide/target:rw,Z" "-v" "/var/lib/crater-agent-workspace/builds/worker-1-tc1/source:/opt/rustwide/workdir:ro,Z" "-v" "/var/lib/crater-agent-workspace/cargo-home:/opt/rustwide/cargo-home:ro,Z" "-v" "/var/lib/crater-agent-workspace/rustup-home:/opt/rustwide/rustup-home:ro,Z" "-e" "SOURCE_DIR=/opt/rustwide/workdir" "-e" "CARGO_TARGET_DIR=/opt/rustwide/target" "-e" "CARGO_HOME=/opt/rustwide/cargo-home" "-e" "RUSTUP_HOME=/opt/rustwide/rustup-home" "-w" "/opt/rustwide/workdir" "-m" "1610612736" "--user" "0:0" "--network" "none" "ghcr.io/rust-lang/crates-build-env/linux@sha256:4a844ea9eb2546a2d2c7022eacef16ef2e8229c7fbb2c7d4d55a9ceca922f72d" "/opt/rustwide/cargo-home/bin/cargo" "+nightly-2024-10-28" "metadata" "--no-deps" "--format-version=1", kill_on_drop: false }`
[INFO] [stdout] b548f80d63ccccdf56799a201b7e74e34251ae855f37e17de29b144e3ed76d77
[INFO] running `Command { std: "docker" "start" "-a" "b548f80d63ccccdf56799a201b7e74e34251ae855f37e17de29b144e3ed76d77", kill_on_drop: false }`
[INFO] running `Command { std: "docker" "inspect" "b548f80d63ccccdf56799a201b7e74e34251ae855f37e17de29b144e3ed76d77", kill_on_drop: false }`
[INFO] running `Command { std: "docker" "rm" "-f" "b548f80d63ccccdf56799a201b7e74e34251ae855f37e17de29b144e3ed76d77", kill_on_drop: false }`
[INFO] [stdout] b548f80d63ccccdf56799a201b7e74e34251ae855f37e17de29b144e3ed76d77
[INFO] running `Command { std: "docker" "create" "-v" "/var/lib/crater-agent-workspace/builds/worker-1-tc1/target:/opt/rustwide/target:rw,Z" "-v" "/var/lib/crater-agent-workspace/builds/worker-1-tc1/source:/opt/rustwide/workdir:ro,Z" "-v" "/var/lib/crater-agent-workspace/cargo-home:/opt/rustwide/cargo-home:ro,Z" "-v" "/var/lib/crater-agent-workspace/rustup-home:/opt/rustwide/rustup-home:ro,Z" "-e" "SOURCE_DIR=/opt/rustwide/workdir" "-e" "CARGO_TARGET_DIR=/opt/rustwide/target" "-e" "CARGO_INCREMENTAL=0" "-e" "RUST_BACKTRACE=full" "-e" "RUSTFLAGS=--cap-lints=forbid" "-e" "RUSTDOCFLAGS=--cap-lints=forbid" "-e" "CARGO_HOME=/opt/rustwide/cargo-home" "-e" "RUSTUP_HOME=/opt/rustwide/rustup-home" "-w" "/opt/rustwide/workdir" "-m" "1610612736" "--user" "0:0" "--network" "none" "ghcr.io/rust-lang/crates-build-env/linux@sha256:4a844ea9eb2546a2d2c7022eacef16ef2e8229c7fbb2c7d4d55a9ceca922f72d" "/opt/rustwide/cargo-home/bin/cargo" "+nightly-2024-10-28" "build" "--frozen" "--message-format=json", kill_on_drop: false }`
[INFO] [stdout] 5e6b53b6563379a99dac7bdf50799ddc53588734092b8bc307dfca3be4b8c404
[INFO] running `Command { std: "docker" "start" "-a" "5e6b53b6563379a99dac7bdf50799ddc53588734092b8bc307dfca3be4b8c404", kill_on_drop: false }`
[INFO] [stderr]    Compiling swimming-pool v0.1.3 (/opt/rustwide/workdir)
[INFO] [stderr]     Finished `dev` profile [unoptimized + debuginfo] target(s) in 0.20s
[INFO] running `Command { std: "docker" "inspect" "5e6b53b6563379a99dac7bdf50799ddc53588734092b8bc307dfca3be4b8c404", kill_on_drop: false }`
[INFO] running `Command { std: "docker" "rm" "-f" "5e6b53b6563379a99dac7bdf50799ddc53588734092b8bc307dfca3be4b8c404", kill_on_drop: false }`
[INFO] [stdout] 5e6b53b6563379a99dac7bdf50799ddc53588734092b8bc307dfca3be4b8c404
[INFO] running `Command { std: "docker" "create" "-v" "/var/lib/crater-agent-workspace/builds/worker-1-tc1/target:/opt/rustwide/target:rw,Z" "-v" "/var/lib/crater-agent-workspace/builds/worker-1-tc1/source:/opt/rustwide/workdir:ro,Z" "-v" "/var/lib/crater-agent-workspace/cargo-home:/opt/rustwide/cargo-home:ro,Z" "-v" "/var/lib/crater-agent-workspace/rustup-home:/opt/rustwide/rustup-home:ro,Z" "-e" "SOURCE_DIR=/opt/rustwide/workdir" "-e" "CARGO_TARGET_DIR=/opt/rustwide/target" "-e" "CARGO_INCREMENTAL=0" "-e" "RUST_BACKTRACE=full" "-e" "RUSTFLAGS=--cap-lints=forbid" "-e" "RUSTDOCFLAGS=--cap-lints=forbid" "-e" "CARGO_HOME=/opt/rustwide/cargo-home" "-e" "RUSTUP_HOME=/opt/rustwide/rustup-home" "-w" "/opt/rustwide/workdir" "-m" "1610612736" "--user" "0:0" "--network" "none" "ghcr.io/rust-lang/crates-build-env/linux@sha256:4a844ea9eb2546a2d2c7022eacef16ef2e8229c7fbb2c7d4d55a9ceca922f72d" "/opt/rustwide/cargo-home/bin/cargo" "+nightly-2024-10-28" "test" "--frozen" "--no-run" "--message-format=json", kill_on_drop: false }`
[INFO] [stdout] 06c8169b371842d29bccc9d93f24897eac8b43db5af8f162f76343147aafd5f6
[INFO] running `Command { std: "docker" "start" "-a" "06c8169b371842d29bccc9d93f24897eac8b43db5af8f162f76343147aafd5f6", kill_on_drop: false }`
[INFO] [stderr]    Compiling swimming-pool v0.1.3 (/opt/rustwide/workdir)
[INFO] [stderr]     Finished `test` profile [unoptimized + debuginfo] target(s) in 0.11s
[INFO] running `Command { std: "docker" "inspect" "06c8169b371842d29bccc9d93f24897eac8b43db5af8f162f76343147aafd5f6", kill_on_drop: false }`
[INFO] running `Command { std: "docker" "rm" "-f" "06c8169b371842d29bccc9d93f24897eac8b43db5af8f162f76343147aafd5f6", kill_on_drop: false }`
[INFO] [stdout] 06c8169b371842d29bccc9d93f24897eac8b43db5af8f162f76343147aafd5f6
[INFO] running `Command { std: "docker" "create" "-v" "/var/lib/crater-agent-workspace/builds/worker-1-tc1/target:/opt/rustwide/target:rw,Z" "-v" "/var/lib/crater-agent-workspace/builds/worker-1-tc1/source:/opt/rustwide/workdir:ro,Z" "-v" "/var/lib/crater-agent-workspace/cargo-home:/opt/rustwide/cargo-home:ro,Z" "-v" "/var/lib/crater-agent-workspace/rustup-home:/opt/rustwide/rustup-home:ro,Z" "-e" "SOURCE_DIR=/opt/rustwide/workdir" "-e" "CARGO_TARGET_DIR=/opt/rustwide/target" "-e" "CARGO_INCREMENTAL=0" "-e" "RUST_BACKTRACE=full" "-e" "RUSTFLAGS=--cap-lints=forbid" "-e" "RUSTDOCFLAGS=--cap-lints=forbid" "-e" "CARGO_HOME=/opt/rustwide/cargo-home" "-e" "RUSTUP_HOME=/opt/rustwide/rustup-home" "-w" "/opt/rustwide/workdir" "-m" "1610612736" "--user" "0:0" "--network" "none" "ghcr.io/rust-lang/crates-build-env/linux@sha256:4a844ea9eb2546a2d2c7022eacef16ef2e8229c7fbb2c7d4d55a9ceca922f72d" "/opt/rustwide/cargo-home/bin/cargo" "+nightly-2024-10-28" "test" "--frozen", kill_on_drop: false }`
[INFO] [stdout] 41905daa7db5cd68d476ea7affb57cd2f37a720519897dedcd92e03996b745bd
[INFO] running `Command { std: "docker" "start" "-a" "41905daa7db5cd68d476ea7affb57cd2f37a720519897dedcd92e03996b745bd", kill_on_drop: false }`
[INFO] [stderr]     Finished `test` profile [unoptimized + debuginfo] target(s) in 0.00s
[INFO] [stderr]      Running unittests src/lib.rs (/opt/rustwide/target/debug/deps/swimming_pool-d68bce234ecc9743)
[INFO] [stdout] 
[INFO] [stdout] running 0 tests
[INFO] [stdout] 
[INFO] [stdout] test result: ok. 0 passed; 0 failed; 0 ignored; 0 measured; 0 filtered out; finished in 0.00s
[INFO] [stdout] 
[INFO] [stderr]    Doc-tests swimming_pool
[INFO] [stdout] 
[INFO] [stdout] running 2 tests
[INFO] [stdout] test src/threadpool.rs - threadpool::ThreadPool::execute (line 66) ... FAILED
[INFO] [stdout] test src/threadpool.rs - threadpool::ThreadPool (line 15) ... ok
[INFO] [stdout] 
[INFO] [stdout] failures:
[INFO] [stdout] 
[INFO] [stdout] ---- src/threadpool.rs - threadpool::ThreadPool::execute (line 66) stdout ----
[INFO] [stdout] error[E0432]: unresolved import `threadpool`
[INFO] [stdout]  --> src/threadpool.rs:67:5
[INFO] [stdout]   |
[INFO] [stdout] 3 | use threadpool::Threadpool;
[INFO] [stdout]   |     ^^^^^^^^^^ use of undeclared crate or module `threadpool`
[INFO] [stdout] 
[INFO] [stdout] error[E0433]: failed to resolve: use of undeclared type `ThreadPool`
[INFO] [stdout]  --> src/threadpool.rs:69:12
[INFO] [stdout]   |
[INFO] [stdout] 5 | let pool = ThreadPool::new(10);
[INFO] [stdout]   |            ^^^^^^^^^^ use of undeclared type `ThreadPool`
[INFO] [stdout]   |
[INFO] [stdout] help: consider importing this struct
[INFO] [stdout]   |
[INFO] [stdout] 2 + use swimming_pool::ThreadPool;
[INFO] [stdout]   |
[INFO] [stdout] 
[INFO] [stdout] error: aborting due to 2 previous errors
[INFO] [stdout] 
[INFO] [stdout] Some errors have detailed explanations: E0432, E0433.
[INFO] [stdout] For more information about an error, try `rustc --explain E0432`.
[INFO] [stdout] Couldn't compile the test.
[INFO] [stdout] 
[INFO] [stdout] failures:
[INFO] [stdout]     src/threadpool.rs - threadpool::ThreadPool::execute (line 66)
[INFO] [stdout] 
[INFO] [stdout] test result: FAILED. 1 passed; 1 failed; 0 ignored; 0 measured; 0 filtered out; finished in 5.15s
[INFO] [stdout] 
[INFO] [stderr] error: doctest failed, to rerun pass `--doc`
[INFO] running `Command { std: "docker" "inspect" "41905daa7db5cd68d476ea7affb57cd2f37a720519897dedcd92e03996b745bd", kill_on_drop: false }`
[INFO] running `Command { std: "docker" "rm" "-f" "41905daa7db5cd68d476ea7affb57cd2f37a720519897dedcd92e03996b745bd", kill_on_drop: false }`
[INFO] [stdout] 41905daa7db5cd68d476ea7affb57cd2f37a720519897dedcd92e03996b745bd
