[INFO] cloning repository https://github.com/Pistonite/llnparse
[INFO] running `Command { std: "git" "-c" "credential.helper=" "-c" "credential.helper=/workspace/cargo-home/bin/git-credential-null" "clone" "--bare" "https://github.com/Pistonite/llnparse" "/workspace/cache/git-repos/https%3A%2F%2Fgithub.com%2FPistonite%2Fllnparse", kill_on_drop: false }`
[INFO] [stderr] Cloning into bare repository '/workspace/cache/git-repos/https%3A%2F%2Fgithub.com%2FPistonite%2Fllnparse'...
[INFO] running `Command { std: "git" "rev-parse" "HEAD", kill_on_drop: false }`
[INFO] [stdout] f7b6aa2540557d2b2dd37f08e66e44d72af484f6
[INFO] testing Pistonite/llnparse/f7b6aa2540557d2b2dd37f08e66e44d72af484f6 against nightly-2024-10-28 for randomize-layout
[INFO] running `Command { std: "git" "clone" "/workspace/cache/git-repos/https%3A%2F%2Fgithub.com%2FPistonite%2Fllnparse" "/workspace/builds/worker-3-tc1/source", kill_on_drop: false }`
[INFO] [stderr] Cloning into '/workspace/builds/worker-3-tc1/source'...
[INFO] [stderr] done.
[INFO] validating manifest of git repo https://github.com/Pistonite/llnparse on toolchain nightly-2024-10-28
[INFO] running `Command { std: CARGO_HOME="/workspace/cargo-home" RUSTUP_HOME="/workspace/rustup-home" "/workspace/cargo-home/bin/cargo" "+nightly-2024-10-28" "metadata" "--manifest-path" "Cargo.toml" "--no-deps", kill_on_drop: false }`
[INFO] started tweaking git repo https://github.com/Pistonite/llnparse
[INFO] finished tweaking git repo https://github.com/Pistonite/llnparse
[INFO] tweaked toml for git repo https://github.com/Pistonite/llnparse written to /workspace/builds/worker-3-tc1/source/Cargo.toml
[INFO] crate git repo https://github.com/Pistonite/llnparse already has a lockfile, it will not be regenerated
[INFO] running `Command { std: CARGO_HOME="/workspace/cargo-home" RUSTUP_HOME="/workspace/rustup-home" "/workspace/cargo-home/bin/cargo" "+nightly-2024-10-28" "fetch" "--manifest-path" "Cargo.toml", kill_on_drop: false }`
[INFO] [stderr]     Updating crates.io index
[INFO] [stderr]  Downloading crates ...
[INFO] [stderr]   Downloaded deref-derive v0.1.0
[INFO] [stderr]   Downloaded basic-toml v0.1.9
[INFO] [stderr]   Downloaded macrotest v1.0.12
[INFO] [stderr]   Downloaded winnow v0.6.12
[INFO] running `Command { std: "docker" "create" "-v" "/var/lib/crater-agent-workspace/builds/worker-3-tc1/target:/opt/rustwide/target:rw,Z" "-v" "/var/lib/crater-agent-workspace/builds/worker-3-tc1/source:/opt/rustwide/workdir:ro,Z" "-v" "/var/lib/crater-agent-workspace/cargo-home:/opt/rustwide/cargo-home:ro,Z" "-v" "/var/lib/crater-agent-workspace/rustup-home:/opt/rustwide/rustup-home:ro,Z" "-e" "SOURCE_DIR=/opt/rustwide/workdir" "-e" "CARGO_TARGET_DIR=/opt/rustwide/target" "-e" "CARGO_HOME=/opt/rustwide/cargo-home" "-e" "RUSTUP_HOME=/opt/rustwide/rustup-home" "-w" "/opt/rustwide/workdir" "-m" "1610612736" "--user" "0:0" "--network" "none" "ghcr.io/rust-lang/crates-build-env/linux@sha256:4a844ea9eb2546a2d2c7022eacef16ef2e8229c7fbb2c7d4d55a9ceca922f72d" "/opt/rustwide/cargo-home/bin/cargo" "+nightly-2024-10-28" "metadata" "--no-deps" "--format-version=1", kill_on_drop: false }`
[INFO] [stdout] 0a7152747c52e4a8ea0cf39d03d860997db3e42b5a5bb27b9a91031a7bc95489
[INFO] running `Command { std: "docker" "start" "-a" "0a7152747c52e4a8ea0cf39d03d860997db3e42b5a5bb27b9a91031a7bc95489", kill_on_drop: false }`
[INFO] running `Command { std: "docker" "inspect" "0a7152747c52e4a8ea0cf39d03d860997db3e42b5a5bb27b9a91031a7bc95489", kill_on_drop: false }`
[INFO] running `Command { std: "docker" "rm" "-f" "0a7152747c52e4a8ea0cf39d03d860997db3e42b5a5bb27b9a91031a7bc95489", kill_on_drop: false }`
[INFO] [stdout] 0a7152747c52e4a8ea0cf39d03d860997db3e42b5a5bb27b9a91031a7bc95489
[INFO] running `Command { std: "docker" "create" "-v" "/var/lib/crater-agent-workspace/builds/worker-3-tc1/target:/opt/rustwide/target:rw,Z" "-v" "/var/lib/crater-agent-workspace/builds/worker-3-tc1/source:/opt/rustwide/workdir:ro,Z" "-v" "/var/lib/crater-agent-workspace/cargo-home:/opt/rustwide/cargo-home:ro,Z" "-v" "/var/lib/crater-agent-workspace/rustup-home:/opt/rustwide/rustup-home:ro,Z" "-e" "SOURCE_DIR=/opt/rustwide/workdir" "-e" "CARGO_TARGET_DIR=/opt/rustwide/target" "-e" "CARGO_INCREMENTAL=0" "-e" "RUST_BACKTRACE=full" "-e" "RUSTFLAGS=--cap-lints=forbid" "-e" "RUSTDOCFLAGS=--cap-lints=forbid" "-e" "CARGO_HOME=/opt/rustwide/cargo-home" "-e" "RUSTUP_HOME=/opt/rustwide/rustup-home" "-w" "/opt/rustwide/workdir" "-m" "1610612736" "--user" "0:0" "--network" "none" "ghcr.io/rust-lang/crates-build-env/linux@sha256:4a844ea9eb2546a2d2c7022eacef16ef2e8229c7fbb2c7d4d55a9ceca922f72d" "/opt/rustwide/cargo-home/bin/cargo" "+nightly-2024-10-28" "build" "--frozen" "--message-format=json", kill_on_drop: false }`
[INFO] [stdout] 7097a2b99aeff02c519dc9497c4e3cfc99f9b73f2005e4786a08d6d84afcaf2b
[INFO] running `Command { std: "docker" "start" "-a" "7097a2b99aeff02c519dc9497c4e3cfc99f9b73f2005e4786a08d6d84afcaf2b", kill_on_drop: false }`
[INFO] [stderr]    Compiling proc-macro2 v1.0.83
[INFO] [stderr]    Compiling unicode-ident v1.0.12
[INFO] [stderr]    Compiling autocfg v1.3.0
[INFO] [stderr]    Compiling regex-syntax v0.8.3
[INFO] [stderr]    Compiling syn v1.0.109
[INFO] [stderr]    Compiling memchr v2.7.2
[INFO] [stderr]    Compiling equivalent v1.0.1
[INFO] [stderr]    Compiling hashbrown v0.14.5
[INFO] [stderr]    Compiling toml_datetime v0.6.6
[INFO] [stderr]    Compiling winnow v0.5.40
[INFO] [stderr]    Compiling lazy_static v1.4.0
[INFO] [stderr]    Compiling fnv v1.0.7
[INFO] [stderr]    Compiling beef v0.5.2
[INFO] [stderr]    Compiling thiserror v1.0.61
[INFO] [stderr]    Compiling num-traits v0.2.19
[INFO] [stderr]    Compiling either v1.12.0
[INFO] [stderr]    Compiling aho-corasick v1.1.3
[INFO] [stderr]    Compiling indexmap v2.2.6
[INFO] [stderr]    Compiling quote v1.0.36
[INFO] [stderr]    Compiling itertools v0.13.0
[INFO] [stderr]    Compiling syn v2.0.66
[INFO] [stderr]    Compiling num-integer v0.1.46
[INFO] [stderr]    Compiling num-complex v0.4.6
[INFO] [stderr]    Compiling num-bigint v0.4.5
[INFO] [stderr]    Compiling regex-automata v0.4.6
[INFO] [stderr]    Compiling toml_edit v0.21.1
[INFO] [stderr]    Compiling num-iter v0.1.45
[INFO] [stderr]    Compiling num-rational v0.4.2
[INFO] [stderr]    Compiling num v0.4.3
[INFO] [stderr]    Compiling derivative v2.2.0
[INFO] [stderr]    Compiling deref-derive v0.1.0
[INFO] [stderr]    Compiling logos-codegen v0.14.0
[INFO] [stderr]    Compiling proc-macro-crate v3.1.0
[INFO] [stderr]    Compiling regex v1.10.4
[INFO] [stderr]    Compiling thiserror-impl v1.0.61
[INFO] [stderr]    Compiling logos-derive v0.14.0
[INFO] [stderr]    Compiling logos v0.14.0
[INFO] [stderr]    Compiling teleparse-macros v0.0.4 (/opt/rustwide/workdir/macros)
[INFO] [stderr]    Compiling teleparse v0.0.4 (/opt/rustwide/workdir)
[INFO] [stderr]     Finished `dev` profile [unoptimized + debuginfo] target(s) in 6.68s
[INFO] running `Command { std: "docker" "inspect" "7097a2b99aeff02c519dc9497c4e3cfc99f9b73f2005e4786a08d6d84afcaf2b", kill_on_drop: false }`
[INFO] running `Command { std: "docker" "rm" "-f" "7097a2b99aeff02c519dc9497c4e3cfc99f9b73f2005e4786a08d6d84afcaf2b", kill_on_drop: false }`
[INFO] [stdout] 7097a2b99aeff02c519dc9497c4e3cfc99f9b73f2005e4786a08d6d84afcaf2b
[INFO] running `Command { std: "docker" "create" "-v" "/var/lib/crater-agent-workspace/builds/worker-3-tc1/target:/opt/rustwide/target:rw,Z" "-v" "/var/lib/crater-agent-workspace/builds/worker-3-tc1/source:/opt/rustwide/workdir:ro,Z" "-v" "/var/lib/crater-agent-workspace/cargo-home:/opt/rustwide/cargo-home:ro,Z" "-v" "/var/lib/crater-agent-workspace/rustup-home:/opt/rustwide/rustup-home:ro,Z" "-e" "SOURCE_DIR=/opt/rustwide/workdir" "-e" "CARGO_TARGET_DIR=/opt/rustwide/target" "-e" "CARGO_INCREMENTAL=0" "-e" "RUST_BACKTRACE=full" "-e" "RUSTFLAGS=--cap-lints=forbid" "-e" "RUSTDOCFLAGS=--cap-lints=forbid" "-e" "CARGO_HOME=/opt/rustwide/cargo-home" "-e" "RUSTUP_HOME=/opt/rustwide/rustup-home" "-w" "/opt/rustwide/workdir" "-m" "1610612736" "--user" "0:0" "--network" "none" "ghcr.io/rust-lang/crates-build-env/linux@sha256:4a844ea9eb2546a2d2c7022eacef16ef2e8229c7fbb2c7d4d55a9ceca922f72d" "/opt/rustwide/cargo-home/bin/cargo" "+nightly-2024-10-28" "test" "--frozen" "--no-run" "--message-format=json", kill_on_drop: false }`
[INFO] [stdout] 8000eea72719959a1f12c8903480e2d88403afadc5c052064ce8c2f5ddbda2d1
[INFO] running `Command { std: "docker" "start" "-a" "8000eea72719959a1f12c8903480e2d88403afadc5c052064ce8c2f5ddbda2d1", kill_on_drop: false }`
[INFO] [stderr]    Compiling unicode-ident v1.0.12
[INFO] [stderr]    Compiling serde v1.0.202
[INFO] [stderr]    Compiling equivalent v1.0.1
[INFO] [stderr]    Compiling hashbrown v0.14.5
[INFO] [stderr]    Compiling proc-macro2 v1.0.83
[INFO] [stderr]    Compiling serde_json v1.0.117
[INFO] [stderr]    Compiling itoa v1.0.11
[INFO] [stderr]    Compiling prettyplease v0.2.20
[INFO] [stderr]    Compiling ryu v1.0.18
[INFO] [stderr]    Compiling winnow v0.6.12
[INFO] [stderr]    Compiling trybuild v1.0.96
[INFO] [stderr]    Compiling glob v0.3.1
[INFO] [stderr]    Compiling diff v0.1.13
[INFO] [stderr]    Compiling termcolor v1.4.1
[INFO] [stderr]    Compiling quote v1.0.36
[INFO] [stderr]    Compiling indexmap v2.2.6
[INFO] [stderr]    Compiling syn v2.0.66
[INFO] [stderr]    Compiling syn v1.0.109
[INFO] [stderr]    Compiling toml_edit v0.21.1
[INFO] [stderr]    Compiling serde_spanned v0.6.6
[INFO] [stderr]    Compiling toml_datetime v0.6.6
[INFO] [stderr]    Compiling toml_edit v0.22.14
[INFO] [stderr]    Compiling proc-macro-crate v3.1.0
[INFO] [stderr]    Compiling logos-codegen v0.14.0
[INFO] [stderr]    Compiling deref-derive v0.1.0
[INFO] [stderr]    Compiling derivative v2.2.0
[INFO] [stderr]    Compiling basic-toml v0.1.9
[INFO] [stderr]    Compiling toml v0.8.14
[INFO] [stderr]    Compiling serde_derive v1.0.202
[INFO] [stderr]    Compiling thiserror-impl v1.0.61
[INFO] [stderr]    Compiling logos-derive v0.14.0
[INFO] [stderr]    Compiling teleparse-macros v0.0.4 (/opt/rustwide/workdir/macros)
[INFO] [stderr]    Compiling logos v0.14.0
[INFO] [stderr]    Compiling thiserror v1.0.61
[INFO] [stderr]    Compiling teleparse v0.0.4 (/opt/rustwide/workdir)
[INFO] [stderr]    Compiling macrotest v1.0.12
[INFO] [stderr]     Finished `test` profile [unoptimized + debuginfo] target(s) in 11.61s
[INFO] running `Command { std: "docker" "inspect" "8000eea72719959a1f12c8903480e2d88403afadc5c052064ce8c2f5ddbda2d1", kill_on_drop: false }`
[INFO] running `Command { std: "docker" "rm" "-f" "8000eea72719959a1f12c8903480e2d88403afadc5c052064ce8c2f5ddbda2d1", kill_on_drop: false }`
[INFO] [stdout] 8000eea72719959a1f12c8903480e2d88403afadc5c052064ce8c2f5ddbda2d1
[INFO] running `Command { std: "docker" "create" "-v" "/var/lib/crater-agent-workspace/builds/worker-3-tc1/target:/opt/rustwide/target:rw,Z" "-v" "/var/lib/crater-agent-workspace/builds/worker-3-tc1/source:/opt/rustwide/workdir:ro,Z" "-v" "/var/lib/crater-agent-workspace/cargo-home:/opt/rustwide/cargo-home:ro,Z" "-v" "/var/lib/crater-agent-workspace/rustup-home:/opt/rustwide/rustup-home:ro,Z" "-e" "SOURCE_DIR=/opt/rustwide/workdir" "-e" "CARGO_TARGET_DIR=/opt/rustwide/target" "-e" "CARGO_INCREMENTAL=0" "-e" "RUST_BACKTRACE=full" "-e" "RUSTFLAGS=--cap-lints=forbid" "-e" "RUSTDOCFLAGS=--cap-lints=forbid" "-e" "CARGO_HOME=/opt/rustwide/cargo-home" "-e" "RUSTUP_HOME=/opt/rustwide/rustup-home" "-w" "/opt/rustwide/workdir" "-m" "1610612736" "--user" "0:0" "--network" "none" "ghcr.io/rust-lang/crates-build-env/linux@sha256:4a844ea9eb2546a2d2c7022eacef16ef2e8229c7fbb2c7d4d55a9ceca922f72d" "/opt/rustwide/cargo-home/bin/cargo" "+nightly-2024-10-28" "test" "--frozen", kill_on_drop: false }`
[INFO] [stdout] e99a3a69dd87656d86b9d44e4c154e0c6a10dccf39acb333b1427eb42305c381
[INFO] running `Command { std: "docker" "start" "-a" "e99a3a69dd87656d86b9d44e4c154e0c6a10dccf39acb333b1427eb42305c381", kill_on_drop: false }`
[INFO] [stderr]     Finished `test` profile [unoptimized + debuginfo] target(s) in 0.07s
[INFO] [stderr]      Running unittests src/lib.rs (/opt/rustwide/target/debug/deps/teleparse-7d36bc3d50c8adae)
[INFO] [stdout] 
[INFO] [stdout] running 181 tests
[INFO] [stdout] test lex::set::tests::insert ... ok
[INFO] [stdout] test lex::set::tests::iter_continous ... ok
[INFO] [stdout] test lex::set::tests::iter_empty ... ok
[INFO] [stdout] test lex::set::tests::iter_skip ... ok
[INFO] [stdout] test lex::set::tests::iter_single ... ok
[INFO] [stdout] test lex::set::tests::iter_skip_many ... ok
[INFO] [stdout] test lex::set::tests::new ... ok
[INFO] [stdout] test lex::set::tests::remove ... ok
[INFO] [stdout] test lex::token::tests::test_overflows ... ok
[INFO] [stdout] test lex::token::tests::test_src ... ok
[INFO] [stdout] test lex::token::tests::test_src_empty ... ok
[INFO] [stdout] test lex::vec::tests::at_span_empty ... ok
[INFO] [stdout] test lex::vec::tests::at_span_ok ... ok
[INFO] [stdout] test lex::vec::tests::begin_many ... ok
[INFO] [stdout] test lex::vec::tests::begin_single ... ok
[INFO] [stdout] test lex::vec::tests::end_from_begin ... ok
[INFO] [stdout] test lex::vec::tests::begin_none ... ok
[INFO] [stdout] test lex::vec::tests::end_many ... ok
[INFO] [stdout] test lex::vec::tests::both_fully_outside ... ok
[INFO] [stdout] test lex::vec::tests::both_partially_inside ... ok
[INFO] [stdout] test lex::vec::tests::begin_to_end ... ok
[INFO] [stdout] test lex::vec::tests::end_none ... ok
[INFO] [stdout] test lex::vec::tests::both_end_fully_inside ... ok
[INFO] [stdout] test lex::vec::tests::left_full_outside_touching_right_fully_outside ... ok
[INFO] [stdout] test lex::vec::tests::end_single ... ok
[INFO] [stdout] test lex::vec::tests::left_full_outside_touching_right_partially_inside ... ok
[INFO] [stdout] test lex::vec::tests::left_full_outside_touching_right_fully_outside_touching ... ok
[INFO] [stdout] test lex::vec::tests::left_full_outside_touching_right_over_max ... ok
[INFO] [stdout] test lex::vec::tests::left_fully_outside_right_fully_inside ... ok
[INFO] [stdout] test lex::vec::tests::left_fully_inside_right_touching ... ok
[INFO] [stdout] test lex::vec::tests::left_fully_inside_right_over_max ... ok
[INFO] [stdout] test lex::vec::tests::left_fully_outside_right_over_max ... ok
[INFO] [stdout] test lex::vec::tests::left_fully_outside_right_partially_inside ... ok
[INFO] [stdout] test lex::vec::tests::left_fully_inside_right_fully_outside ... ok
[INFO] [stdout] test lex::vec::tests::left_fully_inside_right_partially_inside ... ok
[INFO] [stdout] test lex::vec::tests::left_fully_outside_right_touching ... ok
[INFO] [stdout] test lex::vec::tests::left_over_min_right_fully_inside ... ok
[INFO] [stdout] test lex::vec::tests::left_fully_outside_touching_right_fully_inside ... ok
[INFO] [stdout] test lex::vec::tests::left_over_min_right_fully_outside ... ok
[INFO] [stdout] test lex::vec::tests::left_over_min_right_over_max ... ok
[INFO] [stdout] test lex::vec::tests::left_over_min_right_partially_inside ... ok
[INFO] [stdout] test lex::vec::tests::left_over_min_right_touching ... ok
[INFO] [stdout] test lex::vec::tests::left_partially_inside_right_fully_inside ... ok
[INFO] [stdout] test lex::vec::tests::left_partially_inside_right_over_max ... ok
[INFO] [stdout] test lex::vec::tests::left_partially_inside_right_touching ... ok
[INFO] [stdout] test lex::vec::tests::left_partially_inside_right_fully_outside ... ok
[INFO] [stdout] test lex::vec::tests::overlap_none ... ok
[INFO] [stdout] test lex::vec::tests::overlap_empty_input ... ok
[INFO] [stdout] test lex::vec::tests::search_hi ... ok
[INFO] [stdout] test lex::vec::tests::search_lo ... ok
[INFO] [stdout] test syntax::lit_set::tests::contains_static_not ... ok
[INFO] [stdout] test syntax::lit_set::tests::contains_dynamic ... ok
[INFO] [stdout] test syntax::lit_set::tests::contains_static ... ok
[INFO] [stdout] test syntax::lit_set::tests::intersect_disjoint ... ok
[INFO] [stdout] test syntax::lit_set::tests::intersect_empty ... ok
[INFO] [stdout] test syntax::lit_set::tests::intersect_empty_universe ... ok
[INFO] [stdout] test syntax::lit_set::tests::intersect_subset ... ok
[INFO] [stdout] test syntax::lit_set::tests::intersect_universe ... ok
[INFO] [stdout] test syntax::lit_set::tests::intersection ... ok
[INFO] [stdout] test syntax::lit_set::tests::union_no_change_empty ... ok
[INFO] [stdout] test syntax::lit_set::tests::union ... ok
[INFO] [stdout] test syntax::lit_set::tests::union_disjoint ... ok
[INFO] [stdout] test syntax::lit_set::tests::union_no_change_subset ... ok
[INFO] [stdout] test syntax::lit_set::tests::union_universe_from_some ... ok
[INFO] [stdout] test syntax::lit_set::tests::union_no_change_equal ... ok
[INFO] [stdout] test syntax::lit_set::tests::universe_contains_everything ... ok
[INFO] [stdout] test syntax::lit_set::tests::union_universe_from_empty ... ok
[INFO] [stdout] test syntax::lit_set::tests::union_universe_from_universe ... ok
[INFO] [stdout] test syntax::term_set::tests::insert ... ok
[INFO] [stdout] test syntax::term_set::tests::insert_epsilon ... ok
[INFO] [stdout] test syntax::term_set::tests::union_disjoint_token ... ok
[INFO] [stdout] test syntax::term_set::tests::union_empty ... ok
[INFO] [stdout] test syntax::term_set::tests::union_exclude_e ... ok
[INFO] [stdout] test syntax::term_set::tests::union_to_any ... ok
[INFO] [stdout] test tp_impl::iter::tests::IdentListStar_root_test::is_ll1 ... ok
[INFO] [stdout] test tp_impl::iter::tests::ListPlusList_root_test::is_ll1 ... ok
[INFO] [stdout] test tp_impl::iter::tests::LoopRoot_root_test::is_ll1 ... ok
[INFO] [stdout] test tp_impl::iter::tests::IdentList_root_test::is_ll1 ... ok
[INFO] [stdout] test tp_impl::iter::tests::LoopRecover_root_test::is_ll1 ... ok
[INFO] [stdout] test tp_impl::iter::tests::consecutive_star_not_ll1 ... ok
[INFO] [stdout] test tp_impl::iter::tests::list_of_option_not_ll1 ... ok
[INFO] [stdout] test tp_impl::iter::tests::parse_loop ... ok
[INFO] [stdout] test tp_impl::iter::tests::parse_loop_empty_all_invalid ... ok
[INFO] [stdout] test tp_impl::iter::tests::loop_will_not_stuck ... ok
[INFO] [stdout] test tp_impl::iter::tests::loop_option_not_ll1 ... ok
[INFO] [stdout] test tp_impl::iter::tests::loop_recover_option_not_ll1 ... ok
[INFO] [stdout] test tp_impl::iter::tests::parse_loop_empty ... ok
[INFO] [stdout] test tp_impl::iter::tests::SeparatedList_root_test::is_ll1 ... ok
[INFO] [stdout] test tp_impl::iter::tests::parse_loop_recover ... ok
[INFO] [stdout] test tp_impl::iter::tests::parse_many ... ok
[INFO] [stdout] test tp_impl::iter::tests::parse_multiple_items_each ... ok
[INFO] [stdout] test tp_impl::iter::tests::parse_separated_list ... ok
[INFO] [stdout] test tp_impl::iter::tests::parse_separated_list_multiple ... ok
[INFO] [stdout] test tp_impl::iter::tests::parse_separated_list_panic ... ok
[INFO] [stdout] test tp_impl::iter::tests::parse_single_item ... ok
[INFO] [stdout] test tp_impl::iter::tests::parse_single_item_each ... ok
[INFO] [stdout] test tp_impl::iter::tests::parse_star ... ok
[INFO] [stdout] test tp_impl::iter::tests::parse_two_items ... ok
[INFO] [stdout] test tp_impl::iter::tests::parse_with_panic ... ok
[INFO] [stdout] test tp_impl::option::tests::OptIdent_root_test::is_ll1 ... ok
[INFO] [stdout] test tp_impl::option::tests::test_none ... ok
[INFO] [stdout] test tp_impl::option::tests::ExistIdent_root_test::is_ll1 ... ok
[INFO] [stdout] test tp_impl::option::tests::parse_exist ... ok
[INFO] [stdout] test tp_impl::iter::tests::two_list_of_same_not_ll1 ... ok
[INFO] [stdout] test tp_impl::option::tests::test_nested_not_ll1 ... ok
[INFO] [stdout] test tp_impl::option::tests::test_some ... ok
[INFO] [stdout] test tp_impl::option::tests::test_seq_not_ll1 ... ok
[INFO] [stdout] test tp_impl::option::tests::test_use_as_option ... ok
[INFO] [stdout] test tp_impl::punct::tests::ParenPunct_root_test::is_ll1 ... ok
[INFO] [stdout] test tp_impl::punct::tests::PunctTest_root_test::is_ll1 ... ok
[INFO] [stdout] test tp_impl::punct::tests::parse_empty ... ok
[INFO] [stdout] test tp_impl::punct::tests::parse_many ... ok
[INFO] [stdout] test tp_impl::punct::tests::Punct2_root_test::is_ll1 ... ok
[INFO] [stdout] test tp_impl::punct::tests::ParenPunct2_root_test::is_ll1 ... ok
[INFO] [stdout] test tp_impl::punct::tests::PunctSame_root_test::is_ll1 ... ok
[INFO] [stdout] test tp_impl::punct::tests::parse_many_trailing ... ok
[INFO] [stdout] test tp_impl::punct::tests::parse_one ... ok
[INFO] [stdout] test tp_impl::punct::tests::parse_one_trailing ... ok
[INFO] [stdout] test tp_impl::punct::tests::parse_partial_item_recover_autofill_trailing ... ok
[INFO] [stdout] test tp_impl::punct::tests::parse_partial_item_recover_autofill ... ok
[INFO] [stdout] test tp_impl::punct::tests::parse_partial_item_recover_trailing ... ok
[INFO] [stdout] test tp_impl::punct::tests::parse_punct_same ... ok
[INFO] [stdout] test tp_impl::punct::tests::parse_partial_item_recover_skip ... ok
[INFO] [stdout] test tp_impl::punct::tests::parse_stop_expecting_item ... ok
[INFO] [stdout] test tp_impl::punct::tests::parse_recover_with_follow ... ok
[INFO] [stdout] test tp_impl::punct::tests::parse_punct_same_trailing ... ok
[INFO] [stdout] test tp_impl::punct::tests::parse_stop_expecting_split ... ok
[INFO] [stdout] test tp_impl::punct::tests::parse_two_trailing ... ok
[INFO] [stdout] test tp_impl::punct::tests::parse_two ... ok
[INFO] [stdout] test tp_impl::recover::tests::RecoverOption2_root_test::is_ll1 ... ok
[INFO] [stdout] test tp_impl::recover::tests::Recover2_root_test::is_ll1 ... ok
[INFO] [stdout] test tp_impl::recover::tests::RecoverTest_root_test::is_ll1 ... ok
[INFO] [stdout] test tp_impl::recover::tests::RecoverOption_root_test::is_ll1 ... ok
[INFO] [stdout] test tp_impl::punct::tests::punct_option_not_ll1 ... ok
[INFO] [stdout] test tp_impl::punct::tests::punct_both_option_conflict ... ok
[INFO] [stdout] test tp_impl::punct::tests::punct_option_sep_not_ll1 ... ok
[INFO] [stdout] test tp_impl::recover::tests::parse_option2_none_recover ... ok
[INFO] [stdout] test tp_impl::recover::tests::parse_ok ... ok
[INFO] [stdout] test tp_impl::recover::tests::parse_option_none_ok ... ok
[INFO] [stdout] test tp_impl::recover::tests::parse_option2_none_ok ... ok
[INFO] [stdout] test tp_impl::recover::tests::parse_option_some_ok ... ok
[INFO] [stdout] test tp_impl::recover::tests::parse_panic_tail_no_first ... ok
[INFO] [stdout] test tp_impl::recover::tests::parse_option_some_skip_ok ... ok
[INFO] [stdout] test tp_impl::recover::tests::parse_recover_head_first_no_skip ... ok
[INFO] [stdout] test tp_impl::recover::tests::parse_recover_head_first_skip ... ok
[INFO] [stdout] test tp_impl::recover::tests::parse_recover_head_no_first_no_skip ... ok
[INFO] [stdout] test tp_impl::recover::tests::parse_recover_head_no_first_skip ... ok
[INFO] [stdout] test tp_impl::recover::tests::parse_recover_tail_panic_no_skip ... ok
[INFO] [stdout] test tp_impl::recover::tests::parse_recover_tail_panic_skip ... ok
[INFO] [stdout] test tp_impl::split::tests::SplitSame_root_test::is_ll1 ... ok
[INFO] [stdout] test tp_impl::split::tests::Split2_root_test::is_ll1 ... ok
[INFO] [stdout] test tp_impl::split::tests::SplitOfOption_root_test::is_ll1 ... ok
[INFO] [stdout] test tp_impl::split::tests::SplitTestFollow_root_test::is_ll1 ... ok
[INFO] [stdout] test tp_impl::split::tests::SplitTest_root_test::is_ll1 ... ok
[INFO] [stdout] test tp_impl::split::tests::parse_many ... ok
[INFO] [stdout] test tp_impl::split::tests::parse_recover_expecting_item ... ok
[INFO] [stdout] test tp_impl::split::tests::parse_one ... ok
[INFO] [stdout] test tp_impl::split::tests::parse_empty ... ok
[INFO] [stdout] test tp_impl::split::tests::parse_partial_item_recover_skip ... ok
[INFO] [stdout] test tp_impl::split::tests::parse_partial_item_recover_autofill ... ok
[INFO] [stdout] test tp_impl::split::tests::parse_recover_follow ... ok
[INFO] [stdout] test tp_impl::split::tests::parse_recover_expecting_item_skip_multiple ... ok
[INFO] [stdout] test tp_impl::split::tests::parse_recover_skip_sees_separator ... ok
[INFO] [stdout] test tp_impl::split::tests::parse_split_option ... ok
[INFO] [stdout] test tp_impl::split::tests::parse_split_same ... ok
[INFO] [stdout] test tp_impl::split::tests::parse_two ... ok
[INFO] [stdout] test tp_impl::string::tests::Stringified_root_test::is_ll1 ... ok
[INFO] [stdout] test tp_impl::split::tests::parse_stop_expecting_split ... ok
[INFO] [stdout] test tp_impl::split::tests::split_option_same_conflict ... ok
[INFO] [stdout] test tp_impl::string::tests::Parsed_root_test::is_ll1 ... ok
[INFO] [stdout] test tp_impl::split::tests::split_option_same_conflict_sep ... ok
[INFO] [stdout] test tp_impl::split::tests::split_both_option_conflict ... ok
[INFO] [stdout] test tp_impl::string::tests::test_deref_string ... ok
[INFO] [stdout] test tp_impl::string::tests::test_parse ... ok
[INFO] [stdout] test tp_impl::string::tests::test_stringify ... ok
[INFO] [stdout] test tp_impl::tuple::tests::Nested_root_test::is_ll1 ... ok
[INFO] [stdout] test tp_impl::tuple::tests::parse_nested ... ok
[INFO] [stdout] test tp_impl::tuple::tests::Tuple2_root_test::is_ll1 ... ok
[INFO] [stdout] test tp_impl::tuple::tests::parse_tuple_2 ... ok
[INFO] [stdout] test tp_impl::tuple::tests::parse_tuple_3 ... ok
[INFO] [stdout] test tp_impl::tuple::tests::Tuple3_root_test::is_ll1 ... ok
[INFO] [stdout] 
[INFO] [stdout] test result: ok. 181 passed; 0 failed; 0 ignored; 0 measured; 0 filtered out; finished in 0.01s
[INFO] [stdout] 
[INFO] [stderr]      Running tests/book_ex_recur.rs (/opt/rustwide/target/debug/deps/book_ex_recur-eda7abc2bb0de5c5)
[INFO] [stdout] 
[INFO] [stdout] running 2 tests
[INFO] [stdout] test E_root_test::is_ll1 ... ok
[INFO] [stdout] test main ... ok
[INFO] [stdout] 
[INFO] [stdout] test result: ok. 2 passed; 0 failed; 0 ignored; 0 measured; 0 filtered out; finished in 0.00s
[INFO] [stdout] 
[INFO] [stderr]      Running tests/book_ex_simple.rs (/opt/rustwide/target/debug/deps/book_ex_simple-56664ae26dd373a0)
[INFO] [stdout] 
[INFO] [stdout] running 2 tests
[INFO] [stdout] test E_root_test::is_ll1 ... ok
[INFO] [stdout] test main ... ok
[INFO] [stdout] 
[INFO] [stdout] test result: ok. 2 passed; 0 failed; 0 ignored; 0 measured; 0 filtered out; finished in 0.00s
[INFO] [stdout] 
[INFO] [stderr]      Running tests/book_terminal.rs (/opt/rustwide/target/debug/deps/book_terminal-cd6e4512c49dcf41)
[INFO] [stdout] 
[INFO] [stdout] running 2 tests
[INFO] [stdout] test ThreeIdents_root_test::is_ll1 ... ok
[INFO] [stdout] test main ... ok
[INFO] [stdout] 
[INFO] [stdout] test result: ok. 2 passed; 0 failed; 0 ignored; 0 measured; 0 filtered out; finished in 0.00s
[INFO] [stdout] 
[INFO] [stderr]      Running tests/doc_lex_comment.rs (/opt/rustwide/target/debug/deps/doc_lex_comment-3d33661755296fbe)
[INFO] [stdout] 
[INFO] [stdout] running 0 tests
[INFO] [stdout] 
[INFO] [stdout] test result: ok. 0 passed; 0 failed; 0 ignored; 0 measured; 0 filtered out; finished in 0.00s
[INFO] [stdout] 
[INFO] [stderr]      Running tests/doc_lex_term_regex.rs (/opt/rustwide/target/debug/deps/doc_lex_term_regex-620535380eb236ca)
[INFO] [stdout] 
[INFO] [stdout] running 0 tests
[INFO] [stdout] 
[INFO] [stdout] test result: ok. 0 passed; 0 failed; 0 ignored; 0 measured; 0 filtered out; finished in 0.00s
[INFO] [stdout] 
[INFO] [stderr]      Running tests/doc_lex_term_simple.rs (/opt/rustwide/target/debug/deps/doc_lex_term_simple-c3e4c26940e7fa99)
[INFO] [stdout] 
[INFO] [stdout] running 0 tests
[INFO] [stdout] 
[INFO] [stdout] test result: ok. 0 passed; 0 failed; 0 ignored; 0 measured; 0 filtered out; finished in 0.00s
[INFO] [stdout] 
[INFO] [stderr]      Running tests/first_follow.rs (/opt/rustwide/target/debug/deps/first_follow-8c552fd25fb27368)
[INFO] [stdout] 
[INFO] [stdout] running 6 tests
[INFO] [stdout] test E_root_test::is_ll1 ... ok
[INFO] [stdout] test first_table ... ok
[INFO] [stdout] test follow_table ... ok
[INFO] [stdout] test parse ... ok
[INFO] [stdout] test parse_paren ... ok
[INFO] [stdout] test parse_with_error ... ok
[INFO] [stdout] 
[INFO] [stdout] test result: ok. 6 passed; 0 failed; 0 ignored; 0 measured; 0 filtered out; finished in 0.00s
[INFO] [stdout] 
[INFO] [stderr]      Running tests/lexer.rs (/opt/rustwide/target/debug/deps/lexer-b892192f1b5ba87a)
[INFO] [stdout] 
[INFO] [stdout] running 5 tests
[INFO] [stdout] test basic ... ok
[INFO] [stdout] test empty ... ok
[INFO] [stdout] test invalid ... ok
[INFO] [stdout] test single ... ok
[INFO] [stdout] test with_ignore ... ok
[INFO] [stdout] 
[INFO] [stdout] test result: ok. 5 passed; 0 failed; 0 ignored; 0 measured; 0 filtered out; finished in 0.00s
[INFO] [stdout] 
[INFO] [stderr]      Running tests/macrotest.rs (/opt/rustwide/target/debug/deps/macrotest-d515d5eee807f3be)
[INFO] [stdout] 
[INFO] [stdout] running 1 test
[INFO] [stderr] error: no such command: `expand`
[INFO] [stderr] 
[INFO] [stderr] 	View all installed commands with `cargo --list`
[INFO] [stderr] 	Find a package to install `expand` with `cargo search cargo-expand`
[INFO] [stdout] test macro_expand ... FAILED
[INFO] [stdout] 
[INFO] [stdout] failures:
[INFO] [stdout] 
[INFO] [stdout] ---- macro_expand stdout ----
[INFO] [stdout] Running 5 macro expansion tests
[INFO] [stdout] Expansion error:
[INFO] [stdout] error: no such command: `expand`
[INFO] [stdout] 
[INFO] [stdout] 	View all installed commands with `cargo --list`
[INFO] [stdout] 	Find a package to install `expand` with `cargo search cargo-expand`
[INFO] [stdout] 
[INFO] [stdout] Expansion error:
[INFO] [stdout] error: no such command: `expand`
[INFO] [stdout] 
[INFO] [stdout] 	View all installed commands with `cargo --list`
[INFO] [stdout] 	Find a package to install `expand` with `cargo search cargo-expand`
[INFO] [stdout] 
[INFO] [stdout] Expansion error:
[INFO] [stdout] error: no such command: `expand`
[INFO] [stdout] 
[INFO] [stdout] 	View all installed commands with `cargo --list`
[INFO] [stdout] 	Find a package to install `expand` with `cargo search cargo-expand`
[INFO] [stdout] 
[INFO] [stdout] Expansion error:
[INFO] [stdout] error: no such command: `expand`
[INFO] [stdout] 
[INFO] [stdout] 	View all installed commands with `cargo --list`
[INFO] [stdout] 	Find a package to install `expand` with `cargo search cargo-expand`
[INFO] [stdout] 
[INFO] [stdout] Expansion error:
[INFO] [stdout] error: no such command: `expand`
[INFO] [stdout] 
[INFO] [stdout] 	View all installed commands with `cargo --list`
[INFO] [stdout] 	Find a package to install `expand` with `cargo search cargo-expand`
[INFO] [stdout] 
[INFO] [stdout] 
[INFO] [stdout] 
[INFO] [stdout] 
[INFO] [stdout] thread 'macro_expand' panicked at /opt/rustwide/cargo-home/registry/src/index.crates.io-6f17d22bba15001f/macrotest-1.0.12/src/expand.rs:174:9:
[INFO] [stdout] 5 of 5 tests failed
[INFO] [stdout] stack backtrace:
[INFO] [stdout]    0:     0x610da0d57e2a - std::backtrace_rs::backtrace::libunwind::trace::h207520d6e9873551
[INFO] [stdout]                                at /rustc/df4ca44d3fbc9301ee17f30f4d474e6ae4b05252/library/std/src/../../backtrace/src/backtrace/libunwind.rs:116:5
[INFO] [stdout]    1:     0x610da0d57e2a - std::backtrace_rs::backtrace::trace_unsynchronized::h2ed7433f370e3eca
[INFO] [stdout]                                at /rustc/df4ca44d3fbc9301ee17f30f4d474e6ae4b05252/library/std/src/../../backtrace/src/backtrace/mod.rs:66:5
[INFO] [stdout]    2:     0x610da0d57e2a - std::sys::backtrace::_print_fmt::h916fac51166b18d7
[INFO] [stdout]                                at /rustc/df4ca44d3fbc9301ee17f30f4d474e6ae4b05252/library/std/src/sys/backtrace.rs:66:9
[INFO] [stdout]    3:     0x610da0d57e2a - <std::sys::backtrace::BacktraceLock::print::DisplayBacktrace as core::fmt::Display>::fmt::ha0a4c9b8ce3802e6
[INFO] [stdout]                                at /rustc/df4ca44d3fbc9301ee17f30f4d474e6ae4b05252/library/std/src/sys/backtrace.rs:39:26
[INFO] [stdout]    4:     0x610da0d810a3 - core::fmt::rt::Argument::fmt::h4cfc8587d52b3eb5
[INFO] [stdout]                                at /rustc/df4ca44d3fbc9301ee17f30f4d474e6ae4b05252/library/core/src/fmt/rt.rs:177:76
[INFO] [stdout]    5:     0x610da0d810a3 - core::fmt::write::h522cc39e5b36ae9f
[INFO] [stdout]                                at /rustc/df4ca44d3fbc9301ee17f30f4d474e6ae4b05252/library/core/src/fmt/mod.rs:1190:21
[INFO] [stdout]    6:     0x610da0d53e53 - std::io::Write::write_fmt::h7d3c26752da97734
[INFO] [stdout]                                at /rustc/df4ca44d3fbc9301ee17f30f4d474e6ae4b05252/library/std/src/io/mod.rs:1839:15
[INFO] [stdout]    7:     0x610da0d57c72 - std::sys::backtrace::BacktraceLock::print::h4b9e00b29e9c0942
[INFO] [stdout]                                at /rustc/df4ca44d3fbc9301ee17f30f4d474e6ae4b05252/library/std/src/sys/backtrace.rs:42:9
[INFO] [stdout]    8:     0x610da0d592ba - std::panicking::default_hook::{{closure}}::hb59b88280d0324d9
[INFO] [stdout]                                at /rustc/df4ca44d3fbc9301ee17f30f4d474e6ae4b05252/library/std/src/panicking.rs:268:22
[INFO] [stdout]    9:     0x610da0d590c4 - std::panicking::default_hook::he1dd496665be4a29
[INFO] [stdout]                                at /rustc/df4ca44d3fbc9301ee17f30f4d474e6ae4b05252/library/std/src/panicking.rs:292:9
[INFO] [stdout]   10:     0x610da0d20df9 - <alloc::boxed::Box<F,A> as core::ops::function::Fn<Args>>::call::h4ff71de18744e1dc
[INFO] [stdout]                                at /rustc/df4ca44d3fbc9301ee17f30f4d474e6ae4b05252/library/alloc/src/boxed.rs:2468:9
[INFO] [stdout]   11:     0x610da0d20df9 - test::test_main::{{closure}}::hcf7c055ce117aa81
[INFO] [stdout]                                at /rustc/df4ca44d3fbc9301ee17f30f4d474e6ae4b05252/library/test/src/lib.rs:133:21
[INFO] [stdout]   12:     0x610da0d599b8 - <alloc::boxed::Box<F,A> as core::ops::function::Fn<Args>>::call::h1d66c6bbd60c9692
[INFO] [stdout]                                at /rustc/df4ca44d3fbc9301ee17f30f4d474e6ae4b05252/library/alloc/src/boxed.rs:2468:9
[INFO] [stdout]   13:     0x610da0d599b8 - std::panicking::rust_panic_with_hook::h2ff17fe8f26dfcf8
[INFO] [stdout]                                at /rustc/df4ca44d3fbc9301ee17f30f4d474e6ae4b05252/library/std/src/panicking.rs:809:13
[INFO] [stdout]   14:     0x610da0d5977a - std::panicking::begin_panic_handler::{{closure}}::h4fad77951c07e101
[INFO] [stdout]                                at /rustc/df4ca44d3fbc9301ee17f30f4d474e6ae4b05252/library/std/src/panicking.rs:674:13
[INFO] [stdout]   15:     0x610da0d58309 - std::sys::backtrace::__rust_end_short_backtrace::hb1a25b3da5d0ea08
[INFO] [stdout]                                at /rustc/df4ca44d3fbc9301ee17f30f4d474e6ae4b05252/library/std/src/sys/backtrace.rs:170:18
[INFO] [stdout]   16:     0x610da0d5940c - rust_begin_unwind
[INFO] [stdout]                                at /rustc/df4ca44d3fbc9301ee17f30f4d474e6ae4b05252/library/std/src/panicking.rs:665:5
[INFO] [stdout]   17:     0x610da0d7fa40 - core::panicking::panic_fmt::ha9db07b529f9b256
[INFO] [stdout]                                at /rustc/df4ca44d3fbc9301ee17f30f4d474e6ae4b05252/library/core/src/panicking.rs:75:14
[INFO] [stdout]   18:     0x610da0a3c9eb - macrotest::expand::run_tests::he292cf95a5f057c5
[INFO] [stdout]                                at /opt/rustwide/cargo-home/registry/src/index.crates.io-6f17d22bba15001f/macrotest-1.0.12/src/expand.rs:174:9
[INFO] [stdout]   19:     0x610da0a3c455 - macrotest::expand::expand::hbd020ccbb07e1100
[INFO] [stdout]                                at /opt/rustwide/cargo-home/registry/src/index.crates.io-6f17d22bba15001f/macrotest-1.0.12/src/expand.rs:58:5
[INFO] [stdout]   20:     0x610da0a3d822 - macrotest::macro_expand::h123027eadbc2b592
[INFO] [stdout]                                at /opt/rustwide/workdir/tests/macrotest.rs:3:5
[INFO] [stdout]   21:     0x610da0a3d7f7 - macrotest::macro_expand::{{closure}}::h180cdb764fd77e21
[INFO] [stdout]                                at /opt/rustwide/workdir/tests/macrotest.rs:2:18
[INFO] [stdout]   22:     0x610da0a37776 - core::ops::function::FnOnce::call_once::h5d2bb9f903eda4c2
[INFO] [stdout]                                at /rustc/df4ca44d3fbc9301ee17f30f4d474e6ae4b05252/library/core/src/ops/function.rs:250:5
[INFO] [stdout]   23:     0x610da0d256cb - core::ops::function::FnOnce::call_once::h22c3ba5715e93f05
[INFO] [stdout]                                at /rustc/df4ca44d3fbc9301ee17f30f4d474e6ae4b05252/library/core/src/ops/function.rs:250:5
[INFO] [stdout]   24:     0x610da0d256cb - test::__rust_begin_short_backtrace::h8e82d8113d0da17f
[INFO] [stdout]                                at /rustc/df4ca44d3fbc9301ee17f30f4d474e6ae4b05252/library/test/src/lib.rs:621:18
[INFO] [stdout]   25:     0x610da0d25047 - test::run_test_in_process::{{closure}}::h33235f4f20b7b7c7
[INFO] [stdout]                                at /rustc/df4ca44d3fbc9301ee17f30f4d474e6ae4b05252/library/test/src/lib.rs:644:60
[INFO] [stdout]   26:     0x610da0d25047 - <core::panic::unwind_safe::AssertUnwindSafe<F> as core::ops::function::FnOnce<()>>::call_once::hb5043206310c586f
[INFO] [stdout]                                at /rustc/df4ca44d3fbc9301ee17f30f4d474e6ae4b05252/library/core/src/panic/unwind_safe.rs:272:9
[INFO] [stdout]   27:     0x610da0d25047 - std::panicking::try::do_call::h9ad4731a60ab23e2
[INFO] [stdout]                                at /rustc/df4ca44d3fbc9301ee17f30f4d474e6ae4b05252/library/std/src/panicking.rs:557:40
[INFO] [stdout]   28:     0x610da0d25047 - std::panicking::try::h3824d23db772a716
[INFO] [stdout]                                at /rustc/df4ca44d3fbc9301ee17f30f4d474e6ae4b05252/library/std/src/panicking.rs:520:19
[INFO] [stdout]   29:     0x610da0d25047 - std::panic::catch_unwind::h5afd514605fde46b
[INFO] [stdout]                                at /rustc/df4ca44d3fbc9301ee17f30f4d474e6ae4b05252/library/std/src/panic.rs:358:14
[INFO] [stdout]   30:     0x610da0d25047 - test::run_test_in_process::h0d5cbfa7067d1720
[INFO] [stdout]                                at /rustc/df4ca44d3fbc9301ee17f30f4d474e6ae4b05252/library/test/src/lib.rs:644:27
[INFO] [stdout]   31:     0x610da0d25047 - test::run_test::{{closure}}::h708eb8872708115d
[INFO] [stdout]                                at /rustc/df4ca44d3fbc9301ee17f30f4d474e6ae4b05252/library/test/src/lib.rs:565:43
[INFO] [stdout]   32:     0x610da0ce8764 - test::run_test::{{closure}}::h392c51cee94713ab
[INFO] [stdout]                                at /rustc/df4ca44d3fbc9301ee17f30f4d474e6ae4b05252/library/test/src/lib.rs:595:41
[INFO] [stdout]   33:     0x610da0ce8764 - std::sys::backtrace::__rust_begin_short_backtrace::h2f40290710935a8b
[INFO] [stdout]                                at /rustc/df4ca44d3fbc9301ee17f30f4d474e6ae4b05252/library/std/src/sys/backtrace.rs:154:18
[INFO] [stdout]   34:     0x610da0cebf0e - std::thread::Builder::spawn_unchecked_::{{closure}}::{{closure}}::h3fd968d89053a903
[INFO] [stdout]                                at /rustc/df4ca44d3fbc9301ee17f30f4d474e6ae4b05252/library/std/src/thread/mod.rs:541:17
[INFO] [stdout]   35:     0x610da0cebf0e - <core::panic::unwind_safe::AssertUnwindSafe<F> as core::ops::function::FnOnce<()>>::call_once::h743f637ba4229880
[INFO] [stdout]                                at /rustc/df4ca44d3fbc9301ee17f30f4d474e6ae4b05252/library/core/src/panic/unwind_safe.rs:272:9
[INFO] [stdout]   36:     0x610da0cebf0e - std::panicking::try::do_call::h07440897322525a6
[INFO] [stdout]                                at /rustc/df4ca44d3fbc9301ee17f30f4d474e6ae4b05252/library/std/src/panicking.rs:557:40
[INFO] [stdout]   37:     0x610da0cebf0e - std::panicking::try::he5a2e00188156637
[INFO] [stdout]                                at /rustc/df4ca44d3fbc9301ee17f30f4d474e6ae4b05252/library/std/src/panicking.rs:520:19
[INFO] [stdout]   38:     0x610da0cebf0e - std::panic::catch_unwind::hbaf3cae49b3c6433
[INFO] [stdout]                                at /rustc/df4ca44d3fbc9301ee17f30f4d474e6ae4b05252/library/std/src/panic.rs:358:14
[INFO] [stdout]   39:     0x610da0cebf0e - std::thread::Builder::spawn_unchecked_::{{closure}}::h8e141ea224820bce
[INFO] [stdout]                                at /rustc/df4ca44d3fbc9301ee17f30f4d474e6ae4b05252/library/std/src/thread/mod.rs:540:30
[INFO] [stdout]   40:     0x610da0cebf0e - core::ops::function::FnOnce::call_once{{vtable.shim}}::h90d312fedd7b8ea8
[INFO] [stdout]                                at /rustc/df4ca44d3fbc9301ee17f30f4d474e6ae4b05252/library/core/src/ops/function.rs:250:5
[INFO] [stdout]   41:     0x610da0d5ef1b - <alloc::boxed::Box<F,A> as core::ops::function::FnOnce<Args>>::call_once::h69aa08ddb6adb8b6
[INFO] [stdout]                                at /rustc/df4ca44d3fbc9301ee17f30f4d474e6ae4b05252/library/alloc/src/boxed.rs:2454:9
[INFO] [stdout]   42:     0x610da0d5ef1b - <alloc::boxed::Box<F,A> as core::ops::function::FnOnce<Args>>::call_once::h5aa36efdb79c806f
[INFO] [stdout]                                at /rustc/df4ca44d3fbc9301ee17f30f4d474e6ae4b05252/library/alloc/src/boxed.rs:2454:9
[INFO] [stdout]   43:     0x610da0d5ef1b - std::sys::pal::unix::thread::Thread::new::thread_start::h6cd80a1b4be5158d
[INFO] [stdout]                                at /rustc/df4ca44d3fbc9301ee17f30f4d474e6ae4b05252/library/std/src/sys/pal/unix/thread.rs:105:17
[INFO] [stdout]   44:     0x7c0f3c8a6ac3 - <unknown>
[INFO] [stdout]   45:     0x7c0f3c937a04 - clone
[INFO] [stdout]   46:                0x0 - <unknown>
[INFO] [stdout] 
[INFO] [stdout] 
[INFO] [stdout] failures:
[INFO] [stdout]     macro_expand
[INFO] [stdout] 
[INFO] [stdout] test result: FAILED. 0 passed; 1 failed; 0 ignored; 0 measured; 0 filtered out; finished in 0.14s
[INFO] [stdout] 
[INFO] [stderr] error: test failed, to rerun pass `--test macrotest`
[INFO] running `Command { std: "docker" "inspect" "e99a3a69dd87656d86b9d44e4c154e0c6a10dccf39acb333b1427eb42305c381", kill_on_drop: false }`
[INFO] running `Command { std: "docker" "rm" "-f" "e99a3a69dd87656d86b9d44e4c154e0c6a10dccf39acb333b1427eb42305c381", kill_on_drop: false }`
[INFO] [stdout] e99a3a69dd87656d86b9d44e4c154e0c6a10dccf39acb333b1427eb42305c381
