[INFO] cloning repository https://github.com/Phydon/h4w43m
[INFO] running `Command { std: "git" "-c" "credential.helper=" "-c" "credential.helper=/workspace/cargo-home/bin/git-credential-null" "clone" "--bare" "https://github.com/Phydon/h4w43m" "/workspace/cache/git-repos/https%3A%2F%2Fgithub.com%2FPhydon%2Fh4w43m", kill_on_drop: false }`
[INFO] [stderr] Cloning into bare repository '/workspace/cache/git-repos/https%3A%2F%2Fgithub.com%2FPhydon%2Fh4w43m'...
[INFO] running `Command { std: "git" "rev-parse" "HEAD", kill_on_drop: false }`
[INFO] [stdout] a6c0f2d2cb4325b1281e1080322a1cb8624d7e2b
[INFO] testing Phydon/h4w43m/a6c0f2d2cb4325b1281e1080322a1cb8624d7e2b against nightly-2024-10-28 for randomize-layout
[INFO] running `Command { std: "git" "clone" "/workspace/cache/git-repos/https%3A%2F%2Fgithub.com%2FPhydon%2Fh4w43m" "/workspace/builds/worker-6-tc1/source", kill_on_drop: false }`
[INFO] [stderr] Cloning into '/workspace/builds/worker-6-tc1/source'...
[INFO] [stderr] done.
[INFO] validating manifest of git repo https://github.com/Phydon/h4w43m on toolchain nightly-2024-10-28
[INFO] running `Command { std: CARGO_HOME="/workspace/cargo-home" RUSTUP_HOME="/workspace/rustup-home" "/workspace/cargo-home/bin/cargo" "+nightly-2024-10-28" "metadata" "--manifest-path" "Cargo.toml" "--no-deps", kill_on_drop: false }`
[INFO] started tweaking git repo https://github.com/Phydon/h4w43m
[INFO] finished tweaking git repo https://github.com/Phydon/h4w43m
[INFO] tweaked toml for git repo https://github.com/Phydon/h4w43m written to /workspace/builds/worker-6-tc1/source/Cargo.toml
[INFO] crate git repo https://github.com/Phydon/h4w43m already has a lockfile, it will not be regenerated
[INFO] running `Command { std: CARGO_HOME="/workspace/cargo-home" RUSTUP_HOME="/workspace/rustup-home" "/workspace/cargo-home/bin/cargo" "+nightly-2024-10-28" "fetch" "--manifest-path" "Cargo.toml", kill_on_drop: false }`
[INFO] [stderr]  Downloading crates ...
[INFO] [stderr]   Downloaded flexi_logger v0.25.6
[INFO] running `Command { std: "docker" "create" "-v" "/var/lib/crater-agent-workspace/builds/worker-6-tc1/target:/opt/rustwide/target:rw,Z" "-v" "/var/lib/crater-agent-workspace/builds/worker-6-tc1/source:/opt/rustwide/workdir:ro,Z" "-v" "/var/lib/crater-agent-workspace/cargo-home:/opt/rustwide/cargo-home:ro,Z" "-v" "/var/lib/crater-agent-workspace/rustup-home:/opt/rustwide/rustup-home:ro,Z" "-e" "SOURCE_DIR=/opt/rustwide/workdir" "-e" "CARGO_TARGET_DIR=/opt/rustwide/target" "-e" "CARGO_HOME=/opt/rustwide/cargo-home" "-e" "RUSTUP_HOME=/opt/rustwide/rustup-home" "-w" "/opt/rustwide/workdir" "-m" "1610612736" "--user" "0:0" "--network" "none" "ghcr.io/rust-lang/crates-build-env/linux@sha256:4a844ea9eb2546a2d2c7022eacef16ef2e8229c7fbb2c7d4d55a9ceca922f72d" "/opt/rustwide/cargo-home/bin/cargo" "+nightly-2024-10-28" "metadata" "--no-deps" "--format-version=1", kill_on_drop: false }`
[INFO] [stdout] 33fa1d85f3bdc64563568e12a7fc16da34ba5c83770fcafc1771a628ea7d025a
[INFO] running `Command { std: "docker" "start" "-a" "33fa1d85f3bdc64563568e12a7fc16da34ba5c83770fcafc1771a628ea7d025a", kill_on_drop: false }`
[INFO] running `Command { std: "docker" "inspect" "33fa1d85f3bdc64563568e12a7fc16da34ba5c83770fcafc1771a628ea7d025a", kill_on_drop: false }`
[INFO] running `Command { std: "docker" "rm" "-f" "33fa1d85f3bdc64563568e12a7fc16da34ba5c83770fcafc1771a628ea7d025a", kill_on_drop: false }`
[INFO] [stdout] 33fa1d85f3bdc64563568e12a7fc16da34ba5c83770fcafc1771a628ea7d025a
[INFO] running `Command { std: "docker" "create" "-v" "/var/lib/crater-agent-workspace/builds/worker-6-tc1/target:/opt/rustwide/target:rw,Z" "-v" "/var/lib/crater-agent-workspace/builds/worker-6-tc1/source:/opt/rustwide/workdir:ro,Z" "-v" "/var/lib/crater-agent-workspace/cargo-home:/opt/rustwide/cargo-home:ro,Z" "-v" "/var/lib/crater-agent-workspace/rustup-home:/opt/rustwide/rustup-home:ro,Z" "-e" "SOURCE_DIR=/opt/rustwide/workdir" "-e" "CARGO_TARGET_DIR=/opt/rustwide/target" "-e" "CARGO_INCREMENTAL=0" "-e" "RUST_BACKTRACE=full" "-e" "RUSTFLAGS=--cap-lints=forbid" "-e" "RUSTDOCFLAGS=--cap-lints=forbid" "-e" "CARGO_HOME=/opt/rustwide/cargo-home" "-e" "RUSTUP_HOME=/opt/rustwide/rustup-home" "-w" "/opt/rustwide/workdir" "-m" "1610612736" "--user" "0:0" "--network" "none" "ghcr.io/rust-lang/crates-build-env/linux@sha256:4a844ea9eb2546a2d2c7022eacef16ef2e8229c7fbb2c7d4d55a9ceca922f72d" "/opt/rustwide/cargo-home/bin/cargo" "+nightly-2024-10-28" "build" "--frozen" "--message-format=json", kill_on_drop: false }`
[INFO] [stdout] 9e096cc562c710df35e4e7df6cfaa38be6a0b4a8fc18a247d27f92da09398b4f
[INFO] running `Command { std: "docker" "start" "-a" "9e096cc562c710df35e4e7df6cfaa38be6a0b4a8fc18a247d27f92da09398b4f", kill_on_drop: false }`
[INFO] [stderr]    Compiling proc-macro2 v1.0.69
[INFO] [stderr]    Compiling unicode-ident v1.0.12
[INFO] [stderr]    Compiling libc v0.2.149
[INFO] [stderr]    Compiling bitflags v2.4.0
[INFO] [stderr]    Compiling autocfg v1.1.0
[INFO] [stderr]    Compiling memchr v2.6.4
[INFO] [stderr]    Compiling rustix v0.38.18
[INFO] [stderr]    Compiling thiserror v1.0.49
[INFO] [stderr]    Compiling regex-syntax v0.8.1
[INFO] [stderr]    Compiling linux-raw-sys v0.4.10
[INFO] [stderr]    Compiling cfg-if v1.0.0
[INFO] [stderr]    Compiling option-ext v0.2.0
[INFO] [stderr]    Compiling iana-time-zone v0.1.57
[INFO] [stderr]    Compiling nu-ansi-term v0.49.0
[INFO] [stderr]    Compiling glob v0.3.1
[INFO] [stderr]    Compiling lazy_static v1.4.0
[INFO] [stderr]    Compiling log v0.4.20
[INFO] [stderr]    Compiling owo-colors v3.5.0
[INFO] [stderr]    Compiling num-traits v0.2.17
[INFO] [stderr]    Compiling aho-corasick v1.1.2
[INFO] [stderr]    Compiling quote v1.0.33
[INFO] [stderr]    Compiling syn v2.0.38
[INFO] [stderr]    Compiling is-terminal v0.4.9
[INFO] [stderr]    Compiling chrono v0.4.31
[INFO] [stderr]    Compiling nix v0.27.1
[INFO] [stderr]    Compiling dirs-sys v0.4.1
[INFO] [stderr]    Compiling dirs v5.0.1
[INFO] [stderr]    Compiling regex-automata v0.4.1
[INFO] [stderr]    Compiling thiserror-impl v1.0.49
[INFO] [stderr]    Compiling ctrlc v3.4.1
[INFO] [stderr]    Compiling regex v1.10.0
[INFO] [stderr]    Compiling flexi_logger v0.25.6
[INFO] [stderr]    Compiling h4w43m v0.1.0 (/opt/rustwide/workdir)
[INFO] [stdout] warning: unused import: `std::thread`
[INFO] [stdout]  --> src/gpu.rs:1:5
[INFO] [stdout]   |
[INFO] [stdout] 1 | use std::thread;
[INFO] [stdout]   |     ^^^^^^^^^^^
[INFO] [stdout]   |
[INFO] [stdout]   = note: `#[warn(unused_imports)]` on by default
[INFO] [stdout] 
[INFO] [stdout] 
[INFO] [stdout] warning: unused variable: `num`
[INFO] [stdout]   --> src/gpu.rs:15:53
[INFO] [stdout]    |
[INFO] [stdout] 15 |     pub fn process(&mut self, operation: Operation, num: u8) {
[INFO] [stdout]    |                                                     ^^^ help: if this is intentional, prefix it with an underscore: `_num`
[INFO] [stdout]    |
[INFO] [stdout]    = note: `#[warn(unused_variables)]` on by default
[INFO] [stdout] 
[INFO] [stdout] 
[INFO] [stdout] warning: unused variable: `mem`
[INFO] [stdout]   --> src/memory.rs:66:18
[INFO] [stdout]    |
[INFO] [stdout] 66 |     pub fn merge(mem: Mem) {
[INFO] [stdout]    |                  ^^^ help: if this is intentional, prefix it with an underscore: `_mem`
[INFO] [stdout] 
[INFO] [stdout] 
[INFO] [stdout] warning: enum `M6502` is never used
[INFO] [stdout]  --> src/cpu.rs:4:10
[INFO] [stdout]   |
[INFO] [stdout] 4 | pub enum M6502 {
[INFO] [stdout]   |          ^^^^^
[INFO] [stdout]   |
[INFO] [stdout]   = note: `#[warn(dead_code)]` on by default
[INFO] [stdout] 
[INFO] [stdout] 
[INFO] [stdout] warning: struct `CPU` is never constructed
[INFO] [stdout]   --> src/cpu.rs:12:12
[INFO] [stdout]    |
[INFO] [stdout] 12 | pub struct CPU {
[INFO] [stdout]    |            ^^^
[INFO] [stdout] 
[INFO] [stdout] 
[INFO] [stdout] warning: enum `Register` is never used
[INFO] [stdout]   --> src/cpu.rs:18:10
[INFO] [stdout]    |
[INFO] [stdout] 18 | pub enum Register {
[INFO] [stdout]    |          ^^^^^^^^
[INFO] [stdout] 
[INFO] [stdout] 
[INFO] [stdout] warning: associated items `reset` and `execute` are never used
[INFO] [stdout]   --> src/cpu.rs:25:12
[INFO] [stdout]    |
[INFO] [stdout] 24 | impl CPU {
[INFO] [stdout]    | -------- associated items in this implementation
[INFO] [stdout] 25 |     pub fn reset(&self, mem: Option<Mem>) {
[INFO] [stdout]    |            ^^^^^
[INFO] [stdout] ...
[INFO] [stdout] 33 |     pub fn execute() {
[INFO] [stdout]    |            ^^^^^^^
[INFO] [stdout] 
[INFO] [stdout] 
[INFO] [stdout] warning: struct `StatusFlags` is never constructed
[INFO] [stdout]   --> src/cpu.rs:39:12
[INFO] [stdout]    |
[INFO] [stdout] 39 | pub struct StatusFlags;
[INFO] [stdout]    |            ^^^^^^^^^^^
[INFO] [stdout]    |
[INFO] [stdout]    = note: `StatusFlags` has a derived impl for the trait `Debug`, but this is intentionally ignored during dead code analysis
[INFO] [stdout] 
[INFO] [stdout] 
[INFO] [stdout] warning: struct `GPU` is never constructed
[INFO] [stdout]  --> src/gpu.rs:6:12
[INFO] [stdout]   |
[INFO] [stdout] 6 | pub struct GPU {
[INFO] [stdout]   |            ^^^
[INFO] [stdout]   |
[INFO] [stdout]   = note: `GPU` has a derived impl for the trait `Debug`, but this is intentionally ignored during dead code analysis
[INFO] [stdout] 
[INFO] [stdout] 
[INFO] [stdout] warning: associated items `new`, `process`, and `add` are never used
[INFO] [stdout]   --> src/gpu.rs:11:12
[INFO] [stdout]    |
[INFO] [stdout] 10 | impl GPU {
[INFO] [stdout]    | -------- associated items in this implementation
[INFO] [stdout] 11 |     pub fn new(memory: Mem) -> Self {
[INFO] [stdout]    |            ^^^
[INFO] [stdout] ...
[INFO] [stdout] 15 |     pub fn process(&mut self, operation: Operation, num: u8) {
[INFO] [stdout]    |            ^^^^^^^
[INFO] [stdout] ...
[INFO] [stdout] 32 |     pub fn add(chunk: &mut Vec<u8>, num: u8) {
[INFO] [stdout]    |            ^^^
[INFO] [stdout] 
[INFO] [stdout] 
[INFO] [stdout] warning: enum `Operation` is never used
[INFO] [stdout]   --> src/gpu.rs:40:10
[INFO] [stdout]    |
[INFO] [stdout] 40 | pub enum Operation {
[INFO] [stdout]    |          ^^^^^^^^^
[INFO] [stdout] 
[INFO] [stdout] 
[INFO] [stdout] warning: multiple associated items are never used
[INFO] [stdout]   --> src/memory.rs:14:12
[INFO] [stdout]    |
[INFO] [stdout] 13 | impl Mem {
[INFO] [stdout]    | -------- associated items in this implementation
[INFO] [stdout] 14 |     pub fn new() -> Self {
[INFO] [stdout]    |            ^^^
[INFO] [stdout] ...
[INFO] [stdout] 20 |     pub fn from(data: Vec<u8>) -> Self {
[INFO] [stdout]    |            ^^^^
[INFO] [stdout] ...
[INFO] [stdout] 32 |     pub fn initialize(&mut self) {
[INFO] [stdout]    |            ^^^^^^^^^^
[INFO] [stdout] ...
[INFO] [stdout] 36 |     pub fn reset(&mut self) {
[INFO] [stdout]    |            ^^^^^
[INFO] [stdout] ...
[INFO] [stdout] 40 |     fn get_cores(&self) -> io::Result<usize> {
[INFO] [stdout]    |        ^^^^^^^^^
[INFO] [stdout] ...
[INFO] [stdout] 46 |     pub fn split(&mut self) -> Vec<Vec<u8>> {
[INFO] [stdout]    |            ^^^^^
[INFO] [stdout] ...
[INFO] [stdout] 66 |     pub fn merge(mem: Mem) {
[INFO] [stdout]    |            ^^^^^
[INFO] [stdout] 
[INFO] [stdout] 
[INFO] [stderr]     Finished `dev` profile [unoptimized + debuginfo] target(s) in 4.55s
[INFO] running `Command { std: "docker" "inspect" "9e096cc562c710df35e4e7df6cfaa38be6a0b4a8fc18a247d27f92da09398b4f", kill_on_drop: false }`
[INFO] running `Command { std: "docker" "rm" "-f" "9e096cc562c710df35e4e7df6cfaa38be6a0b4a8fc18a247d27f92da09398b4f", kill_on_drop: false }`
[INFO] [stdout] 9e096cc562c710df35e4e7df6cfaa38be6a0b4a8fc18a247d27f92da09398b4f
[INFO] running `Command { std: "docker" "create" "-v" "/var/lib/crater-agent-workspace/builds/worker-6-tc1/target:/opt/rustwide/target:rw,Z" "-v" "/var/lib/crater-agent-workspace/builds/worker-6-tc1/source:/opt/rustwide/workdir:ro,Z" "-v" "/var/lib/crater-agent-workspace/cargo-home:/opt/rustwide/cargo-home:ro,Z" "-v" "/var/lib/crater-agent-workspace/rustup-home:/opt/rustwide/rustup-home:ro,Z" "-e" "SOURCE_DIR=/opt/rustwide/workdir" "-e" "CARGO_TARGET_DIR=/opt/rustwide/target" "-e" "CARGO_INCREMENTAL=0" "-e" "RUST_BACKTRACE=full" "-e" "RUSTFLAGS=--cap-lints=forbid" "-e" "RUSTDOCFLAGS=--cap-lints=forbid" "-e" "CARGO_HOME=/opt/rustwide/cargo-home" "-e" "RUSTUP_HOME=/opt/rustwide/rustup-home" "-w" "/opt/rustwide/workdir" "-m" "1610612736" "--user" "0:0" "--network" "none" "ghcr.io/rust-lang/crates-build-env/linux@sha256:4a844ea9eb2546a2d2c7022eacef16ef2e8229c7fbb2c7d4d55a9ceca922f72d" "/opt/rustwide/cargo-home/bin/cargo" "+nightly-2024-10-28" "test" "--frozen" "--no-run" "--message-format=json", kill_on_drop: false }`
[INFO] [stdout] 8fc3df28bcabad925b2cdaec1b5d70da777d8622faf2959bc3b5d48aeb925b65
[INFO] running `Command { std: "docker" "start" "-a" "8fc3df28bcabad925b2cdaec1b5d70da777d8622faf2959bc3b5d48aeb925b65", kill_on_drop: false }`
[INFO] [stderr]    Compiling h4w43m v0.1.0 (/opt/rustwide/workdir)
[INFO] [stdout] warning: unused import: `std::thread`
[INFO] [stdout]  --> src/gpu.rs:1:5
[INFO] [stdout]   |
[INFO] [stdout] 1 | use std::thread;
[INFO] [stdout]   |     ^^^^^^^^^^^
[INFO] [stdout]   |
[INFO] [stdout]   = note: `#[warn(unused_imports)]` on by default
[INFO] [stdout] 
[INFO] [stdout] 
[INFO] [stdout] warning: unused variable: `num`
[INFO] [stdout]   --> src/gpu.rs:15:53
[INFO] [stdout]    |
[INFO] [stdout] 15 |     pub fn process(&mut self, operation: Operation, num: u8) {
[INFO] [stdout]    |                                                     ^^^ help: if this is intentional, prefix it with an underscore: `_num`
[INFO] [stdout]    |
[INFO] [stdout]    = note: `#[warn(unused_variables)]` on by default
[INFO] [stdout] 
[INFO] [stdout] 
[INFO] [stdout] warning: unused variable: `mem`
[INFO] [stdout]   --> src/memory.rs:66:18
[INFO] [stdout]    |
[INFO] [stdout] 66 |     pub fn merge(mem: Mem) {
[INFO] [stdout]    |                  ^^^ help: if this is intentional, prefix it with an underscore: `_mem`
[INFO] [stdout] 
[INFO] [stdout] 
[INFO] [stdout] warning: enum `M6502` is never used
[INFO] [stdout]  --> src/cpu.rs:4:10
[INFO] [stdout]   |
[INFO] [stdout] 4 | pub enum M6502 {
[INFO] [stdout]   |          ^^^^^
[INFO] [stdout]   |
[INFO] [stdout]   = note: `#[warn(dead_code)]` on by default
[INFO] [stdout] 
[INFO] [stdout] 
[INFO] [stdout] warning: struct `CPU` is never constructed
[INFO] [stdout]   --> src/cpu.rs:12:12
[INFO] [stdout]    |
[INFO] [stdout] 12 | pub struct CPU {
[INFO] [stdout]    |            ^^^
[INFO] [stdout] 
[INFO] [stdout] 
[INFO] [stdout] warning: enum `Register` is never used
[INFO] [stdout]   --> src/cpu.rs:18:10
[INFO] [stdout]    |
[INFO] [stdout] 18 | pub enum Register {
[INFO] [stdout]    |          ^^^^^^^^
[INFO] [stdout] 
[INFO] [stdout] 
[INFO] [stdout] warning: associated items `reset` and `execute` are never used
[INFO] [stdout]   --> src/cpu.rs:25:12
[INFO] [stdout]    |
[INFO] [stdout] 24 | impl CPU {
[INFO] [stdout]    | -------- associated items in this implementation
[INFO] [stdout] 25 |     pub fn reset(&self, mem: Option<Mem>) {
[INFO] [stdout]    |            ^^^^^
[INFO] [stdout] ...
[INFO] [stdout] 33 |     pub fn execute() {
[INFO] [stdout]    |            ^^^^^^^
[INFO] [stdout] 
[INFO] [stdout] 
[INFO] [stdout] warning: struct `StatusFlags` is never constructed
[INFO] [stdout]   --> src/cpu.rs:39:12
[INFO] [stdout]    |
[INFO] [stdout] 39 | pub struct StatusFlags;
[INFO] [stdout]    |            ^^^^^^^^^^^
[INFO] [stdout]    |
[INFO] [stdout]    = note: `StatusFlags` has a derived impl for the trait `Debug`, but this is intentionally ignored during dead code analysis
[INFO] [stdout] 
[INFO] [stdout] 
[INFO] [stdout] warning: field `mem` is never read
[INFO] [stdout]  --> src/gpu.rs:7:9
[INFO] [stdout]   |
[INFO] [stdout] 6 | pub struct GPU {
[INFO] [stdout]   |            --- field in this struct
[INFO] [stdout] 7 |     pub mem: Mem,
[INFO] [stdout]   |         ^^^
[INFO] [stdout]   |
[INFO] [stdout]   = note: `GPU` has a derived impl for the trait `Debug`, but this is intentionally ignored during dead code analysis
[INFO] [stdout] 
[INFO] [stdout] 
[INFO] [stdout] warning: associated items `process` and `add` are never used
[INFO] [stdout]   --> src/gpu.rs:15:12
[INFO] [stdout]    |
[INFO] [stdout] 10 | impl GPU {
[INFO] [stdout]    | -------- associated items in this implementation
[INFO] [stdout] ...
[INFO] [stdout] 15 |     pub fn process(&mut self, operation: Operation, num: u8) {
[INFO] [stdout]    |            ^^^^^^^
[INFO] [stdout] ...
[INFO] [stdout] 32 |     pub fn add(chunk: &mut Vec<u8>, num: u8) {
[INFO] [stdout]    |            ^^^
[INFO] [stdout] 
[INFO] [stdout] 
[INFO] [stdout] warning: enum `Operation` is never used
[INFO] [stdout]   --> src/gpu.rs:40:10
[INFO] [stdout]    |
[INFO] [stdout] 40 | pub enum Operation {
[INFO] [stdout]    |          ^^^^^^^^^
[INFO] [stdout] 
[INFO] [stdout] 
[INFO] [stdout] warning: associated items `initialize`, `reset`, and `merge` are never used
[INFO] [stdout]   --> src/memory.rs:32:12
[INFO] [stdout]    |
[INFO] [stdout] 13 | impl Mem {
[INFO] [stdout]    | -------- associated items in this implementation
[INFO] [stdout] ...
[INFO] [stdout] 32 |     pub fn initialize(&mut self) {
[INFO] [stdout]    |            ^^^^^^^^^^
[INFO] [stdout] ...
[INFO] [stdout] 36 |     pub fn reset(&mut self) {
[INFO] [stdout]    |            ^^^^^
[INFO] [stdout] ...
[INFO] [stdout] 66 |     pub fn merge(mem: Mem) {
[INFO] [stdout]    |            ^^^^^
[INFO] [stdout] 
[INFO] [stdout] 
[INFO] [stderr]     Finished `test` profile [unoptimized + debuginfo] target(s) in 0.28s
[INFO] running `Command { std: "docker" "inspect" "8fc3df28bcabad925b2cdaec1b5d70da777d8622faf2959bc3b5d48aeb925b65", kill_on_drop: false }`
[INFO] running `Command { std: "docker" "rm" "-f" "8fc3df28bcabad925b2cdaec1b5d70da777d8622faf2959bc3b5d48aeb925b65", kill_on_drop: false }`
[INFO] [stdout] 8fc3df28bcabad925b2cdaec1b5d70da777d8622faf2959bc3b5d48aeb925b65
[INFO] running `Command { std: "docker" "create" "-v" "/var/lib/crater-agent-workspace/builds/worker-6-tc1/target:/opt/rustwide/target:rw,Z" "-v" "/var/lib/crater-agent-workspace/builds/worker-6-tc1/source:/opt/rustwide/workdir:ro,Z" "-v" "/var/lib/crater-agent-workspace/cargo-home:/opt/rustwide/cargo-home:ro,Z" "-v" "/var/lib/crater-agent-workspace/rustup-home:/opt/rustwide/rustup-home:ro,Z" "-e" "SOURCE_DIR=/opt/rustwide/workdir" "-e" "CARGO_TARGET_DIR=/opt/rustwide/target" "-e" "CARGO_INCREMENTAL=0" "-e" "RUST_BACKTRACE=full" "-e" "RUSTFLAGS=--cap-lints=forbid" "-e" "RUSTDOCFLAGS=--cap-lints=forbid" "-e" "CARGO_HOME=/opt/rustwide/cargo-home" "-e" "RUSTUP_HOME=/opt/rustwide/rustup-home" "-w" "/opt/rustwide/workdir" "-m" "1610612736" "--user" "0:0" "--network" "none" "ghcr.io/rust-lang/crates-build-env/linux@sha256:4a844ea9eb2546a2d2c7022eacef16ef2e8229c7fbb2c7d4d55a9ceca922f72d" "/opt/rustwide/cargo-home/bin/cargo" "+nightly-2024-10-28" "test" "--frozen", kill_on_drop: false }`
[INFO] [stdout] d58729db2f47ccb04375bd02b846662fc0fea76819101c4763f9911d05115ea2
[INFO] running `Command { std: "docker" "start" "-a" "d58729db2f47ccb04375bd02b846662fc0fea76819101c4763f9911d05115ea2", kill_on_drop: false }`
[INFO] [stderr] warning: unused import: `std::thread`
[INFO] [stderr]  --> src/gpu.rs:1:5
[INFO] [stderr]   |
[INFO] [stderr] 1 | use std::thread;
[INFO] [stderr]   |     ^^^^^^^^^^^
[INFO] [stderr]   |
[INFO] [stderr]   = note: `#[warn(unused_imports)]` on by default
[INFO] [stderr] 
[INFO] [stderr] warning: unused variable: `num`
[INFO] [stderr]   --> src/gpu.rs:15:53
[INFO] [stderr]    |
[INFO] [stderr] 15 |     pub fn process(&mut self, operation: Operation, num: u8) {
[INFO] [stderr]    |                                                     ^^^ help: if this is intentional, prefix it with an underscore: `_num`
[INFO] [stderr]    |
[INFO] [stderr]    = note: `#[warn(unused_variables)]` on by default
[INFO] [stderr] 
[INFO] [stderr] warning: unused variable: `mem`
[INFO] [stderr]   --> src/memory.rs:66:18
[INFO] [stderr]    |
[INFO] [stderr] 66 |     pub fn merge(mem: Mem) {
[INFO] [stderr]    |                  ^^^ help: if this is intentional, prefix it with an underscore: `_mem`
[INFO] [stderr] 
[INFO] [stderr] warning: enum `M6502` is never used
[INFO] [stderr]  --> src/cpu.rs:4:10
[INFO] [stderr]   |
[INFO] [stderr] 4 | pub enum M6502 {
[INFO] [stderr]   |          ^^^^^
[INFO] [stderr]   |
[INFO] [stderr]   = note: `#[warn(dead_code)]` on by default
[INFO] [stderr] 
[INFO] [stderr] warning: struct `CPU` is never constructed
[INFO] [stderr]   --> src/cpu.rs:12:12
[INFO] [stderr]    |
[INFO] [stderr] 12 | pub struct CPU {
[INFO] [stderr]    |            ^^^
[INFO] [stderr] 
[INFO] [stderr] warning: enum `Register` is never used
[INFO] [stderr]   --> src/cpu.rs:18:10
[INFO] [stderr]    |
[INFO] [stderr] 18 | pub enum Register {
[INFO] [stderr]    |          ^^^^^^^^
[INFO] [stderr] 
[INFO] [stderr] warning: associated items `reset` and `execute` are never used
[INFO] [stderr]   --> src/cpu.rs:25:12
[INFO] [stderr]    |
[INFO] [stderr] 24 | impl CPU {
[INFO] [stderr]    | -------- associated items in this implementation
[INFO] [stderr] 25 |     pub fn reset(&self, mem: Option<Mem>) {
[INFO] [stderr]    |            ^^^^^
[INFO] [stderr] ...
[INFO] [stderr] 33 |     pub fn execute() {
[INFO] [stderr]    |            ^^^^^^^
[INFO] [stderr] 
[INFO] [stderr] warning: struct `StatusFlags` is never constructed
[INFO] [stderr]   --> src/cpu.rs:39:12
[INFO] [stderr]    |
[INFO] [stderr] 39 | pub struct StatusFlags;
[INFO] [stderr]    |            ^^^^^^^^^^^
[INFO] [stderr]    |
[INFO] [stderr]    = note: `StatusFlags` has a derived impl for the trait `Debug`, but this is intentionally ignored during dead code analysis
[INFO] [stderr] 
[INFO] [stderr] warning: field `mem` is never read
[INFO] [stderr]  --> src/gpu.rs:7:9
[INFO] [stderr]   |
[INFO] [stderr] 6 | pub struct GPU {
[INFO] [stderr]   |            --- field in this struct
[INFO] [stderr] 7 |     pub mem: Mem,
[INFO] [stderr]   |         ^^^
[INFO] [stderr]   |
[INFO] [stderr]   = note: `GPU` has a derived impl for the trait `Debug`, but this is intentionally ignored during dead code analysis
[INFO] [stderr] 
[INFO] [stderr] warning: associated items `process` and `add` are never used
[INFO] [stderr]   --> src/gpu.rs:15:12
[INFO] [stderr]    |
[INFO] [stderr] 10 | impl GPU {
[INFO] [stderr]    | -------- associated items in this implementation
[INFO] [stderr] ...
[INFO] [stderr] 15 |     pub fn process(&mut self, operation: Operation, num: u8) {
[INFO] [stderr]    |            ^^^^^^^
[INFO] [stderr] ...
[INFO] [stderr] 32 |     pub fn add(chunk: &mut Vec<u8>, num: u8) {
[INFO] [stderr]    |            ^^^
[INFO] [stderr] 
[INFO] [stderr] warning: enum `Operation` is never used
[INFO] [stderr]   --> src/gpu.rs:40:10
[INFO] [stderr]    |
[INFO] [stderr] 40 | pub enum Operation {
[INFO] [stderr]    |          ^^^^^^^^^
[INFO] [stderr] 
[INFO] [stderr] warning: associated items `initialize`, `reset`, and `merge` are never used
[INFO] [stderr]   --> src/memory.rs:32:12
[INFO] [stderr]    |
[INFO] [stderr] 13 | impl Mem {
[INFO] [stderr]    | -------- associated items in this implementation
[INFO] [stderr] ...
[INFO] [stderr] 32 |     pub fn initialize(&mut self) {
[INFO] [stderr]    |            ^^^^^^^^^^
[INFO] [stderr] ...
[INFO] [stderr] 36 |     pub fn reset(&mut self) {
[INFO] [stderr]    |            ^^^^^
[INFO] [stderr] ...
[INFO] [stderr] 66 |     pub fn merge(mem: Mem) {
[INFO] [stderr]    |            ^^^^^
[INFO] [stderr] 
[INFO] [stderr] warning: `h4w43m` (bin "h4w43m" test) generated 12 warnings (run `cargo fix --bin "h4w43m" --tests` to apply 1 suggestion)
[INFO] [stderr]     Finished `test` profile [unoptimized + debuginfo] target(s) in 0.04s
[INFO] [stderr]      Running unittests src/main.rs (/opt/rustwide/target/debug/deps/h4w43m-b795dd5ba77d183d)
[INFO] [stdout] 
[INFO] [stdout] running 4 tests
[INFO] [stdout] test memory::from_non_zeros_test ... ok
[INFO] [stdout] test gpu::add_test ... ok
[INFO] [stdout] test memory::from_zeros_test ... ok
[INFO] [stdout] test memory::split_test ... FAILED
[INFO] [stdout] 
[INFO] [stdout] failures:
[INFO] [stdout] 
[INFO] [stdout] ---- memory::split_test stdout ----
[INFO] [stdout] thread 'memory::split_test' panicked at src/memory.rs:104:5:
[INFO] [stdout] assertion `left == right` failed
[INFO] [stdout]   left: [[1, 1], [1, 1], [2, 2], [2, 2], [0, 0], [0, 0], [0, 0], [0, 0], [0, 0], [0, 0], [0, 0], [0, 0], [0, 0], [0, 0], [0, 0], [0, 0]]
[INFO] [stdout]  right: [[1, 1, 1, 1], [2, 2, 2, 2], [0, 0, 0, 0], [0, 0, 0, 0], [0, 0, 0, 0], [0, 0, 0, 0], [0, 0, 0, 0], [0, 0, 0, 0]]
[INFO] [stdout] stack backtrace:
[INFO] [stdout]    0:     0x627d4d0af97a - std::backtrace_rs::backtrace::libunwind::trace::h207520d6e9873551
[INFO] [stdout]                                at /rustc/df4ca44d3fbc9301ee17f30f4d474e6ae4b05252/library/std/src/../../backtrace/src/backtrace/libunwind.rs:116:5
[INFO] [stdout]    1:     0x627d4d0af97a - std::backtrace_rs::backtrace::trace_unsynchronized::h2ed7433f370e3eca
[INFO] [stdout]                                at /rustc/df4ca44d3fbc9301ee17f30f4d474e6ae4b05252/library/std/src/../../backtrace/src/backtrace/mod.rs:66:5
[INFO] [stdout]    2:     0x627d4d0af97a - std::sys::backtrace::_print_fmt::h916fac51166b18d7
[INFO] [stdout]                                at /rustc/df4ca44d3fbc9301ee17f30f4d474e6ae4b05252/library/std/src/sys/backtrace.rs:66:9
[INFO] [stdout]    3:     0x627d4d0af97a - <std::sys::backtrace::BacktraceLock::print::DisplayBacktrace as core::fmt::Display>::fmt::ha0a4c9b8ce3802e6
[INFO] [stdout]                                at /rustc/df4ca44d3fbc9301ee17f30f4d474e6ae4b05252/library/std/src/sys/backtrace.rs:39:26
[INFO] [stdout]    4:     0x627d4d0d5db3 - core::fmt::rt::Argument::fmt::h4cfc8587d52b3eb5
[INFO] [stdout]                                at /rustc/df4ca44d3fbc9301ee17f30f4d474e6ae4b05252/library/core/src/fmt/rt.rs:177:76
[INFO] [stdout]    5:     0x627d4d0d5db3 - core::fmt::write::h522cc39e5b36ae9f
[INFO] [stdout]                                at /rustc/df4ca44d3fbc9301ee17f30f4d474e6ae4b05252/library/core/src/fmt/mod.rs:1190:21
[INFO] [stdout]    6:     0x627d4d0ac5e3 - std::io::Write::write_fmt::h7d3c26752da97734
[INFO] [stdout]                                at /rustc/df4ca44d3fbc9301ee17f30f4d474e6ae4b05252/library/std/src/io/mod.rs:1839:15
[INFO] [stdout]    7:     0x627d4d0af7c2 - std::sys::backtrace::BacktraceLock::print::h4b9e00b29e9c0942
[INFO] [stdout]                                at /rustc/df4ca44d3fbc9301ee17f30f4d474e6ae4b05252/library/std/src/sys/backtrace.rs:42:9
[INFO] [stdout]    8:     0x627d4d0b0e0a - std::panicking::default_hook::{{closure}}::hb59b88280d0324d9
[INFO] [stdout]                                at /rustc/df4ca44d3fbc9301ee17f30f4d474e6ae4b05252/library/std/src/panicking.rs:268:22
[INFO] [stdout]    9:     0x627d4d0b0c14 - std::panicking::default_hook::he1dd496665be4a29
[INFO] [stdout]                                at /rustc/df4ca44d3fbc9301ee17f30f4d474e6ae4b05252/library/std/src/panicking.rs:292:9
[INFO] [stdout]   10:     0x627d4d077af9 - <alloc::boxed::Box<F,A> as core::ops::function::Fn<Args>>::call::h4ff71de18744e1dc
[INFO] [stdout]                                at /rustc/df4ca44d3fbc9301ee17f30f4d474e6ae4b05252/library/alloc/src/boxed.rs:2468:9
[INFO] [stdout]   11:     0x627d4d077af9 - test::test_main::{{closure}}::hcf7c055ce117aa81
[INFO] [stdout]                                at /rustc/df4ca44d3fbc9301ee17f30f4d474e6ae4b05252/library/test/src/lib.rs:133:21
[INFO] [stdout]   12:     0x627d4d0b1508 - <alloc::boxed::Box<F,A> as core::ops::function::Fn<Args>>::call::h1d66c6bbd60c9692
[INFO] [stdout]                                at /rustc/df4ca44d3fbc9301ee17f30f4d474e6ae4b05252/library/alloc/src/boxed.rs:2468:9
[INFO] [stdout]   13:     0x627d4d0b1508 - std::panicking::rust_panic_with_hook::h2ff17fe8f26dfcf8
[INFO] [stdout]                                at /rustc/df4ca44d3fbc9301ee17f30f4d474e6ae4b05252/library/std/src/panicking.rs:809:13
[INFO] [stdout]   14:     0x627d4d0b12ca - std::panicking::begin_panic_handler::{{closure}}::h4fad77951c07e101
[INFO] [stdout]                                at /rustc/df4ca44d3fbc9301ee17f30f4d474e6ae4b05252/library/std/src/panicking.rs:674:13
[INFO] [stdout]   15:     0x627d4d0afe59 - std::sys::backtrace::__rust_end_short_backtrace::hb1a25b3da5d0ea08
[INFO] [stdout]                                at /rustc/df4ca44d3fbc9301ee17f30f4d474e6ae4b05252/library/std/src/sys/backtrace.rs:170:18
[INFO] [stdout]   16:     0x627d4d0b0f5c - rust_begin_unwind
[INFO] [stdout]                                at /rustc/df4ca44d3fbc9301ee17f30f4d474e6ae4b05252/library/std/src/panicking.rs:665:5
[INFO] [stdout]   17:     0x627d4d0d47b0 - core::panicking::panic_fmt::ha9db07b529f9b256
[INFO] [stdout]                                at /rustc/df4ca44d3fbc9301ee17f30f4d474e6ae4b05252/library/core/src/panicking.rs:75:14
[INFO] [stdout]   18:     0x627d4d0d4b7b - core::panicking::assert_failed_inner::h04f38944d74a80a8
[INFO] [stdout]   19:     0x627d4d03ac9c - core::panicking::assert_failed::hafb096fcf62661e1
[INFO] [stdout]                                at /rustc/df4ca44d3fbc9301ee17f30f4d474e6ae4b05252/library/core/src/panicking.rs:377:5
[INFO] [stdout]   20:     0x627d4d03d4b1 - h4w43m::memory::split_test::h0178a5257f2d727e
[INFO] [stdout]                                at /opt/rustwide/workdir/src/memory.rs:104:5
[INFO] [stdout]   21:     0x627d4d03cea7 - h4w43m::memory::split_test::{{closure}}::h7fd39779b8550692
[INFO] [stdout]                                at /opt/rustwide/workdir/src/memory.rs:102:16
[INFO] [stdout]   22:     0x627d4d03a316 - core::ops::function::FnOnce::call_once::h2927b0be41a2e674
[INFO] [stdout]                                at /rustc/df4ca44d3fbc9301ee17f30f4d474e6ae4b05252/library/core/src/ops/function.rs:250:5
[INFO] [stdout]   23:     0x627d4d07c3cb - core::ops::function::FnOnce::call_once::h22c3ba5715e93f05
[INFO] [stdout]                                at /rustc/df4ca44d3fbc9301ee17f30f4d474e6ae4b05252/library/core/src/ops/function.rs:250:5
[INFO] [stdout]   24:     0x627d4d07c3cb - test::__rust_begin_short_backtrace::h8e82d8113d0da17f
[INFO] [stdout]                                at /rustc/df4ca44d3fbc9301ee17f30f4d474e6ae4b05252/library/test/src/lib.rs:621:18
[INFO] [stdout]   25:     0x627d4d07bd47 - test::run_test_in_process::{{closure}}::h33235f4f20b7b7c7
[INFO] [stdout]                                at /rustc/df4ca44d3fbc9301ee17f30f4d474e6ae4b05252/library/test/src/lib.rs:644:60
[INFO] [stdout]   26:     0x627d4d07bd47 - <core::panic::unwind_safe::AssertUnwindSafe<F> as core::ops::function::FnOnce<()>>::call_once::hb5043206310c586f
[INFO] [stdout]                                at /rustc/df4ca44d3fbc9301ee17f30f4d474e6ae4b05252/library/core/src/panic/unwind_safe.rs:272:9
[INFO] [stdout]   27:     0x627d4d07bd47 - std::panicking::try::do_call::h9ad4731a60ab23e2
[INFO] [stdout]                                at /rustc/df4ca44d3fbc9301ee17f30f4d474e6ae4b05252/library/std/src/panicking.rs:557:40
[INFO] [stdout]   28:     0x627d4d07bd47 - std::panicking::try::h3824d23db772a716
[INFO] [stdout]                                at /rustc/df4ca44d3fbc9301ee17f30f4d474e6ae4b05252/library/std/src/panicking.rs:520:19
[INFO] [stdout]   29:     0x627d4d07bd47 - std::panic::catch_unwind::h5afd514605fde46b
[INFO] [stdout]                                at /rustc/df4ca44d3fbc9301ee17f30f4d474e6ae4b05252/library/std/src/panic.rs:358:14
[INFO] [stdout]   30:     0x627d4d07bd47 - test::run_test_in_process::h0d5cbfa7067d1720
[INFO] [stdout]                                at /rustc/df4ca44d3fbc9301ee17f30f4d474e6ae4b05252/library/test/src/lib.rs:644:27
[INFO] [stdout]   31:     0x627d4d07bd47 - test::run_test::{{closure}}::h708eb8872708115d
[INFO] [stdout]                                at /rustc/df4ca44d3fbc9301ee17f30f4d474e6ae4b05252/library/test/src/lib.rs:565:43
[INFO] [stdout]   32:     0x627d4d03f464 - test::run_test::{{closure}}::h392c51cee94713ab
[INFO] [stdout]                                at /rustc/df4ca44d3fbc9301ee17f30f4d474e6ae4b05252/library/test/src/lib.rs:595:41
[INFO] [stdout]   33:     0x627d4d03f464 - std::sys::backtrace::__rust_begin_short_backtrace::h2f40290710935a8b
[INFO] [stdout]                                at /rustc/df4ca44d3fbc9301ee17f30f4d474e6ae4b05252/library/std/src/sys/backtrace.rs:154:18
[INFO] [stdout]   34:     0x627d4d042c0e - std::thread::Builder::spawn_unchecked_::{{closure}}::{{closure}}::h3fd968d89053a903
[INFO] [stdout]                                at /rustc/df4ca44d3fbc9301ee17f30f4d474e6ae4b05252/library/std/src/thread/mod.rs:541:17
[INFO] [stdout]   35:     0x627d4d042c0e - <core::panic::unwind_safe::AssertUnwindSafe<F> as core::ops::function::FnOnce<()>>::call_once::h743f637ba4229880
[INFO] [stdout]                                at /rustc/df4ca44d3fbc9301ee17f30f4d474e6ae4b05252/library/core/src/panic/unwind_safe.rs:272:9
[INFO] [stdout]   36:     0x627d4d042c0e - std::panicking::try::do_call::h07440897322525a6
[INFO] [stdout]                                at /rustc/df4ca44d3fbc9301ee17f30f4d474e6ae4b05252/library/std/src/panicking.rs:557:40
[INFO] [stdout]   37:     0x627d4d042c0e - std::panicking::try::he5a2e00188156637
[INFO] [stdout]                                at /rustc/df4ca44d3fbc9301ee17f30f4d474e6ae4b05252/library/std/src/panicking.rs:520:19
[INFO] [stdout]   38:     0x627d4d042c0e - std::panic::catch_unwind::hbaf3cae49b3c6433
[INFO] [stdout]                                at /rustc/df4ca44d3fbc9301ee17f30f4d474e6ae4b05252/library/std/src/panic.rs:358:14
[INFO] [stdout]   39:     0x627d4d042c0e - std::thread::Builder::spawn_unchecked_::{{closure}}::h8e141ea224820bce
[INFO] [stdout]                                at /rustc/df4ca44d3fbc9301ee17f30f4d474e6ae4b05252/library/std/src/thread/mod.rs:540:30
[INFO] [stdout]   40:     0x627d4d042c0e - core::ops::function::FnOnce::call_once{{vtable.shim}}::h90d312fedd7b8ea8
[INFO] [stdout]                                at /rustc/df4ca44d3fbc9301ee17f30f4d474e6ae4b05252/library/core/src/ops/function.rs:250:5
[INFO] [stdout]   41:     0x627d4d0b52fb - <alloc::boxed::Box<F,A> as core::ops::function::FnOnce<Args>>::call_once::h69aa08ddb6adb8b6
[INFO] [stdout]                                at /rustc/df4ca44d3fbc9301ee17f30f4d474e6ae4b05252/library/alloc/src/boxed.rs:2454:9
[INFO] [stdout]   42:     0x627d4d0b52fb - <alloc::boxed::Box<F,A> as core::ops::function::FnOnce<Args>>::call_once::h5aa36efdb79c806f
[INFO] [stdout]                                at /rustc/df4ca44d3fbc9301ee17f30f4d474e6ae4b05252/library/alloc/src/boxed.rs:2454:9
[INFO] [stdout]   43:     0x627d4d0b52fb - std::sys::pal::unix::thread::Thread::new::thread_start::h6cd80a1b4be5158d
[INFO] [stdout]                                at /rustc/df4ca44d3fbc9301ee17f30f4d474e6ae4b05252/library/std/src/sys/pal/unix/thread.rs:105:17
[INFO] [stdout]   44:     0x7835c5260ac3 - <unknown>
[INFO] [stdout]   45:     0x7835c52f1a04 - clone
[INFO] [stdout]   46:                0x0 - <unknown>
[INFO] [stdout] 
[INFO] [stdout] 
[INFO] [stdout] failures:
[INFO] [stdout]     memory::split_test
[INFO] [stdout] 
[INFO] [stdout] test result: FAILED. 3 passed; 1 failed; 0 ignored; 0 measured; 0 filtered out; finished in 0.03s
[INFO] [stdout] 
[INFO] [stderr] error: test failed, to rerun pass `--bin h4w43m`
[INFO] running `Command { std: "docker" "inspect" "d58729db2f47ccb04375bd02b846662fc0fea76819101c4763f9911d05115ea2", kill_on_drop: false }`
[INFO] running `Command { std: "docker" "rm" "-f" "d58729db2f47ccb04375bd02b846662fc0fea76819101c4763f9911d05115ea2", kill_on_drop: false }`
[INFO] [stdout] d58729db2f47ccb04375bd02b846662fc0fea76819101c4763f9911d05115ea2
